CRAN Package Check Results for Package MCPMod

Last updated on 2015-05-22 23:48:03.

Flavor Version Tinstall Tcheck Ttotal Status Flags
r-devel-linux-x86_64-debian-clang 1.0-8 1.05 27.95 29.00 NOTE
r-devel-linux-x86_64-debian-gcc 1.0-8 0.93 27.35 28.28 NOTE
r-devel-linux-x86_64-fedora-clang 1.0-8 53.88 NOTE
r-devel-linux-x86_64-fedora-gcc 1.0-8 49.58 NOTE
r-devel-osx-x86_64-clang 1.0-8 45.89 NOTE
r-devel-windows-ix86+x86_64 1.0-8 5.00 43.00 48.00 NOTE
r-patched-linux-x86_64 1.0-8 0.91 27.71 28.62 NOTE
r-patched-solaris-sparc 1.0-8 334.10 NOTE
r-patched-solaris-x86 1.0-8 63.90 NOTE
r-release-linux-x86_64 1.0-8 0.94 27.41 28.35 NOTE
r-release-osx-x86_64-mavericks 1.0-8 NOTE
r-release-osx-x86_64-snowleopard 1.0-8 NOTE
r-release-windows-ix86+x86_64 1.0-8 4.00 40.00 44.00 NOTE
r-oldrel-windows-ix86+x86_64 1.0-8 4.00 65.00 69.00 OK

Check Details

Version: 1.0-8
Check: DESCRIPTION meta-information
Result: NOTE
    Malformed Description field: should contain one or more complete sentences.
Flavors: r-devel-linux-x86_64-debian-clang, r-devel-linux-x86_64-debian-gcc, r-devel-linux-x86_64-fedora-clang, r-devel-linux-x86_64-fedora-gcc, r-devel-osx-x86_64-clang, r-devel-windows-ix86+x86_64, r-patched-linux-x86_64, r-patched-solaris-sparc, r-patched-solaris-x86, r-release-linux-x86_64, r-release-osx-x86_64-mavericks, r-release-osx-x86_64-snowleopard, r-release-windows-ix86+x86_64