CRAN Package Check Results for Package MCPMod

Last updated on 2014-07-24 11:53:25.

Flavor Version Tinstall Tcheck Ttotal Status Flags
r-devel-linux-x86_64-debian-clang 1.0-7 1.01 36.70 37.71 NOTE
r-devel-linux-x86_64-debian-gcc 1.0-7 1.01 36.82 37.83 NOTE
r-devel-linux-x86_64-fedora-clang 1.0-7 78.42 NOTE
r-devel-linux-x86_64-fedora-gcc 1.0-7 74.77 NOTE
r-devel-osx-x86_64-clang 1.0-7 57.50 NOTE
r-devel-windows-ix86+x86_64 1.0-7 4.00 51.00 55.00 NOTE
r-patched-linux-x86_64 1.0-7 0.98 36.58 37.56 NOTE
r-patched-solaris-sparc 1.0-7 373.70 NOTE
r-patched-solaris-x86 1.0-7 95.50 NOTE
r-release-linux-ix86 1.0-7 1.44 50.04 51.48 NOTE
r-release-linux-x86_64 1.0-7 1.01 36.57 37.58 NOTE
r-release-osx-x86_64-mavericks 1.0-7 NOTE
r-release-osx-x86_64-snowleopard 1.0-7 NOTE
r-release-windows-ix86+x86_64 1.0-7 3.00 52.00 55.00 NOTE
r-oldrel-windows-ix86+x86_64 1.0-7 4.00 56.00 60.00 NOTE

Check Details

Version: 1.0-7
Check: top-level files
Result: NOTE
    File
     LICENSE
    is not mentioned in the DESCRIPTION file.
Flavors: r-devel-linux-x86_64-debian-clang, r-devel-linux-x86_64-debian-gcc, r-devel-linux-x86_64-fedora-clang, r-devel-linux-x86_64-fedora-gcc, r-devel-osx-x86_64-clang, r-devel-windows-ix86+x86_64, r-patched-linux-x86_64, r-patched-solaris-sparc, r-patched-solaris-x86, r-release-linux-ix86, r-release-linux-x86_64, r-release-osx-x86_64-mavericks, r-release-osx-x86_64-snowleopard, r-release-windows-ix86+x86_64, r-oldrel-windows-ix86+x86_64