CRAN Package Check Results for Package MCPMod

Last updated on 2014-08-02 03:50:55.

Flavor Version Tinstall Tcheck Ttotal Status Flags
r-devel-linux-x86_64-debian-clang 1.0-7 1.08 36.89 37.97 NOTE
r-devel-linux-x86_64-debian-gcc 1.0-7 1.01 36.05 37.06 NOTE
r-devel-linux-x86_64-fedora-clang 1.0-7 76.95 NOTE
r-devel-linux-x86_64-fedora-gcc 1.0-7 75.52 NOTE
r-devel-osx-x86_64-clang 1.0-7 56.70 NOTE
r-devel-windows-ix86+x86_64 1.0-7 3.00 57.00 60.00 NOTE
r-patched-linux-x86_64 1.0-7 0.99 37.39 38.38 NOTE
r-patched-solaris-sparc 1.0-7 393.50 NOTE
r-patched-solaris-x86 1.0-7 95.60 NOTE
r-release-linux-ix86 1.0-7 1.44 49.69 51.13 NOTE
r-release-linux-x86_64 1.0-7 1.00 36.74 37.74 NOTE
r-release-osx-x86_64-mavericks 1.0-7 NOTE
r-release-osx-x86_64-snowleopard 1.0-7 NOTE
r-release-windows-ix86+x86_64 1.0-7 6.00 66.00 72.00 NOTE
r-oldrel-windows-ix86+x86_64 1.0-7 7.00 67.00 74.00 NOTE

Check Details

Version: 1.0-7
Check: top-level files
Result: NOTE
    File
     LICENSE
    is not mentioned in the DESCRIPTION file.
Flavors: r-devel-linux-x86_64-debian-clang, r-devel-linux-x86_64-debian-gcc, r-devel-linux-x86_64-fedora-clang, r-devel-linux-x86_64-fedora-gcc, r-devel-osx-x86_64-clang, r-devel-windows-ix86+x86_64, r-patched-linux-x86_64, r-patched-solaris-sparc, r-patched-solaris-x86, r-release-linux-ix86, r-release-linux-x86_64, r-release-osx-x86_64-mavericks, r-release-osx-x86_64-snowleopard, r-release-windows-ix86+x86_64, r-oldrel-windows-ix86+x86_64