CRAN Package Check Results for Package MCPMod

Last updated on 2015-07-30 17:47:17.

Flavor Version Tinstall Tcheck Ttotal Status Flags
r-devel-linux-x86_64-debian-clang 1.0-8 0.91 45.39 46.30 NOTE
r-devel-linux-x86_64-debian-gcc 1.0-8 0.90 45.03 45.93 NOTE
r-devel-linux-x86_64-fedora-clang 1.0-8 80.43 NOTE
r-devel-linux-x86_64-fedora-gcc 1.0-8 78.38 NOTE
r-devel-osx-x86_64-clang 1.0-8 60.91 NOTE
r-devel-windows-ix86+x86_64 1.0-8 7.00 92.00 99.00 NOTE
r-patched-linux-x86_64 1.0-8 0.93 46.92 47.85 NOTE
r-patched-solaris-sparc 1.0-8 343.40 NOTE
r-patched-solaris-x86 1.0-8 94.00 NOTE
r-release-linux-x86_64 1.0-8 0.91 44.72 45.63 NOTE
r-release-osx-x86_64-mavericks 1.0-8 NOTE
r-release-windows-ix86+x86_64 1.0-8 7.00 87.00 94.00 NOTE
r-oldrel-windows-ix86+x86_64 1.0-8 7.00 90.00 97.00 OK

Check Details

Version: 1.0-8
Check: DESCRIPTION meta-information
Result: NOTE
    Malformed Description field: should contain one or more complete sentences.
Flavors: r-devel-linux-x86_64-debian-clang, r-devel-linux-x86_64-debian-gcc, r-devel-linux-x86_64-fedora-clang, r-devel-linux-x86_64-fedora-gcc, r-devel-osx-x86_64-clang, r-devel-windows-ix86+x86_64, r-patched-linux-x86_64, r-patched-solaris-sparc, r-patched-solaris-x86, r-release-linux-x86_64, r-release-osx-x86_64-mavericks, r-release-windows-ix86+x86_64

Version: 1.0-8
Check: R code for possible problems
Result: NOTE
    AIC.fitMCPMod: no visible global function definition for ‘AIC’
    AIC.fitMCPMod: no visible global function definition for ‘coef’
    MCPMod: no visible binding for global variable ‘na.fail’
    coef.fitMCPMod: no visible global function definition for ‘coef’
    fitModel: no visible binding for global variable ‘na.fail’
    fitModel: no visible binding for global variable ‘var’
    fitModel: no visible global function definition for ‘lm’
    fitModel: no visible global function definition for ‘coef’
    fitModel: no visible global function definition for ‘nls’
    fitModel: no visible global function definition for ‘predict’
    fitModel: no visible global function definition for ‘deviance’
    genDFdata: no visible global function definition for ‘rnorm’
    getDoseEst: no visible global function definition for ‘predict’
    getDoseEst: no visible global function definition for ‘qt’
    getGrad: no visible global function definition for ‘coef’
    getInit: no visible global function definition for ‘coef’
    getInit: no visible global function definition for ‘lm’
    getInit: no visible binding for global variable ‘na.omit’
    getTstat: no visible binding for global variable ‘sd’
    guesst: no visible global function definition for ‘optimize’
    guesst: no visible global function definition for ‘lm’
    guesst: no visible global function definition for ‘coef’
    guesst: no visible global function definition for ‘optim’
    modelSelect: no visible global function definition for ‘AIC’
    plot.LP : <anonymous>: no visible global function definition for
     ‘predict’
    plot.LP : <anonymous>: no visible global function definition for
     ‘smooth.spline’
    plot.MCPMod: no visible global function definition for ‘plot’
    plot.MCPMod: no visible global function definition for ‘title’
    plot.MCPMod: no visible global function definition for ‘predict’
    plot.MCPMod: no visible global function definition for ‘qt’
    predict.fitMCPMod: no visible global function definition for ‘predict’
    predict.fitMCPMod: no visible global function definition for ‘coef’
    predict.fitMCPMod: no visible global function definition for
     ‘df.residual’
    print.summary.MCPMod: no visible global function definition for ‘coef’
    Undefined global functions or variables:
     AIC coef deviance df.residual lm na.fail na.omit nls optim optimize
     plot predict qt rnorm sd smooth.spline title var
    Consider adding
     importFrom("graphics", "plot", "title")
     importFrom("stats", "AIC", "coef", "deviance", "df.residual", "lm",
     "na.fail", "na.omit", "nls", "optim", "optimize", "predict",
     "qt", "rnorm", "sd", "smooth.spline", "var")
    to your NAMESPACE.
Flavors: r-devel-linux-x86_64-debian-clang, r-devel-linux-x86_64-debian-gcc, r-devel-linux-x86_64-fedora-clang, r-devel-linux-x86_64-fedora-gcc, r-devel-windows-ix86+x86_64