CRAN Package Check Results for Package MCPMod

Last updated on 2014-11-22 11:49:15.

Flavor Version Tinstall Tcheck Ttotal Status Flags
r-devel-linux-x86_64-debian-clang 1.0-7 1.08 40.02 41.11 NOTE
r-devel-linux-x86_64-debian-gcc 1.0-7 1.02 39.51 40.53 NOTE
r-devel-linux-x86_64-fedora-clang 1.0-7 74.97 NOTE
r-devel-linux-x86_64-fedora-gcc 1.0-7 72.30 NOTE
r-devel-osx-x86_64-clang 1.0-7 58.71 NOTE
r-devel-windows-ix86+x86_64 1.0-7 4.00 55.00 59.00 NOTE
r-patched-linux-x86_64 1.0-7 1.10 40.30 41.40 NOTE
r-patched-solaris-sparc 1.0-7 393.50 NOTE
r-patched-solaris-x86 1.0-7 86.10 NOTE
r-release-linux-ix86 1.0-7 1.42 51.82 53.24 NOTE
r-release-linux-x86_64 1.0-7 1.05 40.26 41.31 NOTE
r-release-osx-x86_64-mavericks 1.0-7 NOTE
r-release-osx-x86_64-snowleopard 1.0-7 NOTE
r-release-windows-ix86+x86_64 1.0-7 5.00 61.00 66.00 NOTE
r-oldrel-windows-ix86+x86_64 1.0-7 4.00 54.00 58.00 NOTE

Check Details

Version: 1.0-7
Check: top-level files
Result: NOTE
    File
     LICENSE
    is not mentioned in the DESCRIPTION file.
Flavors: r-devel-linux-x86_64-debian-clang, r-devel-linux-x86_64-debian-gcc, r-devel-linux-x86_64-fedora-clang, r-devel-linux-x86_64-fedora-gcc, r-devel-osx-x86_64-clang, r-devel-windows-ix86+x86_64, r-patched-linux-x86_64, r-patched-solaris-sparc, r-patched-solaris-x86, r-release-linux-ix86, r-release-linux-x86_64, r-release-osx-x86_64-mavericks, r-release-osx-x86_64-snowleopard, r-release-windows-ix86+x86_64, r-oldrel-windows-ix86+x86_64