CRAN Package Check Results for Package MCPMod

Last updated on 2015-03-02 12:48:17.

Flavor Version Tinstall Tcheck Ttotal Status Flags
r-devel-linux-x86_64-debian-clang 1.0-8 0.96 27.61 28.58 NOTE
r-devel-linux-x86_64-debian-gcc 1.0-8 0.94 27.38 28.32 NOTE
r-devel-linux-x86_64-fedora-clang 1.0-8 53.59 NOTE
r-devel-linux-x86_64-fedora-gcc 1.0-8 50.70 NOTE
r-devel-osx-x86_64-clang 1.0-8 47.22 NOTE
r-devel-windows-ix86+x86_64 1.0-8 5.00 49.00 54.00 NOTE
r-patched-linux-x86_64 1.0-8 1.07 29.91 30.98 OK
r-patched-solaris-sparc 1.0-8 355.20 OK
r-patched-solaris-x86 1.0-8 70.50 OK
r-release-linux-ix86 1.0-8 1.45 43.94 45.39 OK
r-release-linux-x86_64 1.0-8 1.05 29.45 30.50 OK
r-release-osx-x86_64-mavericks 1.0-8 OK
r-release-osx-x86_64-snowleopard 1.0-8 OK
r-release-windows-ix86+x86_64 1.0-8 9.00 45.00 54.00 OK
r-oldrel-windows-ix86+x86_64 1.0-8 5.00 48.00 53.00 OK

Check Details

Version: 1.0-8
Check: DESCRIPTION meta-information
Result: NOTE
    Malformed Description field: should contain one or more complete sentences.
Flavors: r-devel-linux-x86_64-debian-clang, r-devel-linux-x86_64-debian-gcc, r-devel-linux-x86_64-fedora-clang, r-devel-linux-x86_64-fedora-gcc, r-devel-osx-x86_64-clang, r-devel-windows-ix86+x86_64