CRAN Package Check Results for Package MCPMod

Last updated on 2014-09-16 01:48:15.

Flavor Version Tinstall Tcheck Ttotal Status Flags
r-devel-linux-x86_64-debian-clang 1.0-7 1.18 37.08 38.26 NOTE
r-devel-linux-x86_64-debian-gcc 1.0-7 0.95 36.29 37.24 NOTE
r-devel-linux-x86_64-fedora-clang 1.0-7 75.86 NOTE
r-devel-linux-x86_64-fedora-gcc 1.0-7 82.93 NOTE
r-devel-osx-x86_64-clang 1.0-7 54.42 NOTE
r-devel-windows-ix86+x86_64 1.0-7 4.00 51.00 55.00 NOTE
r-patched-linux-x86_64 1.0-7 1.08 36.29 37.36 NOTE
r-patched-solaris-sparc 1.0-7 393.50 NOTE
r-patched-solaris-x86 1.0-7 79.00 NOTE
r-release-linux-ix86 1.0-7 1.45 51.06 52.51 NOTE
r-release-linux-x86_64 1.0-7 1.10 38.10 39.20 NOTE
r-release-osx-x86_64-mavericks 1.0-7 NOTE
r-release-osx-x86_64-snowleopard 1.0-7 NOTE
r-release-windows-ix86+x86_64 1.0-7 4.00 52.00 56.00 NOTE
r-oldrel-windows-ix86+x86_64 1.0-7 4.00 53.00 57.00 NOTE

Check Details

Version: 1.0-7
Check: top-level files
Result: NOTE
    File
     LICENSE
    is not mentioned in the DESCRIPTION file.
Flavors: r-devel-linux-x86_64-debian-clang, r-devel-linux-x86_64-debian-gcc, r-devel-linux-x86_64-fedora-clang, r-devel-linux-x86_64-fedora-gcc, r-devel-osx-x86_64-clang, r-devel-windows-ix86+x86_64, r-patched-linux-x86_64, r-patched-solaris-sparc, r-patched-solaris-x86, r-release-linux-ix86, r-release-linux-x86_64, r-release-osx-x86_64-mavericks, r-release-osx-x86_64-snowleopard, r-release-windows-ix86+x86_64, r-oldrel-windows-ix86+x86_64