CRAN Package Check Results for Package MChtest

Last updated on 2014-04-23 17:47:47.

Flavor Version Tinstall Tcheck Ttotal Status Flags
r-devel-linux-x86_64-debian-clang 1.0-2 0.83 13.73 14.56 OK
r-devel-linux-x86_64-debian-gcc 1.0-2 0.78 14.07 14.85 OK
r-devel-linux-x86_64-fedora-clang 1.0-2 39.75 NOTE
r-devel-linux-x86_64-fedora-gcc 1.0-2 38.20 NOTE
r-devel-osx-x86_64-clang 1.0-2 29.04 OK
r-devel-osx-x86_64-gcc 1.0-2 OK
r-devel-windows-ix86+x86_64 1.0-2 3.00 21.00 24.00 OK
r-patched-linux-x86_64 1.0-2 0.78 13.65 14.43 OK
r-patched-solaris-sparc 1.0-2 159.30 OK
r-patched-solaris-x86 1.0-2 46.30 OK
r-release-linux-ix86 1.0-2 1.00 28.00 29.00 OK
r-release-linux-x86_64 1.0-2 0.88 15.10 15.98 OK
r-release-osx-x86_64-mavericks 1.0-2 OK
r-release-windows-ix86+x86_64 1.0-2 5.00 29.00 34.00 OK
r-oldrel-windows-ix86+x86_64 1.0-2 3.00 23.00 26.00 OK

Check Details

Version: 1.0-2
Check: Rd line widths
Result: NOTE
    Rd file 'MCtest.Rd':
     \usage lines wider than 90 characters:
     MCtest.fixed(x, statistic, resample, Nmax, extreme = "geq", conf.level=.99, seed = 1234325)
    
    These lines will be truncated in the PDF manual.
Flavors: r-devel-linux-x86_64-fedora-clang, r-devel-linux-x86_64-fedora-gcc