CRAN Package Check Results for Package MChtest

Last updated on 2014-08-29 11:54:54.

Flavor Version Tinstall Tcheck Ttotal Status Flags
r-devel-linux-x86_64-debian-clang 1.0-2 1.08 12.88 13.97 OK
r-devel-linux-x86_64-debian-gcc 1.0-2 0.77 12.85 13.62 OK
r-devel-linux-x86_64-fedora-clang 1.0-2 40.03 NOTE
r-devel-linux-x86_64-fedora-gcc 1.0-2 37.98 NOTE
r-devel-osx-x86_64-clang 1.0-2 28.01 OK
r-devel-windows-ix86+x86_64 1.0-2 2.00 21.00 23.00 OK
r-patched-linux-x86_64 1.0-2 0.75 13.43 14.18 OK
r-patched-solaris-sparc 1.0-2 188.20 OK
r-patched-solaris-x86 1.0-2 50.10 OK
r-release-linux-ix86 1.0-2 1.09 20.13 21.22 OK
r-release-linux-x86_64 1.0-2 0.81 13.44 14.25 OK
r-release-osx-x86_64-mavericks 1.0-2 OK
r-release-windows-ix86+x86_64 1.0-2 4.00 21.00 25.00 OK
r-oldrel-windows-ix86+x86_64 1.0-2 3.00 23.00 26.00 OK

Check Details

Version: 1.0-2
Check: Rd line widths
Result: NOTE
    Rd file 'MCtest.Rd':
     \usage lines wider than 90 characters:
     MCtest.fixed(x, statistic, resample, Nmax, extreme = "geq", conf.level=.99, seed = 1234325)
    
    These lines will be truncated in the PDF manual.
Flavors: r-devel-linux-x86_64-fedora-clang, r-devel-linux-x86_64-fedora-gcc