CRAN Package Check Results for Package MChtest

Last updated on 2016-06-26 08:46:37.

Flavor Version Tinstall Tcheck Ttotal Status Flags
r-devel-linux-x86_64-debian-gcc 1.0-2 0.70 17.69 18.39 NOTE
r-devel-linux-x86_64-fedora-clang 1.0-2 32.58 NOTE
r-devel-linux-x86_64-fedora-gcc 1.0-2 30.93 NOTE
r-devel-osx-x86_64-clang 1.0-2 21.24 NOTE
r-devel-windows-ix86+x86_64 1.0-2 5.00 30.00 35.00 NOTE
r-patched-linux-x86_64 1.0-2 0.89 17.73 18.62 NOTE
r-patched-solaris-sparc 1.0-2 153.80 NOTE
r-release-linux-x86_64 1.0-2 0.82 17.99 18.81 NOTE
r-release-osx-x86_64-mavericks 1.0-2 NOTE
r-release-windows-ix86+x86_64 1.0-2 3.00 42.00 45.00 NOTE
r-oldrel-windows-ix86+x86_64 1.0-2 4.00 22.00 26.00 OK

Check Details

Version: 1.0-2
Check: S3 generic/method consistency
Result: NOTE
    Found the following apparent S3 methods exported but not registered:
     plot.MCbound print.MCtest
    See section ‘Registering S3 methods’ in the ‘Writing R Extensions’
    manual.
Flavors: r-devel-linux-x86_64-debian-gcc, r-devel-linux-x86_64-fedora-clang, r-devel-linux-x86_64-fedora-gcc, r-devel-osx-x86_64-clang, r-patched-linux-x86_64, r-patched-solaris-sparc, r-patched-solaris-x86, r-release-linux-x86_64

Version: 1.0-2
Check: R code for possible problems
Result: NOTE
    find.cb : plotit: no visible global function definition for ‘plot’
    find.cb : plotit: no visible global function definition for ‘points’
    find.cb : plotit: no visible global function definition for ‘title’
    plot.MCbound: no visible global function definition for ‘par’
    plot.MCbound: no visible global function definition for ‘plot’
    plot.MCbound: no visible global function definition for ‘lines’
    plot.MCbound: no visible global function definition for ‘points’
    plot.MCbound: no visible global function definition for ‘axis’
    plot.MCbound: no visible global function definition for ‘mtext’
    Undefined global functions or variables:
     axis lines mtext par plot points title
    Consider adding
     importFrom("graphics", "axis", "lines", "mtext", "par", "plot",
     "points", "title")
    to your NAMESPACE file.
Flavors: r-devel-linux-x86_64-debian-gcc, r-devel-linux-x86_64-fedora-clang, r-devel-linux-x86_64-fedora-gcc, r-devel-osx-x86_64-clang, r-devel-windows-ix86+x86_64, r-patched-linux-x86_64, r-patched-solaris-sparc, r-patched-solaris-x86, r-release-linux-x86_64, r-release-osx-x86_64-mavericks, r-release-windows-ix86+x86_64

Version: 1.0-2
Check: Rd line widths
Result: NOTE
    Rd file 'MCtest.Rd':
     \usage lines wider than 90 characters:
     MCtest.fixed(x, statistic, resample, Nmax, extreme = "geq", conf.level=.99, seed = 1234325)
    
    These lines will be truncated in the PDF manual.
Flavors: r-devel-linux-x86_64-debian-gcc, r-devel-linux-x86_64-fedora-clang, r-devel-linux-x86_64-fedora-gcc, r-patched-linux-x86_64, r-release-linux-x86_64