CRAN Package Check Results for Package MChtest

Last updated on 2014-10-24 19:47:44.

Flavor Version Tinstall Tcheck Ttotal Status Flags
r-devel-linux-x86_64-debian-clang 1.0-2 0.78 17.50 18.28 NOTE
r-devel-linux-x86_64-debian-gcc 1.0-2 0.75 17.32 18.08 NOTE
r-devel-linux-x86_64-fedora-clang 1.0-2 41.16 NOTE
r-devel-linux-x86_64-fedora-gcc 1.0-2 39.38 NOTE
r-devel-osx-x86_64-clang 1.0-2 29.99 OK
r-devel-windows-ix86+x86_64 1.0-2 3.00 22.00 25.00 OK
r-patched-linux-x86_64 1.0-2 0.79 17.58 18.37 NOTE
r-patched-solaris-sparc 1.0-2 188.20 OK
r-patched-solaris-x86 1.0-2 41.20 OK
r-release-linux-ix86 1.0-2 1.10 20.49 21.59 OK
r-release-linux-x86_64 1.0-2 0.77 17.45 18.22 NOTE
r-release-osx-x86_64-mavericks 1.0-2 OK
r-release-windows-ix86+x86_64 1.0-2 4.00 21.00 25.00 OK
r-oldrel-windows-ix86+x86_64 1.0-2 3.00 23.00 26.00 OK

Check Details

Version: 1.0-2
Check: Rd line widths
Result: NOTE
    Rd file 'MCtest.Rd':
     \usage lines wider than 90 characters:
     MCtest.fixed(x, statistic, resample, Nmax, extreme = "geq", conf.level=.99, seed = 1234325)
    
    These lines will be truncated in the PDF manual.
Flavors: r-devel-linux-x86_64-debian-clang, r-devel-linux-x86_64-debian-gcc, r-devel-linux-x86_64-fedora-clang, r-devel-linux-x86_64-fedora-gcc, r-patched-linux-x86_64, r-release-linux-x86_64