CRAN Package Check Results for Package MChtest

Last updated on 2015-05-25 02:47:28.

Flavor Version Tinstall Tcheck Ttotal Status Flags
r-devel-linux-x86_64-debian-clang 1.0-2 0.84 18.34 19.18 NOTE
r-devel-linux-x86_64-debian-gcc 1.0-2 0.75 17.70 18.45 NOTE
r-devel-linux-x86_64-fedora-clang 1.0-2 36.79 NOTE
r-devel-linux-x86_64-fedora-gcc 1.0-2 34.16 NOTE
r-devel-osx-x86_64-clang 1.0-2 28.23 NOTE
r-devel-windows-ix86+x86_64 1.0-2 3.00 22.00 25.00 OK
r-patched-linux-x86_64 1.0-2 0.78 18.00 18.78 NOTE
r-patched-solaris-sparc 1.0-2 173.70 NOTE
r-patched-solaris-x86 1.0-2 37.40 NOTE
r-release-linux-x86_64 1.0-2 0.74 18.38 19.12 NOTE
r-release-osx-x86_64-mavericks 1.0-2 OK
r-release-osx-x86_64-snowleopard 1.0-2 OK
r-release-windows-ix86+x86_64 1.0-2 2.00 26.00 28.00 OK
r-oldrel-windows-ix86+x86_64 1.0-2 5.00 25.00 30.00 OK

Check Details

Version: 1.0-2
Check: S3 generic/method consistency
Result: NOTE
    Found the following apparent S3 methods exported but not registered:
     plot.MCbound print.MCtest
    See section ‘Registering S3 methods’ in the ‘Writing R Extensions’
    manual.
Flavors: r-devel-linux-x86_64-debian-clang, r-devel-linux-x86_64-debian-gcc, r-devel-linux-x86_64-fedora-clang, r-devel-linux-x86_64-fedora-gcc, r-devel-osx-x86_64-clang, r-patched-linux-x86_64, r-patched-solaris-sparc, r-patched-solaris-x86, r-release-linux-x86_64

Version: 1.0-2
Check: Rd line widths
Result: NOTE
    Rd file 'MCtest.Rd':
     \usage lines wider than 90 characters:
     MCtest.fixed(x, statistic, resample, Nmax, extreme = "geq", conf.level=.99, seed = 1234325)
    
    These lines will be truncated in the PDF manual.
Flavors: r-devel-linux-x86_64-debian-clang, r-devel-linux-x86_64-debian-gcc, r-devel-linux-x86_64-fedora-clang, r-devel-linux-x86_64-fedora-gcc, r-patched-linux-x86_64, r-release-linux-x86_64