CRAN Package Check Results for Package MChtest

Last updated on 2014-09-18 08:49:55.

Flavor Version Tinstall Tcheck Ttotal Status Flags
r-devel-linux-x86_64-debian-clang 1.0-2 0.82 17.12 17.94 NOTE
r-devel-linux-x86_64-debian-gcc 1.0-2 0.71 16.62 17.34 NOTE
r-devel-linux-x86_64-fedora-clang 1.0-2 39.22 NOTE
r-devel-linux-x86_64-fedora-gcc 1.0-2 44.97 NOTE
r-devel-osx-x86_64-clang 1.0-2 28.21 OK
r-devel-windows-ix86+x86_64 1.0-2 2.00 21.00 23.00 OK
r-patched-linux-x86_64 1.0-2 0.81 13.38 14.19 OK
r-patched-solaris-sparc 1.0-2 188.20 OK
r-patched-solaris-x86 1.0-2 38.50 OK
r-release-linux-ix86 1.0-2 1.11 20.28 21.39 OK
r-release-linux-x86_64 1.0-2 0.75 17.21 17.96 NOTE
r-release-osx-x86_64-mavericks 1.0-2 OK
r-release-windows-ix86+x86_64 1.0-2 4.00 21.00 25.00 OK
r-oldrel-windows-ix86+x86_64 1.0-2 3.00 23.00 26.00 OK

Check Details

Version: 1.0-2
Check: Rd line widths
Result: NOTE
    Rd file 'MCtest.Rd':
     \usage lines wider than 90 characters:
     MCtest.fixed(x, statistic, resample, Nmax, extreme = "geq", conf.level=.99, seed = 1234325)
    
    These lines will be truncated in the PDF manual.
Flavors: r-devel-linux-x86_64-debian-clang, r-devel-linux-x86_64-debian-gcc, r-devel-linux-x86_64-fedora-clang, r-devel-linux-x86_64-fedora-gcc, r-release-linux-x86_64