CRAN Package Check Results for Package MChtest

Last updated on 2015-04-18 11:25:36.

Flavor Version Tinstall Tcheck Ttotal Status Flags
r-devel-linux-x86_64-debian-clang 1.0-2 0.76 17.87 18.63 NOTE
r-devel-linux-x86_64-debian-gcc 1.0-2 0.76 18.28 19.05 NOTE
r-devel-linux-x86_64-fedora-clang 1.0-2 36.06 NOTE
r-devel-linux-x86_64-fedora-gcc 1.0-2 38.72 NOTE
r-devel-osx-x86_64-clang 1.0-2 28.40 NOTE
r-patched-linux-x86_64 1.0-2 0.75 18.03 18.78 NOTE
r-patched-solaris-sparc 1.0-2 175.60 OK
r-patched-solaris-x86 1.0-2 37.60 OK
r-release-linux-x86_64 1.0-2 0.93 17.80 18.73 NOTE
r-release-osx-x86_64-mavericks 1.0-2 OK
r-release-windows-ix86+x86_64 1.0-2 5.00 25.00 30.00 OK
r-oldrel-windows-ix86+x86_64 1.0-2 3.00 23.00 26.00 OK

Check Details

Version: 1.0-2
Check: S3 generic/method consistency
Result: NOTE
    Found the following apparent S3 methods exported but not registered:
     plot.MCbound print.MCtest
    See section ‘Registering S3 methods’ in the ‘Writing R Extensions’
    manual.
Flavors: r-devel-linux-x86_64-debian-clang, r-devel-linux-x86_64-debian-gcc, r-devel-linux-x86_64-fedora-clang, r-devel-linux-x86_64-fedora-gcc, r-devel-osx-x86_64-clang, r-patched-linux-x86_64, r-release-linux-x86_64

Version: 1.0-2
Check: Rd line widths
Result: NOTE
    Rd file 'MCtest.Rd':
     \usage lines wider than 90 characters:
     MCtest.fixed(x, statistic, resample, Nmax, extreme = "geq", conf.level=.99, seed = 1234325)
    
    These lines will be truncated in the PDF manual.
Flavors: r-devel-linux-x86_64-debian-clang, r-devel-linux-x86_64-debian-gcc, r-devel-linux-x86_64-fedora-clang, r-devel-linux-x86_64-fedora-gcc, r-patched-linux-x86_64, r-release-linux-x86_64