CRAN Package Check Results for Package MChtest

Last updated on 2015-03-02 05:47:43.

Flavor Version Tinstall Tcheck Ttotal Status Flags
r-devel-linux-x86_64-debian-clang 1.0-2 0.73 18.28 19.00 NOTE
r-devel-linux-x86_64-debian-gcc 1.0-2 0.70 17.45 18.15 NOTE
r-devel-linux-x86_64-fedora-clang 1.0-2 36.73 NOTE
r-devel-linux-x86_64-fedora-gcc 1.0-2 34.30 NOTE
r-devel-osx-x86_64-clang 1.0-2 29.87 NOTE
r-devel-windows-ix86+x86_64 1.0-2 5.00 22.00 27.00 OK
r-patched-linux-x86_64 1.0-2 0.76 18.77 19.54 NOTE
r-patched-solaris-sparc 1.0-2 189.40 OK
r-patched-solaris-x86 1.0-2 41.40 OK
r-release-linux-ix86 1.0-2 1.10 25.85 26.96 NOTE
r-release-linux-x86_64 1.0-2 0.77 18.76 19.53 NOTE
r-release-osx-x86_64-mavericks 1.0-2 OK
r-release-windows-ix86+x86_64 1.0-2 3.00 23.00 26.00 OK
r-oldrel-windows-ix86+x86_64 1.0-2 3.00 23.00 26.00 OK

Check Details

Version: 1.0-2
Check: S3 generic/method consistency
Result: NOTE
    Found the following apparent S3 methods exported but not registered:
     plot.MCbound print.MCtest
    See section ‘Registering S3 methods’ in the ‘Writing R Extensions’
    manual.
Flavors: r-devel-linux-x86_64-debian-clang, r-devel-linux-x86_64-debian-gcc, r-devel-linux-x86_64-fedora-clang, r-devel-linux-x86_64-fedora-gcc, r-devel-osx-x86_64-clang

Version: 1.0-2
Check: Rd line widths
Result: NOTE
    Rd file 'MCtest.Rd':
     \usage lines wider than 90 characters:
     MCtest.fixed(x, statistic, resample, Nmax, extreme = "geq", conf.level=.99, seed = 1234325)
    
    These lines will be truncated in the PDF manual.
Flavors: r-devel-linux-x86_64-debian-clang, r-devel-linux-x86_64-debian-gcc, r-devel-linux-x86_64-fedora-clang, r-devel-linux-x86_64-fedora-gcc, r-patched-linux-x86_64, r-release-linux-ix86, r-release-linux-x86_64