CRAN Package Check Results for Package MChtest

Last updated on 2014-12-21 23:47:04.

Flavor Version Tinstall Tcheck Ttotal Status Flags
r-devel-linux-x86_64-debian-clang 1.0-2 0.76 18.50 19.27 NOTE
r-devel-linux-x86_64-debian-gcc 1.0-2 0.78 18.38 19.16 NOTE
r-devel-linux-x86_64-fedora-clang 1.0-2 38.78 NOTE
r-devel-linux-x86_64-fedora-gcc 1.0-2 35.78 NOTE
r-devel-osx-x86_64-clang 1.0-2 30.20 OK
r-devel-windows-ix86+x86_64 1.0-2 5.00 29.00 34.00 OK
r-patched-linux-x86_64 1.0-2 0.78 18.50 19.28 NOTE
r-patched-solaris-sparc 1.0-2 188.20 OK
r-patched-solaris-x86 1.0-2 41.00 OK
r-release-linux-ix86 1.0-2 1.12 20.20 21.32 OK
r-release-linux-x86_64 1.0-2 0.77 18.54 19.31 NOTE
r-release-osx-x86_64-mavericks 1.0-2 OK
r-release-windows-ix86+x86_64 1.0-2 3.00 23.00 26.00 OK
r-oldrel-windows-ix86+x86_64 1.0-2 3.00 23.00 26.00 OK

Check Details

Version: 1.0-2
Check: Rd line widths
Result: NOTE
    Rd file 'MCtest.Rd':
     \usage lines wider than 90 characters:
     MCtest.fixed(x, statistic, resample, Nmax, extreme = "geq", conf.level=.99, seed = 1234325)
    
    These lines will be truncated in the PDF manual.
Flavors: r-devel-linux-x86_64-debian-clang, r-devel-linux-x86_64-debian-gcc, r-devel-linux-x86_64-fedora-clang, r-devel-linux-x86_64-fedora-gcc, r-patched-linux-x86_64, r-release-linux-x86_64