CRAN Package Check Results for Package MChtest

Last updated on 2014-07-29 01:47:25.

Flavor Version Tinstall Tcheck Ttotal Status Flags
r-devel-linux-x86_64-debian-clang 1.0-2 0.75 13.41 14.16 OK
r-devel-linux-x86_64-debian-gcc 1.0-2 0.96 13.71 14.67 OK
r-devel-linux-x86_64-fedora-clang 1.0-2 40.99 NOTE
r-devel-linux-x86_64-fedora-gcc 1.0-2 39.43 NOTE
r-devel-osx-x86_64-clang 1.0-2 29.76 OK
r-devel-windows-ix86+x86_64 1.0-2 2.00 22.00 24.00 OK
r-patched-linux-x86_64 1.0-2 0.74 13.27 14.01 OK
r-patched-solaris-sparc 1.0-2 159.30 OK
r-patched-solaris-x86 1.0-2 50.30 OK
r-release-linux-ix86 1.0-2 1.14 19.88 21.02 OK
r-release-linux-x86_64 1.0-2 0.82 13.67 14.50 OK
r-release-osx-x86_64-mavericks 1.0-2 OK
r-release-windows-ix86+x86_64 1.0-2 4.00 21.00 25.00 OK
r-oldrel-windows-ix86+x86_64 1.0-2 3.00 23.00 26.00 OK

Check Details

Version: 1.0-2
Check: Rd line widths
Result: NOTE
    Rd file 'MCtest.Rd':
     \usage lines wider than 90 characters:
     MCtest.fixed(x, statistic, resample, Nmax, extreme = "geq", conf.level=.99, seed = 1234325)
    
    These lines will be truncated in the PDF manual.
Flavors: r-devel-linux-x86_64-fedora-clang, r-devel-linux-x86_64-fedora-gcc