CRAN Package Check Results for Package MDPtoolbox

Last updated on 2014-07-24 15:52:21.

Flavor Version Tinstall Tcheck Ttotal Status Flags
r-devel-linux-x86_64-debian-clang 4.0.2 3.56 45.74 49.29 OK
r-devel-linux-x86_64-debian-gcc 4.0.2 3.36 44.14 47.51 OK
r-devel-linux-x86_64-fedora-clang 4.0.2 64.06 OK
r-devel-linux-x86_64-fedora-gcc 4.0.2 59.47 OK
r-devel-osx-x86_64-clang 4.0.2 92.26 OK
r-devel-windows-ix86+x86_64 4.0.2 9.00 68.00 77.00 OK
r-patched-linux-x86_64 4.0.2 4.60 45.70 50.29 OK
r-patched-solaris-sparc 4.0.2 568.60 OK
r-patched-solaris-x86 4.0.2 117.60 OK
r-release-linux-ix86 4.0.1 4.18 55.81 59.99 NOTE
r-release-linux-x86_64 4.0.2 3.42 46.28 49.70 OK
r-release-osx-x86_64-mavericks 4.0.2 OK
r-release-osx-x86_64-snowleopard 4.0.2 OK
r-release-windows-ix86+x86_64 4.0.2 10.00 67.00 77.00 OK
r-oldrel-windows-ix86+x86_64 4.0.2 12.00 61.00 73.00 OK

Check Details

Version: 4.0.1
Check: DESCRIPTION meta-information
Result: NOTE
    Deprecated license: BSD
Flavor: r-release-linux-ix86