CRAN Package Check Results for Package MDPtoolbox

Last updated on 2016-12-03 23:47:46.

Flavor Version Tinstall Tcheck Ttotal Status Flags
r-devel-linux-x86_64-debian-clang 4.0.2 2.34 35.89 38.24 NOTE
r-devel-linux-x86_64-debian-gcc 4.0.2 2.63 34.10 36.73 NOTE
r-devel-linux-x86_64-fedora-clang 4.0.2 81.37 NOTE
r-devel-linux-x86_64-fedora-gcc 4.0.2 79.35 NOTE
r-devel-macos-x86_64-clang 4.0.2 62.64 NOTE
r-devel-windows-ix86+x86_64 4.0.2 6.00 85.00 91.00 NOTE
r-patched-linux-x86_64 4.0.2 2.14 31.72 33.87 NOTE
r-patched-solaris-sparc 4.0.2 443.00 NOTE
r-patched-solaris-x86 4.0.2 92.70 NOTE
r-release-linux-x86_64 4.0.2 2.16 31.42 33.58 NOTE
r-release-osx-x86_64-mavericks 4.0.2 NOTE
r-release-windows-ix86+x86_64 4.0.2 9.00 54.00 63.00 NOTE
r-oldrel-windows-ix86+x86_64 4.0.2 9.00 81.00 90.00 OK

Check Details

Version: 4.0.2
Check: R code for possible problems
Result: NOTE
    mdp_Q_learning: no visible global function definition for ‘runif’
    mdp_eval_policy_TD_0: no visible global function definition for ‘runif’
    mdp_example_rand: no visible global function definition for ‘runif’
    Undefined global functions or variables:
     runif
    Consider adding
     importFrom("stats", "runif")
    to your NAMESPACE file.
Flavors: r-devel-linux-x86_64-debian-clang, r-devel-linux-x86_64-debian-gcc, r-devel-linux-x86_64-fedora-clang, r-devel-linux-x86_64-fedora-gcc, r-devel-macos-x86_64-clang, r-devel-windows-ix86+x86_64, r-patched-linux-x86_64, r-patched-solaris-sparc, r-patched-solaris-x86, r-release-linux-x86_64, r-release-osx-x86_64-mavericks, r-release-windows-ix86+x86_64