CRAN Package Check Results for Package MDPtoolbox

Last updated on 2016-09-29 10:48:12.

Flavor Version Tinstall Tcheck Ttotal Status Flags
r-devel-linux-x86_64-debian-clang 4.0.2 2.12 35.65 37.77 NOTE
r-devel-linux-x86_64-debian-gcc 4.0.2 2.33 31.06 33.39 NOTE
r-devel-linux-x86_64-fedora-clang 4.0.2 72.68 NOTE
r-devel-linux-x86_64-fedora-gcc 4.0.2 73.50 NOTE
r-devel-macos-x86_64-clang 4.0.2 54.87 NOTE
r-devel-windows-ix86+x86_64 4.0.2 6.00 74.00 80.00 NOTE
r-patched-linux-x86_64 4.0.2 2.12 31.79 33.91 NOTE
r-patched-solaris-sparc 4.0.2 443.00 NOTE
r-patched-solaris-x86 4.0.2 92.30 NOTE
r-release-linux-x86_64 4.0.2 2.28 32.61 34.88 NOTE
r-release-osx-x86_64-mavericks 4.0.2 NOTE
r-release-windows-ix86+x86_64 4.0.2 8.00 60.00 68.00 NOTE
r-oldrel-windows-ix86+x86_64 4.0.2 10.00 76.00 86.00 OK

Check Details

Version: 4.0.2
Check: R code for possible problems
Result: NOTE
    mdp_Q_learning: no visible global function definition for ‘runif’
    mdp_eval_policy_TD_0: no visible global function definition for ‘runif’
    mdp_example_rand: no visible global function definition for ‘runif’
    Undefined global functions or variables:
     runif
    Consider adding
     importFrom("stats", "runif")
    to your NAMESPACE file.
Flavors: r-devel-linux-x86_64-debian-clang, r-devel-linux-x86_64-debian-gcc, r-devel-linux-x86_64-fedora-clang, r-devel-linux-x86_64-fedora-gcc, r-devel-macos-x86_64-clang, r-devel-windows-ix86+x86_64, r-patched-linux-x86_64, r-patched-solaris-sparc, r-patched-solaris-x86, r-release-linux-x86_64, r-release-osx-x86_64-mavericks, r-release-windows-ix86+x86_64