CRAN Package Check Results for Package MDPtoolbox

Last updated on 2015-09-04 14:47:05.

Flavor Version Tinstall Tcheck Ttotal Status Flags
r-devel-linux-x86_64-debian-clang 4.0.2 2.49 34.46 36.95 NOTE
r-devel-linux-x86_64-debian-gcc 4.0.2 2.46 35.05 37.50 NOTE
r-devel-linux-x86_64-fedora-clang 4.0.2 76.51 NOTE
r-devel-linux-x86_64-fedora-gcc 4.0.2 73.81 NOTE
r-devel-osx-x86_64-clang 4.0.2 64.80 OK
r-devel-windows-ix86+x86_64 4.0.2 8.00 61.00 69.00 NOTE
r-patched-linux-x86_64 4.0.2 3.13 36.10 39.23 OK
r-patched-solaris-sparc 4.0.2 500.30 OK
r-patched-solaris-x86 4.0.2 104.90 OK
r-release-linux-x86_64 4.0.2 2.70 36.52 39.22 OK
r-release-osx-x86_64-mavericks 4.0.2 OK
r-release-windows-ix86+x86_64 4.0.2 10.00 61.00 71.00 OK
r-oldrel-windows-ix86+x86_64 4.0.2 10.00 77.00 87.00 OK

Check Details

Version: 4.0.2
Check: R code for possible problems
Result: NOTE
    mdp_Q_learning: no visible global function definition for ‘runif’
    mdp_eval_policy_TD_0: no visible global function definition for ‘runif’
    mdp_example_rand: no visible global function definition for ‘runif’
    Undefined global functions or variables:
     runif
    Consider adding
     importFrom("stats", "runif")
    to your NAMESPACE.
Flavors: r-devel-linux-x86_64-debian-clang, r-devel-linux-x86_64-debian-gcc, r-devel-linux-x86_64-fedora-clang, r-devel-linux-x86_64-fedora-gcc, r-devel-windows-ix86+x86_64