CRAN Package Check Results for Package MDPtoolbox

Last updated on 2016-02-10 11:55:19.

Flavor Version Tinstall Tcheck Ttotal Status Flags
r-devel-linux-x86_64-debian-gcc 4.0.2 2.62 34.54 37.16 NOTE
r-devel-linux-x86_64-fedora-clang 4.0.2 73.65 NOTE
r-devel-linux-x86_64-fedora-gcc 4.0.2 69.60 NOTE
r-devel-osx-x86_64-clang 4.0.2 77.60 NOTE
r-devel-windows-ix86+x86_64 4.0.2 9.00 72.00 81.00 NOTE
r-patched-linux-x86_64 4.0.2 3.05 36.82 39.87 OK
r-patched-solaris-sparc 4.0.2 461.70 OK
r-patched-solaris-x86 4.0.2 99.20 OK
r-release-linux-x86_64 4.0.2 2.86 37.53 40.39 OK
r-release-osx-x86_64-mavericks 4.0.2 OK
r-release-windows-ix86+x86_64 4.0.2 10.00 63.00 73.00 OK
r-oldrel-windows-ix86+x86_64 4.0.2 13.00 78.00 91.00 OK

Check Details

Version: 4.0.2
Check: R code for possible problems
Result: NOTE
    mdp_Q_learning: no visible global function definition for ‘runif’
    mdp_eval_policy_TD_0: no visible global function definition for ‘runif’
    mdp_example_rand: no visible global function definition for ‘runif’
    Undefined global functions or variables:
     runif
    Consider adding
     importFrom("stats", "runif")
    to your NAMESPACE file.
Flavors: r-devel-linux-x86_64-debian-gcc, r-devel-linux-x86_64-fedora-clang, r-devel-linux-x86_64-fedora-gcc, r-devel-osx-x86_64-clang, r-devel-windows-ix86+x86_64