CRAN Package Check Results for Package MDPtoolbox

Last updated on 2017-02-21 13:48:22.

Flavor Version Tinstall Tcheck Ttotal Status Flags
r-devel-linux-x86_64-debian-clang 4.0.2 2.36 35.53 37.89 NOTE
r-devel-linux-x86_64-debian-gcc 4.0.2 2.45 35.93 38.38 NOTE
r-devel-linux-x86_64-fedora-clang 4.0.2 81.88 NOTE --no-stop-on-test-error
r-devel-linux-x86_64-fedora-gcc 4.0.2 87.19 NOTE --no-stop-on-test-error
r-devel-macos-x86_64-clang 4.0.2 64.24 NOTE --no-stop-on-test-error
r-devel-windows-ix86+x86_64 4.0.2 12.00 124.00 136.00 NOTE
r-patched-linux-x86_64 4.0.2 2.26 34.00 36.25 NOTE
r-patched-solaris-sparc 4.0.2 443.10 NOTE
r-patched-solaris-x86 4.0.2 97.70 NOTE
r-release-linux-x86_64 4.0.2 2.28 33.37 35.65 NOTE
r-release-osx-x86_64-mavericks 4.0.2 NOTE
r-release-windows-ix86+x86_64 4.0.2 10.00 82.00 92.00 NOTE
r-oldrel-windows-ix86+x86_64 4.0.2 8.00 85.00 93.00 OK

Check Details

Version: 4.0.2
Check: R code for possible problems
Result: NOTE
    mdp_Q_learning: no visible global function definition for ‘runif’
    mdp_eval_policy_TD_0: no visible global function definition for ‘runif’
    mdp_example_rand: no visible global function definition for ‘runif’
    Undefined global functions or variables:
     runif
    Consider adding
     importFrom("stats", "runif")
    to your NAMESPACE file.
Flavors: r-devel-linux-x86_64-debian-clang, r-devel-linux-x86_64-debian-gcc, r-devel-windows-ix86+x86_64, r-patched-linux-x86_64, r-patched-solaris-sparc, r-patched-solaris-x86, r-release-linux-x86_64, r-release-osx-x86_64-mavericks, r-release-windows-ix86+x86_64

Version: 4.0.2
Flags: --no-stop-on-test-error
Check: R code for possible problems
Result: NOTE
    mdp_Q_learning: no visible global function definition for ‘runif’
    mdp_eval_policy_TD_0: no visible global function definition for ‘runif’
    mdp_example_rand: no visible global function definition for ‘runif’
    Undefined global functions or variables:
     runif
    Consider adding
     importFrom("stats", "runif")
    to your NAMESPACE file.
Flavors: r-devel-linux-x86_64-fedora-clang, r-devel-linux-x86_64-fedora-gcc, r-devel-macos-x86_64-clang