CRAN Package Check Results for Package MDPtoolbox

Last updated on 2014-04-25 09:52:17.

Flavor Version Tinstall Tcheck Ttotal Status Flags
r-devel-linux-x86_64-debian-clang 4.0.1 3.79 49.67 53.46 NOTE
r-devel-linux-x86_64-debian-gcc 4.0.1 3.45 47.55 51.00 NOTE
r-devel-linux-x86_64-fedora-clang 4.0.1 114.45 NOTE
r-devel-linux-x86_64-fedora-gcc 4.0.1 109.93 NOTE
r-devel-osx-x86_64-clang 4.0.1 92.45 NOTE
r-devel-osx-x86_64-gcc 4.0.1 NOTE
r-devel-windows-ix86+x86_64 4.0.1 10.00 65.00 75.00 OK
r-patched-linux-x86_64 4.0.1 3.42 46.38 49.80 NOTE
r-patched-solaris-sparc 4.0.1 613.00 NOTE
r-patched-solaris-x86 4.0.1 141.90 NOTE
r-release-linux-ix86 4.0.1 6.00 74.00 80.00 NOTE
r-release-linux-x86_64 4.0.1 3.66 47.50 51.16 NOTE
r-release-osx-x86_64-mavericks 4.0.1 NOTE
r-release-osx-x86_64-snowleopard 4.0.1 NOTE
r-release-windows-ix86+x86_64 4.0.1 8.00 64.00 72.00 OK
r-oldrel-windows-ix86+x86_64 4.0.1 10.00 59.00 69.00 OK

Check Details

Version: 4.0.1
Check: DESCRIPTION meta-information
Result: NOTE
    Deprecated license: BSD
Flavors: r-devel-linux-x86_64-debian-clang, r-devel-linux-x86_64-debian-gcc, r-devel-linux-x86_64-fedora-clang, r-devel-linux-x86_64-fedora-gcc, r-devel-osx-x86_64-clang, r-devel-osx-x86_64-gcc, r-patched-linux-x86_64, r-patched-solaris-sparc, r-patched-solaris-x86, r-release-linux-ix86, r-release-linux-x86_64, r-release-osx-x86_64-mavericks, r-release-osx-x86_64-snowleopard