CRAN Package Check Results for Package MDPtoolbox

Last updated on 2016-05-26 15:49:05.

Flavor Version Tinstall Tcheck Ttotal Status Flags
r-devel-linux-x86_64-debian-gcc 4.0.2 2.64 37.52 40.16 NOTE
r-devel-linux-x86_64-fedora-clang 4.0.2 72.87 NOTE
r-devel-linux-x86_64-fedora-gcc 4.0.2 72.49 NOTE
r-devel-osx-x86_64-clang 4.0.2 77.35 NOTE
r-devel-windows-ix86+x86_64 4.0.2 7.00 69.00 76.00 NOTE
r-patched-linux-x86_64 4.0.2 2.71 34.85 37.55 NOTE
r-patched-solaris-sparc 4.0.2 441.80 NOTE
r-patched-solaris-x86 4.0.2 95.40 NOTE
r-release-linux-x86_64 4.0.2 2.52 34.77 37.29 NOTE
r-release-osx-x86_64-mavericks 4.0.2 NOTE
r-release-windows-ix86+x86_64 4.0.2 11.00 57.00 68.00 NOTE
r-oldrel-windows-ix86+x86_64 4.0.2 9.00 92.00 101.00 OK

Check Details

Version: 4.0.2
Check: R code for possible problems
Result: NOTE
    mdp_Q_learning: no visible global function definition for ‘runif’
    mdp_eval_policy_TD_0: no visible global function definition for ‘runif’
    mdp_example_rand: no visible global function definition for ‘runif’
    Undefined global functions or variables:
     runif
    Consider adding
     importFrom("stats", "runif")
    to your NAMESPACE file.
Flavors: r-devel-linux-x86_64-debian-gcc, r-devel-linux-x86_64-fedora-clang, r-devel-linux-x86_64-fedora-gcc, r-devel-osx-x86_64-clang, r-devel-windows-ix86+x86_64, r-patched-linux-x86_64, r-patched-solaris-sparc, r-patched-solaris-x86, r-release-linux-x86_64, r-release-osx-x86_64-mavericks, r-release-windows-ix86+x86_64