CRAN Package Check Results for Package MDPtoolbox

Last updated on 2015-07-30 13:47:32.

Flavor Version Tinstall Tcheck Ttotal Status Flags
r-devel-linux-x86_64-debian-clang 4.0.2 2.66 36.39 39.05 NOTE
r-devel-linux-x86_64-debian-gcc 4.0.2 2.70 35.67 38.36 NOTE
r-devel-linux-x86_64-fedora-clang 4.0.2 79.57 NOTE
r-devel-linux-x86_64-fedora-gcc 4.0.2 76.63 NOTE
r-devel-osx-x86_64-clang 4.0.2 70.01 OK
r-devel-windows-ix86+x86_64 4.0.2 11.00 81.00 92.00 NOTE
r-patched-linux-x86_64 4.0.2 2.71 35.43 38.14 OK
r-patched-solaris-sparc 4.0.2 500.30 OK
r-patched-solaris-x86 4.0.2 105.80 OK
r-release-linux-x86_64 4.0.2 2.65 35.52 38.17 OK
r-release-osx-x86_64-mavericks 4.0.2 OK
r-release-windows-ix86+x86_64 4.0.2 11.00 80.00 91.00 OK
r-oldrel-windows-ix86+x86_64 4.0.2 13.00 91.00 104.00 OK

Check Details

Version: 4.0.2
Check: R code for possible problems
Result: NOTE
    mdp_Q_learning: no visible global function definition for ‘runif’
    mdp_eval_policy_TD_0: no visible global function definition for ‘runif’
    mdp_example_rand: no visible global function definition for ‘runif’
    Undefined global functions or variables:
     runif
    Consider adding
     importFrom("stats", "runif")
    to your NAMESPACE.
Flavors: r-devel-linux-x86_64-debian-clang, r-devel-linux-x86_64-debian-gcc, r-devel-linux-x86_64-fedora-clang, r-devel-linux-x86_64-fedora-gcc, r-devel-windows-ix86+x86_64