CRAN Package Check Results for Package MDPtoolbox

Last updated on 2016-07-25 12:49:44.

Flavor Version Tinstall Tcheck Ttotal Status Flags
r-devel-linux-x86_64-debian-clang 4.0.2 4.11 39.89 44.00 NOTE
r-devel-linux-x86_64-debian-gcc 4.0.2 3.49 41.49 44.98 NOTE
r-devel-linux-x86_64-fedora-clang 4.0.2 76.87 NOTE
r-devel-linux-x86_64-fedora-gcc 4.0.2 72.71 NOTE
r-devel-osx-x86_64-clang 4.0.2 60.05 NOTE
r-devel-windows-ix86+x86_64 4.0.2 10.00 82.00 92.00 NOTE
r-patched-linux-x86_64 4.0.2 3.96 42.79 46.75 NOTE
r-patched-solaris-sparc 4.0.2 443.00 NOTE
r-patched-solaris-x86 4.0.2 92.50 NOTE
r-release-linux-x86_64 4.0.2 3.46 39.88 43.34 NOTE
r-release-osx-x86_64-mavericks 4.0.2 NOTE
r-release-windows-ix86+x86_64 4.0.2 8.00 83.00 91.00 NOTE
r-oldrel-windows-ix86+x86_64 4.0.2 11.00 87.00 98.00 OK

Check Details

Version: 4.0.2
Check: R code for possible problems
Result: NOTE
    mdp_Q_learning: no visible global function definition for ‘runif’
    mdp_eval_policy_TD_0: no visible global function definition for ‘runif’
    mdp_example_rand: no visible global function definition for ‘runif’
    Undefined global functions or variables:
     runif
    Consider adding
     importFrom("stats", "runif")
    to your NAMESPACE file.
Flavors: r-devel-linux-x86_64-debian-clang, r-devel-linux-x86_64-debian-gcc, r-devel-linux-x86_64-fedora-clang, r-devel-linux-x86_64-fedora-gcc, r-devel-osx-x86_64-clang, r-devel-windows-ix86+x86_64, r-patched-linux-x86_64, r-patched-solaris-sparc, r-patched-solaris-x86, r-release-linux-x86_64, r-release-osx-x86_64-mavericks, r-release-windows-ix86+x86_64