CRAN Package Check Results for Package MDSGUI

Last updated on 2015-04-01 03:49:20.

Flavor Version Tinstall Tcheck Ttotal Status Flags
r-prerel-windows-ix86+x86_64 0.1.6 14.00 82.00 96.00 NOTE
r-release-osx-x86_64-mavericks 0.1.6 OK
r-release-osx-x86_64-snowleopard 0.1.6 OK
r-release-windows-ix86+x86_64 0.1.6 12.00 120.00 132.00 NOTE
r-oldrel-windows-ix86+x86_64 0.1.6 15.00 116.00 131.00 OK

Check Details

Version: 0.1.6
Check: package dependencies
Result: NOTE
    Depends: includes the non-default packages:
     'MASS' 'boot' 'RColorBrewer' 'scatterplot3d' 'tcltk' 'tcltk2'
     'tkrplot' 'rpanel' 'rgl'
    Adding so many packages to the search path is excessive and importing
    selectively is preferable.
Flavors: r-prerel-windows-ix86+x86_64, r-release-windows-ix86+x86_64