CRAN Package Check Results for Package MDSGUI

Last updated on 2014-04-18 11:47:20.

Flavor Version Tinstall Tcheck Ttotal Status Flags
r-devel-macosx-x86_64-gcc 0.1.1 NOTE --install=no
r-devel-windows-ix86+x86_64 0.1.1 14.00 120.00 134.00 NOTE
r-patched-solaris-sparc 0.1.1 278.80 NOTE --install=no
r-patched-solaris-x86 0.1.1 51.60 NOTE --install=no
r-release-macosx-x86_64 0.1.1 NOTE --install=no
r-release-windows-ix86+x86_64 0.1.1 17.00 138.00 155.00 NOTE
r-oldrel-windows-ix86+x86_64 0.1.1 16.00 134.00 150.00 NOTE

Check Details

Version: 0.1.1
Check: dependencies in R code
Result: NOTE
    'library' or 'require' call to ‘tcltk’ which was already attached by Depends.
     Please remove these calls from your code.
    See the information on DESCRIPTION files in the chapter ‘Creating R
    packages’ of the ‘Writing R Extensions’ manual.
Flavors: r-devel-macosx-x86_64-gcc, r-devel-windows-ix86+x86_64, r-patched-solaris-sparc, r-patched-solaris-x86, r-release-macosx-x86_64, r-release-windows-ix86+x86_64, r-oldrel-windows-ix86+x86_64

Version: 0.1.1
Check: package dependencies
Result: NOTE
    Depends: includes the non-default packages:
     'MASS' 'boot' 'RColorBrewer' 'scatterplot3d' 'tcltk' 'tcltk2'
     'tkrplot' 'rpanel' 'rgl' 'smacof'
    Adding so many packages to the search path is excessive and importing
    selectively is preferable.
Flavors: r-devel-windows-ix86+x86_64, r-release-windows-ix86+x86_64