CRAN Package Check Results for Package MDSGUI

Last updated on 2014-10-01 11:47:51.

Flavor Version Tinstall Tcheck Ttotal Status Flags
r-devel-windows-ix86+x86_64 0.1.1 18.00 126.00 144.00 NOTE
r-release-osx-x86_64-mavericks 0.1.1 NOTE
r-release-osx-x86_64-snowleopard 0.1.1 NOTE
r-release-windows-ix86+x86_64 0.1.1 18.00 131.00 149.00 NOTE
r-oldrel-windows-ix86+x86_64 0.1.1 16.00 140.00 156.00 NOTE

Check Details

Version: 0.1.1
Check: package dependencies
Result: NOTE
    Depends: includes the non-default packages:
     'MASS' 'boot' 'RColorBrewer' 'scatterplot3d' 'tcltk' 'tcltk2'
     'tkrplot' 'rpanel' 'rgl' 'smacof'
    Adding so many packages to the search path is excessive and importing
    selectively is preferable.
Flavors: r-devel-windows-ix86+x86_64, r-release-windows-ix86+x86_64

Version: 0.1.1
Check: dependencies in R code
Result: NOTE
    'library' or 'require' call to 'tcltk' which was already attached by Depends.
     Please remove these calls from your code.
    See the information on DESCRIPTION files in the chapter 'Creating R
    packages' of the 'Writing R Extensions' manual.
Flavors: r-devel-windows-ix86+x86_64, r-release-osx-x86_64-mavericks, r-release-osx-x86_64-snowleopard, r-release-windows-ix86+x86_64, r-oldrel-windows-ix86+x86_64