CRAN Package Check Results for Package MDplot

Last updated on 2022-01-28 00:49:00 CET.

Flavor Version Tinstall Tcheck Ttotal Status Flags
r-devel-linux-x86_64-debian-clang 1.0.1 7.25 76.55 83.80 OK
r-devel-linux-x86_64-debian-gcc 1.0.1 6.00 57.77 63.77 OK
r-devel-linux-x86_64-fedora-clang 1.0.1 103.71 NOTE
r-devel-linux-x86_64-fedora-gcc 1.0.1 90.70 OK
r-devel-windows-x86_64-new-UL 1.0.1 76.00 99.00 175.00 NOTE
r-devel-windows-x86_64-new-TK 1.0.1 OK
r-patched-linux-x86_64 1.0.1 9.59 76.27 85.86 OK
r-release-linux-x86_64 1.0.1 6.83 74.12 80.95 OK
r-release-macos-arm64 1.0.1 NOTE
r-release-macos-x86_64 1.0.1 NOTE
r-release-windows-ix86+x86_64 1.0.1 12.00 83.00 95.00 NOTE
r-oldrel-macos-x86_64 1.0.1 NOTE
r-oldrel-windows-ix86+x86_64 1.0.1 12.00 83.00 95.00 NOTE

Check Details

Version: 1.0.1
Check: installed package size
Result: NOTE
     installed size is 7.6Mb
     sub-directories of 1Mb or more:
     doc 1.9Mb
     extdata 5.3Mb
Flavors: r-devel-linux-x86_64-fedora-clang, r-devel-windows-x86_64-new-UL, r-release-macos-arm64, r-release-macos-x86_64, r-release-windows-ix86+x86_64, r-oldrel-macos-x86_64, r-oldrel-windows-ix86+x86_64