CRAN Package Check Results for Package MEET

Last updated on 2015-04-25 19:47:22.

Flavor Version Tinstall Tcheck Ttotal Status Flags
r-devel-linux-x86_64-debian-clang 5.1.1 8.25 71.34 79.59 NOTE
r-devel-linux-x86_64-debian-gcc 5.1.1 6.94 69.83 76.77 NOTE
r-devel-linux-x86_64-fedora-clang 5.1.1 164.08 NOTE
r-devel-linux-x86_64-fedora-gcc 5.1.1 155.94 NOTE
r-devel-osx-x86_64-clang 5.1.1 136.61 NOTE
r-devel-windows-ix86+x86_64 5.1.1 40.00 145.00 185.00 NOTE
r-patched-linux-x86_64 5.1.1 7.04 71.12 78.16 NOTE
r-patched-solaris-sparc 5.1.1 1000.90 NOTE
r-patched-solaris-x86 5.1.1 207.40 NOTE
r-release-linux-x86_64 5.1.1 6.87 69.21 76.08 NOTE
r-release-osx-x86_64-mavericks 5.1.1 NOTE
r-release-osx-x86_64-snowleopard 5.1.1 ERROR
r-release-windows-ix86+x86_64 5.1.1 37.00 150.00 187.00 NOTE
r-oldrel-windows-ix86+x86_64 5.1.1 40.00 193.00 233.00 NOTE

Memtest notes: valgrind

Check Details

Version: 5.1.1
Check: package dependencies
Result: NOTE
    Depends: includes the non-default packages:
     'seqinr' 'pcaMethods' 'Matrix' 'ROCR' 'Hmisc' 'KernSmooth' 'seqLogo'
    Adding so many packages to the search path is excessive and importing
    selectively is preferable.
Flavors: r-devel-windows-ix86+x86_64, r-release-windows-ix86+x86_64, r-oldrel-windows-ix86+x86_64

Version: 5.1.1
Check: dependencies in R code
Result: NOTE
    'library' or 'require' calls to packages already attached by Depends:
     'Hmisc' 'KernSmooth' 'Matrix' 'ROCR' 'methods' 'pcaMethods' 'seqLogo'
     'seqinr'
     Please remove these calls from your code.
Flavors: r-devel-windows-ix86+x86_64, r-release-windows-ix86+x86_64, r-oldrel-windows-ix86+x86_64