CRAN Package Check Results for Package MESS

Last updated on 2018-05-25 19:48:30 CEST.

Flavor Version Tinstall Tcheck Ttotal Status Flags
r-devel-linux-x86_64-debian-clang 0.5.2 126.14 82.95 209.09 OK
r-devel-linux-x86_64-debian-gcc 0.5.2 107.57 64.94 172.51 OK
r-devel-linux-x86_64-fedora-clang 0.5.2 279.20 NOTE
r-devel-linux-x86_64-fedora-gcc 0.5.2 258.28 NOTE
r-devel-windows-ix86+x86_64 0.5.2 223.00 125.00 348.00 NOTE
r-patched-linux-x86_64 0.5.2 133.21 71.23 204.44 OK
r-patched-solaris-x86 0.5.2 261.00 OK
r-release-linux-x86_64 0.5.2 132.06 71.48 203.54 OK
r-release-windows-ix86+x86_64 0.5.2 308.00 154.00 462.00 NOTE
r-release-osx-x86_64 0.5.2 NOTE
r-oldrel-windows-ix86+x86_64 0.5.2 300.00 113.00 413.00 NOTE
r-oldrel-osx-x86_64 0.5.0 NOTE

Check Details

Version: 0.5.2
Check: installed package size
Result: NOTE
     installed size is 7.6Mb
     sub-directories of 1Mb or more:
     data 2.8Mb
     libs 4.5Mb
Flavors: r-devel-linux-x86_64-fedora-clang, r-devel-linux-x86_64-fedora-gcc, r-devel-windows-ix86+x86_64, r-release-windows-ix86+x86_64, r-release-osx-x86_64, r-oldrel-windows-ix86+x86_64

Version: 0.5.0
Check: installed package size
Result: NOTE
     installed size is 6.3Mb
     sub-directories of 1Mb or more:
     data 2.7Mb
     libs 3.2Mb
Flavor: r-oldrel-osx-x86_64