CRAN Package Check Results for Package MESS

Last updated on 2016-09-28 03:47:10.

Flavor Version Tinstall Tcheck Ttotal Status Flags
r-devel-linux-x86_64-debian-clang 0.4-3 42.60 28.01 70.61 OK
r-devel-linux-x86_64-debian-gcc 0.4-3 47.14 29.48 76.63 NOTE
r-devel-linux-x86_64-fedora-clang 0.4-3 143.06 NOTE
r-devel-linux-x86_64-fedora-gcc 0.4-3 145.45 NOTE
r-devel-macos-x86_64-clang 0.4-3 96.67 OK
r-devel-windows-ix86+x86_64 0.4-3 170.00 89.00 259.00 OK
r-patched-linux-x86_64 0.4-3 36.33 28.62 64.95 NOTE
r-patched-solaris-sparc 0.4-3 759.10 OK
r-patched-solaris-x86 0.4-3 143.80 OK
r-release-linux-x86_64 0.4-3 37.45 29.28 66.73 NOTE
r-release-osx-x86_64-mavericks 0.4-3 NOTE
r-release-windows-ix86+x86_64 0.4-3 173.00 58.00 231.00 OK
r-oldrel-windows-ix86+x86_64 0.4-3 174.00 96.00 270.00 OK

Check Details

Version: 0.4-3
Check: installed package size
Result: NOTE
     installed size is 6.1Mb
     sub-directories of 1Mb or more:
     data 2.7Mb
     libs 3.2Mb
Flavors: r-devel-linux-x86_64-debian-gcc, r-devel-linux-x86_64-fedora-clang, r-devel-linux-x86_64-fedora-gcc, r-patched-linux-x86_64, r-release-linux-x86_64, r-release-osx-x86_64-mavericks