CRAN Package Check Results for Package MESS

Last updated on 2015-05-30 17:46:40.

Flavor Version Tinstall Tcheck Ttotal Status Flags
r-devel-linux-x86_64-debian-clang 0.3-2 3.94 41.70 45.64 NOTE
r-devel-linux-x86_64-debian-gcc 0.3-2 3.87 42.25 46.12 NOTE
r-devel-linux-x86_64-fedora-clang 0.3-2 100.04 NOTE
r-devel-linux-x86_64-fedora-gcc 0.3-2 87.85 NOTE
r-devel-osx-x86_64-clang 0.3-2 84.81 NOTE
r-devel-windows-ix86+x86_64 0.3-2 10.00 62.00 72.00 OK
r-patched-linux-x86_64 0.3-2 3.89 40.79 44.68 NOTE
r-patched-solaris-sparc 0.3-2 575.00 NOTE
r-patched-solaris-x86 0.3-2 134.30 NOTE
r-release-linux-x86_64 0.3-2 5.82 41.12 46.94 NOTE
r-release-osx-x86_64-mavericks 0.3-2 OK
r-release-osx-x86_64-snowleopard 0.3-2 OK
r-release-windows-ix86+x86_64 0.3-2 10.00 62.00 72.00 OK
r-oldrel-windows-ix86+x86_64 0.3-2 13.00 74.00 87.00 OK

Check Details

Version: 0.3-2
Check: S3 generic/method consistency
Result: NOTE
    Found the following apparent S3 methods exported but not registered:
     QIC.geeglm QIC.geekin QIC.ordgee common.shared.pedigree
     common.shared.pedigreeList desctable.character desctable.data.frame
     desctable.default desctable.factor desctable.integer
     desctable.numeric drop1.geeglm print.geekin residualplot.default
     residualplot.lm wallyplot.default wallyplot.lm
    See section ‘Registering S3 methods’ in the ‘Writing R Extensions’
    manual.
Flavors: r-devel-linux-x86_64-debian-clang, r-devel-linux-x86_64-debian-gcc, r-devel-linux-x86_64-fedora-clang, r-devel-linux-x86_64-fedora-gcc, r-devel-osx-x86_64-clang, r-patched-linux-x86_64, r-patched-solaris-sparc, r-patched-solaris-x86, r-release-linux-x86_64