CRAN Package Check Results for Package MESS

Last updated on 2014-08-21 19:48:49.

Flavor Version Tinstall Tcheck Ttotal Status Flags
r-devel-linux-x86_64-debian-clang 0.2-1 3.93 39.60 43.53 OK
r-devel-linux-x86_64-debian-gcc 0.2-1 3.90 39.72 43.62 OK
r-devel-linux-x86_64-fedora-clang 0.2-1 119.26 NOTE
r-devel-linux-x86_64-fedora-gcc 0.2-1 100.05 NOTE
r-devel-osx-x86_64-clang 0.2-1 84.20 NOTE
r-devel-windows-ix86+x86_64 0.2-1 10.00 56.00 66.00 OK
r-patched-linux-x86_64 0.2-1 4.05 41.36 45.41 OK
r-patched-solaris-sparc 0.2-1 581.40 OK
r-patched-solaris-x86 0.2-1 134.20 OK
r-release-linux-ix86 0.2-1 4.97 50.66 55.63 OK
r-release-linux-x86_64 0.2-1 4.15 40.67 44.82 OK
r-release-osx-x86_64-mavericks 0.2-1 OK
r-release-osx-x86_64-snowleopard 0.2-1 OK
r-release-windows-ix86+x86_64 0.2-1 11.00 60.00 71.00 OK
r-oldrel-windows-ix86+x86_64 0.2-1 12.00 53.00 65.00 OK

Check Details

Version: 0.2-1
Check: R code for possible problems
Result: NOTE
    common.shared.pedigreeList: no visible global function definition for
     ‘forceSymmetric’
    common.shared.pedigreeList: no visible global function definition for
     ‘bdiag’
    feature.test: no visible global function definition for ‘glmnet’
    feature.test: no visible global function definition for ‘cv.glmnet’
    feature.test: no visible global function definition for ‘mclapply’
    feature.test : <anonymous>: no visible global function definition for
     ‘glmnet’
    feature.test : <anonymous>: no visible global function definition for
     ‘cv.glmnet’
Flavors: r-devel-linux-x86_64-fedora-clang, r-devel-linux-x86_64-fedora-gcc, r-devel-osx-x86_64-clang