CRAN Package Check Results for Package MESS

Last updated on 2017-01-16 17:49:20.

Flavor Version Tinstall Tcheck Ttotal Status Flags
r-devel-linux-x86_64-debian-clang 0.4-3 42.49 31.50 73.99 OK
r-devel-linux-x86_64-debian-gcc 0.4-3 47.19 31.35 78.53 OK
r-devel-linux-x86_64-fedora-clang 0.4-3 152.31 NOTE --no-stop-on-test-error
r-devel-linux-x86_64-fedora-gcc 0.4-3 144.11 NOTE --no-stop-on-test-error
r-devel-macos-x86_64-clang 0.4-3 102.41 OK --no-stop-on-test-error
r-devel-windows-ix86+x86_64 0.4-3 169.00 75.00 244.00 OK
r-patched-linux-x86_64 0.4-3 36.84 27.90 64.73 OK
r-patched-solaris-sparc 0.4-3 750.60 OK
r-patched-solaris-x86 0.4-3 147.40 OK
r-release-linux-x86_64 0.4-3 36.39 27.94 64.32 OK
r-release-osx-x86_64-mavericks 0.4-3 NOTE
r-release-windows-ix86+x86_64 0.4-3 183.00 71.00 254.00 OK
r-oldrel-windows-ix86+x86_64 0.4-3 118.00 82.00 200.00 OK

Check Details

Version: 0.4-3
Flags: --no-stop-on-test-error
Check: installed package size
Result: NOTE
     installed size is 5.1Mb
     sub-directories of 1Mb or more:
     data 2.7Mb
     libs 2.1Mb
Flavors: r-devel-linux-x86_64-fedora-clang, r-devel-linux-x86_64-fedora-gcc

Version: 0.4-3
Flags: --no-stop-on-test-error
Check: compiled code
Result: NOTE
    File ‘MESS/libs/MESS.so’:
     Found no calls to: ‘R_registerRoutines’, ‘R_useDynamicSymbols’
    
    It is good practice to use registered native symbols and disable symbol
    search.
    
    See ‘Writing portable packages’ in the ‘Writing R Extensions’ manual.
Flavor: r-devel-linux-x86_64-fedora-gcc

Version: 0.4-3
Check: installed package size
Result: NOTE
     installed size is 5.5Mb
     sub-directories of 1Mb or more:
     data 2.6Mb
     libs 2.6Mb
Flavor: r-release-osx-x86_64-mavericks