CRAN Package Check Results for Package MESS

Last updated on 2017-08-18 17:47:49.

Flavor Version Tinstall Tcheck Ttotal Status Flags
r-devel-linux-x86_64-debian-clang 0.4-15 56.58 48.93 105.51 OK
r-devel-linux-x86_64-debian-gcc 0.4-15 60.02 47.31 107.32 OK
r-devel-linux-x86_64-fedora-clang 0.4-15 227.44 NOTE
r-devel-linux-x86_64-fedora-gcc 0.4-15 231.09 NOTE
r-devel-windows-ix86+x86_64 0.4-15 161.00 114.00 275.00 OK
r-patched-linux-x86_64 0.4-15 62.43 46.27 108.70 OK
r-patched-solaris-x86 0.4-15 232.50 OK
r-release-linux-x86_64 0.4-15 61.32 46.52 107.84 OK
r-release-windows-ix86+x86_64 0.4-15 214.00 148.00 362.00 OK
r-release-osx-x86_64 0.4-15 NOTE
r-oldrel-windows-ix86+x86_64 0.4-15 148.00 101.00 249.00 OK
r-oldrel-osx-x86_64 0.4-15 NOTE

Check Details

Version: 0.4-15
Check: installed package size
Result: NOTE
     installed size is 6.4Mb
     sub-directories of 1Mb or more:
     data 2.8Mb
     libs 3.2Mb
Flavors: r-devel-linux-x86_64-fedora-clang, r-devel-linux-x86_64-fedora-gcc, r-release-osx-x86_64, r-oldrel-osx-x86_64