CRAN Package Check Results for Package MESS

Last updated on 2015-03-06 03:46:39.

Flavor Version Tinstall Tcheck Ttotal Status Flags
r-devel-linux-x86_64-debian-clang 0.3-2 3.91 41.08 44.99 NOTE
r-devel-linux-x86_64-debian-gcc 0.3-2 4.00 39.65 43.66 NOTE
r-devel-linux-x86_64-fedora-clang 0.3-2 92.40 NOTE
r-devel-linux-x86_64-fedora-gcc 0.3-2 87.81 NOTE
r-devel-osx-x86_64-clang 0.3-2 81.79 NOTE
r-devel-windows-ix86+x86_64 0.3-2 9.00 59.00 68.00 OK
r-patched-linux-x86_64 0.3-2 4.88 50.36 55.24 OK
r-patched-solaris-sparc 0.3-2 730.00 OK
r-patched-solaris-x86 0.3-2 168.60 OK
r-release-linux-ix86 0.3-2 5.55 63.63 69.18 OK
r-release-linux-x86_64 0.3-2 6.75 49.20 55.95 OK
r-release-osx-x86_64-mavericks 0.3-2 OK
r-release-osx-x86_64-snowleopard 0.3-2 OK
r-release-windows-ix86+x86_64 0.3-2 12.00 71.00 83.00 OK
r-oldrel-windows-ix86+x86_64 0.3-2 12.00 72.00 84.00 OK

Check Details

Version: 0.3-2
Check: S3 generic/method consistency
Result: NOTE
    Found the following apparent S3 methods exported but not registered:
     QIC.geeglm QIC.geekin QIC.ordgee common.shared.pedigree
     common.shared.pedigreeList desctable.character desctable.data.frame
     desctable.default desctable.factor desctable.integer
     desctable.numeric drop1.geeglm print.geekin residualplot.default
     residualplot.lm wallyplot.default wallyplot.lm
    See section ‘Registering S3 methods’ in the ‘Writing R Extensions’
    manual.
Flavors: r-devel-linux-x86_64-debian-clang, r-devel-linux-x86_64-debian-gcc, r-devel-linux-x86_64-fedora-clang, r-devel-linux-x86_64-fedora-gcc, r-devel-osx-x86_64-clang