CRAN Package Check Results for Package MESS

Last updated on 2014-04-23 12:48:22.

Flavor Version Tinstall Tcheck Ttotal Status Flags
r-devel-linux-x86_64-debian-clang 0.2-1 4.35 42.68 47.03 OK
r-devel-linux-x86_64-debian-gcc 0.2-1 4.21 42.12 46.33 OK
r-devel-linux-x86_64-fedora-clang 0.2-1 106.53 OK
r-devel-linux-x86_64-fedora-gcc 0.2-1 100.16 OK
r-devel-osx-x86_64-clang 0.2-1 87.79 OK
r-devel-osx-x86_64-gcc 0.2-1 OK
r-devel-windows-ix86+x86_64 0.2-1 10.00 60.00 70.00 OK
r-patched-linux-x86_64 0.2-1 4.24 41.91 46.15 OK
r-patched-solaris-sparc 0.2-1 525.80 OK
r-patched-solaris-x86 0.2-1 135.80 OK
r-release-linux-ix86 0.2-1 7.00 69.00 76.00 OK
r-release-linux-x86_64 0.2-1 4.19 41.98 46.18 OK
r-release-osx-x86_64-mavericks 0.2-1 WARN
r-release-osx-x86_64-snowleopard 0.2-1 OK
r-release-windows-ix86+x86_64 0.2-1 10.00 61.00 71.00 OK
r-oldrel-windows-ix86+x86_64 0.2-1 11.00 63.00 74.00 OK

Check Details

Version: 0.2-1
Check: PDF version of manual
Result: WARNING
    LaTeX errors when creating PDF version.
    This typically indicates Rd problems.
    LaTeX errors found:
    ! LaTeX Error: File `upquote.sty' not found.
    
    Type X to quit or <RETURN> to proceed,
    or enter new name. (Default extension: sty)
    
    20ee668c/Rd2.tex:8: ==> Fatal error occurred, no output PDF file produced!
Flavor: r-release-osx-x86_64-mavericks