CRAN Package Check Results for Package MESS

Last updated on 2018-11-15 00:47:41 CET.

Flavor Version Tinstall Tcheck Ttotal Status Flags
r-devel-linux-x86_64-debian-clang 0.5.2 137.55 85.50 223.05 OK
r-devel-linux-x86_64-debian-gcc 0.5.2 114.65 67.20 181.85 OK
r-devel-linux-x86_64-fedora-clang 0.5.2 316.96 NOTE
r-devel-linux-x86_64-fedora-gcc 0.5.2 286.67 OK
r-devel-windows-ix86+x86_64 0.5.2 221.00 134.00 355.00 NOTE
r-patched-linux-x86_64 0.5.2 142.78 72.49 215.27 OK
r-patched-solaris-x86 0.5.2 285.50 OK
r-release-linux-x86_64 0.5.2 143.14 72.32 215.46 OK
r-release-windows-ix86+x86_64 0.5.2 306.00 157.00 463.00 NOTE
r-release-osx-x86_64 0.5.2 NOTE
r-oldrel-windows-ix86+x86_64 0.5.2 302.00 156.00 458.00 NOTE
r-oldrel-osx-x86_64 0.5.2 NOTE

Check Details

Version: 0.5.2
Check: installed package size
Result: NOTE
     installed size is 8.1Mb
     sub-directories of 1Mb or more:
     data 2.8Mb
     libs 5.0Mb
Flavors: r-devel-linux-x86_64-fedora-clang, r-devel-windows-ix86+x86_64, r-release-windows-ix86+x86_64, r-release-osx-x86_64, r-oldrel-windows-ix86+x86_64, r-oldrel-osx-x86_64