CRAN Package Check Results for Package MESS

Last updated on 2016-06-30 23:47:51.

Flavor Version Tinstall Tcheck Ttotal Status Flags
r-devel-linux-x86_64-debian-gcc 0.4-3 59.32 30.90 90.22 NOTE
r-devel-linux-x86_64-fedora-clang 0.4-3 145.94 NOTE
r-devel-linux-x86_64-fedora-gcc 0.4-3 124.54 NOTE
r-devel-osx-x86_64-clang 0.4-3 96.52 OK
r-devel-windows-ix86+x86_64 0.4-3 130.00 61.00 191.00 OK
r-patched-linux-x86_64 0.4-3 43.03 32.04 75.07 NOTE
r-patched-solaris-sparc 0.4-3 693.90 NOTE
r-patched-solaris-x86 0.4-3 146.30 NOTE
r-release-linux-x86_64 0.4-3 36.69 30.83 67.52 NOTE
r-release-osx-x86_64-mavericks 0.4-3 NOTE
r-release-windows-ix86+x86_64 0.4-3 173.00 62.00 235.00 OK
r-oldrel-windows-ix86+x86_64 0.4-3 160.00 75.00 235.00 OK

Check Details

Version: 0.4-3
Check: installed package size
Result: NOTE
     installed size is 6.2Mb
     sub-directories of 1Mb or more:
     data 2.7Mb
     libs 3.2Mb
Flavors: r-devel-linux-x86_64-debian-gcc, r-devel-linux-x86_64-fedora-clang, r-devel-linux-x86_64-fedora-gcc, r-patched-linux-x86_64, r-patched-solaris-sparc, r-patched-solaris-x86, r-release-linux-x86_64, r-release-osx-x86_64-mavericks