CRAN Package Check Results for Package MESS

Last updated on 2017-04-26 21:47:22.

Flavor Version Tinstall Tcheck Ttotal Status Flags
r-devel-linux-x86_64-debian-clang 0.4-15 54.73 49.20 103.93 OK
r-devel-linux-x86_64-debian-gcc 0.4-15 55.78 48.01 103.79 OK
r-devel-linux-x86_64-fedora-clang 0.4-15 223.98 NOTE --no-stop-on-test-error
r-devel-linux-x86_64-fedora-gcc 0.4-15 225.54 NOTE --no-stop-on-test-error
r-devel-windows-ix86+x86_64 0.4-15 212.00 153.00 365.00 OK
r-patched-linux-x86_64 0.4-15 45.55 46.59 92.14 OK
r-patched-solaris-sparc 0.4-15 1039.30 OK
r-patched-solaris-x86 0.4-15 218.00 OK
r-release-linux-x86_64 0.4-15 44.49 46.57 91.06 OK
r-release-windows-ix86+x86_64 0.4-15 160.00 125.00 285.00 OK
r-release-osx-x86_64 0.4-15 NOTE
r-oldrel-windows-ix86+x86_64 0.4-15 149.00 157.00 306.00 OK
r-oldrel-osx-x86_64 0.4-15 NOTE

Check Details

Version: 0.4-15
Flags: --no-stop-on-test-error
Check: installed package size
Result: NOTE
     installed size is 6.0Mb
     sub-directories of 1Mb or more:
     data 2.8Mb
     libs 2.8Mb
Flavors: r-devel-linux-x86_64-fedora-clang, r-devel-linux-x86_64-fedora-gcc

Version: 0.4-15
Check: installed package size
Result: NOTE
     installed size is 5.6Mb
     sub-directories of 1Mb or more:
     data 2.7Mb
     libs 2.4Mb
Flavors: r-release-osx-x86_64, r-oldrel-osx-x86_64