CRAN Package Check Results for Package MESS

Last updated on 2014-09-01 21:48:54.

Flavor Version Tinstall Tcheck Ttotal Status Flags
r-devel-linux-x86_64-debian-clang 0.2-1 3.99 39.61 43.60 NOTE
r-devel-linux-x86_64-debian-gcc 0.2-1 3.85 39.00 42.85 NOTE
r-devel-linux-x86_64-fedora-clang 0.2-1 103.62 NOTE
r-devel-linux-x86_64-fedora-gcc 0.2-1 97.66 NOTE
r-devel-osx-x86_64-clang 0.2-1 82.37 NOTE
r-devel-windows-ix86+x86_64 0.2-1 11.00 54.00 65.00 NOTE
r-patched-linux-x86_64 0.2-1 4.02 40.01 44.03 OK
r-patched-solaris-sparc 0.2-1 581.40 OK
r-patched-solaris-x86 0.2-1 134.00 OK
r-release-linux-ix86 0.2-1 4.91 50.50 55.41 OK
r-release-linux-x86_64 0.2-1 4.13 40.72 44.86 OK
r-release-osx-x86_64-mavericks 0.2-1 OK
r-release-osx-x86_64-snowleopard 0.2-1 OK
r-release-windows-ix86+x86_64 0.2-1 10.00 59.00 69.00 OK
r-oldrel-windows-ix86+x86_64 0.2-1 12.00 57.00 69.00 OK

Check Details

Version: 0.2-1
Check: R code for possible problems
Result: NOTE
    common.shared.pedigreeList: no visible global function definition for
     ‘forceSymmetric’
    common.shared.pedigreeList: no visible global function definition for
     ‘bdiag’
    feature.test: no visible global function definition for ‘glmnet’
    feature.test: no visible global function definition for ‘cv.glmnet’
    feature.test: no visible global function definition for ‘mclapply’
    feature.test : <anonymous>: no visible global function definition for
     ‘glmnet’
    feature.test : <anonymous>: no visible global function definition for
     ‘cv.glmnet’
Flavors: r-devel-linux-x86_64-debian-clang, r-devel-linux-x86_64-debian-gcc, r-devel-linux-x86_64-fedora-clang, r-devel-linux-x86_64-fedora-gcc, r-devel-osx-x86_64-clang, r-devel-windows-ix86+x86_64