CRAN Package Check Results for Package MESS

Last updated on 2015-02-01 23:48:57.

Flavor Version Tinstall Tcheck Ttotal Status Flags
r-devel-linux-x86_64-debian-clang 0.3-2 3.88 41.46 45.34 NOTE
r-devel-linux-x86_64-debian-gcc 0.3-2 4.00 39.97 43.98 NOTE
r-devel-linux-x86_64-fedora-clang 0.3-2 93.40 NOTE
r-devel-linux-x86_64-fedora-gcc 0.3-2 88.30 NOTE
r-devel-osx-x86_64-clang 0.3-2 87.15 NOTE
r-devel-windows-ix86+x86_64 0.3-2 14.00 54.00 68.00 OK
r-patched-linux-x86_64 0.3-2 4.85 49.61 54.46 OK
r-patched-solaris-sparc 0.3-2 702.20 OK
r-patched-solaris-x86 0.3-2 165.70 OK
r-release-linux-ix86 0.3-2 5.48 60.32 65.80 OK
r-release-linux-x86_64 0.3-2 4.85 50.21 55.06 OK
r-release-osx-x86_64-mavericks 0.3-2 OK
r-release-osx-x86_64-snowleopard 0.3-2 OK
r-release-windows-ix86+x86_64 0.3-2 13.00 73.00 86.00 OK
r-oldrel-windows-ix86+x86_64 0.3-2 12.00 68.00 80.00 OK

Check Details

Version: 0.3-2
Check: S3 generic/method consistency
Result: NOTE
    Found the following apparent S3 methods exported but not registered:
     QIC.geeglm QIC.geekin QIC.ordgee common.shared.pedigree
     common.shared.pedigreeList desctable.character desctable.data.frame
     desctable.default desctable.factor desctable.integer
     desctable.numeric residualplot.default residualplot.lm
     wallyplot.default wallyplot.lm print.geekin drop1.geeglm
    See section ‘Registering S3 methods’ in the ‘Writing R Extensions’
    manual.
Flavors: r-devel-linux-x86_64-debian-clang, r-devel-linux-x86_64-debian-gcc, r-devel-linux-x86_64-fedora-clang, r-devel-linux-x86_64-fedora-gcc, r-devel-osx-x86_64-clang