CRAN Package Check Results for Package MESS

Last updated on 2016-07-27 10:47:18.

Flavor Version Tinstall Tcheck Ttotal Status Flags
r-devel-linux-x86_64-debian-clang 0.4-3 57.24 34.78 92.01 OK
r-devel-linux-x86_64-debian-gcc 0.4-3 58.52 35.16 93.68 NOTE
r-devel-linux-x86_64-fedora-clang 0.4-3 143.73 NOTE
r-devel-linux-x86_64-fedora-gcc 0.4-3 125.14 NOTE
r-devel-osx-x86_64-clang 0.4-3 96.21 OK
r-devel-windows-ix86+x86_64 0.4-3 167.00 65.00 232.00 OK
r-patched-linux-x86_64 0.4-3 40.96 34.18 75.14 NOTE
r-patched-solaris-sparc 0.4-3 748.10 OK
r-patched-solaris-x86 0.4-3 149.00 OK
r-release-linux-x86_64 0.4-3 41.44 33.89 75.33 NOTE
r-release-osx-x86_64-mavericks 0.4-3 NOTE
r-release-windows-ix86+x86_64 0.4-3 168.00 65.00 233.00 OK
r-oldrel-windows-ix86+x86_64 0.4-3 171.00 91.00 262.00 OK

Check Details

Version: 0.4-3
Check: installed package size
Result: NOTE
     installed size is 6.2Mb
     sub-directories of 1Mb or more:
     data 2.7Mb
     libs 3.2Mb
Flavors: r-devel-linux-x86_64-debian-gcc, r-devel-linux-x86_64-fedora-clang, r-devel-linux-x86_64-fedora-gcc, r-patched-linux-x86_64, r-release-linux-x86_64, r-release-osx-x86_64-mavericks