CRAN Package Check Results for Package MESS

Last updated on 2017-06-25 18:47:35.

Flavor Version Tinstall Tcheck Ttotal Status Flags
r-devel-linux-x86_64-debian-clang 0.4-15 57.14 48.48 105.61 OK
r-devel-linux-x86_64-debian-gcc 0.4-15 60.59 47.05 107.64 OK
r-devel-linux-x86_64-fedora-clang 0.4-15 248.72 NOTE
r-devel-linux-x86_64-fedora-gcc 0.4-15 216.26 NOTE
r-devel-windows-ix86+x86_64 0.4-15 218.00 154.00 372.00 OK
r-patched-linux-x86_64 0.4-15 47.20 46.69 93.89 OK
r-patched-solaris-sparc 0.4-15 1039.30 OK
r-patched-solaris-x86 0.4-15 224.40 OK
r-release-linux-x86_64 0.4-15 61.10 46.03 107.13 OK
r-release-windows-ix86+x86_64 0.4-15 226.00 160.00 386.00 OK
r-release-osx-x86_64 0.4-15 NOTE
r-oldrel-windows-ix86+x86_64 0.4-15 178.00 140.00 318.00 OK
r-oldrel-osx-x86_64 0.4-15 NOTE

Check Details

Version: 0.4-15
Check: installed package size
Result: NOTE
     installed size is 6.3Mb
     sub-directories of 1Mb or more:
     data 2.8Mb
     libs 3.2Mb
Flavors: r-devel-linux-x86_64-fedora-clang, r-devel-linux-x86_64-fedora-gcc, r-release-osx-x86_64, r-oldrel-osx-x86_64