CRAN Package Check Results for Package MESS

Last updated on 2014-10-02 11:48:10.

Flavor Version Tinstall Tcheck Ttotal Status Flags
r-devel-linux-x86_64-debian-clang 0.2-1 4.14 39.35 43.49 NOTE
r-devel-linux-x86_64-debian-gcc 0.2-1 3.71 38.69 42.40 NOTE
r-devel-linux-x86_64-fedora-clang 0.2-1 104.80 NOTE
r-devel-linux-x86_64-fedora-gcc 0.2-1 102.87 NOTE
r-devel-osx-x86_64-clang 0.2-1 80.83 NOTE
r-devel-windows-ix86+x86_64 0.2-1 10.00 56.00 66.00 NOTE
r-patched-linux-x86_64 0.2-1 4.22 40.76 44.99 OK
r-patched-solaris-sparc 0.2-1 581.40 OK
r-patched-solaris-x86 0.2-1 138.30 OK
r-release-linux-ix86 0.2-1 4.99 50.57 55.56 OK
r-release-linux-x86_64 0.2-1 4.04 41.10 45.14 OK
r-release-osx-x86_64-mavericks 0.2-1 OK
r-release-osx-x86_64-snowleopard 0.2-1 OK
r-release-windows-ix86+x86_64 0.2-1 10.00 59.00 69.00 OK
r-oldrel-windows-ix86+x86_64 0.2-1 9.00 56.00 65.00 OK

Check Details

Version: 0.2-1
Check: R code for possible problems
Result: NOTE
    common.shared.pedigreeList: no visible global function definition for
     ‘forceSymmetric’
    common.shared.pedigreeList: no visible global function definition for
     ‘bdiag’
    feature.test: no visible global function definition for ‘glmnet’
    feature.test: no visible global function definition for ‘cv.glmnet’
    feature.test: no visible global function definition for ‘mclapply’
    feature.test : <anonymous>: no visible global function definition for
     ‘glmnet’
    feature.test : <anonymous>: no visible global function definition for
     ‘cv.glmnet’
Flavors: r-devel-linux-x86_64-debian-clang, r-devel-linux-x86_64-debian-gcc, r-devel-linux-x86_64-fedora-clang, r-devel-linux-x86_64-fedora-gcc, r-devel-osx-x86_64-clang, r-devel-windows-ix86+x86_64