CRAN Package Check Results for Package MESS

Last updated on 2017-10-20 00:52:45.

Flavor Version Tinstall Tcheck Ttotal Status Flags
r-devel-linux-x86_64-debian-clang 0.4-15 58.48 46.98 105.46 OK
r-devel-linux-x86_64-debian-gcc 0.4-15 58.10 52.58 110.68 OK
r-devel-linux-x86_64-fedora-clang 0.4-15 227.41 NOTE
r-devel-linux-x86_64-fedora-gcc 0.4-15 220.08 NOTE
r-devel-windows-ix86+x86_64 0.4-15 146.00 112.00 258.00 OK
r-patched-linux-x86_64 0.4-15 61.66 46.38 108.03 OK
r-patched-solaris-x86 0.4-15 242.40 OK
r-release-linux-x86_64 0.4-15 61.57 46.79 108.36 OK
r-release-windows-ix86+x86_64 0.4-15 246.00 147.00 393.00 OK
r-release-osx-x86_64 0.4-15 NOTE
r-oldrel-windows-ix86+x86_64 0.4-15 163.00 134.00 297.00 OK
r-oldrel-osx-x86_64 0.4-15 NOTE

Check Details

Version: 0.4-15
Check: installed package size
Result: NOTE
     installed size is 6.4Mb
     sub-directories of 1Mb or more:
     data 2.8Mb
     libs 3.2Mb
Flavors: r-devel-linux-x86_64-fedora-clang, r-devel-linux-x86_64-fedora-gcc, r-release-osx-x86_64, r-oldrel-osx-x86_64