CRAN Package Check Results for Package MESS

Last updated on 2018-02-24 12:48:07 CET.

Flavor Version Tinstall Tcheck Ttotal Status Flags
r-devel-linux-x86_64-debian-clang 0.5.0 99.77 73.34 173.11 OK
r-devel-linux-x86_64-debian-gcc 0.5.0 83.94 57.88 141.82 OK
r-devel-linux-x86_64-fedora-clang 0.5.0 257.50 NOTE
r-devel-linux-x86_64-fedora-gcc 0.5.0 243.59 NOTE
r-devel-windows-ix86+x86_64 0.5.0 296.00 165.00 461.00 NOTE
r-patched-linux-x86_64 0.5.0 109.01 76.35 185.36 OK
r-patched-solaris-x86 0.5.0 273.00 OK
r-release-linux-x86_64 0.5.0 110.23 76.03 186.26 OK
r-release-windows-ix86+x86_64 0.5.0 307.00 154.00 461.00 NOTE
r-release-osx-x86_64 0.5.0 NOTE
r-oldrel-windows-ix86+x86_64 0.5.0 221.00 113.00 334.00 NOTE
r-oldrel-osx-x86_64 0.5.0 NOTE

Check Details

Version: 0.5.0
Check: installed package size
Result: NOTE
     installed size is 7.5Mb
     sub-directories of 1Mb or more:
     data 2.8Mb
     libs 4.3Mb
Flavors: r-devel-linux-x86_64-fedora-clang, r-devel-linux-x86_64-fedora-gcc, r-devel-windows-ix86+x86_64, r-release-windows-ix86+x86_64, r-release-osx-x86_64, r-oldrel-windows-ix86+x86_64, r-oldrel-osx-x86_64