CRAN Package Check Results for Package MESS

Last updated on 2019-02-16 22:46:33 CET.

Flavor Version Tinstall Tcheck Ttotal Status Flags
r-devel-linux-x86_64-debian-clang 0.5.5 151.70 76.87 228.57 OK
r-devel-linux-x86_64-debian-gcc 0.5.5 117.44 65.25 182.69 OK
r-devel-linux-x86_64-fedora-clang 0.5.5 339.94 NOTE
r-devel-linux-x86_64-fedora-gcc 0.5.5 319.18 OK
r-devel-windows-ix86+x86_64 0.5.5 403.00 203.00 606.00 NOTE
r-patched-linux-x86_64 0.5.5 138.58 73.39 211.97 OK
r-patched-solaris-x86 0.5.5 280.90 OK
r-release-linux-x86_64 0.5.5 OK
r-release-windows-ix86+x86_64 0.5.5 259.00 112.00 371.00 NOTE
r-release-osx-x86_64 0.5.5 NOTE
r-oldrel-windows-ix86+x86_64 0.5.5 378.00 218.00 596.00 NOTE
r-oldrel-osx-x86_64 0.5.5 NOTE

Check Details

Version: 0.5.5
Check: installed package size
Result: NOTE
     installed size is 8.0Mb
     sub-directories of 1Mb or more:
     data 2.8Mb
     libs 4.9Mb
Flavors: r-devel-linux-x86_64-fedora-clang, r-devel-windows-ix86+x86_64, r-release-windows-ix86+x86_64, r-release-osx-x86_64, r-oldrel-windows-ix86+x86_64, r-oldrel-osx-x86_64