CRAN Package Check Results for Package MESS

Last updated on 2016-12-04 22:47:19.

Flavor Version Tinstall Tcheck Ttotal Status Flags
r-devel-linux-x86_64-debian-clang 0.4-3 42.90 32.28 75.19 OK
r-devel-linux-x86_64-debian-gcc 0.4-3 45.64 30.82 76.46 OK
r-devel-linux-x86_64-fedora-clang 0.4-3 158.87 NOTE --no-stop-on-test-error
r-devel-linux-x86_64-fedora-gcc 0.4-3 148.86 NOTE --no-stop-on-test-error
r-devel-macos-x86_64-clang 0.4-3 103.46 OK
r-devel-windows-ix86+x86_64 0.4-3 123.00 74.00 197.00 OK
r-patched-linux-x86_64 0.4-3 35.99 27.88 63.87 OK
r-patched-solaris-sparc 0.4-3 759.10 OK
r-patched-solaris-x86 0.4-3 146.30 OK
r-release-linux-x86_64 0.4-3 36.21 27.44 63.65 OK
r-release-osx-x86_64-mavericks 0.4-3 NOTE
r-release-windows-ix86+x86_64 0.4-3 181.00 86.00 267.00 OK
r-oldrel-windows-ix86+x86_64 0.4-3 120.00 71.00 191.00 OK

Check Details

Version: 0.4-3
Flags: --no-stop-on-test-error
Check: installed package size
Result: NOTE
     installed size is 5.1Mb
     sub-directories of 1Mb or more:
     data 2.7Mb
     libs 2.1Mb
Flavors: r-devel-linux-x86_64-fedora-clang, r-devel-linux-x86_64-fedora-gcc

Version: 0.4-3
Check: installed package size
Result: NOTE
     installed size is 5.5Mb
     sub-directories of 1Mb or more:
     data 2.6Mb
     libs 2.6Mb
Flavor: r-release-osx-x86_64-mavericks