CRAN Package Check Results for Package MESS

Last updated on 2017-02-28 12:49:27.

Flavor Version Tinstall Tcheck Ttotal Status Flags
r-devel-linux-x86_64-debian-clang 0.4-3 43.12 31.85 74.97 NOTE
r-devel-linux-x86_64-debian-gcc 0.4-3 46.86 33.83 80.69 NOTE
r-devel-linux-x86_64-fedora-clang 0.4-3 159.83 NOTE --no-stop-on-test-error
r-devel-linux-x86_64-fedora-gcc 0.4-3 151.33 NOTE --no-stop-on-test-error
r-devel-macos-x86_64-clang 0.4-3 104.66 NOTE --no-stop-on-test-error
r-devel-windows-ix86+x86_64 0.4-3 126.00 119.00 245.00 OK
r-patched-linux-x86_64 0.4-3 36.92 28.48 65.39 OK
r-patched-solaris-sparc 0.4-3 750.60 OK
r-patched-solaris-x86 0.4-3 148.20 OK
r-release-linux-x86_64 0.4-3 36.35 28.81 65.16 OK
r-release-osx-x86_64-mavericks 0.4-3 NOTE
r-release-windows-ix86+x86_64 0.4-3 191.00 90.00 281.00 OK
r-oldrel-windows-ix86+x86_64 0.4-3 131.00 94.00 225.00 OK

Check Details

Version: 0.4-3
Check: compiled code
Result: NOTE
    File ‘MESS/libs/MESS.so’:
     Found no calls to: ‘R_registerRoutines’, ‘R_useDynamicSymbols’
    
    It is good practice to register native routines and to disable symbol
    search.
    
    See ‘Writing portable packages’ in the ‘Writing R Extensions’ manual.
Flavors: r-devel-linux-x86_64-debian-clang, r-devel-linux-x86_64-debian-gcc

Version: 0.4-3
Flags: --no-stop-on-test-error
Check: installed package size
Result: NOTE
     installed size is 5.1Mb
     sub-directories of 1Mb or more:
     data 2.7Mb
     libs 2.1Mb
Flavors: r-devel-linux-x86_64-fedora-clang, r-devel-linux-x86_64-fedora-gcc

Version: 0.4-3
Flags: --no-stop-on-test-error
Check: compiled code
Result: NOTE
    File ‘MESS/libs/MESS.so’:
     Found no calls to: ‘R_registerRoutines’, ‘R_useDynamicSymbols’
    
    It is good practice to register native routines and to disable symbol
    search.
    
    See ‘Writing portable packages’ in the ‘Writing R Extensions’ manual.
Flavors: r-devel-linux-x86_64-fedora-clang, r-devel-linux-x86_64-fedora-gcc, r-devel-macos-x86_64-clang

Version: 0.4-3
Check: installed package size
Result: NOTE
     installed size is 5.5Mb
     sub-directories of 1Mb or more:
     data 2.6Mb
     libs 2.6Mb
Flavor: r-release-osx-x86_64-mavericks