CRAN Package Check Results for Package MESS

Last updated on 2017-12-12 12:46:39 CET.

Flavor Version Tinstall Tcheck Ttotal Status Flags
r-devel-linux-x86_64-debian-clang 0.4-15 76.42 67.35 143.77 OK
r-devel-linux-x86_64-debian-gcc 0.4-15 66.34 53.70 120.04 OK
r-devel-linux-x86_64-fedora-clang 0.4-15 213.51 NOTE
r-devel-linux-x86_64-fedora-gcc 0.4-15 203.20 NOTE
r-devel-windows-ix86+x86_64 0.4-15 226.00 123.00 349.00 OK
r-patched-linux-x86_64 0.4-15 81.52 73.73 155.25 OK
r-patched-solaris-x86 0.4-15 241.60 OK
r-release-linux-x86_64 0.4-15 81.43 73.52 154.95 OK
r-release-windows-ix86+x86_64 0.4-15 174.00 130.00 304.00 OK
r-release-osx-x86_64 0.4-15 NOTE
r-oldrel-windows-ix86+x86_64 0.4-15 207.00 105.00 312.00 OK
r-oldrel-osx-x86_64 0.4-15 NOTE

Check Details

Version: 0.4-15
Check: installed package size
Result: NOTE
     installed size is 6.5Mb
     sub-directories of 1Mb or more:
     data 2.8Mb
     libs 3.3Mb
Flavors: r-devel-linux-x86_64-fedora-clang, r-devel-linux-x86_64-fedora-gcc, r-release-osx-x86_64, r-oldrel-osx-x86_64