CRAN Package Check Results for Package MESS

Last updated on 2018-08-20 13:48:06 CEST.

Flavor Version Tinstall Tcheck Ttotal Status Flags
r-devel-linux-x86_64-debian-clang 0.5.2 122.33 83.90 206.23 OK
r-devel-linux-x86_64-debian-gcc 0.5.2 113.38 67.11 180.49 OK
r-devel-linux-x86_64-fedora-clang 0.5.2 288.85 NOTE
r-devel-linux-x86_64-fedora-gcc 0.5.2 283.94 OK
r-devel-windows-ix86+x86_64 0.5.2 317.00 164.00 481.00 NOTE
r-patched-linux-x86_64 0.5.2 145.40 72.89 218.29 OK
r-patched-solaris-x86 0.5.2 266.10 OK
r-release-linux-x86_64 0.5.2 148.19 72.35 220.54 OK
r-release-windows-ix86+x86_64 0.5.2 310.00 153.00 463.00 NOTE
r-release-osx-x86_64 0.5.2 NOTE
r-oldrel-windows-ix86+x86_64 0.5.2 223.00 123.00 346.00 NOTE
r-oldrel-osx-x86_64 0.5.2 NOTE

Check Details

Version: 0.5.2
Check: installed package size
Result: NOTE
     installed size is 8.0Mb
     sub-directories of 1Mb or more:
     data 2.8Mb
     libs 4.9Mb
Flavors: r-devel-linux-x86_64-fedora-clang, r-devel-windows-ix86+x86_64, r-release-windows-ix86+x86_64, r-release-osx-x86_64, r-oldrel-windows-ix86+x86_64, r-oldrel-osx-x86_64