CRAN Package Check Results for Package MGDrivE2

Last updated on 2021-12-01 22:53:16 CET.

Flavor Version Tinstall Tcheck Ttotal Status Flags
r-devel-linux-x86_64-debian-clang 1.1.0 13.33 439.91 453.24 OK
r-devel-linux-x86_64-debian-gcc 1.1.0 10.65 293.82 304.47 OK
r-devel-linux-x86_64-fedora-clang 1.1.0 561.86 OK
r-devel-linux-x86_64-fedora-gcc 1.1.0 529.87 OK
r-devel-windows-x86_64-new-UL 1.1.0 31.00 444.00 475.00 OK
r-devel-windows-x86_64-new-TK 1.1.0 OK
r-devel-windows-x86_64-old 1.1.0 20.00 353.00 373.00 OK
r-patched-linux-x86_64 1.1.0 12.49 437.89 450.38 OK
r-patched-solaris-x86 1.1.0 169.70 OK
r-release-linux-x86_64 1.1.0 11.73 447.80 459.53 OK
r-release-macos-arm64 1.1.0 OK
r-release-macos-x86_64 1.1.0 WARN
r-release-windows-ix86+x86_64 1.1.0 25.00 513.00 538.00 OK
r-oldrel-macos-x86_64 1.1.0 OK
r-oldrel-windows-ix86+x86_64 1.1.0 27.00 541.00 568.00 OK

Check Details

Version: 1.1.0
Check: re-building of vignette outputs
Result: WARN
    Error(s) in re-building vignettes:
    --- re-building ‘advanced_topics.Rmd’ using rmarkdown
    Warning in engine$weave(file, quiet = quiet, encoding = enc) :
     Pandoc (>= 1.12.3) not available. Falling back to R Markdown v1.
    --- finished re-building ‘advanced_topics.Rmd’
    
    --- re-building ‘epi-SEIR.Rmd’ using rmarkdown
    Warning in engine$weave(file, quiet = quiet, encoding = enc) :
     Pandoc (>= 1.12.3) not available. Falling back to R Markdown v1.
    --- finished re-building ‘epi-SEIR.Rmd’
    
    --- re-building ‘epi-network.Rmd’ using rmarkdown
    Warning in engine$weave(file, quiet = quiet, encoding = enc) :
     Pandoc (>= 1.12.3) not available. Falling back to R Markdown v1.
    --- finished re-building ‘epi-network.Rmd’
    
    --- re-building ‘epi-node.Rmd’ using rmarkdown
    Warning in engine$weave(file, quiet = quiet, encoding = enc) :
     Pandoc (>= 1.12.3) not available. Falling back to R Markdown v1.
    --- finished re-building ‘epi-node.Rmd’
    
    --- re-building ‘inhomogeneous.Rmd’ using rmarkdown
    Warning in engine$weave(file, quiet = quiet, encoding = enc) :
     Pandoc (>= 1.12.3) not available. Falling back to R Markdown v1.
    --- finished re-building ‘inhomogeneous.Rmd’
    
    --- re-building ‘lifecycle-network.Rmd’ using rmarkdown
    Warning in engine$weave(file, quiet = quiet, encoding = enc) :
     Pandoc (>= 1.12.3) not available. Falling back to R Markdown v1.
    Quitting from lines 35-46 (lifecycle-network.Rmd)
    Error: processing vignette 'lifecycle-network.Rmd' failed with diagnostics:
    there is no package called 'MGDrivE'
    --- failed re-building ‘lifecycle-network.Rmd’
    
    --- re-building ‘lifecycle-node.Rmd’ using rmarkdown
    Warning in engine$weave(file, quiet = quiet, encoding = enc) :
     Pandoc (>= 1.12.3) not available. Falling back to R Markdown v1.
    Quitting from lines 43-52 (lifecycle-node.Rmd)
    Error: processing vignette 'lifecycle-node.Rmd' failed with diagnostics:
    there is no package called 'MGDrivE'
    --- failed re-building ‘lifecycle-node.Rmd’
    
    --- re-building ‘output-storage.Rmd’ using rmarkdown
    Warning in engine$weave(file, quiet = quiet, encoding = enc) :
     Pandoc (>= 1.12.3) not available. Falling back to R Markdown v1.
    Quitting from lines 38-47 (output-storage.Rmd)
    Error: processing vignette 'output-storage.Rmd' failed with diagnostics:
    there is no package called 'MGDrivE'
    --- failed re-building ‘output-storage.Rmd’
    
    SUMMARY: processing the following files failed:
     ‘lifecycle-network.Rmd’ ‘lifecycle-node.Rmd’ ‘output-storage.Rmd’
    
    Error: Vignette re-building failed.
    Execution halted
Flavor: r-release-macos-x86_64