CRAN Package Check Results for Package MGLM

Last updated on 2021-11-27 22:57:02 CET.

Flavor Version Tinstall Tcheck Ttotal Status Flags
r-devel-linux-x86_64-debian-clang 0.2.0 NOTE
r-devel-linux-x86_64-debian-gcc 0.2.0 6.50 95.20 101.70 NOTE
r-devel-linux-x86_64-fedora-clang 0.2.0 178.88 OK
r-devel-linux-x86_64-fedora-gcc 0.2.0 169.28 OK
r-devel-windows-x86_64-new-UL 0.2.0 22.00 184.00 206.00 NOTE
r-devel-windows-x86_64-new-TK 0.2.0 OK
r-devel-windows-x86_64-old 0.2.0 10.00 150.00 160.00 NOTE
r-patched-linux-x86_64 0.2.0 8.65 61.82 70.47 NOTE
r-patched-solaris-x86 0.2.0 113.70 OK
r-release-linux-x86_64 0.2.0 NOTE
r-release-macos-arm64 0.2.0 OK
r-release-macos-x86_64 0.2.0 OK
r-release-windows-ix86+x86_64 0.2.0 18.00 85.00 103.00 NOTE
r-oldrel-macos-x86_64 0.2.0 OK
r-oldrel-windows-ix86+x86_64 0.2.0 13.00 87.00 100.00 NOTE

Check Details

Version: 0.2.0
Check: package vignettes
Result: NOTE
    Package vignette with placeholder title 'Vignette Title':
     'mglm_vignette.rmd'
Flavors: r-devel-linux-x86_64-debian-clang, r-devel-linux-x86_64-debian-gcc, r-devel-windows-x86_64-new-UL, r-devel-windows-x86_64-old, r-patched-linux-x86_64, r-release-linux-x86_64, r-release-windows-ix86+x86_64, r-oldrel-windows-ix86+x86_64