CRAN Package Check Results for Package MIICD

Last updated on 2015-08-29 13:48:15.

Flavor Version Tinstall Tcheck Ttotal Status Flags
r-devel-linux-x86_64-debian-clang 2.1 0.69 19.06 19.75 NOTE
r-devel-linux-x86_64-debian-gcc 2.1 0.71 19.26 19.97 NOTE
r-devel-linux-x86_64-fedora-clang 2.1 38.99 NOTE
r-devel-linux-x86_64-fedora-gcc 2.1 35.90 NOTE
r-devel-osx-x86_64-clang 2.1 35.09 OK
r-devel-windows-ix86+x86_64 2.1 5.00 37.00 42.00 NOTE
r-patched-linux-x86_64 2.1 0.76 19.56 20.32 OK
r-patched-solaris-sparc 2.1 247.30 OK
r-patched-solaris-x86 2.1 52.20 OK
r-release-linux-x86_64 2.1 0.71 19.34 20.05 OK
r-release-osx-x86_64-mavericks 2.1 OK
r-release-windows-ix86+x86_64 2.1 6.00 33.00 39.00 OK
r-oldrel-windows-ix86+x86_64 2.1 7.00 54.00 61.00 OK

Check Details

Version: 2.1
Check: R code for possible problems
Result: NOTE
    ANDA.coxph: no visible global function definition for ‘model.matrix’
    ANDA.coxph: no visible global function definition for ‘txtProgressBar’
    ANDA.coxph: no visible global function definition for
     ‘setTxtProgressBar’
    ANDA.coxph : <anonymous>: no visible binding for global variable ‘time’
    ANDA.coxph: no visible global function definition for ‘head’
    ANDA.crreg: no visible global function definition for ‘model.matrix’
    ANDA.crreg: no visible global function definition for ‘txtProgressBar’
    ANDA.crreg: no visible global function definition for
     ‘setTxtProgressBar’
    ANDA.crreg : <anonymous>: no visible binding for global variable ‘time’
    DA.ci : <anonymous>: no visible binding for global variable ‘time’
    DA.surv : <anonymous>: no visible binding for global variable ‘time’
    MIICD.coxph: no visible global function definition for ‘tail’
    MIICD.coxph: no visible global function definition for ‘pchisq’
    MIICD.crreg: no visible global function definition for ‘tail’
    MIICD.crreg: no visible global function definition for ‘pchisq’
    PMDA.coxph: no visible global function definition for ‘model.matrix’
    PMDA.coxph: no visible global function definition for ‘txtProgressBar’
    PMDA.coxph: no visible global function definition for
     ‘setTxtProgressBar’
    PMDA.coxph : <anonymous>: no visible binding for global variable ‘time’
    PMDA.crreg: no visible global function definition for ‘model.matrix’
    PMDA.crreg: no visible global function definition for ‘txtProgressBar’
    PMDA.crreg: no visible global function definition for
     ‘setTxtProgressBar’
    PMDA.crreg : <anonymous>: no visible binding for global variable ‘time’
    get.est: no visible global function definition for ‘vcov’
    get.est.cr.cox: no visible global function definition for ‘vcov’
    get.set: no visible global function definition for ‘runif’
    get_values_at_times : <anonymous>: no visible global function
     definition for ‘tail’
    plot.DA_ci: no visible global function definition for ‘plot’
    plot.DA_ci: no visible global function definition for ‘lines’
    plot.DA_surv: no visible global function definition for ‘plot’
    plot.DA_surv: no visible global function definition for ‘lines’
    plot.MIICD_coxph: no visible global function definition for ‘plot’
    plot.MIICD_coxph: no visible global function definition for ‘mtext’
    plot.MIICD_crreg: no visible global function definition for ‘plot’
    plot.MIICD_crreg: no visible global function definition for ‘mtext’
    plot.MI_ci: no visible global function definition for ‘plot’
    plot.MI_ci: no visible global function definition for ‘lines’
    plot.MI_surv: no visible global function definition for ‘plot’
    plot.MI_surv: no visible global function definition for ‘lines’
    post_point_est_CI: no visible binding for global variable ‘var’
    post_point_est_CI: no visible global function definition for ‘qnorm’
    print.DA_ci: no visible global function definition for ‘head’
    print.DA_surv: no visible global function definition for ‘head’
    print.MI_ci: no visible global function definition for ‘head’
    print.MI_surv: no visible global function definition for ‘head’
    Undefined global functions or variables:
     head lines model.matrix mtext pchisq plot qnorm runif
     setTxtProgressBar tail time txtProgressBar var vcov
    Consider adding
     importFrom("graphics", "lines", "mtext", "plot")
     importFrom("stats", "model.matrix", "pchisq", "qnorm", "runif", "time",
     "var", "vcov")
     importFrom("utils", "head", "setTxtProgressBar", "tail",
     "txtProgressBar")
    to your NAMESPACE.
Flavors: r-devel-linux-x86_64-debian-clang, r-devel-linux-x86_64-debian-gcc, r-devel-linux-x86_64-fedora-clang, r-devel-linux-x86_64-fedora-gcc, r-devel-windows-ix86+x86_64