CRAN Package Check Results for Package MIICD

Last updated on 2017-03-24 04:47:37.

Flavor Version Tinstall Tcheck Ttotal Status Flags
r-devel-linux-x86_64-debian-clang 2.3 2.43 34.45 36.87 ERROR
r-devel-linux-x86_64-debian-gcc 2.3 2.37 34.28 36.65 ERROR
r-devel-linux-x86_64-fedora-clang 2.3 81.56 ERROR --no-stop-on-test-error
r-devel-linux-x86_64-fedora-gcc 2.3 80.66 ERROR --no-stop-on-test-error
r-devel-macos-x86_64-clang 2.3 62.34 ERROR --no-stop-on-test-error
r-devel-windows-ix86+x86_64 2.3 7.00 88.00 95.00 ERROR
r-patched-linux-x86_64 2.3 2.20 31.47 33.67 ERROR
r-patched-solaris-sparc 2.3 473.00 ERROR
r-patched-solaris-x86 2.3 112.50 ERROR
r-release-linux-x86_64 2.3 2.44 31.26 33.70 ERROR
r-release-osx-x86_64-mavericks 2.3 OK
r-release-windows-ix86+x86_64 2.3 10.00 53.00 63.00 ERROR
r-oldrel-windows-ix86+x86_64 2.3 9.00 79.00 88.00 ERROR

Check Details

Version: 2.3
Check: examples
Result: ERROR
    Running examples in ‘MIICD-Ex.R’ failed
    The error most likely occurred in:
    
    > base::assign(".ptime", proc.time(), pos = "CheckExEnv")
    > ### Name: MIICD.crreg
    > ### Title: Fine & Gray regression for interval censored competing risks
    > ### data using multiple imputation
    > ### Aliases: MIICD.crreg
    >
    > ### ** Examples
    >
    > res <- MIICD.crreg(formula = ~ treatment, k = 5, m = 5, status = 'status',
    + trans = 1, data = ICCRD, cens.code = 0, method = 'ANDA', verbose = FALSE )
    
    Iterates
    
    
    .Error in aeqSurv(Y) :
     aeqSurv exception, an interval has effective length 0
    Calls: MIICD.crreg ... crprep.default -> <Anonymous> -> survfit.formula -> aeqSurv
    Execution halted
Flavors: r-devel-linux-x86_64-debian-clang, r-devel-linux-x86_64-debian-gcc, r-patched-linux-x86_64, r-release-linux-x86_64

Version: 2.3
Flags: --no-stop-on-test-error
Check: examples
Result: ERROR
    Running examples in ‘MIICD-Ex.R’ failed
    The error most likely occurred in:
    
    > ### Name: MIICD.crreg
    > ### Title: Fine & Gray regression for interval censored competing risks
    > ### data using multiple imputation
    > ### Aliases: MIICD.crreg
    >
    > ### ** Examples
    >
    > res <- MIICD.crreg(formula = ~ treatment, k = 5, m = 5, status = 'status',
    + trans = 1, data = ICCRD, cens.code = 0, method = 'ANDA', verbose = FALSE )
    
    Iterates
    
    
    .Error in aeqSurv(Y) :
     aeqSurv exception, an interval has effective length 0
    Calls: MIICD.crreg ... crprep.default -> <Anonymous> -> survfit.formula -> aeqSurv
    Execution halted
Flavors: r-devel-linux-x86_64-fedora-clang, r-devel-linux-x86_64-fedora-gcc, r-devel-macos-x86_64-clang

Version: 2.3
Check: examples
Result: ERROR
    Running examples in 'MIICD-Ex.R' failed
    The error most likely occurred in:
    
    > ### Name: MIICD.crreg
    > ### Title: Fine & Gray regression for interval censored competing risks
    > ### data using multiple imputation
    > ### Aliases: MIICD.crreg
    >
    > ### ** Examples
    >
    > res <- MIICD.crreg(formula = ~ treatment, k = 5, m = 5, status = 'status',
    + trans = 1, data = ICCRD, cens.code = 0, method = 'ANDA', verbose = FALSE )
    
    Iterates
    
    
    .Error in aeqSurv(Y) :
     aeqSurv exception, an interval has effective length 0
    Calls: MIICD.crreg ... crprep.default -> <Anonymous> -> survfit.formula -> aeqSurv
    Execution halted
Flavors: r-devel-windows-ix86+x86_64, r-patched-solaris-sparc, r-patched-solaris-x86, r-release-windows-ix86+x86_64, r-oldrel-windows-ix86+x86_64