CRAN Package Check Results for Package MIICD

Last updated on 2015-05-25 03:47:43.

Flavor Version Tinstall Tcheck Ttotal Status Flags
r-devel-linux-x86_64-debian-clang 2.1 0.72 18.84 19.56 OK
r-devel-linux-x86_64-debian-gcc 2.1 0.74 18.47 19.20 OK
r-devel-linux-x86_64-fedora-clang 2.1 38.42 OK
r-devel-linux-x86_64-fedora-gcc 2.1 36.35 OK
r-devel-osx-x86_64-clang 2.1 37.18 OK
r-devel-windows-ix86+x86_64 2.1 4.00 28.00 32.00 OK
r-patched-linux-x86_64 2.1 0.76 18.44 19.20 OK
r-patched-solaris-sparc 2.1 236.20 OK
r-patched-solaris-x86 2.1 47.90 OK
r-release-linux-x86_64 2.1 0.92 18.83 19.74 OK
r-release-osx-x86_64-mavericks 2.1 OK
r-release-osx-x86_64-snowleopard 2.1 NOTE
r-release-windows-ix86+x86_64 2.1 3.00 30.00 33.00 OK
r-oldrel-windows-ix86+x86_64 2.1 5.00 36.00 41.00 OK

Check Details

Version: 2.1
Check: Rd cross-references
Result: NOTE
    Package unavailable to check Rd xrefs: ‘riskRegression’
Flavor: r-release-osx-x86_64-snowleopard