CRAN Package Check Results for Package MIICD

Last updated on 2017-04-29 23:50:33.

Flavor Version Tinstall Tcheck Ttotal Status Flags
r-devel-linux-x86_64-debian-clang 2.3 2.54 37.67 40.21 ERROR
r-devel-linux-x86_64-debian-gcc 2.3 2.57 37.09 39.65 ERROR
r-devel-linux-x86_64-fedora-clang 2.3 82.69 ERROR --no-stop-on-test-error
r-devel-linux-x86_64-fedora-gcc 2.3 83.37 ERROR --no-stop-on-test-error
r-devel-windows-ix86+x86_64 2.3 9.00 84.00 93.00 ERROR
r-patched-linux-x86_64 2.3 2.51 34.03 36.53 ERROR
r-patched-solaris-sparc 2.3 473.00 ERROR
r-patched-solaris-x86 2.3 107.40 ERROR
r-release-linux-x86_64 2.3 2.52 34.87 37.39 ERROR
r-release-windows-ix86+x86_64 2.3 12.00 83.00 95.00 ERROR
r-release-osx-x86_64 2.3 ERROR
r-oldrel-windows-ix86+x86_64 2.3 11.00 75.00 86.00 ERROR
r-oldrel-osx-x86_64 2.3 OK

Check Details

Version: 2.3
Check: examples
Result: ERROR
    Running examples in ‘MIICD-Ex.R’ failed
    The error most likely occurred in:
    
    > base::assign(".ptime", proc.time(), pos = "CheckExEnv")
    > ### Name: MIICD.crreg
    > ### Title: Fine & Gray regression for interval censored competing risks
    > ### data using multiple imputation
    > ### Aliases: MIICD.crreg
    >
    > ### ** Examples
    >
    > res <- MIICD.crreg(formula = ~ treatment, k = 5, m = 5, status = 'status',
    + trans = 1, data = ICCRD, cens.code = 0, method = 'ANDA', verbose = FALSE )
    
    Iterates
    
    
    .Error in aeqSurv(Y) :
     aeqSurv exception, an interval has effective length 0
    Calls: MIICD.crreg ... crprep.default -> <Anonymous> -> survfit.formula -> aeqSurv
    Execution halted
Flavors: r-devel-linux-x86_64-debian-clang, r-devel-linux-x86_64-debian-gcc, r-patched-linux-x86_64, r-release-linux-x86_64

Version: 2.3
Flags: --no-stop-on-test-error
Check: examples
Result: ERROR
    Running examples in ‘MIICD-Ex.R’ failed
    The error most likely occurred in:
    
    > ### Name: MIICD.crreg
    > ### Title: Fine & Gray regression for interval censored competing risks
    > ### data using multiple imputation
    > ### Aliases: MIICD.crreg
    >
    > ### ** Examples
    >
    > res <- MIICD.crreg(formula = ~ treatment, k = 5, m = 5, status = 'status',
    + trans = 1, data = ICCRD, cens.code = 0, method = 'ANDA', verbose = FALSE )
    
    Iterates
    
    
    .Error in aeqSurv(Y) :
     aeqSurv exception, an interval has effective length 0
    Calls: MIICD.crreg ... crprep.default -> <Anonymous> -> survfit.formula -> aeqSurv
    Execution halted
Flavors: r-devel-linux-x86_64-fedora-clang, r-devel-linux-x86_64-fedora-gcc

Version: 2.3
Check: examples
Result: ERROR
    Running examples in 'MIICD-Ex.R' failed
    The error most likely occurred in:
    
    > ### Name: MIICD.crreg
    > ### Title: Fine & Gray regression for interval censored competing risks
    > ### data using multiple imputation
    > ### Aliases: MIICD.crreg
    >
    > ### ** Examples
    >
    > res <- MIICD.crreg(formula = ~ treatment, k = 5, m = 5, status = 'status',
    + trans = 1, data = ICCRD, cens.code = 0, method = 'ANDA', verbose = FALSE )
    
    Iterates
    
    
    .Error in aeqSurv(Y) :
     aeqSurv exception, an interval has effective length 0
    Calls: MIICD.crreg ... crprep.default -> <Anonymous> -> survfit.formula -> aeqSurv
    Execution halted
Flavors: r-devel-windows-ix86+x86_64, r-patched-solaris-sparc, r-patched-solaris-x86, r-release-windows-ix86+x86_64, r-release-osx-x86_64, r-oldrel-windows-ix86+x86_64