CRAN Package Check Results for Package MIIVsem

Last updated on 2024-07-20 04:48:37 CEST.

Flavor Version Tinstall Tcheck Ttotal Status Flags
r-devel-linux-x86_64-debian-clang 0.5.8 5.51 44.67 50.18 NOTE
r-devel-linux-x86_64-debian-gcc 0.5.8 5.69 32.73 38.42 NOTE
r-devel-linux-x86_64-fedora-clang 0.5.8 62.90 NOTE
r-devel-linux-x86_64-fedora-gcc 0.5.8 59.59 NOTE
r-devel-windows-x86_64 0.5.8 7.00 54.00 61.00 NOTE
r-patched-linux-x86_64 0.5.8 7.30 41.31 48.61 NOTE
r-release-linux-x86_64 0.5.8 5.83 42.08 47.91 NOTE
r-release-macos-arm64 0.5.8 22.00 NOTE
r-release-macos-x86_64 0.5.8 30.00 NOTE
r-release-windows-x86_64 0.5.8 7.00 53.00 60.00 NOTE
r-oldrel-macos-arm64 0.5.8 22.00 OK
r-oldrel-macos-x86_64 0.5.8 30.00 OK
r-oldrel-windows-x86_64 0.5.8 9.00 58.00 67.00 OK

Check Details

Version: 0.5.8
Check: Rd files
Result: NOTE checkRd: (-1) miive.Rd:120-239: Lost braces in \itemize; meant \describe ? checkRd: (-1) miive.Rd:241-264: Lost braces in \itemize; meant \describe ? checkRd: (-1) miive.Rd:266-277: Lost braces in \itemize; meant \describe ? checkRd: (-1) miive.Rd:279-286: Lost braces in \itemize; meant \describe ? checkRd: (-1) miive.Rd:288-293: Lost braces in \itemize; meant \describe ? checkRd: (-1) miive.Rd:295-311: Lost braces in \itemize; meant \describe ? checkRd: (-1) miive.Rd:313-337: Lost braces in \itemize; meant \describe ? checkRd: (-1) miive.Rd:339-352: Lost braces in \itemize; meant \describe ? checkRd: (-1) miive.Rd:353-370: Lost braces in \itemize; meant \describe ? checkRd: (-1) miive.Rd:426: Lost braces 426 | \link{MIIVsem}{miivs} | ^ checkRd: (-1) miivs.Rd:33-160: Lost braces in \itemize; meant \describe ? Flavors: r-devel-linux-x86_64-debian-clang, r-devel-linux-x86_64-debian-gcc, r-devel-linux-x86_64-fedora-clang, r-devel-linux-x86_64-fedora-gcc, r-devel-windows-x86_64, r-patched-linux-x86_64, r-release-linux-x86_64, r-release-macos-arm64, r-release-macos-x86_64, r-release-windows-x86_64