CRAN Package Check Results for Package MIPHENO

Last updated on 2017-01-20 10:48:01.

Flavor Version Tinstall Tcheck Ttotal Status Flags
r-devel-linux-x86_64-debian-clang 1.2 2.49 28.48 30.96 NOTE
r-devel-linux-x86_64-debian-gcc 1.2 2.42 28.65 31.07 NOTE
r-devel-linux-x86_64-fedora-clang 1.2 72.06 NOTE --no-stop-on-test-error
r-devel-linux-x86_64-fedora-gcc 1.2 74.72 NOTE --no-stop-on-test-error
r-devel-macos-x86_64-clang 1.2 54.16 NOTE --no-stop-on-test-error
r-devel-windows-ix86+x86_64 1.2 10.00 79.00 89.00 NOTE
r-patched-linux-x86_64 1.2 2.05 25.71 27.76 NOTE
r-patched-solaris-sparc 1.2 377.10 NOTE
r-patched-solaris-x86 1.2 86.10 NOTE
r-release-linux-x86_64 1.2 2.10 26.54 28.64 NOTE
r-release-osx-x86_64-mavericks 1.2 NOTE
r-release-windows-ix86+x86_64 1.2 7.00 77.00 84.00 NOTE
r-oldrel-windows-ix86+x86_64 1.2 7.00 76.00 83.00 OK

Check Details

Version: 1.2
Check: R code for possible problems
Result: NOTE
    cdf.pval: no visible global function definition for ‘median’
    cdf.pval: no visible binding for global variable ‘ecdf’
    find_hits: no visible global function definition for ‘na.omit’
    mad.scores: no visible global function definition for ‘as.formula’
    mad.scores: no visible binding for global variable ‘median’
    mad.scores: no visible binding for global variable ‘mad’
    rm.outliers: no visible global function definition for ‘as.formula’
    rm.outliers: no visible binding for global variable ‘median’
    rm.outliers: no visible binding for global variable ‘mad’
    Undefined global functions or variables:
     as.formula ecdf mad median na.omit
    Consider adding
     importFrom("stats", "as.formula", "ecdf", "mad", "median", "na.omit")
    to your NAMESPACE file.
    
    Found the following calls to attach():
    File ‘MIPHENO/R/cdf.pval.R’:
     attach(sample.cdf)
    See section ‘Good practice’ in ‘?attach’.
Flavors: r-devel-linux-x86_64-debian-clang, r-devel-linux-x86_64-debian-gcc, r-patched-linux-x86_64, r-release-linux-x86_64

Version: 1.2
Flags: --no-stop-on-test-error
Check: R code for possible problems
Result: NOTE
    cdf.pval: no visible global function definition for ‘median’
    cdf.pval: no visible binding for global variable ‘ecdf’
    find_hits: no visible global function definition for ‘na.omit’
    mad.scores: no visible global function definition for ‘as.formula’
    mad.scores: no visible binding for global variable ‘median’
    mad.scores: no visible binding for global variable ‘mad’
    rm.outliers: no visible global function definition for ‘as.formula’
    rm.outliers: no visible binding for global variable ‘median’
    rm.outliers: no visible binding for global variable ‘mad’
    Undefined global functions or variables:
     as.formula ecdf mad median na.omit
    Consider adding
     importFrom("stats", "as.formula", "ecdf", "mad", "median", "na.omit")
    to your NAMESPACE file.
Flavors: r-devel-linux-x86_64-fedora-clang, r-devel-linux-x86_64-fedora-gcc, r-devel-macos-x86_64-clang

Version: 1.2
Check: R code for possible problems
Result: NOTE
    cdf.pval: no visible global function definition for 'median'
    cdf.pval: no visible binding for global variable 'ecdf'
    find_hits: no visible global function definition for 'na.omit'
    mad.scores: no visible global function definition for 'as.formula'
    mad.scores: no visible binding for global variable 'median'
    mad.scores: no visible binding for global variable 'mad'
    rm.outliers: no visible global function definition for 'as.formula'
    rm.outliers: no visible binding for global variable 'median'
    rm.outliers: no visible binding for global variable 'mad'
    Undefined global functions or variables:
     as.formula ecdf mad median na.omit
    Consider adding
     importFrom("stats", "as.formula", "ecdf", "mad", "median", "na.omit")
    to your NAMESPACE file.
Flavors: r-devel-windows-ix86+x86_64, r-patched-solaris-sparc, r-patched-solaris-x86, r-release-osx-x86_64-mavericks, r-release-windows-ix86+x86_64