CRAN Package Check Results for Package MIPHENO

Last updated on 2015-02-01 05:47:58.

Flavor Version Tinstall Tcheck Ttotal Status Flags
r-devel-linux-x86_64-debian-clang 1.2 2.70 30.08 32.78 NOTE
r-devel-linux-x86_64-debian-gcc 1.2 2.56 29.86 32.41 NOTE
r-devel-linux-x86_64-fedora-clang 1.2 95.34 OK
r-devel-linux-x86_64-fedora-gcc 1.2 66.91 OK
r-devel-osx-x86_64-clang 1.2 79.80 OK
r-devel-windows-ix86+x86_64 1.2 9.00 42.00 51.00 OK
r-patched-linux-x86_64 1.2 3.72 38.37 42.09 NOTE
r-patched-solaris-sparc 1.2 528.70 OK
r-patched-solaris-x86 1.2 130.90 OK
r-release-linux-ix86 1.2 3.91 46.83 50.74 NOTE
r-release-linux-x86_64 1.2 3.49 38.52 42.02 NOTE
r-release-osx-x86_64-mavericks 1.2 OK
r-release-osx-x86_64-snowleopard 1.2 ERROR
r-release-windows-ix86+x86_64 1.2 9.00 60.00 69.00 OK
r-oldrel-windows-ix86+x86_64 1.2 10.00 59.00 69.00 OK

Check Details

Version: 1.2
Check: R code for possible problems
Result: NOTE
    Found the following calls to attach():
    File ‘MIPHENO/R/cdf.pval.R’:
     attach(sample.cdf)
    See section ‘Good practice’ in ‘?attach’.
Flavors: r-devel-linux-x86_64-debian-clang, r-devel-linux-x86_64-debian-gcc, r-patched-linux-x86_64, r-release-linux-ix86, r-release-linux-x86_64

Version: 1.2
Check: whether package can be installed
Result: ERROR
    Installation failed.
Flavor: r-release-osx-x86_64-snowleopard