CRAN Package Check Results for Package MIPHENO

Last updated on 2015-09-02 16:49:31.

Flavor Version Tinstall Tcheck Ttotal Status Flags
r-devel-linux-x86_64-debian-clang 1.2 2.43 30.36 32.79 NOTE
r-devel-linux-x86_64-debian-gcc 1.2 2.50 29.02 31.52 NOTE
r-devel-linux-x86_64-fedora-clang 1.2 65.10 NOTE
r-devel-linux-x86_64-fedora-gcc 1.2 63.41 NOTE
r-devel-osx-x86_64-clang 1.2 55.25 OK
r-devel-windows-ix86+x86_64 1.2 10.00 54.00 64.00 NOTE
r-patched-linux-x86_64 1.2 2.58 30.78 33.36 NOTE
r-patched-solaris-sparc 1.2 423.90 OK
r-patched-solaris-x86 1.2 97.00 OK
r-release-linux-x86_64 1.2 2.60 31.04 33.64 NOTE
r-release-osx-x86_64-mavericks 1.2 OK
r-release-windows-ix86+x86_64 1.2 9.00 51.00 60.00 OK
r-oldrel-windows-ix86+x86_64 1.2 15.00 67.00 82.00 OK

Check Details

Version: 1.2
Check: R code for possible problems
Result: NOTE
    cdf.pval: no visible global function definition for ‘median’
    cdf.pval: no visible binding for global variable ‘ecdf’
    find_hits: no visible global function definition for ‘na.omit’
    mad.scores: no visible global function definition for ‘as.formula’
    mad.scores: no visible binding for global variable ‘median’
    mad.scores: no visible binding for global variable ‘mad’
    rm.outliers: no visible global function definition for ‘as.formula’
    rm.outliers: no visible binding for global variable ‘median’
    rm.outliers: no visible binding for global variable ‘mad’
    Undefined global functions or variables:
     as.formula ecdf mad median na.omit
    Consider adding
     importFrom("stats", "as.formula", "ecdf", "mad", "median", "na.omit")
    to your NAMESPACE.
    
    Found the following calls to attach():
    File ‘MIPHENO/R/cdf.pval.R’:
     attach(sample.cdf)
    See section ‘Good practice’ in ‘?attach’.
Flavors: r-devel-linux-x86_64-debian-clang, r-devel-linux-x86_64-debian-gcc

Version: 1.2
Check: R code for possible problems
Result: NOTE
    cdf.pval: no visible global function definition for ‘median’
    cdf.pval: no visible binding for global variable ‘ecdf’
    find_hits: no visible global function definition for ‘na.omit’
    mad.scores: no visible global function definition for ‘as.formula’
    mad.scores: no visible binding for global variable ‘median’
    mad.scores: no visible binding for global variable ‘mad’
    rm.outliers: no visible global function definition for ‘as.formula’
    rm.outliers: no visible binding for global variable ‘median’
    rm.outliers: no visible binding for global variable ‘mad’
    Undefined global functions or variables:
     as.formula ecdf mad median na.omit
    Consider adding
     importFrom("stats", "as.formula", "ecdf", "mad", "median", "na.omit")
    to your NAMESPACE.
Flavors: r-devel-linux-x86_64-fedora-clang, r-devel-linux-x86_64-fedora-gcc, r-devel-windows-ix86+x86_64

Version: 1.2
Check: R code for possible problems
Result: NOTE
    Found the following calls to attach():
    File ‘MIPHENO/R/cdf.pval.R’:
     attach(sample.cdf)
    See section ‘Good practice’ in ‘?attach’.
Flavors: r-patched-linux-x86_64, r-release-linux-x86_64