CRAN Package Check Results for Package MIPHENO

Last updated on 2014-09-18 11:48:44.

Flavor Version Tinstall Tcheck Ttotal Status Flags
r-devel-linux-x86_64-debian-clang 1.2 3.36 37.16 40.51 NOTE
r-devel-linux-x86_64-debian-gcc 1.2 3.25 36.58 39.82 NOTE
r-devel-linux-x86_64-fedora-clang 1.2 120.86 OK
r-devel-linux-x86_64-fedora-gcc 1.2 127.50 OK
r-devel-osx-x86_64-clang 1.2 74.27 OK
r-devel-windows-ix86+x86_64 1.2 9.00 52.00 61.00 OK
r-patched-linux-x86_64 1.2 3.51 38.31 41.82 NOTE
r-patched-solaris-sparc 1.2 673.20 OK
r-patched-solaris-x86 1.2 126.90 OK
r-release-linux-ix86 1.2 4.21 47.96 52.17 OK
r-release-linux-x86_64 1.2 3.47 38.91 42.38 NOTE
r-release-osx-x86_64-mavericks 1.2 OK
r-release-osx-x86_64-snowleopard 1.2 ERROR
r-release-windows-ix86+x86_64 1.2 11.00 54.00 65.00 OK
r-oldrel-windows-ix86+x86_64 1.2 11.00 51.00 62.00 OK

Check Details

Version: 1.2
Check: R code for possible problems
Result: NOTE
    Found the following calls to attach():
    File ‘MIPHENO/R/cdf.pval.R’:
     attach(sample.cdf)
    See section ‘Good practice’ in ‘?attach’.
Flavors: r-devel-linux-x86_64-debian-clang, r-devel-linux-x86_64-debian-gcc, r-patched-linux-x86_64, r-release-linux-x86_64

Version: 1.2
Check: whether package can be installed
Result: ERROR
    Installation failed.
Flavor: r-release-osx-x86_64-snowleopard