CRAN Package Check Results for Package MIPHENO

Last updated on 2014-07-24 17:49:04.

Flavor Version Tinstall Tcheck Ttotal Status Flags
r-devel-linux-x86_64-debian-clang 1.2 4.90 47.46 52.36 OK
r-devel-linux-x86_64-debian-gcc 1.2 4.78 46.15 50.94 OK
r-devel-linux-x86_64-fedora-clang 1.2 125.59 OK
r-devel-linux-x86_64-fedora-gcc 1.2 118.51 OK
r-devel-osx-x86_64-clang 1.2 95.77 OK
r-devel-windows-ix86+x86_64 1.2 11.00 68.00 79.00 OK
r-patched-linux-x86_64 1.2 4.83 46.04 50.88 OK
r-patched-solaris-sparc 1.2 634.40 OK
r-patched-solaris-x86 1.2 152.80 OK
r-release-linux-ix86 1.2 5.62 56.58 62.20 OK
r-release-linux-x86_64 1.2 4.89 47.11 52.00 OK
r-release-osx-x86_64-mavericks 1.2 OK
r-release-osx-x86_64-snowleopard 1.2 ERROR
r-release-windows-ix86+x86_64 1.2 12.00 72.00 84.00 OK
r-oldrel-windows-ix86+x86_64 1.2 13.00 69.00 82.00 OK

Check Details

Version: 1.2
Check: whether package can be installed
Result: ERROR
    Installation failed.
    See ‘/Volumes/XT3/Builds/R-dev-web/QA/Simon/packages/snowleopard-x86_64/results/3.1/MIPHENO.Rcheck/00install.out’ for details.
Flavor: r-release-osx-x86_64-snowleopard