CRAN Package Check Results for Package MIPHENO

Last updated on 2015-04-28 12:47:28.

Flavor Version Tinstall Tcheck Ttotal Status Flags
r-devel-linux-x86_64-debian-clang 1.2 2.70 31.52 34.22 NOTE
r-devel-linux-x86_64-debian-gcc 1.2 2.55 30.42 32.96 NOTE
r-devel-linux-x86_64-fedora-clang 1.2 71.24 OK
r-devel-linux-x86_64-fedora-gcc 1.2 65.91 OK
r-devel-osx-x86_64-clang 1.2 59.61 OK
r-devel-windows-ix86+x86_64 1.2 7.00 48.00 55.00 OK
r-patched-linux-x86_64 1.2 2.59 31.14 33.73 NOTE
r-patched-solaris-sparc 1.2 405.40 OK
r-patched-solaris-x86 1.2 98.30 OK
r-release-linux-x86_64 1.2 2.58 30.72 33.29 NOTE
r-release-osx-x86_64-mavericks 1.2 OK
r-release-osx-x86_64-snowleopard 1.2 OK
r-release-windows-ix86+x86_64 1.2 7.00 50.00 57.00 OK
r-oldrel-windows-ix86+x86_64 1.2 9.00 53.00 62.00 OK

Check Details

Version: 1.2
Check: R code for possible problems
Result: NOTE
    Found the following calls to attach():
    File ‘MIPHENO/R/cdf.pval.R’:
     attach(sample.cdf)
    See section ‘Good practice’ in ‘?attach’.
Flavors: r-devel-linux-x86_64-debian-clang, r-devel-linux-x86_64-debian-gcc, r-patched-linux-x86_64, r-release-linux-x86_64