CRAN Package Check Results for Package MIPHENO

Last updated on 2014-11-23 03:48:03.

Flavor Version Tinstall Tcheck Ttotal Status Flags
r-devel-linux-x86_64-debian-clang 1.2 3.31 37.89 41.20 NOTE
r-devel-linux-x86_64-debian-gcc 1.2 3.24 36.50 39.74 NOTE
r-devel-linux-x86_64-fedora-clang 1.2 103.10 OK
r-devel-linux-x86_64-fedora-gcc 1.2 94.63 OK
r-devel-osx-x86_64-clang 1.2 80.97 OK
r-devel-windows-ix86+x86_64 1.2 8.00 51.00 59.00 OK
r-patched-linux-x86_64 1.2 3.51 38.97 42.48 NOTE
r-patched-solaris-sparc 1.2 673.20 OK
r-patched-solaris-x86 1.2 129.70 OK
r-release-linux-ix86 1.2 4.12 45.98 50.11 OK
r-release-linux-x86_64 1.2 3.42 39.38 42.79 NOTE
r-release-osx-x86_64-mavericks 1.2 OK
r-release-osx-x86_64-snowleopard 1.2 ERROR
r-release-windows-ix86+x86_64 1.2 13.00 58.00 71.00 OK
r-oldrel-windows-ix86+x86_64 1.2 11.00 54.00 65.00 OK

Check Details

Version: 1.2
Check: R code for possible problems
Result: NOTE
    Found the following calls to attach():
    File ‘MIPHENO/R/cdf.pval.R’:
     attach(sample.cdf)
    See section ‘Good practice’ in ‘?attach’.
Flavors: r-devel-linux-x86_64-debian-clang, r-devel-linux-x86_64-debian-gcc, r-patched-linux-x86_64, r-release-linux-x86_64

Version: 1.2
Check: whether package can be installed
Result: ERROR
    Installation failed.
Flavor: r-release-osx-x86_64-snowleopard