CRAN Package Check Results for Package MIPHENO

Last updated on 2016-02-07 23:48:18.

Flavor Version Tinstall Tcheck Ttotal Status Flags
r-devel-linux-x86_64-debian-gcc 1.2 2.50 28.98 31.47 NOTE
r-devel-linux-x86_64-fedora-clang 1.2 63.73 NOTE
r-devel-linux-x86_64-fedora-gcc 1.2 61.32 NOTE
r-devel-osx-x86_64-clang 1.2 67.56 NOTE
r-devel-windows-ix86+x86_64 1.2 8.00 51.00 59.00 NOTE
r-patched-linux-x86_64 1.2 2.70 31.37 34.08 NOTE
r-patched-solaris-sparc 1.2 397.10 OK
r-patched-solaris-x86 1.2 88.10 OK
r-release-linux-x86_64 1.2 2.72 31.65 34.37 NOTE
r-release-osx-x86_64-mavericks 1.2 OK
r-release-windows-ix86+x86_64 1.2 9.00 76.00 85.00 OK
r-oldrel-windows-ix86+x86_64 1.2 15.00 96.00 111.00 OK

Check Details

Version: 1.2
Check: R code for possible problems
Result: NOTE
    cdf.pval: no visible global function definition for ‘median’
    cdf.pval: no visible binding for global variable ‘ecdf’
    find_hits: no visible global function definition for ‘na.omit’
    mad.scores: no visible global function definition for ‘as.formula’
    mad.scores: no visible binding for global variable ‘median’
    mad.scores: no visible binding for global variable ‘mad’
    rm.outliers: no visible global function definition for ‘as.formula’
    rm.outliers: no visible binding for global variable ‘median’
    rm.outliers: no visible binding for global variable ‘mad’
    Undefined global functions or variables:
     as.formula ecdf mad median na.omit
    Consider adding
     importFrom("stats", "as.formula", "ecdf", "mad", "median", "na.omit")
    to your NAMESPACE file.
    
    Found the following calls to attach():
    File ‘MIPHENO/R/cdf.pval.R’:
     attach(sample.cdf)
    See section ‘Good practice’ in ‘?attach’.
Flavor: r-devel-linux-x86_64-debian-gcc

Version: 1.2
Check: R code for possible problems
Result: NOTE
    cdf.pval: no visible global function definition for ‘median’
    cdf.pval: no visible binding for global variable ‘ecdf’
    find_hits: no visible global function definition for ‘na.omit’
    mad.scores: no visible global function definition for ‘as.formula’
    mad.scores: no visible binding for global variable ‘median’
    mad.scores: no visible binding for global variable ‘mad’
    rm.outliers: no visible global function definition for ‘as.formula’
    rm.outliers: no visible binding for global variable ‘median’
    rm.outliers: no visible binding for global variable ‘mad’
    Undefined global functions or variables:
     as.formula ecdf mad median na.omit
    Consider adding
     importFrom("stats", "as.formula", "ecdf", "mad", "median", "na.omit")
    to your NAMESPACE file.
Flavors: r-devel-linux-x86_64-fedora-clang, r-devel-linux-x86_64-fedora-gcc, r-devel-osx-x86_64-clang, r-devel-windows-ix86+x86_64

Version: 1.2
Check: R code for possible problems
Result: NOTE
    Found the following calls to attach():
    File ‘MIPHENO/R/cdf.pval.R’:
     attach(sample.cdf)
    See section ‘Good practice’ in ‘?attach’.
Flavors: r-patched-linux-x86_64, r-release-linux-x86_64