CRAN Package Check Results for Package MIPHENO

Last updated on 2014-08-21 19:48:50.

Flavor Version Tinstall Tcheck Ttotal Status Flags
r-devel-linux-x86_64-debian-clang 1.2 4.78 45.92 50.70 OK
r-devel-linux-x86_64-debian-gcc 1.2 4.63 44.98 49.61 OK
r-devel-linux-x86_64-fedora-clang 1.2 139.18 OK
r-devel-linux-x86_64-fedora-gcc 1.2 116.33 OK
r-devel-osx-x86_64-clang 1.2 94.29 OK
r-devel-windows-ix86+x86_64 1.2 11.00 67.00 78.00 OK
r-patched-linux-x86_64 1.2 4.80 47.03 51.83 OK
r-patched-solaris-sparc 1.2 673.20 OK
r-patched-solaris-x86 1.2 153.80 OK
r-release-linux-ix86 1.2 5.61 56.96 62.57 OK
r-release-linux-x86_64 1.2 4.86 46.93 51.80 OK
r-release-osx-x86_64-mavericks 1.2 OK
r-release-osx-x86_64-snowleopard 1.2 ERROR
r-release-windows-ix86+x86_64 1.2 14.00 70.00 84.00 OK
r-oldrel-windows-ix86+x86_64 1.2 15.00 67.00 82.00 OK

Check Details

Version: 1.2
Check: whether package can be installed
Result: ERROR
    Installation failed.
Flavor: r-release-osx-x86_64-snowleopard