CRAN Package Check Results for Package MIPHENO

Last updated on 2015-03-02 19:52:19.

Flavor Version Tinstall Tcheck Ttotal Status Flags
r-devel-linux-x86_64-debian-clang 1.2 2.59 32.12 34.71 NOTE
r-devel-linux-x86_64-debian-gcc 1.2 2.51 30.04 32.56 NOTE
r-devel-linux-x86_64-fedora-clang 1.2 69.89 OK
r-devel-linux-x86_64-fedora-gcc 1.2 66.58 OK
r-devel-osx-x86_64-clang 1.2 62.03 OK
r-devel-windows-ix86+x86_64 1.2 12.00 62.00 74.00 OK
r-patched-linux-x86_64 1.2 3.54 40.06 43.60 NOTE
r-patched-solaris-sparc 1.2 528.70 OK
r-patched-solaris-x86 1.2 130.00 OK
r-release-linux-ix86 1.2 5.37 47.10 52.47 NOTE
r-release-linux-x86_64 1.2 3.46 40.29 43.76 NOTE
r-release-osx-x86_64-mavericks 1.2 OK
r-release-osx-x86_64-snowleopard 1.2 ERROR
r-release-windows-ix86+x86_64 1.2 16.00 82.00 98.00 OK
r-oldrel-windows-ix86+x86_64 1.2 11.00 54.00 65.00 OK

Check Details

Version: 1.2
Check: R code for possible problems
Result: NOTE
    Found the following calls to attach():
    File ‘MIPHENO/R/cdf.pval.R’:
     attach(sample.cdf)
    See section ‘Good practice’ in ‘?attach’.
Flavors: r-devel-linux-x86_64-debian-clang, r-devel-linux-x86_64-debian-gcc, r-patched-linux-x86_64, r-release-linux-ix86, r-release-linux-x86_64

Version: 1.2
Check: whether package can be installed
Result: ERROR
    Installation failed.
Flavor: r-release-osx-x86_64-snowleopard