CRAN Package Check Results for Package MIPHENO

Last updated on 2015-05-22 11:48:02.

Flavor Version Tinstall Tcheck Ttotal Status Flags
r-devel-linux-x86_64-debian-clang 1.2 2.66 31.78 34.43 NOTE
r-devel-linux-x86_64-debian-gcc 1.2 3.05 30.44 33.49 NOTE
r-devel-linux-x86_64-fedora-clang 1.2 70.10 OK
r-devel-linux-x86_64-fedora-gcc 1.2 65.40 OK
r-devel-osx-x86_64-clang 1.2 59.67 OK
r-devel-windows-ix86+x86_64 1.2 11.00 45.00 56.00 OK
r-patched-linux-x86_64 1.2 2.58 30.99 33.56 NOTE
r-patched-solaris-sparc 1.2 405.40 OK
r-patched-solaris-x86 1.2 96.70 OK
r-release-linux-x86_64 1.2 2.58 31.67 34.25 NOTE
r-release-osx-x86_64-mavericks 1.2 OK
r-release-osx-x86_64-snowleopard 1.2 OK
r-release-windows-ix86+x86_64 1.2 7.00 46.00 53.00 OK
r-oldrel-windows-ix86+x86_64 1.2 10.00 53.00 63.00 OK

Check Details

Version: 1.2
Check: R code for possible problems
Result: NOTE
    Found the following calls to attach():
    File ‘MIPHENO/R/cdf.pval.R’:
     attach(sample.cdf)
    See section ‘Good practice’ in ‘?attach’.
Flavors: r-devel-linux-x86_64-debian-clang, r-devel-linux-x86_64-debian-gcc, r-patched-linux-x86_64, r-release-linux-x86_64