CRAN Package Check Results for Package MIPHENO

Last updated on 2014-10-23 21:46:41.

Flavor Version Tinstall Tcheck Ttotal Status Flags
r-devel-linux-x86_64-debian-clang 1.2 3.33 39.09 42.42 NOTE
r-devel-linux-x86_64-debian-gcc 1.2 3.30 38.39 41.69 NOTE
r-devel-linux-x86_64-fedora-clang 1.2 98.20 OK
r-devel-linux-x86_64-fedora-gcc 1.2 93.11 OK
r-devel-osx-x86_64-clang 1.2 80.71 OK
r-devel-windows-ix86+x86_64 1.2 9.00 56.00 65.00 OK
r-patched-linux-x86_64 1.2 3.42 40.08 43.50 NOTE
r-patched-solaris-sparc 1.2 673.20 OK
r-patched-solaris-x86 1.2 128.50 OK
r-release-linux-ix86 1.2 4.28 47.85 52.13 OK
r-release-linux-x86_64 1.2 3.48 39.05 42.52 NOTE
r-release-osx-x86_64-mavericks 1.2 OK
r-release-osx-x86_64-snowleopard 1.2 ERROR
r-release-windows-ix86+x86_64 1.2 9.00 57.00 66.00 OK
r-oldrel-windows-ix86+x86_64 1.2 10.00 55.00 65.00 OK

Check Details

Version: 1.2
Check: R code for possible problems
Result: NOTE
    Found the following calls to attach():
    File ‘MIPHENO/R/cdf.pval.R’:
     attach(sample.cdf)
    See section ‘Good practice’ in ‘?attach’.
Flavors: r-devel-linux-x86_64-debian-clang, r-devel-linux-x86_64-debian-gcc, r-patched-linux-x86_64, r-release-linux-x86_64

Version: 1.2
Check: whether package can be installed
Result: ERROR
    Installation failed.
Flavor: r-release-osx-x86_64-snowleopard