CRAN Package Check Results for Package MIPHENO

Last updated on 2014-04-16 15:49:30.

Flavor Version Tinstall Tcheck Ttotal Status Flags
r-devel-linux-x86_64-debian-clang 1.2 5.37 52.12 57.49 OK
r-devel-linux-x86_64-debian-gcc 1.2 5.38 50.16 55.54 OK
r-devel-linux-x86_64-fedora-clang 1.2 125.00 OK
r-devel-linux-x86_64-fedora-gcc 1.2 118.78 OK
r-devel-macosx-x86_64-clang 1.2 102.52 OK
r-devel-macosx-x86_64-gcc 1.2 OK
r-devel-windows-ix86+x86_64 1.2 11.00 66.00 77.00 OK
r-patched-linux-x86_64 1.2 5.48 48.79 54.27 OK
r-patched-solaris-sparc 1.2 634.40 OK
r-patched-solaris-x86 1.2 153.10 OK
r-release-linux-ix86 1.2 9.00 78.00 87.00 OK
r-release-linux-x86_64 1.2 5.25 49.90 55.15 OK
r-release-macosx-x86_64 1.2 ERROR
r-release-windows-ix86+x86_64 1.2 14.00 70.00 84.00 OK
r-oldrel-windows-ix86+x86_64 1.2 11.00 65.00 76.00 OK

Check Details

Version: 1.2
Check: whether package can be installed
Result: ERROR
    Installation failed.
    See ‘/Volumes/XT3/Builds/R-dev-web/QA/Simon/packages/snowleopard-x86_64/results/3.1/MIPHENO.Rcheck/00install.out’ for details.
Flavor: r-release-macosx-x86_64