CRAN Package Check Results for Package MIPHENO

Last updated on 2014-12-19 20:48:19.

Flavor Version Tinstall Tcheck Ttotal Status Flags
r-devel-linux-x86_64-debian-clang 1.2 3.49 37.20 40.69 NOTE
r-devel-linux-x86_64-debian-gcc 1.2 3.42 36.28 39.71 NOTE
r-devel-linux-x86_64-fedora-clang 1.2 99.47 OK
r-devel-linux-x86_64-fedora-gcc 1.2 92.86 OK
r-devel-osx-x86_64-clang 1.2 80.34 OK
r-devel-windows-ix86+x86_64 1.2 10.00 55.00 65.00 OK
r-patched-linux-x86_64 1.2 3.47 39.26 42.72 NOTE
r-patched-solaris-sparc 1.2 673.20 OK
r-patched-solaris-x86 1.2 128.70 OK
r-release-linux-ix86 1.2 3.97 45.80 49.76 OK
r-release-linux-x86_64 1.2 3.48 38.13 41.60 NOTE
r-release-osx-x86_64-mavericks 1.2 OK
r-release-osx-x86_64-snowleopard 1.2 ERROR
r-release-windows-ix86+x86_64 1.2 9.00 59.00 68.00 OK
r-oldrel-windows-ix86+x86_64 1.2 12.00 56.00 68.00 OK

Check Details

Version: 1.2
Check: R code for possible problems
Result: NOTE
    Found the following calls to attach():
    File ‘MIPHENO/R/cdf.pval.R’:
     attach(sample.cdf)
    See section ‘Good practice’ in ‘?attach’.
Flavors: r-devel-linux-x86_64-debian-clang, r-devel-linux-x86_64-debian-gcc, r-patched-linux-x86_64, r-release-linux-x86_64

Version: 1.2
Check: whether package can be installed
Result: ERROR
    Installation failed.
Flavor: r-release-osx-x86_64-snowleopard