CRAN Package Check Results for Package MImix

Last updated on 2015-04-26 00:47:30.

Flavor Version Tinstall Tcheck Ttotal Status Flags
r-devel-linux-x86_64-debian-clang 1.0 0.48 9.01 9.49 NOTE
r-devel-linux-x86_64-debian-gcc 1.0 0.47 9.44 9.91 NOTE
r-devel-linux-x86_64-fedora-clang 1.0 18.03 NOTE
r-devel-linux-x86_64-fedora-gcc 1.0 17.36 NOTE
r-devel-osx-x86_64-clang 1.0 23.30 NOTE
r-devel-windows-ix86+x86_64 1.0 2.00 16.00 18.00 NOTE
r-patched-linux-x86_64 1.0 0.47 9.12 9.59 NOTE
r-patched-solaris-sparc 1.0 118.70 NOTE
r-patched-solaris-x86 1.0 27.20 NOTE
r-release-linux-x86_64 1.0 0.48 8.69 9.17 NOTE
r-release-osx-x86_64-mavericks 1.0 NOTE
r-release-osx-x86_64-snowleopard 1.0 NOTE
r-release-windows-ix86+x86_64 1.0 2.00 15.00 17.00 NOTE
r-oldrel-windows-ix86+x86_64 1.0 1.00 16.00 17.00 NOTE

Check Details

Version: 1.0
Check: DESCRIPTION meta-information
Result: NOTE
    Malformed Description field: should contain one or more complete sentences.
Flavors: r-devel-windows-ix86+x86_64, r-release-windows-ix86+x86_64

Version: 1.0
Check: R code for possible problems
Result: NOTE
    summary.MImixresult: warning in qt(alpha/2, object$df, lower = FALSE):
     partial argument match of 'lower' to 'lower.tail'
Flavors: r-devel-windows-ix86+x86_64, r-release-windows-ix86+x86_64, r-oldrel-windows-ix86+x86_64