CRAN Package Check Results for Package MImix

Last updated on 2015-01-28 03:49:16.

Flavor Version Tinstall Tcheck Ttotal Status Flags
r-devel-linux-x86_64-debian-clang 1.0 0.78 9.07 9.85 NOTE
r-devel-linux-x86_64-debian-gcc 1.0 0.49 9.36 9.86 NOTE
r-devel-linux-x86_64-fedora-clang 1.0 20.95 NOTE
r-devel-linux-x86_64-fedora-gcc 1.0 19.99 NOTE
r-devel-osx-x86_64-clang 1.0 25.19 NOTE
r-devel-windows-ix86+x86_64 1.0 3.00 15.00 18.00 NOTE
r-patched-linux-x86_64 1.0 0.55 9.48 10.03 NOTE
r-patched-solaris-sparc 1.0 114.50 NOTE
r-patched-solaris-x86 1.0 30.40 NOTE
r-release-linux-ix86 1.0 0.80 14.87 15.67 NOTE
r-release-linux-x86_64 1.0 0.56 9.38 9.94 NOTE
r-release-osx-x86_64-mavericks 1.0 NOTE
r-release-windows-ix86+x86_64 1.0 2.00 17.00 19.00 NOTE
r-oldrel-windows-ix86+x86_64 1.0 2.00 15.00 17.00 NOTE

Check Details

Version: 1.0
Check: R code for possible problems
Result: NOTE
    summary.MImixresult: warning in qt(alpha/2, object$df, lower = FALSE):
     partial argument match of ‘lower’ to ‘lower.tail’
Flavors: r-devel-linux-x86_64-debian-clang, r-devel-linux-x86_64-debian-gcc, r-devel-linux-x86_64-fedora-clang, r-devel-linux-x86_64-fedora-gcc, r-devel-osx-x86_64-clang, r-devel-windows-ix86+x86_64, r-patched-linux-x86_64, r-patched-solaris-sparc, r-patched-solaris-x86, r-release-linux-ix86, r-release-linux-x86_64, r-release-osx-x86_64-mavericks, r-release-windows-ix86+x86_64, r-oldrel-windows-ix86+x86_64

Version: 1.0
Check: Rd line widths
Result: NOTE
    Rd file 'MImix.Rd':
     \usage lines wider than 90 characters:
     MImix(results,variances,weights = 1/length(results), percentiles = c(0.025, 0.5, 0.975), ...)
    
    These lines will be truncated in the PDF manual.
Flavors: r-devel-linux-x86_64-debian-clang, r-devel-linux-x86_64-debian-gcc, r-devel-linux-x86_64-fedora-clang, r-devel-linux-x86_64-fedora-gcc, r-patched-linux-x86_64, r-release-linux-x86_64