CRAN Package Check Results for Package MImix

Last updated on 2017-09-24 00:51:11.

Flavor Version Tinstall Tcheck Ttotal Status Flags
r-devel-linux-x86_64-debian-clang 1.0 0.60 11.58 12.17 NOTE
r-devel-linux-x86_64-debian-gcc 1.0 0.54 11.78 12.33 NOTE
r-devel-linux-x86_64-fedora-clang 1.0 19.38 NOTE
r-devel-linux-x86_64-fedora-gcc 1.0 18.88 NOTE
r-devel-windows-ix86+x86_64 1.0 2.00 29.00 31.00 NOTE
r-patched-linux-x86_64 1.0 0.64 12.05 12.69 NOTE
r-patched-solaris-x86 1.0 29.80 NOTE
r-release-linux-x86_64 1.0 0.54 11.08 11.61 NOTE
r-release-windows-ix86+x86_64 1.0 2.00 28.00 30.00 NOTE
r-release-osx-x86_64 1.0 NOTE
r-oldrel-windows-ix86+x86_64 1.0 2.00 39.00 41.00 NOTE
r-oldrel-osx-x86_64 1.0 NOTE

Check Details

Version: 1.0
Check: DESCRIPTION meta-information
Result: NOTE
    Malformed Description field: should contain one or more complete sentences.
Flavors: r-devel-linux-x86_64-debian-clang, r-devel-linux-x86_64-debian-gcc, r-devel-linux-x86_64-fedora-clang, r-devel-linux-x86_64-fedora-gcc, r-devel-windows-ix86+x86_64, r-patched-linux-x86_64, r-patched-solaris-x86, r-release-linux-x86_64, r-release-windows-ix86+x86_64, r-release-osx-x86_64, r-oldrel-windows-ix86+x86_64, r-oldrel-osx-x86_64

Version: 1.0
Check: R code for possible problems
Result: NOTE
    MImix.default: no visible binding for global variable ‘coef’
    MImix.default: no visible binding for global variable ‘vcov’
    MImix.one: no visible global function definition for ‘qnorm’
    MImix.one: no visible global function definition for ‘uniroot’
    mixcdf.target: no visible global function definition for ‘pnorm’
    print.MImixresult: no visible global function definition for ‘coef’
    print.MImixresult: no visible global function definition for ‘vcov’
    summary.MImixresult: no visible global function definition for ‘coef’
    summary.MImixresult: no visible global function definition for ‘vcov’
    summary.MImixresult: no visible global function definition for ‘qt’
    Undefined global functions or variables:
     coef pnorm qnorm qt uniroot vcov
    Consider adding
     importFrom("stats", "coef", "pnorm", "qnorm", "qt", "uniroot", "vcov")
    to your NAMESPACE file.
Flavors: r-devel-linux-x86_64-debian-clang, r-devel-linux-x86_64-debian-gcc, r-devel-linux-x86_64-fedora-clang, r-devel-linux-x86_64-fedora-gcc, r-devel-windows-ix86+x86_64, r-patched-linux-x86_64, r-patched-solaris-x86, r-release-linux-x86_64, r-release-windows-ix86+x86_64, r-release-osx-x86_64, r-oldrel-windows-ix86+x86_64, r-oldrel-osx-x86_64

Version: 1.0
Check: Rd line widths
Result: NOTE
    Rd file 'MImix.Rd':
     \usage lines wider than 90 characters:
     MImix(results,variances,weights = 1/length(results), percentiles = c(0.025, 0.5, 0.975), ...)
    
    These lines will be truncated in the PDF manual.
Flavors: r-devel-linux-x86_64-debian-clang, r-devel-linux-x86_64-debian-gcc, r-devel-linux-x86_64-fedora-clang, r-devel-linux-x86_64-fedora-gcc, r-patched-linux-x86_64, r-release-linux-x86_64