CRAN Package Check Results for Package MImix

Last updated on 2018-04-25 19:47:15 CEST.

Flavor Version Tinstall Tcheck Ttotal Status Flags
r-devel-linux-x86_64-debian-clang 1.0 0.64 16.72 17.36 NOTE
r-devel-linux-x86_64-debian-gcc 1.0 0.72 13.49 14.21 NOTE
r-devel-linux-x86_64-fedora-clang 1.0 22.16 NOTE
r-devel-linux-x86_64-fedora-gcc 1.0 20.08 NOTE
r-devel-windows-ix86+x86_64 1.0 3.00 30.00 33.00 NOTE
r-patched-linux-x86_64 1.0 0.56 16.63 17.19 NOTE
r-patched-solaris-x86 1.0 35.30 NOTE
r-release-linux-x86_64 1.0 0.67 16.54 17.21 NOTE
r-release-windows-ix86+x86_64 1.0 3.00 30.00 33.00 NOTE
r-release-osx-x86_64 1.0 NOTE
r-oldrel-windows-ix86+x86_64 1.0 3.00 38.00 41.00 NOTE
r-oldrel-osx-x86_64 1.0 NOTE

Check Details

Version: 1.0
Check: DESCRIPTION meta-information
Result: NOTE
    Malformed Description field: should contain one or more complete sentences.
Flavors: r-devel-linux-x86_64-debian-clang, r-devel-linux-x86_64-debian-gcc, r-devel-linux-x86_64-fedora-clang, r-devel-linux-x86_64-fedora-gcc, r-devel-windows-ix86+x86_64, r-patched-linux-x86_64, r-patched-solaris-x86, r-release-linux-x86_64, r-release-windows-ix86+x86_64, r-release-osx-x86_64, r-oldrel-windows-ix86+x86_64, r-oldrel-osx-x86_64

Version: 1.0
Check: R code for possible problems
Result: NOTE
    MImix.default: no visible binding for global variable ‘coef’
    MImix.default: no visible binding for global variable ‘vcov’
    MImix.one: no visible global function definition for ‘qnorm’
    MImix.one: no visible global function definition for ‘uniroot’
    mixcdf.target: no visible global function definition for ‘pnorm’
    print.MImixresult: no visible global function definition for ‘coef’
    print.MImixresult: no visible global function definition for ‘vcov’
    summary.MImixresult: no visible global function definition for ‘coef’
    summary.MImixresult: no visible global function definition for ‘vcov’
    summary.MImixresult: no visible global function definition for ‘qt’
    Undefined global functions or variables:
     coef pnorm qnorm qt uniroot vcov
    Consider adding
     importFrom("stats", "coef", "pnorm", "qnorm", "qt", "uniroot", "vcov")
    to your NAMESPACE file.
Flavors: r-devel-linux-x86_64-debian-clang, r-devel-linux-x86_64-debian-gcc, r-devel-linux-x86_64-fedora-clang, r-devel-linux-x86_64-fedora-gcc, r-devel-windows-ix86+x86_64, r-patched-linux-x86_64, r-patched-solaris-x86, r-release-linux-x86_64, r-release-windows-ix86+x86_64, r-release-osx-x86_64, r-oldrel-windows-ix86+x86_64, r-oldrel-osx-x86_64

Version: 1.0
Check: Rd line widths
Result: NOTE
    Rd file 'MImix.Rd':
     \usage lines wider than 90 characters:
     MImix(results,variances,weights = 1/length(results), percentiles = c(0.025, 0.5, 0.975), ...)
    
    These lines will be truncated in the PDF manual.
Flavors: r-devel-linux-x86_64-debian-clang, r-devel-linux-x86_64-debian-gcc, r-devel-linux-x86_64-fedora-clang, r-devel-linux-x86_64-fedora-gcc, r-patched-linux-x86_64, r-release-linux-x86_64