CRAN Package Check Results for Package MImix

Last updated on 2015-08-29 20:48:06.

Flavor Version Tinstall Tcheck Ttotal Status Flags
r-devel-linux-x86_64-debian-clang 1.0 0.44 8.76 9.20 NOTE
r-devel-linux-x86_64-debian-gcc 1.0 0.45 9.06 9.51 NOTE
r-devel-linux-x86_64-fedora-clang 1.0 16.99 NOTE
r-devel-linux-x86_64-fedora-gcc 1.0 16.12 NOTE
r-devel-osx-x86_64-clang 1.0 18.16 NOTE
r-devel-windows-ix86+x86_64 1.0 2.00 20.00 22.00 NOTE
r-patched-linux-x86_64 1.0 0.48 8.84 9.32 NOTE
r-patched-solaris-sparc 1.0 113.20 NOTE
r-patched-solaris-x86 1.0 27.90 NOTE
r-release-linux-x86_64 1.0 0.48 8.97 9.45 NOTE
r-release-osx-x86_64-mavericks 1.0 NOTE
r-release-windows-ix86+x86_64 1.0 2.00 17.00 19.00 NOTE
r-oldrel-windows-ix86+x86_64 1.0 4.00 19.00 23.00 NOTE

Check Details

Version: 1.0
Check: DESCRIPTION meta-information
Result: NOTE
    Malformed Description field: should contain one or more complete sentences.
Flavors: r-devel-linux-x86_64-debian-clang, r-devel-linux-x86_64-debian-gcc, r-devel-linux-x86_64-fedora-clang, r-devel-linux-x86_64-fedora-gcc, r-devel-osx-x86_64-clang, r-devel-windows-ix86+x86_64, r-patched-linux-x86_64, r-patched-solaris-sparc, r-patched-solaris-x86, r-release-linux-x86_64, r-release-osx-x86_64-mavericks, r-release-windows-ix86+x86_64

Version: 1.0
Check: R code for possible problems
Result: NOTE
    MImix.default: no visible binding for global variable ‘coef’
    MImix.default: no visible binding for global variable ‘vcov’
    MImix.one: no visible global function definition for ‘qnorm’
    MImix.one: no visible global function definition for ‘uniroot’
    mixcdf.target: no visible global function definition for ‘pnorm’
    print.MImixresult: no visible global function definition for ‘coef’
    print.MImixresult: no visible global function definition for ‘vcov’
    summary.MImixresult: no visible global function definition for ‘coef’
    summary.MImixresult: no visible global function definition for ‘vcov’
    summary.MImixresult: no visible global function definition for ‘qt’
    Undefined global functions or variables:
     coef pnorm qnorm qt uniroot vcov
    Consider adding
     importFrom("stats", "coef", "pnorm", "qnorm", "qt", "uniroot", "vcov")
    to your NAMESPACE.
Flavors: r-devel-linux-x86_64-debian-clang, r-devel-linux-x86_64-debian-gcc, r-devel-linux-x86_64-fedora-clang, r-devel-linux-x86_64-fedora-gcc, r-devel-windows-ix86+x86_64

Version: 1.0
Check: Rd line widths
Result: NOTE
    Rd file 'MImix.Rd':
     \usage lines wider than 90 characters:
     MImix(results,variances,weights = 1/length(results), percentiles = c(0.025, 0.5, 0.975), ...)
    
    These lines will be truncated in the PDF manual.
Flavors: r-devel-linux-x86_64-debian-clang, r-devel-linux-x86_64-debian-gcc, r-devel-linux-x86_64-fedora-clang, r-devel-linux-x86_64-fedora-gcc, r-patched-linux-x86_64, r-release-linux-x86_64

Version: 1.0
Check: R code for possible problems
Result: NOTE
    summary.MImixresult: warning in qt(alpha/2, object$df, lower = FALSE):
     partial argument match of 'lower' to 'lower.tail'
Flavors: r-devel-osx-x86_64-clang, r-patched-linux-x86_64, r-patched-solaris-sparc, r-patched-solaris-x86, r-release-linux-x86_64, r-release-osx-x86_64-mavericks, r-release-windows-ix86+x86_64, r-oldrel-windows-ix86+x86_64