CRAN Package Check Results for Package MImix

Last updated on 2014-12-22 07:48:06.

Flavor Version Tinstall Tcheck Ttotal Status Flags
r-devel-linux-x86_64-debian-clang 1.0 0.54 9.54 10.08 NOTE
r-devel-linux-x86_64-debian-gcc 1.0 0.52 9.15 9.67 NOTE
r-devel-linux-x86_64-fedora-clang 1.0 20.63 NOTE
r-devel-linux-x86_64-fedora-gcc 1.0 19.17 NOTE
r-devel-osx-x86_64-clang 1.0 23.91 NOTE
r-devel-windows-ix86+x86_64 1.0 2.00 18.00 20.00 NOTE
r-patched-linux-x86_64 1.0 0.55 9.59 10.14 NOTE
r-patched-solaris-sparc 1.0 114.50 NOTE
r-patched-solaris-x86 1.0 29.70 NOTE
r-release-linux-ix86 1.0 0.80 14.84 15.64 NOTE
r-release-linux-x86_64 1.0 0.55 9.14 9.69 NOTE
r-release-osx-x86_64-mavericks 1.0 NOTE
r-release-windows-ix86+x86_64 1.0 2.00 17.00 19.00 NOTE
r-oldrel-windows-ix86+x86_64 1.0 2.00 16.00 18.00 NOTE

Check Details

Version: 1.0
Check: R code for possible problems
Result: NOTE
    summary.MImixresult: warning in qt(alpha/2, object$df, lower = FALSE):
     partial argument match of ‘lower’ to ‘lower.tail’
Flavors: r-devel-linux-x86_64-debian-clang, r-devel-linux-x86_64-debian-gcc, r-devel-linux-x86_64-fedora-clang, r-devel-linux-x86_64-fedora-gcc, r-devel-osx-x86_64-clang, r-devel-windows-ix86+x86_64, r-patched-linux-x86_64, r-patched-solaris-sparc, r-patched-solaris-x86, r-release-linux-ix86, r-release-linux-x86_64, r-release-osx-x86_64-mavericks, r-release-windows-ix86+x86_64, r-oldrel-windows-ix86+x86_64

Version: 1.0
Check: Rd line widths
Result: NOTE
    Rd file 'MImix.Rd':
     \usage lines wider than 90 characters:
     MImix(results,variances,weights = 1/length(results), percentiles = c(0.025, 0.5, 0.975), ...)
    
    These lines will be truncated in the PDF manual.
Flavors: r-devel-linux-x86_64-debian-clang, r-devel-linux-x86_64-debian-gcc, r-devel-linux-x86_64-fedora-clang, r-devel-linux-x86_64-fedora-gcc, r-patched-linux-x86_64, r-release-linux-x86_64