CRAN Package Check Results for Package MImix

Last updated on 2016-12-07 23:47:53.

Flavor Version Tinstall Tcheck Ttotal Status Flags
r-devel-linux-x86_64-debian-clang 1.0 0.61 10.98 11.59 NOTE
r-devel-linux-x86_64-debian-gcc 1.0 0.53 10.75 11.28 NOTE
r-devel-linux-x86_64-fedora-clang 1.0 21.06 NOTE --no-stop-on-test-error
r-devel-linux-x86_64-fedora-gcc 1.0 18.21 NOTE --no-stop-on-test-error
r-devel-macos-x86_64-clang 1.0 17.85 NOTE
r-devel-windows-ix86+x86_64 1.0 3.00 35.00 38.00 NOTE
r-patched-linux-x86_64 1.0 0.53 9.17 9.69 NOTE
r-patched-solaris-sparc 1.0 89.60 NOTE
r-patched-solaris-x86 1.0 20.90 NOTE
r-release-linux-x86_64 1.0 0.57 9.25 9.83 NOTE
r-release-osx-x86_64-mavericks 1.0 NOTE
r-release-windows-ix86+x86_64 1.0 2.00 23.00 25.00 NOTE
r-oldrel-windows-ix86+x86_64 1.0 3.00 23.00 26.00 NOTE

Check Details

Version: 1.0
Check: DESCRIPTION meta-information
Result: NOTE
    Malformed Description field: should contain one or more complete sentences.
Flavors: r-devel-linux-x86_64-debian-clang, r-devel-linux-x86_64-debian-gcc, r-devel-macos-x86_64-clang, r-devel-windows-ix86+x86_64, r-patched-linux-x86_64, r-patched-solaris-sparc, r-patched-solaris-x86, r-release-linux-x86_64, r-release-osx-x86_64-mavericks, r-release-windows-ix86+x86_64, r-oldrel-windows-ix86+x86_64

Version: 1.0
Check: R code for possible problems
Result: NOTE
    MImix.default: no visible binding for global variable ‘coef’
    MImix.default: no visible binding for global variable ‘vcov’
    MImix.one: no visible global function definition for ‘qnorm’
    MImix.one: no visible global function definition for ‘uniroot’
    mixcdf.target: no visible global function definition for ‘pnorm’
    print.MImixresult: no visible global function definition for ‘coef’
    print.MImixresult: no visible global function definition for ‘vcov’
    summary.MImixresult: no visible global function definition for ‘coef’
    summary.MImixresult: no visible global function definition for ‘vcov’
    summary.MImixresult: no visible global function definition for ‘qt’
    Undefined global functions or variables:
     coef pnorm qnorm qt uniroot vcov
    Consider adding
     importFrom("stats", "coef", "pnorm", "qnorm", "qt", "uniroot", "vcov")
    to your NAMESPACE file.
Flavors: r-devel-linux-x86_64-debian-clang, r-devel-linux-x86_64-debian-gcc, r-devel-macos-x86_64-clang, r-devel-windows-ix86+x86_64, r-patched-linux-x86_64, r-patched-solaris-sparc, r-patched-solaris-x86, r-release-linux-x86_64, r-release-osx-x86_64-mavericks, r-release-windows-ix86+x86_64

Version: 1.0
Check: Rd line widths
Result: NOTE
    Rd file 'MImix.Rd':
     \usage lines wider than 90 characters:
     MImix(results,variances,weights = 1/length(results), percentiles = c(0.025, 0.5, 0.975), ...)
    
    These lines will be truncated in the PDF manual.
Flavors: r-devel-linux-x86_64-debian-clang, r-devel-linux-x86_64-debian-gcc, r-patched-linux-x86_64, r-release-linux-x86_64

Version: 1.0
Flags: --no-stop-on-test-error
Check: DESCRIPTION meta-information
Result: NOTE
    Malformed Description field: should contain one or more complete sentences.
Flavors: r-devel-linux-x86_64-fedora-clang, r-devel-linux-x86_64-fedora-gcc

Version: 1.0
Flags: --no-stop-on-test-error
Check: R code for possible problems
Result: NOTE
    MImix.default: no visible binding for global variable ‘coef’
    MImix.default: no visible binding for global variable ‘vcov’
    MImix.one: no visible global function definition for ‘qnorm’
    MImix.one: no visible global function definition for ‘uniroot’
    mixcdf.target: no visible global function definition for ‘pnorm’
    print.MImixresult: no visible global function definition for ‘coef’
    print.MImixresult: no visible global function definition for ‘vcov’
    summary.MImixresult: no visible global function definition for ‘coef’
    summary.MImixresult: no visible global function definition for ‘vcov’
    summary.MImixresult: no visible global function definition for ‘qt’
    Undefined global functions or variables:
     coef pnorm qnorm qt uniroot vcov
    Consider adding
     importFrom("stats", "coef", "pnorm", "qnorm", "qt", "uniroot", "vcov")
    to your NAMESPACE file.
Flavors: r-devel-linux-x86_64-fedora-clang, r-devel-linux-x86_64-fedora-gcc

Version: 1.0
Flags: --no-stop-on-test-error
Check: Rd line widths
Result: NOTE
    Rd file 'MImix.Rd':
     \usage lines wider than 90 characters:
     MImix(results,variances,weights = 1/length(results), percentiles = c(0.025, 0.5, 0.975), ...)
    
    These lines will be truncated in the PDF manual.
Flavors: r-devel-linux-x86_64-fedora-clang, r-devel-linux-x86_64-fedora-gcc

Version: 1.0
Check: R code for possible problems
Result: NOTE
    summary.MImixresult: warning in qt(alpha/2, object$df, lower = FALSE):
     partial argument match of 'lower' to 'lower.tail'
Flavor: r-oldrel-windows-ix86+x86_64