CRAN Package Check Results for Package MKmisc

Last updated on 2017-12-18 14:51:33 CET.

Flavor Version Tinstall Tcheck Ttotal Status Flags
r-devel-linux-x86_64-debian-clang 0.993 1.24 36.74 37.98 OK
r-devel-linux-x86_64-debian-gcc 0.993 1.14 32.75 33.89 OK
r-devel-linux-x86_64-fedora-clang 0.993 47.75 OK
r-devel-linux-x86_64-fedora-gcc 0.993 47.92 OK
r-devel-windows-ix86+x86_64 0.993 4.00 45.00 49.00 OK
r-patched-linux-x86_64 0.993 1.27 38.78 40.05 OK
r-patched-solaris-x86 0.993 60.70 OK
r-release-linux-x86_64 0.993 1.44 38.05 39.49 OK
r-release-windows-ix86+x86_64 0.993 3.00 71.00 74.00 OK
r-release-osx-x86_64 0.993 NOTE
r-oldrel-windows-ix86+x86_64 0.993 4.00 57.00 61.00 OK
r-oldrel-osx-x86_64 0.993 OK

Check Details

Version: 0.993
Check: Rd cross-references
Result: NOTE
    Packages unavailable to check Rd xrefs: ‘genefilter’, ‘limma’
Flavor: r-release-osx-x86_64