CRAN Package Check Results for Package MKmisc

Last updated on 2014-04-23 07:55:03.

Flavor Version Tinstall Tcheck Ttotal Status Flags
r-devel-linux-x86_64-debian-clang 0.96 1.09 19.61 20.70 OK
r-devel-linux-x86_64-debian-gcc 0.96 1.16 20.47 21.63 OK
r-devel-linux-x86_64-fedora-clang 0.96 40.16 OK
r-devel-linux-x86_64-fedora-gcc 0.96 38.42 OK
r-devel-osx-x86_64-clang 0.96 41.36 OK
r-devel-osx-x86_64-gcc 0.96 ERROR
r-devel-windows-ix86+x86_64 0.96 3.00 32.00 35.00 OK
r-patched-linux-x86_64 0.96 1.08 19.69 20.77 OK
r-patched-solaris-sparc 0.96 226.60 OK
r-patched-solaris-x86 0.96 53.20 OK
r-release-linux-ix86 0.96 2.00 37.00 39.00 OK
r-release-linux-x86_64 0.96 1.13 19.86 20.98 OK
r-release-osx-x86_64-mavericks 0.96 NOTE
r-release-osx-x86_64-snowleopard 0.96 NOTE
r-release-windows-ix86+x86_64 0.96 3.00 30.00 33.00 OK
r-oldrel-windows-ix86+x86_64 0.96 4.00 33.00 37.00 OK

Check Details

Version: 0.96
Check: package dependencies
Result: ERROR
    Package required but not available: ‘robustbase’
    
    See the information on DESCRIPTION files in the chapter ‘Creating R
    packages’ of the ‘Writing R Extensions’ manual.
Flavor: r-devel-osx-x86_64-gcc

Version: 0.96
Check: Rd cross-references
Result: NOTE
    Packages unavailable to check Rd xrefs: ‘genefilter’, ‘limma’
Flavors: r-release-osx-x86_64-mavericks, r-release-osx-x86_64-snowleopard