CRAN Package Check Results for Package MKmisc

Last updated on 2017-10-21 22:46:47.

Flavor Version Tinstall Tcheck Ttotal Status Flags
r-devel-linux-x86_64-debian-clang 0.993 1.17 27.60 28.77 OK
r-devel-linux-x86_64-debian-gcc 0.993 0.81 28.95 29.76 OK
r-devel-linux-x86_64-fedora-clang 0.993 50.32 OK
r-devel-linux-x86_64-fedora-gcc 0.993 49.97 OK
r-devel-windows-ix86+x86_64 0.993 3.00 50.00 53.00 OK
r-patched-linux-x86_64 0.993 0.99 25.14 26.13 OK
r-patched-solaris-x86 0.993 60.90 OK
r-release-linux-x86_64 0.993 1.00 25.34 26.34 OK
r-release-windows-ix86+x86_64 0.993 4.00 76.00 80.00 OK
r-release-osx-x86_64 0.993 NOTE
r-oldrel-windows-ix86+x86_64 0.993 3.00 54.00 57.00 OK
r-oldrel-osx-x86_64 0.993 OK

Check Details

Version: 0.993
Check: Rd cross-references
Result: NOTE
    Packages unavailable to check Rd xrefs: ‘genefilter’, ‘limma’
Flavor: r-release-osx-x86_64