CRAN Package Check Results for Package MKmisc

Last updated on 2016-05-02 21:49:52.

Flavor Version Tinstall Tcheck Ttotal Status Flags
r-devel-linux-x86_64-debian-gcc 0.991 0.98 20.04 21.03 OK
r-devel-linux-x86_64-fedora-clang 0.991 37.64 OK
r-devel-linux-x86_64-fedora-gcc 0.991 34.99 OK
r-devel-osx-x86_64-clang 0.991 43.70 OK
r-devel-windows-ix86+x86_64 0.991 5.00 44.00 49.00 OK
r-patched-linux-x86_64 0.991 0.99 19.88 20.87 OK
r-patched-solaris-sparc 0.991 WARN
r-patched-solaris-x86 0.991 49.60 OK
r-release-linux-x86_64 0.991 1.00 21.39 22.39 OK
r-release-osx-x86_64-mavericks 0.991 OK
r-release-windows-ix86+x86_64 0.991 5.00 59.00 64.00 OK
r-oldrel-windows-ix86+x86_64 0.991 8.00 55.00 63.00 OK

Check Details

Version: 0.991
Check: for unstated dependencies in examples
Result: WARN
    Warning in file(filename, "r") :
     cannot open file 'MKmisc-Ex.R': No such file or directory
    Warning: parse error in file 'MKmisc-Ex.R':
    cannot open the connection
Flavor: r-patched-solaris-sparc