CRAN Package Check Results for Package MKmisc

Last updated on 2015-04-26 23:46:52.

Flavor Version Tinstall Tcheck Ttotal Status Flags
r-devel-linux-x86_64-debian-clang 0.98 0.90 19.10 20.01 OK
r-devel-linux-x86_64-debian-gcc 0.98 1.26 18.08 19.34 OK
r-devel-linux-x86_64-fedora-clang 0.98 38.04 OK
r-devel-linux-x86_64-fedora-gcc 0.98 35.03 OK
r-devel-osx-x86_64-clang 0.98 36.69 OK
r-devel-windows-ix86+x86_64 0.98 3.00 29.00 32.00 OK
r-patched-linux-x86_64 0.98 0.92 18.29 19.21 OK
r-patched-solaris-sparc 0.98 201.20 OK
r-patched-solaris-x86 0.98 50.50 OK
r-release-linux-x86_64 0.98 0.92 18.22 19.14 OK
r-release-osx-x86_64-mavericks 0.98 NOTE
r-release-osx-x86_64-snowleopard 0.98 NOTE
r-release-windows-ix86+x86_64 0.98 4.00 29.00 33.00 OK
r-oldrel-windows-ix86+x86_64 0.98 3.00 32.00 35.00 OK

Check Details

Version: 0.98
Check: Rd cross-references
Result: NOTE
    Package unavailable to check Rd xrefs: ‘genefilter’
Flavor: r-release-osx-x86_64-mavericks

Version: 0.98
Check: Rd cross-references
Result: NOTE
    Packages unavailable to check Rd xrefs: ‘rms’, ‘Hmisc’, ‘genefilter’, ‘limma’
Flavor: r-release-osx-x86_64-snowleopard