CRAN Package Check Results for Package MKmisc

Last updated on 2014-08-20 08:47:46.

Flavor Version Tinstall Tcheck Ttotal Status Flags
r-devel-linux-x86_64-debian-clang 0.96 1.03 18.72 19.76 OK
r-devel-linux-x86_64-debian-gcc 0.96 1.00 18.51 19.51 OK
r-devel-linux-x86_64-fedora-clang 0.96 40.41 OK
r-devel-linux-x86_64-fedora-gcc 0.96 39.90 OK
r-devel-osx-x86_64-clang 0.96 38.82 OK
r-devel-windows-ix86+x86_64 0.96 4.00 29.00 33.00 OK
r-patched-linux-x86_64 0.96 1.04 18.91 19.94 OK
r-patched-solaris-sparc 0.96 245.80 OK
r-patched-solaris-x86 0.96 53.00 OK
r-release-linux-ix86 0.96 1.46 26.42 27.88 OK
r-release-linux-x86_64 0.96 1.05 19.24 20.29 OK
r-release-osx-x86_64-mavericks 0.96 NOTE
r-release-osx-x86_64-snowleopard 0.96 NOTE
r-release-windows-ix86+x86_64 0.96 4.00 33.00 37.00 OK
r-oldrel-windows-ix86+x86_64 0.96 4.00 32.00 36.00 OK

Check Details

Version: 0.96
Check: Rd cross-references
Result: NOTE
    Packages unavailable to check Rd xrefs: ‘genefilter’, ‘limma’
Flavors: r-release-osx-x86_64-mavericks, r-release-osx-x86_64-snowleopard