CRAN Package Check Results for Package MKmisc

Last updated on 2015-02-28 12:51:17.

Flavor Version Tinstall Tcheck Ttotal Status Flags
r-devel-linux-x86_64-debian-clang 0.97 0.99 17.40 18.39 NOTE
r-devel-linux-x86_64-debian-gcc 0.97 0.89 16.67 17.56 NOTE
r-devel-linux-x86_64-fedora-clang 0.97 34.35 NOTE
r-devel-linux-x86_64-fedora-gcc 0.97 32.80 NOTE
r-devel-osx-x86_64-clang 0.97 35.97 NOTE
r-devel-windows-ix86+x86_64 0.97 5.00 28.00 33.00 NOTE
r-patched-linux-x86_64 0.97 1.05 19.96 21.02 OK
r-patched-solaris-sparc 0.97 251.60 OK
r-patched-solaris-x86 0.97 53.30 OK
r-release-linux-ix86 0.97 1.87 26.00 27.87 OK
r-release-linux-x86_64 0.97 1.06 19.20 20.26 OK
r-release-osx-x86_64-mavericks 0.97 NOTE
r-release-osx-x86_64-snowleopard 0.97 OK
r-release-windows-ix86+x86_64 0.97 4.00 30.00 34.00 OK
r-oldrel-windows-ix86+x86_64 0.97 5.00 32.00 37.00 OK

Check Details

Version: 0.97
Check: DESCRIPTION meta-information
Result: NOTE
    Malformed Description field: should contain one or more complete sentences.
Flavors: r-devel-linux-x86_64-debian-clang, r-devel-linux-x86_64-debian-gcc, r-devel-linux-x86_64-fedora-clang, r-devel-linux-x86_64-fedora-gcc, r-devel-osx-x86_64-clang, r-devel-windows-ix86+x86_64

Version: 0.97
Check: Rd cross-references
Result: NOTE
    Package unavailable to check Rd xrefs: ‘genefilter’
Flavor: r-release-osx-x86_64-mavericks