CRAN Package Check Results for Package MKmisc

Last updated on 2014-11-24 08:49:03.

Flavor Version Tinstall Tcheck Ttotal Status Flags
r-devel-linux-x86_64-debian-clang 0.96 1.01 18.69 19.70 OK
r-devel-linux-x86_64-debian-gcc 0.96 0.96 18.37 19.32 OK
r-devel-linux-x86_64-fedora-clang 0.96 40.22 OK
r-devel-linux-x86_64-fedora-gcc 0.96 37.96 OK
r-devel-osx-x86_64-clang 0.96 39.04 OK
r-devel-windows-ix86+x86_64 0.96 4.00 31.00 35.00 OK
r-patched-linux-x86_64 0.96 1.03 19.13 20.16 OK
r-patched-solaris-sparc 0.96 245.80 OK
r-patched-solaris-x86 0.96 52.60 OK
r-release-linux-ix86 0.96 1.42 25.10 26.51 OK
r-release-linux-x86_64 0.96 1.02 19.64 20.66 OK
r-release-osx-x86_64-mavericks 0.96 NOTE
r-release-osx-x86_64-snowleopard 0.96 NOTE
r-release-windows-ix86+x86_64 0.96 4.00 31.00 35.00 OK
r-oldrel-windows-ix86+x86_64 0.96 5.00 36.00 41.00 OK

Check Details

Version: 0.96
Check: Rd cross-references
Result: NOTE
    Packages unavailable to check Rd xrefs: ‘genefilter’, ‘limma’
Flavors: r-release-osx-x86_64-mavericks, r-release-osx-x86_64-snowleopard