CRAN Package Check Results for Package MKmisc

Last updated on 2017-06-26 20:48:24.

Flavor Version Tinstall Tcheck Ttotal Status Flags
r-devel-linux-x86_64-debian-clang 0.993 0.90 26.84 27.75 OK
r-devel-linux-x86_64-debian-gcc 0.993 0.96 24.41 25.36 OK
r-devel-linux-x86_64-fedora-clang 0.993 46.81 OK
r-devel-linux-x86_64-fedora-gcc 0.993 44.53 OK
r-devel-windows-ix86+x86_64 0.993 4.00 69.00 73.00 OK
r-patched-linux-x86_64 0.993 1.49 24.88 26.36 OK
r-patched-solaris-sparc 0.993 281.50 OK
r-patched-solaris-x86 0.993 56.70 OK
r-release-linux-x86_64 0.993 1.02 24.80 25.83 OK
r-release-windows-ix86+x86_64 0.993 6.00 65.00 71.00 OK
r-release-osx-x86_64 0.993 NOTE
r-oldrel-windows-ix86+x86_64 0.993 6.00 56.00 62.00 OK
r-oldrel-osx-x86_64 0.993 OK

Check Details

Version: 0.993
Check: Rd cross-references
Result: NOTE
    Packages unavailable to check Rd xrefs: ‘genefilter’, ‘limma’
Flavor: r-release-osx-x86_64