CRAN Package Check Results for Package MKmisc

Last updated on 2015-03-26 23:47:47.

Flavor Version Tinstall Tcheck Ttotal Status Flags
r-devel-linux-x86_64-debian-clang 0.97 0.99 17.06 18.05 NOTE
r-devel-linux-x86_64-debian-gcc 0.97 0.89 17.31 18.20 NOTE
r-devel-linux-x86_64-fedora-clang 0.97 34.79 NOTE
r-devel-linux-x86_64-fedora-gcc 0.97 32.22 NOTE
r-devel-osx-x86_64-clang 0.97 38.80 NOTE
r-prerel-windows-ix86+x86_64 0.97 3.00 27.00 30.00 NOTE
r-prerel-linux-x86_64 0.97 0.96 16.74 17.70 NOTE
r-prerel-solaris-sparc 0.97 223.50 NOTE
r-prerel-solaris-x86 0.97 46.80 NOTE
r-release-linux-x86_64 0.97 1.01 18.89 19.90 OK
r-release-osx-x86_64-mavericks 0.97 NOTE
r-release-osx-x86_64-snowleopard 0.97 OK
r-release-windows-ix86+x86_64 0.97 4.00 31.00 35.00 OK
r-oldrel-windows-ix86+x86_64 0.97 4.00 33.00 37.00 OK

Check Details

Version: 0.97
Check: DESCRIPTION meta-information
Result: NOTE
    Malformed Description field: should contain one or more complete sentences.
Flavors: r-devel-linux-x86_64-debian-clang, r-devel-linux-x86_64-debian-gcc, r-devel-linux-x86_64-fedora-clang, r-devel-linux-x86_64-fedora-gcc, r-devel-osx-x86_64-clang, r-prerel-windows-ix86+x86_64, r-prerel-linux-x86_64, r-prerel-solaris-sparc, r-prerel-solaris-x86

Version: 0.97
Check: Rd cross-references
Result: NOTE
    Package unavailable to check Rd xrefs: ‘genefilter’
Flavor: r-release-osx-x86_64-mavericks