CRAN Package Check Results for Package MKmisc

Last updated on 2017-04-30 23:51:39.

Flavor Version Tinstall Tcheck Ttotal Status Flags
r-devel-linux-x86_64-debian-clang 0.993 1.00 28.62 29.61 OK
r-devel-linux-x86_64-debian-gcc 0.993 0.92 26.30 27.22 OK
r-devel-linux-x86_64-fedora-clang 0.993 46.90 OK --no-stop-on-test-error
r-devel-linux-x86_64-fedora-gcc 0.993 45.39 OK --no-stop-on-test-error
r-devel-windows-ix86+x86_64 0.993 3.00 71.00 74.00 OK
r-patched-linux-x86_64 0.993 0.97 25.39 26.36 OK
r-patched-solaris-sparc 0.993 281.50 OK
r-patched-solaris-x86 0.993 56.60 OK
r-release-linux-x86_64 0.993 1.00 25.71 26.71 OK
r-release-windows-ix86+x86_64 0.993 7.00 73.00 80.00 OK
r-release-osx-x86_64 0.993 NOTE
r-oldrel-windows-ix86+x86_64 0.993 4.00 60.00 64.00 OK
r-oldrel-osx-x86_64 0.993 OK

Check Details

Version: 0.993
Check: Rd cross-references
Result: NOTE
    Packages unavailable to check Rd xrefs: ‘genefilter’, ‘limma’
Flavor: r-release-osx-x86_64