CRAN Package Check Results for Package MKmisc

Last updated on 2022-08-08 04:50:44 CEST.

Flavor Version Tinstall Tcheck Ttotal Status Flags
r-devel-linux-x86_64-debian-clang 1.8 13.68 117.54 131.22 NOTE
r-devel-linux-x86_64-debian-gcc 1.8 9.33 85.65 94.98 NOTE
r-devel-linux-x86_64-fedora-clang 1.8 158.03 NOTE
r-devel-linux-x86_64-fedora-gcc 1.8 157.15 NOTE
r-devel-windows-x86_64 1.8 28.00 141.00 169.00 NOTE
r-patched-linux-x86_64 1.8 12.72 108.70 121.42 OK
r-release-linux-x86_64 1.8 OK
r-release-macos-arm64 1.8 47.00 OK
r-release-macos-x86_64 1.8 75.00 OK
r-release-windows-x86_64 1.8 34.00 147.00 181.00 OK
r-oldrel-macos-arm64 1.8 65.00 NOTE
r-oldrel-macos-x86_64 1.8 60.00 OK
r-oldrel-windows-ix86+x86_64 1.8 24.00 135.00 159.00 OK

Check Details

Version: 1.8
Check: Rd files
Result: NOTE
    checkRd: (-1) mi.t.test.Rd:74: Escaped LaTeX specials: \&
    checkRd: (-1) qboxplot.Rd:127: Escaped LaTeX specials: \&
    checkRd: (-1) qboxplot.Rd:130: Escaped LaTeX specials: \&
    checkRd: (-1) qbxp.stats.Rd:66: Escaped LaTeX specials: \&
Flavors: r-devel-linux-x86_64-debian-clang, r-devel-linux-x86_64-debian-gcc, r-devel-linux-x86_64-fedora-clang, r-devel-linux-x86_64-fedora-gcc, r-devel-windows-x86_64

Version: 1.8
Check: Rd cross-references
Result: NOTE
    Undeclared packages ‘rms’, ‘Hmisc’, ‘genefilter’ in Rd xrefs
Flavor: r-devel-linux-x86_64-fedora-clang

Version: 1.8
Check: Rd cross-references
Result: NOTE
    Package unavailable to check Rd xrefs: ‘genefilter’
Flavor: r-oldrel-macos-arm64