CRAN Package Check Results for Package MKmisc

Last updated on 2017-08-21 06:46:48.

Flavor Version Tinstall Tcheck Ttotal Status Flags
r-devel-linux-x86_64-debian-clang 0.993 0.96 27.43 28.40 OK
r-devel-linux-x86_64-debian-gcc 0.993 0.92 25.15 26.07 OK
r-devel-linux-x86_64-fedora-clang 0.993 46.67 OK
r-devel-linux-x86_64-fedora-gcc 0.993 48.22 OK
r-devel-windows-ix86+x86_64 0.993 3.00 46.00 49.00 OK
r-patched-linux-x86_64 0.993 0.96 25.10 26.06 OK
r-patched-solaris-x86 0.993 61.50 OK
r-release-linux-x86_64 0.993 0.95 25.75 26.70 OK
r-release-windows-ix86+x86_64 0.993 5.00 46.00 51.00 OK
r-release-osx-x86_64 0.993 NOTE
r-oldrel-windows-ix86+x86_64 0.993 3.00 39.00 42.00 OK
r-oldrel-osx-x86_64 0.993 OK

Check Details

Version: 0.993
Check: Rd cross-references
Result: NOTE
    Packages unavailable to check Rd xrefs: ‘genefilter’, ‘limma’
Flavor: r-release-osx-x86_64