CRAN Package Check Results for Package MKmisc

Last updated on 2015-05-29 15:47:01.

Flavor Version Tinstall Tcheck Ttotal Status Flags
r-devel-linux-x86_64-debian-clang 0.98 0.92 18.74 19.66 OK
r-devel-linux-x86_64-debian-gcc 0.98 0.90 18.50 19.40 OK
r-devel-linux-x86_64-fedora-clang 0.98 39.96 OK
r-devel-linux-x86_64-fedora-gcc 0.98 34.98 OK
r-devel-osx-x86_64-clang 0.98 39.06 OK
r-devel-windows-ix86+x86_64 0.98 4.00 31.00 35.00 OK
r-patched-linux-x86_64 0.98 0.91 18.52 19.43 OK
r-patched-solaris-sparc 0.98 235.50 OK
r-patched-solaris-x86 0.98 50.50 OK
r-release-linux-x86_64 0.98 0.94 18.80 19.74 OK
r-release-osx-x86_64-mavericks 0.98 NOTE
r-release-osx-x86_64-snowleopard 0.98 NOTE
r-release-windows-ix86+x86_64 0.98 4.00 30.00 34.00 OK
r-oldrel-windows-ix86+x86_64 0.98 4.00 31.00 35.00 OK

Check Details

Version: 0.98
Check: Rd cross-references
Result: NOTE
    Package unavailable to check Rd xrefs: ‘genefilter’
Flavor: r-release-osx-x86_64-mavericks

Version: 0.98
Check: Rd cross-references
Result: NOTE
    Packages unavailable to check Rd xrefs: ‘rms’, ‘Hmisc’, ‘genefilter’, ‘limma’
Flavor: r-release-osx-x86_64-snowleopard