CRAN Package Check Results for Package MKmisc

Last updated on 2014-09-01 11:48:59.

Flavor Version Tinstall Tcheck Ttotal Status Flags
r-devel-linux-x86_64-debian-clang 0.96 1.18 18.44 19.62 OK
r-devel-linux-x86_64-debian-gcc 0.96 1.07 18.21 19.28 OK
r-devel-linux-x86_64-fedora-clang 0.96 39.21 OK
r-devel-linux-x86_64-fedora-gcc 0.96 37.26 OK
r-devel-osx-x86_64-clang 0.96 38.39 OK
r-devel-windows-ix86+x86_64 0.96 4.00 30.00 34.00 OK
r-patched-linux-x86_64 0.96 1.10 19.20 20.31 OK
r-patched-solaris-sparc 0.96 245.80 OK
r-patched-solaris-x86 0.96 53.10 OK
r-release-linux-ix86 0.96 1.47 28.03 29.50 OK
r-release-linux-x86_64 0.96 1.04 19.64 20.69 OK
r-release-osx-x86_64-mavericks 0.96 NOTE
r-release-osx-x86_64-snowleopard 0.96 NOTE
r-release-windows-ix86+x86_64 0.96 4.00 31.00 35.00 OK
r-oldrel-windows-ix86+x86_64 0.96 4.00 30.00 34.00 OK

Check Details

Version: 0.96
Check: Rd cross-references
Result: NOTE
    Packages unavailable to check Rd xrefs: ‘genefilter’, ‘limma’
Flavors: r-release-osx-x86_64-mavericks, r-release-osx-x86_64-snowleopard