CRAN Package Check Results for Package MKmisc

Last updated on 2014-07-28 13:48:34.

Flavor Version Tinstall Tcheck Ttotal Status Flags
r-devel-linux-x86_64-debian-clang 0.96 1.06 19.11 20.17 OK
r-devel-linux-x86_64-debian-gcc 0.96 1.04 18.64 19.68 OK
r-devel-linux-x86_64-fedora-clang 0.96 40.91 OK
r-devel-linux-x86_64-fedora-gcc 0.96 37.97 OK
r-devel-osx-x86_64-clang 0.96 39.97 OK
r-devel-windows-ix86+x86_64 0.96 4.00 30.00 34.00 OK
r-patched-linux-x86_64 0.96 1.03 18.83 19.86 OK
r-patched-solaris-sparc 0.96 226.60 OK
r-patched-solaris-x86 0.96 52.20 OK
r-release-linux-ix86 0.96 1.43 26.18 27.61 OK
r-release-linux-x86_64 0.96 1.06 19.16 20.22 OK
r-release-osx-x86_64-mavericks 0.96 NOTE
r-release-osx-x86_64-snowleopard 0.96 NOTE
r-release-windows-ix86+x86_64 0.96 3.00 31.00 34.00 OK
r-oldrel-windows-ix86+x86_64 0.96 4.00 30.00 34.00 OK

Check Details

Version: 0.96
Check: Rd cross-references
Result: NOTE
    Packages unavailable to check Rd xrefs: genefilter , limma
Flavors: r-release-osx-x86_64-mavericks, r-release-osx-x86_64-snowleopard