CRAN Package Check Results for Package MKmisc

Last updated on 2014-12-21 19:48:42.

Flavor Version Tinstall Tcheck Ttotal Status Flags
r-devel-linux-x86_64-debian-clang 0.96 1.00 19.07 20.08 OK
r-devel-linux-x86_64-debian-gcc 0.96 0.98 17.96 18.94 OK
r-devel-linux-x86_64-fedora-clang 0.96 41.65 OK
r-devel-linux-x86_64-fedora-gcc 0.96 37.96 OK
r-devel-osx-x86_64-clang 0.96 38.29 OK
r-devel-windows-ix86+x86_64 0.96 4.00 31.00 35.00 OK
r-patched-linux-x86_64 0.96 1.03 18.81 19.84 OK
r-patched-solaris-sparc 0.96 245.80 OK
r-patched-solaris-x86 0.96 52.90 OK
r-release-linux-ix86 0.96 1.35 24.95 26.30 OK
r-release-linux-x86_64 0.96 1.04 18.68 19.72 OK
r-release-osx-x86_64-mavericks 0.96 NOTE
r-release-osx-x86_64-snowleopard 0.96 NOTE
r-release-windows-ix86+x86_64 0.96 4.00 30.00 34.00 OK
r-oldrel-windows-ix86+x86_64 0.96 4.00 34.00 38.00 OK

Check Details

Version: 0.96
Check: Rd cross-references
Result: NOTE
    Packages unavailable to check Rd xrefs: ‘genefilter’, ‘limma’
Flavors: r-release-osx-x86_64-mavericks, r-release-osx-x86_64-snowleopard