CRAN Package Check Results for Package MLCM

Last updated on 2015-04-19 03:49:42.

Flavor Version Tinstall Tcheck Ttotal Status Flags
r-devel-linux-x86_64-debian-clang 0.4.1 0.65 13.83 14.48 NOTE
r-devel-linux-x86_64-debian-gcc 0.4.1 0.63 13.79 14.42 NOTE
r-devel-linux-x86_64-fedora-clang 0.4.1 28.79 NOTE
r-devel-linux-x86_64-fedora-gcc 0.4.1 30.21 NOTE
r-devel-osx-x86_64-clang 0.4.1 28.81 NOTE
r-patched-linux-x86_64 0.4.1 0.84 14.17 15.01 NOTE
r-patched-solaris-sparc 0.4.1 197.60 OK
r-patched-solaris-x86 0.4.1 37.90 OK
r-release-linux-x86_64 0.4.1 0.64 13.75 14.39 NOTE
r-release-osx-x86_64-mavericks 0.4.1 OK
r-release-osx-x86_64-snowleopard 0.4.1 OK
r-release-windows-ix86+x86_64 0.4.1 2.00 28.00 30.00 OK
r-oldrel-windows-ix86+x86_64 0.4.1 2.00 25.00 27.00 OK

Check Details

Version: 0.4.1
Check: S3 generic/method consistency
Result: NOTE
    Found the following apparent S3 methods exported but not registered:
     mlcm.default mlcm.formula
    See section ‘Registering S3 methods’ in the ‘Writing R Extensions’
    manual.
Flavors: r-devel-linux-x86_64-debian-clang, r-devel-linux-x86_64-debian-gcc, r-devel-linux-x86_64-fedora-clang, r-devel-linux-x86_64-fedora-gcc, r-devel-osx-x86_64-clang, r-patched-linux-x86_64, r-release-linux-x86_64