CRAN Package Check Results for Package MLCM

Last updated on 2022-08-13 02:51:35 CEST.

Flavor Version Tinstall Tcheck Ttotal Status Flags
r-devel-linux-x86_64-debian-clang 0.4.3 2.29 32.89 35.18 NOTE
r-devel-linux-x86_64-debian-gcc 0.4.3 2.41 24.93 27.34 NOTE
r-devel-linux-x86_64-fedora-clang 0.4.3 53.57 NOTE
r-devel-linux-x86_64-fedora-gcc 0.4.3 52.72 NOTE
r-devel-windows-x86_64 0.4.3 13.00 57.00 70.00 NOTE
r-patched-linux-x86_64 0.4.3 3.65 31.36 35.01 OK
r-release-linux-x86_64 0.4.3 1.94 30.66 32.60 OK
r-release-macos-arm64 0.4.3 19.00 OK
r-release-macos-x86_64 0.4.3 25.00 OK
r-release-windows-x86_64 0.4.3 7.00 55.00 62.00 OK
r-oldrel-macos-arm64 0.4.3 23.00 OK
r-oldrel-macos-x86_64 0.4.3 28.00 OK
r-oldrel-windows-ix86+x86_64 0.4.3 8.00 50.00 58.00 OK

Check Details

Version: 0.4.3
Check: Rd files
Result: NOTE
    checkRd: (-1) Texture.Rd:35: Escaped LaTeX specials: \&
    checkRd: (-1) binom.diagnostics.Rd:33: Escaped LaTeX specials: \&
Flavors: r-devel-linux-x86_64-debian-clang, r-devel-linux-x86_64-debian-gcc, r-devel-linux-x86_64-fedora-clang, r-devel-linux-x86_64-fedora-gcc, r-devel-windows-x86_64