CRAN Package Check Results for Package MLCM

Last updated on 2015-07-31 22:49:36.

Flavor Version Tinstall Tcheck Ttotal Status Flags
r-devel-linux-x86_64-debian-clang 0.4.1 0.63 13.40 14.02 NOTE
r-devel-linux-x86_64-debian-gcc 0.4.1 0.91 13.10 14.01 NOTE
r-devel-linux-x86_64-fedora-clang 0.4.1 27.11 NOTE
r-devel-linux-x86_64-fedora-gcc 0.4.1 26.46 NOTE
r-devel-osx-x86_64-clang 0.4.1 26.71 NOTE
r-devel-windows-ix86+x86_64 0.4.1 3.00 23.00 26.00 NOTE
r-patched-linux-x86_64 0.4.1 0.80 13.83 14.63 NOTE
r-patched-solaris-sparc 0.4.1 183.40 NOTE
r-patched-solaris-x86 0.4.1 38.80 NOTE
r-release-linux-x86_64 0.4.1 0.88 14.26 15.14 NOTE
r-release-osx-x86_64-mavericks 0.4.1 OK
r-release-windows-ix86+x86_64 0.4.1 3.00 23.00 26.00 OK
r-oldrel-windows-ix86+x86_64 0.4.1 5.00 26.00 31.00 OK

Check Details

Version: 0.4.1
Check: S3 generic/method consistency
Result: NOTE
    Found the following apparent S3 methods exported but not registered:
     mlcm.default mlcm.formula
    See section ‘Registering S3 methods’ in the ‘Writing R Extensions’
    manual.
Flavors: r-devel-linux-x86_64-debian-clang, r-devel-linux-x86_64-debian-gcc, r-devel-linux-x86_64-fedora-clang, r-devel-linux-x86_64-fedora-gcc, r-devel-osx-x86_64-clang, r-patched-linux-x86_64, r-patched-solaris-sparc, r-patched-solaris-x86, r-release-linux-x86_64

Version: 0.4.1
Check: R code for possible problems
Result: NOTE
    anova.mlcm: no visible global function definition for ‘anova’
    anova.mlcm: no visible global function definition for ‘logLik’
    anova.mlcm: no visible binding for global variable ‘logLik’
    anova.mlcm : <anonymous>: no visible global function definition for
     ‘formula’
    anova.mlcm: no visible global function definition for ‘pchisq’
    binom.diagnostics: no visible global function definition for ‘fitted’
    binom.diagnostics: no visible global function definition for ‘rbinom’
    binom.diagnostics : <anonymous>: no visible global function definition
     for ‘glm’
    binom.diagnostics : <anonymous>: no visible global function definition
     for ‘binomial’
    binom.diagnostics : <anonymous>: no visible global function definition
     for ‘residuals’
    binom.diagnostics : <anonymous>: no visible global function definition
     for ‘fitted’
    binom.diagnostics: no visible global function definition for
     ‘residuals’
    boot.mlcm: no visible global function definition for ‘fitted’
    boot.mlcm: no visible global function definition for ‘rbinom’
    boot.mlcm : <anonymous>: no visible global function definition for
     ‘glm.fit’
    boot.mlcm : <anonymous>: no visible global function definition for
     ‘binomial’
    boot.mlcm: no visible binding for global variable ‘sd’
    fitted.mlcm: no visible global function definition for ‘fitted’
    formula.mlcm: no visible global function definition for ‘formula’
    lines.mlcm: no visible global function definition for ‘matlines’
    logLik.mlcm: no visible global function definition for ‘logLik’
    mlcm.default: no visible global function definition for ‘glm.control’
    mlcm.default: no visible global function definition for ‘as.formula’
    mlcm.default: no visible global function definition for ‘model.matrix’
    mlcm.default: no visible global function definition for ‘glm’
    mlcm.default: no visible global function definition for ‘binomial’
    mlcm.default : <anonymous>: no visible global function definition for
     ‘coef’
    mlcm.default: no visible global function definition for ‘coef’
    mlcm.formula : diff.err.ind: no visible global function definition for
     ‘binomial’
    mlcm.formula : diff.err.add: no visible global function definition for
     ‘binomial’
    mlcm.formula: no visible global function definition for ‘optim’
    plot.mlcm: no visible global function definition for ‘par’
    plot.mlcm: no visible global function definition for ‘matplot’
    plot.mlcm.df: no visible global function definition for ‘grey’
    plot.mlcm.df: no visible global function definition for ‘par’
    plot.mlcm.df: no visible global function definition for ‘image’
    plot.mlcm.df: no visible global function definition for ‘box’
    plot.mlcm.df: no visible global function definition for ‘abline’
    plot.mlcm.df: no visible global function definition for ‘axis’
    plot.mlcm.diag: no visible global function definition for ‘par’
    plot.mlcm.diag: no visible global function definition for ‘plot’
    plot.mlcm.diag: no visible global function definition for ‘lines’
    plot.mlcm.diag: no visible global function definition for ‘hist’
    plot.mlcm.diag: no visible global function definition for ‘abline’
    points.mlcm: no visible global function definition for ‘matpoints’
    predict.mlcm: no visible global function definition for ‘predict’
    summary.mlcm: no visible global function definition for ‘coef’
    summary.mlcm: no visible global function definition for ‘logLik’
    summary.mlcm: no visible global function definition for ‘AIC’
    vcov.mlcm: no visible global function definition for ‘vcov’
    Undefined global functions or variables:
     AIC abline anova as.formula axis binomial box coef fitted formula glm
     glm.control glm.fit grey hist image lines logLik matlines matplot
     matpoints model.matrix optim par pchisq plot predict rbinom residuals
     sd vcov
    Consider adding
     importFrom("grDevices", "grey")
     importFrom("graphics", "abline", "axis", "box", "hist", "image",
     "lines", "matlines", "matplot", "matpoints", "par", "plot")
     importFrom("stats", "AIC", "anova", "as.formula", "binomial", "coef",
     "fitted", "formula", "glm", "glm.control", "glm.fit",
     "logLik", "model.matrix", "optim", "pchisq", "predict",
     "rbinom", "residuals", "sd", "vcov")
    to your NAMESPACE.
Flavors: r-devel-linux-x86_64-debian-clang, r-devel-linux-x86_64-debian-gcc, r-devel-linux-x86_64-fedora-clang, r-devel-linux-x86_64-fedora-gcc, r-devel-windows-ix86+x86_64