CRAN Package Check Results for Package MLCM

Last updated on 2015-05-23 08:47:06.

Flavor Version Tinstall Tcheck Ttotal Status Flags
r-devel-linux-x86_64-debian-clang 0.4.1 0.64 13.76 14.40 NOTE
r-devel-linux-x86_64-debian-gcc 0.4.1 0.72 13.69 14.41 NOTE
r-devel-linux-x86_64-fedora-clang 0.4.1 28.92 NOTE
r-devel-linux-x86_64-fedora-gcc 0.4.1 26.35 NOTE
r-devel-osx-x86_64-clang 0.4.1 28.94 NOTE
r-devel-windows-ix86+x86_64 0.4.1 4.00 24.00 28.00 OK
r-patched-linux-x86_64 0.4.1 0.70 13.72 14.42 NOTE
r-patched-solaris-sparc 0.4.1 183.40 NOTE
r-patched-solaris-x86 0.4.1 38.50 NOTE
r-release-linux-x86_64 0.4.1 0.64 14.21 14.85 NOTE
r-release-osx-x86_64-mavericks 0.4.1 OK
r-release-osx-x86_64-snowleopard 0.4.1 OK
r-release-windows-ix86+x86_64 0.4.1 2.00 28.00 30.00 OK
r-oldrel-windows-ix86+x86_64 0.4.1 5.00 26.00 31.00 OK

Check Details

Version: 0.4.1
Check: S3 generic/method consistency
Result: NOTE
    Found the following apparent S3 methods exported but not registered:
     mlcm.default mlcm.formula
    See section ‘Registering S3 methods’ in the ‘Writing R Extensions’
    manual.
Flavors: r-devel-linux-x86_64-debian-clang, r-devel-linux-x86_64-debian-gcc, r-devel-linux-x86_64-fedora-clang, r-devel-linux-x86_64-fedora-gcc, r-devel-osx-x86_64-clang, r-patched-linux-x86_64, r-patched-solaris-sparc, r-patched-solaris-x86, r-release-linux-x86_64