CRAN Package Check Results for Package MLCM

Last updated on 2015-03-01 19:48:09.

Flavor Version Tinstall Tcheck Ttotal Status Flags
r-devel-linux-x86_64-debian-clang 0.4.1 0.69 13.86 14.55 NOTE
r-devel-linux-x86_64-debian-gcc 0.4.1 0.63 13.90 14.53 NOTE
r-devel-linux-x86_64-fedora-clang 0.4.1 28.49 NOTE
r-devel-linux-x86_64-fedora-gcc 0.4.1 26.78 NOTE
r-devel-osx-x86_64-clang 0.4.1 29.85 NOTE
r-devel-windows-ix86+x86_64 0.4.1 5.00 23.00 28.00 OK
r-patched-linux-x86_64 0.4.1 0.69 15.62 16.31 OK
r-patched-solaris-sparc 0.4.1 200.10 OK
r-patched-solaris-x86 0.4.1 42.40 OK
r-release-linux-ix86 0.4.1 1.00 21.56 22.56 OK
r-release-linux-x86_64 0.4.1 0.68 14.70 15.39 OK
r-release-osx-x86_64-mavericks 0.4.1 OK
r-release-osx-x86_64-snowleopard 0.4.1 OK
r-release-windows-ix86+x86_64 0.4.1 2.00 23.00 25.00 OK
r-oldrel-windows-ix86+x86_64 0.4.1 2.00 25.00 27.00 OK

Check Details

Version: 0.4.1
Check: S3 generic/method consistency
Result: NOTE
    Found the following apparent S3 methods exported but not registered:
     mlcm.default mlcm.formula
    See section ‘Registering S3 methods’ in the ‘Writing R Extensions’
    manual.
Flavors: r-devel-linux-x86_64-debian-clang, r-devel-linux-x86_64-debian-gcc, r-devel-linux-x86_64-fedora-clang, r-devel-linux-x86_64-fedora-gcc, r-devel-osx-x86_64-clang