CRAN Package Check Results for Package MLCM

Last updated on 2015-06-30 04:46:41.

Flavor Version Tinstall Tcheck Ttotal Status Flags
r-devel-linux-x86_64-debian-clang 0.4.1 0.60 13.89 14.49 NOTE
r-devel-linux-x86_64-debian-gcc 0.4.1 0.65 12.95 13.60 NOTE
r-devel-linux-x86_64-fedora-clang 0.4.1 27.06 NOTE
r-devel-linux-x86_64-fedora-gcc 0.4.1 24.99 NOTE
r-devel-osx-x86_64-clang 0.4.1 26.99 NOTE
r-devel-windows-ix86+x86_64 0.4.1 4.00 24.00 28.00 OK
r-patched-linux-x86_64 0.4.1 2.63 13.81 16.44 NOTE
r-patched-solaris-sparc 0.4.1 183.40 NOTE
r-patched-solaris-x86 0.4.1 39.10 NOTE
r-release-linux-x86_64 0.4.1 0.67 13.62 14.29 NOTE
r-release-osx-x86_64-mavericks 0.4.1 OK
r-release-windows-ix86+x86_64 0.4.1 2.00 28.00 30.00 OK
r-oldrel-windows-ix86+x86_64 0.4.1 5.00 26.00 31.00 OK

Check Details

Version: 0.4.1
Check: S3 generic/method consistency
Result: NOTE
    Found the following apparent S3 methods exported but not registered:
     mlcm.default mlcm.formula
    See section ‘Registering S3 methods’ in the ‘Writing R Extensions’
    manual.
Flavors: r-devel-linux-x86_64-debian-clang, r-devel-linux-x86_64-debian-gcc, r-devel-linux-x86_64-fedora-clang, r-devel-linux-x86_64-fedora-gcc, r-devel-osx-x86_64-clang, r-patched-linux-x86_64, r-patched-solaris-sparc, r-patched-solaris-x86, r-release-linux-x86_64

Version: 0.4.1
Check: R code for possible problems
Result: NOTE
    anova.mlcm: no visible global function definition for ‘anova’
    anova.mlcm: no visible global function definition for ‘logLik’
    anova.mlcm: no visible binding for global variable ‘logLik’
    anova.mlcm : <anonymous>: no visible global function definition for
     ‘formula’
    anova.mlcm: no visible global function definition for ‘pchisq’
    binom.diagnostics: no visible global function definition for ‘fitted’
    binom.diagnostics: no visible global function definition for ‘rbinom’
    binom.diagnostics : <anonymous>: no visible global function definition
     for ‘glm’
    binom.diagnostics: Error while checking: invalid ‘envir’ argument
    boot.mlcm: no visible global function definition for ‘fitted’
    boot.mlcm: no visible global function definition for ‘rbinom’
    boot.mlcm : <anonymous>: no visible global function definition for
     ‘glm.fit’
    boot.mlcm: Error while checking: invalid ‘envir’ argument
    fitted.mlcm: no visible global function definition for ‘fitted’
    formula.mlcm: no visible global function definition for ‘formula’
    lines.mlcm: no visible global function definition for ‘matlines’
    logLik.mlcm: no visible global function definition for ‘logLik’
    mlcm.default: no visible global function definition for ‘glm.control’
    mlcm.default: no visible global function definition for ‘as.formula’
    mlcm.default: no visible global function definition for ‘model.matrix’
    mlcm.default: no visible global function definition for ‘glm’
    mlcm.default: Error while checking: invalid ‘envir’ argument
    mlcm.formula: Error while checking: invalid ‘envir’ argument
    plot.mlcm: no visible global function definition for ‘par’
    plot.mlcm: no visible global function definition for ‘matplot’
    plot.mlcm.df: no visible global function definition for ‘grey’
    plot.mlcm.df: no visible global function definition for ‘par’
    plot.mlcm.df: no visible global function definition for ‘image’
    plot.mlcm.df: no visible global function definition for ‘box’
    plot.mlcm.df: no visible global function definition for ‘abline’
    plot.mlcm.df: no visible global function definition for ‘axis’
    plot.mlcm.diag: no visible global function definition for ‘par’
    plot.mlcm.diag: no visible global function definition for ‘plot’
    plot.mlcm.diag: no visible global function definition for ‘lines’
    plot.mlcm.diag: no visible global function definition for ‘hist’
    plot.mlcm.diag: no visible global function definition for ‘abline’
    points.mlcm: no visible global function definition for ‘matpoints’
    predict.mlcm: no visible global function definition for ‘predict’
    summary.mlcm: no visible global function definition for ‘coef’
    summary.mlcm: no visible global function definition for ‘logLik’
    summary.mlcm: no visible global function definition for ‘AIC’
    vcov.mlcm: no visible global function definition for ‘vcov’
Flavors: r-devel-linux-x86_64-debian-clang, r-devel-linux-x86_64-debian-gcc