CRAN Package Check Results for Package MLEcens

Last updated on 2014-08-23 10:48:05.

Flavor Version Tinstall Tcheck Ttotal Status Flags
r-devel-linux-x86_64-debian-clang 0.1-4 1.53 11.87 13.40 OK
r-devel-linux-x86_64-debian-gcc 0.1-4 1.92 11.66 13.58 OK
r-devel-linux-x86_64-fedora-clang 0.1-4 27.42 NOTE
r-devel-linux-x86_64-fedora-gcc 0.1-4 25.84 NOTE
r-devel-osx-x86_64-clang 0.1-4 28.80 OK
r-devel-windows-ix86+x86_64 0.1-4 9.00 24.00 33.00 OK
r-patched-linux-x86_64 0.1-4 1.93 12.04 13.97 OK
r-patched-solaris-sparc 0.1-4 176.60 OK
r-patched-solaris-x86 0.1-4 38.30 OK
r-release-linux-ix86 0.1-4 2.60 18.67 21.27 OK
r-release-linux-x86_64 0.1-4 1.84 12.16 14.01 OK
r-release-osx-x86_64-mavericks 0.1-4 OK
r-release-windows-ix86+x86_64 0.1-4 12.00 25.00 37.00 OK
r-oldrel-windows-ix86+x86_64 0.1-4 10.00 27.00 37.00 OK

Check Details

Version: 0.1-4
Check: top-level files
Result: NOTE
    Non-standard file/directory found at top level:
     ‘CONTENTS’
Flavors: r-devel-linux-x86_64-fedora-clang, r-devel-linux-x86_64-fedora-gcc