CRAN Package Check Results for Package MLEcens

Last updated on 2014-11-27 05:47:44.

Flavor Version Tinstall Tcheck Ttotal Status Flags
r-devel-linux-x86_64-debian-clang 0.1-4 1.72 13.75 15.47 NOTE
r-devel-linux-x86_64-debian-gcc 0.1-4 1.86 13.67 15.53 NOTE
r-devel-linux-x86_64-fedora-clang 0.1-4 32.00 NOTE
r-devel-linux-x86_64-fedora-gcc 0.1-4 31.21 NOTE
r-devel-osx-x86_64-clang 0.1-4 33.22 OK
r-devel-windows-ix86+x86_64 0.1-4 12.00 24.00 36.00 OK
r-patched-linux-x86_64 0.1-4 1.92 13.02 14.94 NOTE
r-patched-solaris-sparc 0.1-4 176.60 OK
r-patched-solaris-x86 0.1-4 41.60 OK
r-release-linux-ix86 0.1-4 2.75 19.18 21.93 OK
r-release-linux-x86_64 0.1-4 1.92 13.05 14.96 NOTE
r-release-osx-x86_64-mavericks 0.1-4 OK
r-release-windows-ix86+x86_64 0.1-4 11.00 27.00 38.00 OK
r-oldrel-windows-ix86+x86_64 0.1-4 10.00 27.00 37.00 OK

Check Details

Version: 0.1-4
Check: top-level files
Result: NOTE
    Non-standard file/directory found at top level:
     ‘CONTENTS’
Flavors: r-devel-linux-x86_64-debian-clang, r-devel-linux-x86_64-debian-gcc, r-devel-linux-x86_64-fedora-clang, r-devel-linux-x86_64-fedora-gcc, r-patched-linux-x86_64, r-release-linux-x86_64