CRAN Package Check Results for Package MLEcens

Last updated on 2015-07-08 03:48:11.

Flavor Version Tinstall Tcheck Ttotal Status Flags
r-devel-linux-x86_64-debian-clang 0.1-4 1.64 12.42 14.05 NOTE
r-devel-linux-x86_64-debian-gcc 0.1-4 1.81 11.73 13.54 NOTE
r-devel-linux-x86_64-fedora-clang 0.1-4 25.86 NOTE
r-devel-linux-x86_64-fedora-gcc 0.1-4 24.05 NOTE
r-devel-osx-x86_64-clang 0.1-4 26.92 OK
r-devel-windows-ix86+x86_64 0.1-4 11.00 24.00 35.00 NOTE
r-patched-linux-x86_64 0.1-4 2.25 12.92 15.17 NOTE
r-patched-solaris-sparc 0.1-4 177.90 OK
r-patched-solaris-x86 0.1-4 38.80 OK
r-release-linux-x86_64 0.1-4 1.79 12.37 14.16 NOTE
r-release-osx-x86_64-mavericks 0.1-4 OK
r-release-windows-ix86+x86_64 0.1-4 10.00 25.00 35.00 OK
r-oldrel-windows-ix86+x86_64 0.1-4 17.00 29.00 46.00 OK

Check Details

Version: 0.1-4
Check: top-level files
Result: NOTE
    Non-standard file/directory found at top level:
     ‘CONTENTS’
Flavors: r-devel-linux-x86_64-debian-clang, r-devel-linux-x86_64-debian-gcc, r-devel-linux-x86_64-fedora-clang, r-devel-linux-x86_64-fedora-gcc, r-patched-linux-x86_64, r-release-linux-x86_64

Version: 0.1-4
Check: R code for possible problems
Result: NOTE
    plotCDF1: no visible global function definition for ‘lines’
    plotCDF1: no visible global function definition for ‘plot’
    plotCDF2: no visible global function definition for ‘gray’
    plotCDF2: no visible global function definition for ‘image’
    plotCDF2: no visible global function definition for ‘box’
    plotCDF2: no visible global function definition for ‘par’
    plotCDF2: no visible global function definition for ‘rect’
    plotCDF2: no visible global function definition for ‘text’
    plotCM: no visible global function definition for ‘image’
    plotCM: no visible global function definition for ‘axis’
    plotCM: no visible global function definition for ‘box’
    plotDens1: no visible global function definition for ‘plot’
    plotDens1: no visible global function definition for ‘lines’
    plotDens2: no visible global function definition for ‘gray’
    plotDens2: no visible global function definition for ‘plot’
    plotDens2: no visible global function definition for ‘rect’
    plotDens2: no visible global function definition for ‘axis’
    plotDens2: no visible global function definition for ‘text’
    plotHM: no visible global function definition for ‘terrain.colors’
    plotHM: no visible global function definition for ‘image’
    plotHM: no visible global function definition for ‘box’
    plotHM: no visible global function definition for ‘abline’
    plotHM: no visible global function definition for ‘text’
    plotHM: no visible global function definition for ‘par’
    plotHM: no visible global function definition for ‘rect’
    plotRects: no visible global function definition for ‘rainbow’
    plotRects: no visible global function definition for ‘plot’
    plotRects: no visible global function definition for ‘abline’
    plotRects: no visible global function definition for ‘rect’
    Undefined global functions or variables:
     abline axis box gray image lines par plot rainbow rect terrain.colors
     text
Flavors: r-devel-linux-x86_64-debian-clang, r-devel-linux-x86_64-debian-gcc, r-devel-linux-x86_64-fedora-clang, r-devel-linux-x86_64-fedora-gcc, r-devel-windows-ix86+x86_64