CRAN Package Check Results for Package MLEcens

Last updated on 2015-03-06 11:48:33.

Flavor Version Tinstall Tcheck Ttotal Status Flags
r-devel-linux-x86_64-debian-clang 0.1-4 1.66 12.47 14.13 NOTE
r-devel-linux-x86_64-debian-gcc 0.1-4 1.83 12.32 14.15 NOTE
r-devel-linux-x86_64-fedora-clang 0.1-4 26.98 NOTE
r-devel-linux-x86_64-fedora-gcc 0.1-4 25.70 NOTE
r-devel-osx-x86_64-clang 0.1-4 32.92 OK
r-devel-windows-ix86+x86_64 0.1-4 17.00 24.00 41.00 OK
r-patched-linux-x86_64 0.1-4 1.92 13.20 15.12 NOTE
r-patched-solaris-sparc 0.1-4 200.70 OK
r-patched-solaris-x86 0.1-4 41.80 OK
r-release-linux-ix86 0.1-4 2.52 20.10 22.62 NOTE
r-release-linux-x86_64 0.1-4 1.94 13.27 15.21 NOTE
r-release-osx-x86_64-mavericks 0.1-4 OK
r-release-windows-ix86+x86_64 0.1-4 11.00 27.00 38.00 OK
r-oldrel-windows-ix86+x86_64 0.1-4 10.00 27.00 37.00 OK

Check Details

Version: 0.1-4
Check: top-level files
Result: NOTE
    Non-standard file/directory found at top level:
     ‘CONTENTS’
Flavors: r-devel-linux-x86_64-debian-clang, r-devel-linux-x86_64-debian-gcc, r-devel-linux-x86_64-fedora-clang, r-devel-linux-x86_64-fedora-gcc, r-patched-linux-x86_64, r-release-linux-ix86, r-release-linux-x86_64