CRAN Package Check Results for Package MLEcens

Last updated on 2015-08-31 21:46:54.

Flavor Version Tinstall Tcheck Ttotal Status Flags
r-devel-linux-x86_64-debian-clang 0.1-4 1.62 12.13 13.75 NOTE
r-devel-linux-x86_64-debian-gcc 0.1-4 1.76 11.77 13.54 NOTE
r-devel-linux-x86_64-fedora-clang 0.1-4 25.62 NOTE
r-devel-linux-x86_64-fedora-gcc 0.1-4 24.27 NOTE
r-devel-osx-x86_64-clang 0.1-4 25.53 OK
r-devel-windows-ix86+x86_64 0.1-4 11.00 28.00 39.00 NOTE
r-patched-linux-x86_64 0.1-4 1.89 12.32 14.22 NOTE
r-patched-solaris-sparc 0.1-4 172.90 OK
r-patched-solaris-x86 0.1-4 39.60 OK
r-release-linux-x86_64 0.1-4 1.85 12.23 14.08 NOTE
r-release-osx-x86_64-mavericks 0.1-4 OK
r-release-windows-ix86+x86_64 0.1-4 11.00 38.00 49.00 OK
r-oldrel-windows-ix86+x86_64 0.1-4 17.00 29.00 46.00 OK

Check Details

Version: 0.1-4
Check: top-level files
Result: NOTE
    Non-standard file/directory found at top level:
     ‘CONTENTS’
Flavors: r-devel-linux-x86_64-debian-clang, r-devel-linux-x86_64-debian-gcc, r-devel-linux-x86_64-fedora-clang, r-devel-linux-x86_64-fedora-gcc, r-patched-linux-x86_64, r-release-linux-x86_64

Version: 0.1-4
Check: R code for possible problems
Result: NOTE
    plotCDF1: no visible global function definition for ‘lines’
    plotCDF1: no visible global function definition for ‘plot’
    plotCDF2: no visible global function definition for ‘gray’
    plotCDF2: no visible global function definition for ‘image’
    plotCDF2: no visible global function definition for ‘box’
    plotCDF2: no visible global function definition for ‘par’
    plotCDF2: no visible global function definition for ‘rect’
    plotCDF2: no visible global function definition for ‘text’
    plotCM: no visible global function definition for ‘image’
    plotCM: no visible global function definition for ‘axis’
    plotCM: no visible global function definition for ‘box’
    plotDens1: no visible global function definition for ‘plot’
    plotDens1: no visible global function definition for ‘lines’
    plotDens2: no visible global function definition for ‘gray’
    plotDens2: no visible global function definition for ‘plot’
    plotDens2: no visible global function definition for ‘rect’
    plotDens2: no visible global function definition for ‘axis’
    plotDens2: no visible global function definition for ‘text’
    plotHM: no visible global function definition for ‘terrain.colors’
    plotHM: no visible global function definition for ‘image’
    plotHM: no visible global function definition for ‘box’
    plotHM: no visible global function definition for ‘abline’
    plotHM: no visible global function definition for ‘text’
    plotHM: no visible global function definition for ‘par’
    plotHM: no visible global function definition for ‘rect’
    plotRects: no visible global function definition for ‘rainbow’
    plotRects: no visible global function definition for ‘plot’
    plotRects: no visible global function definition for ‘abline’
    plotRects: no visible global function definition for ‘rect’
    Undefined global functions or variables:
     abline axis box gray image lines par plot rainbow rect terrain.colors
     text
    Consider adding
     importFrom("grDevices", "gray", "rainbow", "terrain.colors")
     importFrom("graphics", "abline", "axis", "box", "image", "lines",
     "par", "plot", "rect", "text")
    to your NAMESPACE.
Flavors: r-devel-linux-x86_64-debian-clang, r-devel-linux-x86_64-debian-gcc, r-devel-linux-x86_64-fedora-clang, r-devel-linux-x86_64-fedora-gcc, r-devel-windows-ix86+x86_64