CRAN Package Check Results for Package MLEcens

Last updated on 2017-03-28 17:49:11.

Flavor Version Tinstall Tcheck Ttotal Status Flags
r-devel-linux-x86_64-debian-clang 0.1-4 2.58 15.64 18.21 NOTE
r-devel-linux-x86_64-debian-gcc 0.1-4 2.13 15.28 17.41 NOTE
r-devel-linux-x86_64-fedora-clang 0.1-4 29.99 NOTE --no-stop-on-test-error
r-devel-linux-x86_64-fedora-gcc 0.1-4 28.23 NOTE --no-stop-on-test-error
r-devel-macos-x86_64-clang 0.1-4 26.46 NOTE --no-stop-on-test-error
r-devel-windows-ix86+x86_64 0.1-4 13.00 34.00 47.00 NOTE
r-patched-linux-x86_64 0.1-4 1.93 15.64 17.57 NOTE
r-patched-solaris-sparc 0.1-4 182.90 NOTE
r-patched-solaris-x86 0.1-4 42.20 NOTE
r-release-linux-x86_64 0.1-4 2.10 13.56 15.66 NOTE
r-release-osx-x86_64-mavericks 0.1-4 NOTE
r-release-windows-ix86+x86_64 0.1-4 39.00 33.00 72.00 NOTE
r-oldrel-windows-ix86+x86_64 0.1-4 12.00 31.00 43.00 OK

Check Details

Version: 0.1-4
Check: top-level files
Result: NOTE
    Non-standard file/directory found at top level:
     ‘CONTENTS’
Flavors: r-devel-linux-x86_64-debian-clang, r-devel-linux-x86_64-debian-gcc, r-patched-linux-x86_64, r-release-linux-x86_64

Version: 0.1-4
Check: R code for possible problems
Result: NOTE
    plotCDF1: no visible global function definition for ‘lines’
    plotCDF1: no visible global function definition for ‘plot’
    plotCDF2: no visible global function definition for ‘gray’
    plotCDF2: no visible global function definition for ‘image’
    plotCDF2: no visible global function definition for ‘box’
    plotCDF2: no visible global function definition for ‘par’
    plotCDF2: no visible global function definition for ‘rect’
    plotCDF2: no visible global function definition for ‘text’
    plotCM: no visible global function definition for ‘image’
    plotCM: no visible global function definition for ‘axis’
    plotCM: no visible global function definition for ‘box’
    plotDens1: no visible global function definition for ‘plot’
    plotDens1: no visible global function definition for ‘lines’
    plotDens2: no visible global function definition for ‘gray’
    plotDens2: no visible global function definition for ‘plot’
    plotDens2: no visible global function definition for ‘rect’
    plotDens2: no visible global function definition for ‘axis’
    plotDens2: no visible global function definition for ‘text’
    plotHM: no visible global function definition for ‘terrain.colors’
    plotHM: no visible global function definition for ‘image’
    plotHM: no visible global function definition for ‘box’
    plotHM: no visible global function definition for ‘abline’
    plotHM: no visible global function definition for ‘text’
    plotHM: no visible global function definition for ‘par’
    plotHM: no visible global function definition for ‘rect’
    plotRects: no visible global function definition for ‘rainbow’
    plotRects: no visible global function definition for ‘plot’
    plotRects: no visible global function definition for ‘abline’
    plotRects: no visible global function definition for ‘rect’
    Undefined global functions or variables:
     abline axis box gray image lines par plot rainbow rect terrain.colors
     text
    Consider adding
     importFrom("grDevices", "gray", "rainbow", "terrain.colors")
     importFrom("graphics", "abline", "axis", "box", "image", "lines",
     "par", "plot", "rect", "text")
    to your NAMESPACE file.
Flavors: r-devel-linux-x86_64-debian-clang, r-devel-linux-x86_64-debian-gcc, r-devel-windows-ix86+x86_64, r-patched-linux-x86_64, r-patched-solaris-sparc, r-patched-solaris-x86, r-release-linux-x86_64, r-release-osx-x86_64-mavericks, r-release-windows-ix86+x86_64

Version: 0.1-4
Check: compiled code
Result: NOTE
    File ‘MLEcens/libs/MLEcens.so’:
     Found no calls to: ‘R_registerRoutines’, ‘R_useDynamicSymbols’
    
    It is good practice to register native routines and to disable symbol
    search.
    
    See ‘Writing portable packages’ in the ‘Writing R Extensions’ manual.
Flavors: r-devel-linux-x86_64-debian-clang, r-devel-linux-x86_64-debian-gcc, r-patched-linux-x86_64

Version: 0.1-4
Flags: --no-stop-on-test-error
Check: top-level files
Result: NOTE
    Non-standard file/directory found at top level:
     ‘CONTENTS’
Flavors: r-devel-linux-x86_64-fedora-clang, r-devel-linux-x86_64-fedora-gcc

Version: 0.1-4
Flags: --no-stop-on-test-error
Check: R code for possible problems
Result: NOTE
    plotCDF1: no visible global function definition for ‘lines’
    plotCDF1: no visible global function definition for ‘plot’
    plotCDF2: no visible global function definition for ‘gray’
    plotCDF2: no visible global function definition for ‘image’
    plotCDF2: no visible global function definition for ‘box’
    plotCDF2: no visible global function definition for ‘par’
    plotCDF2: no visible global function definition for ‘rect’
    plotCDF2: no visible global function definition for ‘text’
    plotCM: no visible global function definition for ‘image’
    plotCM: no visible global function definition for ‘axis’
    plotCM: no visible global function definition for ‘box’
    plotDens1: no visible global function definition for ‘plot’
    plotDens1: no visible global function definition for ‘lines’
    plotDens2: no visible global function definition for ‘gray’
    plotDens2: no visible global function definition for ‘plot’
    plotDens2: no visible global function definition for ‘rect’
    plotDens2: no visible global function definition for ‘axis’
    plotDens2: no visible global function definition for ‘text’
    plotHM: no visible global function definition for ‘terrain.colors’
    plotHM: no visible global function definition for ‘image’
    plotHM: no visible global function definition for ‘box’
    plotHM: no visible global function definition for ‘abline’
    plotHM: no visible global function definition for ‘text’
    plotHM: no visible global function definition for ‘par’
    plotHM: no visible global function definition for ‘rect’
    plotRects: no visible global function definition for ‘rainbow’
    plotRects: no visible global function definition for ‘plot’
    plotRects: no visible global function definition for ‘abline’
    plotRects: no visible global function definition for ‘rect’
    Undefined global functions or variables:
     abline axis box gray image lines par plot rainbow rect terrain.colors
     text
    Consider adding
     importFrom("grDevices", "gray", "rainbow", "terrain.colors")
     importFrom("graphics", "abline", "axis", "box", "image", "lines",
     "par", "plot", "rect", "text")
    to your NAMESPACE file.
Flavors: r-devel-linux-x86_64-fedora-clang, r-devel-linux-x86_64-fedora-gcc, r-devel-macos-x86_64-clang

Version: 0.1-4
Flags: --no-stop-on-test-error
Check: compiled code
Result: NOTE
    File ‘MLEcens/libs/MLEcens.so’:
     Found no calls to: ‘R_registerRoutines’, ‘R_useDynamicSymbols’
    
    It is good practice to register native routines and to disable symbol
    search.
    
    See ‘Writing portable packages’ in the ‘Writing R Extensions’ manual.
Flavors: r-devel-linux-x86_64-fedora-clang, r-devel-linux-x86_64-fedora-gcc, r-devel-macos-x86_64-clang