CRAN Package Check Results for Package MLEcens

Last updated on 2015-05-28 05:46:55.

Flavor Version Tinstall Tcheck Ttotal Status Flags
r-devel-linux-x86_64-debian-clang 0.1-4 1.68 12.78 14.46 NOTE
r-devel-linux-x86_64-debian-gcc 0.1-4 1.78 12.36 14.14 NOTE
r-devel-linux-x86_64-fedora-clang 0.1-4 27.39 NOTE
r-devel-linux-x86_64-fedora-gcc 0.1-4 25.49 NOTE
r-devel-osx-x86_64-clang 0.1-4 30.59 OK
r-devel-windows-ix86+x86_64 0.1-4 11.00 25.00 36.00 OK
r-patched-linux-x86_64 0.1-4 1.81 12.13 13.94 NOTE
r-patched-solaris-sparc 0.1-4 177.90 OK
r-patched-solaris-x86 0.1-4 38.40 OK
r-release-linux-x86_64 0.1-4 1.83 13.09 14.92 NOTE
r-release-osx-x86_64-mavericks 0.1-4 OK
r-release-osx-x86_64-snowleopard 0.1-4 OK
r-release-windows-ix86+x86_64 0.1-4 8.00 28.00 36.00 OK
r-oldrel-windows-ix86+x86_64 0.1-4 17.00 29.00 46.00 OK

Check Details

Version: 0.1-4
Check: top-level files
Result: NOTE
    Non-standard file/directory found at top level:
     ‘CONTENTS’
Flavors: r-devel-linux-x86_64-debian-clang, r-devel-linux-x86_64-debian-gcc, r-devel-linux-x86_64-fedora-clang, r-devel-linux-x86_64-fedora-gcc, r-patched-linux-x86_64, r-release-linux-x86_64