CRAN Package Check Results for Package MLEcens

Last updated on 2014-10-23 05:46:45.

Flavor Version Tinstall Tcheck Ttotal Status Flags
r-devel-linux-x86_64-debian-clang 0.1-4 1.73 13.12 14.86 NOTE
r-devel-linux-x86_64-debian-gcc 0.1-4 1.92 13.10 15.02 NOTE
r-devel-linux-x86_64-fedora-clang 0.1-4 28.53 NOTE
r-devel-linux-x86_64-fedora-gcc 0.1-4 27.33 NOTE
r-devel-osx-x86_64-clang 0.1-4 33.24 OK
r-devel-windows-ix86+x86_64 0.1-4 10.00 25.00 35.00 OK
r-patched-linux-x86_64 0.1-4 1.88 13.09 14.97 NOTE
r-patched-solaris-sparc 0.1-4 176.60 OK
r-patched-solaris-x86 0.1-4 41.50 OK
r-release-linux-ix86 0.1-4 2.59 18.86 21.45 OK
r-release-linux-x86_64 0.1-4 1.84 12.39 14.22 NOTE
r-release-osx-x86_64-mavericks 0.1-4 OK
r-release-windows-ix86+x86_64 0.1-4 12.00 25.00 37.00 OK
r-oldrel-windows-ix86+x86_64 0.1-4 10.00 27.00 37.00 OK

Check Details

Version: 0.1-4
Check: top-level files
Result: NOTE
    Non-standard file/directory found at top level:
     ‘CONTENTS’
Flavors: r-devel-linux-x86_64-debian-clang, r-devel-linux-x86_64-debian-gcc, r-devel-linux-x86_64-fedora-clang, r-devel-linux-x86_64-fedora-gcc, r-patched-linux-x86_64, r-release-linux-x86_64