CRAN Package Check Results for Package MLEcens

Last updated on 2014-09-19 19:48:13.

Flavor Version Tinstall Tcheck Ttotal Status Flags
r-devel-linux-x86_64-debian-clang 0.1-4 1.67 12.10 13.77 NOTE
r-devel-linux-x86_64-debian-gcc 0.1-4 1.83 12.39 14.22 NOTE
r-devel-linux-x86_64-fedora-clang 0.1-4 27.26 NOTE
r-devel-linux-x86_64-fedora-gcc 0.1-4 25.55 NOTE
r-devel-osx-x86_64-clang 0.1-4 30.22 OK
r-devel-windows-ix86+x86_64 0.1-4 10.00 23.00 33.00 OK
r-patched-linux-x86_64 0.1-4 1.84 12.29 14.13 NOTE
r-patched-solaris-sparc 0.1-4 176.60 OK
r-patched-solaris-x86 0.1-4 38.70 OK
r-release-linux-ix86 0.1-4 2.57 19.04 21.61 OK
r-release-linux-x86_64 0.1-4 1.89 12.56 14.45 NOTE
r-release-osx-x86_64-mavericks 0.1-4 OK
r-release-windows-ix86+x86_64 0.1-4 12.00 25.00 37.00 OK
r-oldrel-windows-ix86+x86_64 0.1-4 10.00 27.00 37.00 OK

Check Details

Version: 0.1-4
Check: top-level files
Result: NOTE
    Non-standard file/directory found at top level:
     ‘CONTENTS’
Flavors: r-devel-linux-x86_64-debian-clang, r-devel-linux-x86_64-debian-gcc, r-devel-linux-x86_64-fedora-clang, r-devel-linux-x86_64-fedora-gcc, r-patched-linux-x86_64, r-release-linux-x86_64