CRAN Package Check Results for Package MLEcens

Last updated on 2014-07-24 01:47:57.

Flavor Version Tinstall Tcheck Ttotal Status Flags
r-devel-linux-x86_64-debian-clang 0.1-4 1.57 12.12 13.69 OK
r-devel-linux-x86_64-debian-gcc 0.1-4 1.85 12.20 14.05 OK
r-devel-linux-x86_64-fedora-clang 0.1-4 28.07 NOTE
r-devel-linux-x86_64-fedora-gcc 0.1-4 26.30 NOTE
r-devel-osx-x86_64-clang 0.1-4 28.82 OK
r-devel-windows-ix86+x86_64 0.1-4 10.00 24.00 34.00 OK
r-patched-linux-x86_64 0.1-4 1.81 11.88 13.69 OK
r-patched-solaris-sparc 0.1-4 159.60 OK
r-patched-solaris-x86 0.1-4 37.90 OK
r-release-linux-ix86 0.1-4 2.57 18.71 21.28 OK
r-release-linux-x86_64 0.1-4 1.85 12.26 14.11 OK
r-release-osx-x86_64-mavericks 0.1-4 OK
r-release-windows-ix86+x86_64 0.1-4 12.00 25.00 37.00 OK
r-oldrel-windows-ix86+x86_64 0.1-4 10.00 27.00 37.00 OK

Check Details

Version: 0.1-4
Check: top-level files
Result: NOTE
    Non-standard file/directory found at top level:
     ‘CONTENTS’
Flavors: r-devel-linux-x86_64-fedora-clang, r-devel-linux-x86_64-fedora-gcc