CRAN Package Check Results for Package MLEcens

Last updated on 2014-04-25 05:47:19.

Flavor Version Tinstall Tcheck Ttotal Status Flags
r-devel-linux-x86_64-debian-clang 0.1-4 1.56 13.09 14.66 OK
r-devel-linux-x86_64-debian-gcc 0.1-4 1.94 12.74 14.68 OK
r-devel-linux-x86_64-fedora-clang 0.1-4 27.33 NOTE
r-devel-linux-x86_64-fedora-gcc 0.1-4 26.35 NOTE
r-devel-osx-x86_64-clang 0.1-4 28.87 OK
r-devel-osx-x86_64-gcc 0.1-4 OK
r-devel-windows-ix86+x86_64 0.1-4 10.00 25.00 35.00 OK
r-patched-linux-x86_64 0.1-4 1.94 12.64 14.58 OK
r-patched-solaris-sparc 0.1-4 159.60 OK
r-patched-solaris-x86 0.1-4 38.70 OK
r-release-linux-ix86 0.1-4 4.00 26.00 30.00 OK
r-release-linux-x86_64 0.1-4 1.93 12.61 14.54 OK
r-release-osx-x86_64-mavericks 0.1-4 OK
r-release-windows-ix86+x86_64 0.1-4 23.00 34.00 57.00 OK
r-oldrel-windows-ix86+x86_64 0.1-4 10.00 27.00 37.00 OK

Check Details

Version: 0.1-4
Check: top-level files
Result: NOTE
    Non-standard file/directory found at top level:
     ‘CONTENTS’
Flavors: r-devel-linux-x86_64-fedora-clang, r-devel-linux-x86_64-fedora-gcc