CRAN Package Check Results for Package MLEcens

Last updated on 2015-04-28 08:50:25.

Flavor Version Tinstall Tcheck Ttotal Status Flags
r-devel-linux-x86_64-debian-clang 0.1-4 1.70 12.33 14.03 NOTE
r-devel-linux-x86_64-debian-gcc 0.1-4 1.83 12.26 14.09 NOTE
r-devel-linux-x86_64-fedora-clang 0.1-4 27.38 NOTE
r-devel-linux-x86_64-fedora-gcc 0.1-4 25.21 NOTE
r-devel-osx-x86_64-clang 0.1-4 31.03 OK
r-devel-windows-ix86+x86_64 0.1-4 12.00 25.00 37.00 OK
r-patched-linux-x86_64 0.1-4 1.83 12.40 14.24 NOTE
r-patched-solaris-sparc 0.1-4 175.90 OK
r-patched-solaris-x86 0.1-4 39.20 OK
r-release-linux-x86_64 0.1-4 1.89 12.44 14.34 NOTE
r-release-osx-x86_64-mavericks 0.1-4 OK
r-release-osx-x86_64-snowleopard 0.1-4 OK
r-release-windows-ix86+x86_64 0.1-4 8.00 28.00 36.00 OK
r-oldrel-windows-ix86+x86_64 0.1-4 17.00 29.00 46.00 OK

Check Details

Version: 0.1-4
Check: top-level files
Result: NOTE
    Non-standard file/directory found at top level:
     ‘CONTENTS’
Flavors: r-devel-linux-x86_64-debian-clang, r-devel-linux-x86_64-debian-gcc, r-devel-linux-x86_64-fedora-clang, r-devel-linux-x86_64-fedora-gcc, r-release-linux-x86_64