CRAN Package Check Results for Package MLEcens

Last updated on 2015-01-25 16:49:15.

Flavor Version Tinstall Tcheck Ttotal Status Flags
r-devel-linux-x86_64-debian-clang 0.1-4 1.70 13.42 15.13 NOTE
r-devel-linux-x86_64-debian-gcc 0.1-4 1.87 12.83 14.70 NOTE
r-devel-linux-x86_64-fedora-clang 0.1-4 30.59 NOTE
r-devel-linux-x86_64-fedora-gcc 0.1-4 29.88 NOTE
r-devel-osx-x86_64-clang 0.1-4 32.96 OK
r-devel-windows-ix86+x86_64 0.1-4 11.00 25.00 36.00 OK
r-patched-linux-x86_64 0.1-4 1.99 13.40 15.40 NOTE
r-patched-solaris-sparc 0.1-4 180.60 OK
r-patched-solaris-x86 0.1-4 42.20 OK
r-release-linux-ix86 0.1-4 2.53 19.23 21.76 OK
r-release-linux-x86_64 0.1-4 1.88 13.46 15.33 NOTE
r-release-osx-x86_64-mavericks 0.1-4 OK
r-release-windows-ix86+x86_64 0.1-4 11.00 27.00 38.00 OK
r-oldrel-windows-ix86+x86_64 0.1-4 10.00 27.00 37.00 OK

Check Details

Version: 0.1-4
Check: top-level files
Result: NOTE
    Non-standard file/directory found at top level:
     ‘CONTENTS’
Flavors: r-devel-linux-x86_64-debian-clang, r-devel-linux-x86_64-debian-gcc, r-devel-linux-x86_64-fedora-clang, r-devel-linux-x86_64-fedora-gcc, r-patched-linux-x86_64, r-release-linux-x86_64