CRAN Package Check Results for Package MLEcens

Last updated on 2014-12-21 03:48:19.

Flavor Version Tinstall Tcheck Ttotal Status Flags
r-devel-linux-x86_64-debian-clang 0.1-4 1.86 13.25 15.11 NOTE
r-devel-linux-x86_64-debian-gcc 0.1-4 1.87 13.02 14.89 NOTE
r-devel-linux-x86_64-fedora-clang 0.1-4 30.13 NOTE
r-devel-linux-x86_64-fedora-gcc 0.1-4 28.11 NOTE
r-devel-osx-x86_64-clang 0.1-4 32.23 OK
r-devel-windows-ix86+x86_64 0.1-4 17.00 33.00 50.00 OK
r-patched-linux-x86_64 0.1-4 1.88 13.20 15.08 NOTE
r-patched-solaris-sparc 0.1-4 176.60 OK
r-patched-solaris-x86 0.1-4 42.10 OK
r-release-linux-ix86 0.1-4 2.50 19.16 21.66 OK
r-release-linux-x86_64 0.1-4 1.91 13.40 15.31 NOTE
r-release-osx-x86_64-mavericks 0.1-4 OK
r-release-windows-ix86+x86_64 0.1-4 11.00 27.00 38.00 OK
r-oldrel-windows-ix86+x86_64 0.1-4 10.00 27.00 37.00 OK

Check Details

Version: 0.1-4
Check: top-level files
Result: NOTE
    Non-standard file/directory found at top level:
     ‘CONTENTS’
Flavors: r-devel-linux-x86_64-debian-clang, r-devel-linux-x86_64-debian-gcc, r-devel-linux-x86_64-fedora-clang, r-devel-linux-x86_64-fedora-gcc, r-patched-linux-x86_64, r-release-linux-x86_64