CRAN Package Check Results for Package MLID

Last updated on 2022-10-02 16:51:50 CEST.

Flavor Version Tinstall Tcheck Ttotal Status Flags
r-devel-linux-x86_64-debian-clang 1.0.1 7.49 114.27 121.76 OK
r-devel-linux-x86_64-debian-gcc 1.0.1 7.07 86.83 93.90 OK
r-devel-linux-x86_64-fedora-clang 1.0.1 153.23 NOTE
r-devel-linux-x86_64-fedora-gcc 1.0.1 151.16 NOTE
r-devel-windows-x86_64 1.0.1 19.00 147.00 166.00 OK
r-patched-linux-x86_64 1.0.1 7.31 111.23 118.54 OK
r-release-linux-x86_64 1.0.1 6.74 106.82 113.56 OK
r-release-macos-arm64 1.0.1 52.00 NOTE
r-release-macos-x86_64 1.0.1 83.00 NOTE
r-release-windows-x86_64 1.0.1 22.00 145.00 167.00 OK
r-oldrel-macos-arm64 1.0.1 73.00 NOTE
r-oldrel-macos-x86_64 1.0.1 66.00 NOTE
r-oldrel-windows-ix86+x86_64 1.0.1 17.00 145.00 162.00 OK

Check Details

Version: 1.0.1
Check: dependencies in R code
Result: NOTE
    Namespace in Imports field not imported from: ‘nlme’
     All declared Imports should be used.
Flavors: r-devel-linux-x86_64-fedora-clang, r-devel-linux-x86_64-fedora-gcc, r-release-macos-arm64, r-release-macos-x86_64, r-oldrel-macos-arm64, r-oldrel-macos-x86_64