CRAN Package Check Results for Package MLML2R

Last updated on 2020-09-27 12:48:41 CEST.

Flavor Version Tinstall Tcheck Ttotal Status Flags
r-devel-linux-x86_64-debian-clang 0.3.3 2.49 27.62 30.11 OK
r-devel-linux-x86_64-debian-gcc 0.3.3 1.76 21.14 22.90 OK
r-devel-linux-x86_64-fedora-clang 0.3.3 42.78 OK
r-devel-linux-x86_64-fedora-gcc 0.3.3 36.37 OK
r-devel-windows-ix86+x86_64 0.3.3 6.00 49.00 55.00 OK
r-patched-linux-x86_64 0.3.3 2.37 26.10 28.47 OK
r-patched-solaris-x86 0.3.3 49.40 NOTE
r-release-linux-x86_64 0.3.3 2.09 26.98 29.07 OK
r-release-macos-x86_64 0.3.3 OK
r-release-windows-ix86+x86_64 0.3.3 5.00 62.00 67.00 OK
r-oldrel-macos-x86_64 0.3.3 NOTE
r-oldrel-windows-ix86+x86_64 0.3.3 13.00 40.00 53.00 OK

Check Details

Version: 0.3.3
Check: package dependencies
Result: NOTE
    Packages suggested but not available for checking:
     'minfi', 'IlluminaHumanMethylation450kmanifest'
Flavor: r-patched-solaris-x86

Version: 0.3.3
Check: package dependencies
Result: NOTE
    Package suggested but not available for checking: ‘IlluminaHumanMethylation450kmanifest’
Flavor: r-oldrel-macos-x86_64