CRAN Package Check Results for Package MMDai

Last updated on 2019-05-25 17:48:15 CEST.

Flavor Version Tinstall Tcheck Ttotal Status Flags
r-devel-linux-x86_64-debian-clang 1.4.0 3.47 34.73 38.20 OK
r-devel-linux-x86_64-debian-gcc 1.4.0 3.49 28.13 31.62 OK
r-devel-linux-x86_64-fedora-clang 1.4.0 46.78 OK
r-devel-linux-x86_64-fedora-gcc 1.4.0 43.66 OK
r-devel-windows-ix86+x86_64 1.4.0 11.00 75.00 86.00 OK
r-patched-linux-x86_64 1.4.0 OK
r-patched-solaris-x86 1.4.0 80.50 OK
r-release-linux-x86_64 1.4.0 3.77 35.26 39.03 OK
r-release-windows-ix86+x86_64 1.4.0 21.00 118.00 139.00 OK
r-release-osx-x86_64 1.4.0 WARN
r-oldrel-windows-ix86+x86_64 1.4.0 10.00 55.00 65.00 OK
r-oldrel-osx-x86_64 1.4.0 OK

Check Details

Version: 1.4.0
Check: whether package can be installed
Result: WARN
    Found the following significant warnings:
     Warning: 'rgl_init' failed, running with rgl.useNULL = TRUE
Flavor: r-release-osx-x86_64