CRAN Package Check Results for Package MMDai

Last updated on 2019-08-21 22:48:43 CEST.

Flavor Version Tinstall Tcheck Ttotal Status Flags
r-devel-linux-x86_64-debian-clang 1.4.0 4.15 35.32 39.47 OK
r-devel-linux-x86_64-debian-gcc 1.4.0 OK
r-devel-linux-x86_64-fedora-clang 1.4.0 46.87 OK
r-devel-linux-x86_64-fedora-gcc 1.4.0 45.89 OK
r-devel-windows-ix86+x86_64 1.4.0 20.00 69.00 89.00 OK
r-patched-linux-x86_64 1.4.0 3.72 34.46 38.18 OK
r-patched-solaris-x86 1.4.0 72.10 OK
r-release-linux-x86_64 1.4.0 3.42 34.83 38.25 OK
r-release-windows-ix86+x86_64 1.4.0 9.00 52.00 61.00 OK
r-release-osx-x86_64 1.4.0 WARN
r-oldrel-windows-ix86+x86_64 1.4.0 8.00 73.00 81.00 OK
r-oldrel-osx-x86_64 1.4.0 OK

Check Details

Version: 1.4.0
Check: whether package can be installed
Result: WARN
    Found the following significant warnings:
     Warning: 'rgl_init' failed, running with rgl.useNULL = TRUE
Flavor: r-release-osx-x86_64