CRAN Package Check Results for Package MMMS

Last updated on 2016-04-29 03:53:23.

Flavor Version Tinstall Tcheck Ttotal Status Flags
r-devel-linux-x86_64-debian-gcc 0.1 2.60 34.84 37.43 NOTE
r-devel-linux-x86_64-fedora-clang 0.1 71.41 NOTE
r-devel-linux-x86_64-fedora-gcc 0.1 68.81 NOTE
r-devel-osx-x86_64-clang 0.1 77.11 NOTE
r-devel-windows-ix86+x86_64 0.1 7.00 63.00 70.00 NOTE
r-patched-linux-x86_64 0.1 2.49 34.27 36.76 NOTE
r-patched-solaris-sparc 0.1 515.10 NOTE
r-patched-solaris-x86 0.1 97.90 NOTE
r-release-linux-x86_64 0.1 2.94 37.28 40.22 OK
r-release-osx-x86_64-mavericks 0.1 OK
r-release-windows-ix86+x86_64 0.1 6.00 67.00 73.00 OK
r-oldrel-windows-ix86+x86_64 0.1 14.00 77.00 91.00 OK

Check Details

Version: 0.1
Check: R code for possible problems
Result: NOTE
    get.score: no visible global function definition for ‘sd’
    get.score: no visible global function definition for ‘coef’
    get.score: no visible global function definition for ‘as’
    get.score.main: no visible global function definition for ‘sd’
    get.score.main: no visible global function definition for ‘coef’
    get.subgroup: no visible global function definition for ‘sd’
    sample.tte: no visible global function definition for ‘runif’
    Undefined global functions or variables:
     as coef runif sd
    Consider adding
     importFrom("methods", "as")
     importFrom("stats", "coef", "runif", "sd")
    to your NAMESPACE file (and ensure that your DESCRIPTION Imports field
    contains 'methods').
Flavors: r-devel-linux-x86_64-debian-gcc, r-devel-linux-x86_64-fedora-clang, r-devel-linux-x86_64-fedora-gcc, r-devel-osx-x86_64-clang, r-devel-windows-ix86+x86_64, r-patched-linux-x86_64, r-patched-solaris-sparc, r-patched-solaris-x86