CRAN Package Check Results for Package MMMS

Last updated on 2019-05-22 18:51:49 CEST.

Flavor Version Tinstall Tcheck Ttotal Status Flags
r-devel-linux-x86_64-debian-clang 0.1 5.54 61.54 67.08 NOTE
r-devel-linux-x86_64-debian-gcc 0.1 5.42 49.60 55.02 NOTE
r-devel-linux-x86_64-fedora-clang 0.1 81.66 NOTE
r-devel-linux-x86_64-fedora-gcc 0.1 79.62 NOTE
r-devel-windows-ix86+x86_64 0.1 11.00 106.00 117.00 NOTE
r-patched-linux-x86_64 0.1 6.94 60.94 67.88 NOTE
r-patched-solaris-x86 0.1 135.50 NOTE
r-release-linux-x86_64 0.1 7.04 61.09 68.13 NOTE
r-release-windows-ix86+x86_64 0.1 17.00 99.00 116.00 NOTE
r-release-osx-x86_64 0.1 NOTE
r-oldrel-windows-ix86+x86_64 0.1 6.00 66.00 72.00 NOTE
r-oldrel-osx-x86_64 0.1 NOTE

Check Details

Version: 0.1
Check: R code for possible problems
Result: NOTE
    get.score: no visible global function definition for 'sd'
    get.score: no visible global function definition for 'coef'
    get.score: no visible global function definition for 'as'
    get.score.main: no visible global function definition for 'sd'
    get.score.main: no visible global function definition for 'coef'
    get.subgroup: no visible global function definition for 'sd'
    sample.tte: no visible global function definition for 'runif'
    Undefined global functions or variables:
     as coef runif sd
    Consider adding
     importFrom("methods", "as")
     importFrom("stats", "coef", "runif", "sd")
    to your NAMESPACE file (and ensure that your DESCRIPTION Imports field
    contains 'methods').
Flavors: r-devel-linux-x86_64-debian-clang, r-devel-linux-x86_64-debian-gcc, r-devel-linux-x86_64-fedora-clang, r-devel-linux-x86_64-fedora-gcc, r-devel-windows-ix86+x86_64, r-patched-linux-x86_64, r-patched-solaris-x86, r-release-linux-x86_64, r-release-windows-ix86+x86_64, r-release-osx-x86_64, r-oldrel-windows-ix86+x86_64, r-oldrel-osx-x86_64