CRAN Package Check Results for Package MMMS

Last updated on 2016-05-28 03:50:12.

Flavor Version Tinstall Tcheck Ttotal Status Flags
r-devel-linux-x86_64-debian-gcc 0.1 2.65 35.02 37.67 NOTE
r-devel-linux-x86_64-fedora-clang 0.1 71.53 NOTE
r-devel-linux-x86_64-fedora-gcc 0.1 76.52 NOTE
r-devel-osx-x86_64-clang 0.1 76.42 NOTE
r-devel-windows-ix86+x86_64 0.1 7.00 66.00 73.00 NOTE
r-patched-linux-x86_64 0.1 2.66 34.65 37.31 NOTE
r-patched-solaris-sparc 0.1 460.40 NOTE
r-patched-solaris-x86 0.1 98.60 NOTE
r-release-linux-x86_64 0.1 2.54 34.42 36.95 NOTE
r-release-osx-x86_64-mavericks 0.1 NOTE
r-release-windows-ix86+x86_64 0.1 10.00 70.00 80.00 NOTE

Check Details

Version: 0.1
Check: R code for possible problems
Result: NOTE
    get.score: no visible global function definition for ‘sd’
    get.score: no visible global function definition for ‘coef’
    get.score: no visible global function definition for ‘as’
    get.score.main: no visible global function definition for ‘sd’
    get.score.main: no visible global function definition for ‘coef’
    get.subgroup: no visible global function definition for ‘sd’
    sample.tte: no visible global function definition for ‘runif’
    Undefined global functions or variables:
     as coef runif sd
    Consider adding
     importFrom("methods", "as")
     importFrom("stats", "coef", "runif", "sd")
    to your NAMESPACE file (and ensure that your DESCRIPTION Imports field
    contains 'methods').
Flavors: r-devel-linux-x86_64-debian-gcc, r-devel-linux-x86_64-fedora-clang, r-devel-linux-x86_64-fedora-gcc, r-devel-osx-x86_64-clang, r-devel-windows-ix86+x86_64, r-patched-linux-x86_64, r-patched-solaris-sparc, r-patched-solaris-x86, r-release-linux-x86_64, r-release-osx-x86_64-mavericks, r-release-windows-ix86+x86_64