CRAN Package Check Results for Package MMMS

Last updated on 2016-02-12 21:47:37.

Flavor Version Tinstall Tcheck Ttotal Status Flags
r-devel-linux-x86_64-debian-gcc 0.1 2.53 33.39 35.92 NOTE
r-devel-linux-x86_64-fedora-clang 0.1 73.05 NOTE
r-devel-linux-x86_64-fedora-gcc 0.1 70.21 NOTE
r-devel-osx-x86_64-clang 0.1 75.88 NOTE
r-devel-windows-ix86+x86_64 0.1 9.00 56.00 65.00 NOTE
r-patched-linux-x86_64 0.1 2.69 37.26 39.95 OK
r-patched-solaris-sparc 0.1 485.10 OK
r-patched-solaris-x86 0.1 101.70 OK
r-release-linux-x86_64 0.1 3.27 36.52 39.79 OK
r-release-osx-x86_64-mavericks 0.1 OK
r-release-windows-ix86+x86_64 0.1 9.00 57.00 66.00 OK
r-oldrel-windows-ix86+x86_64 0.1 15.00 76.00 91.00 OK

Check Details

Version: 0.1
Check: R code for possible problems
Result: NOTE
    get.score: no visible global function definition for ‘sd’
    get.score: no visible global function definition for ‘coef’
    get.score: no visible global function definition for ‘as’
    get.score.main: no visible global function definition for ‘sd’
    get.score.main: no visible global function definition for ‘coef’
    get.subgroup: no visible global function definition for ‘sd’
    sample.tte: no visible global function definition for ‘runif’
    Undefined global functions or variables:
     as coef runif sd
    Consider adding
     importFrom("methods", "as")
     importFrom("stats", "coef", "runif", "sd")
    to your NAMESPACE file (and ensure that your DESCRIPTION Imports field
    contains 'methods').
Flavors: r-devel-linux-x86_64-debian-gcc, r-devel-linux-x86_64-fedora-clang, r-devel-linux-x86_64-fedora-gcc, r-devel-osx-x86_64-clang, r-devel-windows-ix86+x86_64