CRAN Package Check Results for Package MMMS

Last updated on 2017-01-19 03:52:59.

Flavor Version Tinstall Tcheck Ttotal Status Flags
r-devel-linux-x86_64-debian-clang 0.1 2.29 36.46 38.75 NOTE
r-devel-linux-x86_64-debian-gcc 0.1 2.64 36.78 39.43 NOTE
r-devel-linux-x86_64-fedora-clang 0.1 82.18 NOTE --no-stop-on-test-error
r-devel-linux-x86_64-fedora-gcc 0.1 87.40 NOTE --no-stop-on-test-error
r-devel-macos-x86_64-clang 0.1 62.14 NOTE --no-stop-on-test-error
r-devel-windows-ix86+x86_64 0.1 10.00 63.00 73.00 NOTE
r-patched-linux-x86_64 0.1 2.32 33.43 35.75 NOTE
r-patched-solaris-sparc 0.1 462.30 NOTE
r-patched-solaris-x86 0.1 104.10 NOTE
r-release-linux-x86_64 0.1 2.15 33.26 35.41 NOTE
r-release-osx-x86_64-mavericks 0.1 NOTE
r-release-windows-ix86+x86_64 0.1 6.00 76.00 82.00 NOTE
r-oldrel-windows-ix86+x86_64 0.1 7.00 80.00 87.00 OK

Check Details

Version: 0.1
Check: R code for possible problems
Result: NOTE
    get.score: no visible global function definition for ‘sd’
    get.score: no visible global function definition for ‘coef’
    get.score: no visible global function definition for ‘as’
    get.score.main: no visible global function definition for ‘sd’
    get.score.main: no visible global function definition for ‘coef’
    get.subgroup: no visible global function definition for ‘sd’
    sample.tte: no visible global function definition for ‘runif’
    Undefined global functions or variables:
     as coef runif sd
    Consider adding
     importFrom("methods", "as")
     importFrom("stats", "coef", "runif", "sd")
    to your NAMESPACE file (and ensure that your DESCRIPTION Imports field
    contains 'methods').
Flavors: r-devel-linux-x86_64-debian-clang, r-devel-linux-x86_64-debian-gcc, r-devel-windows-ix86+x86_64, r-patched-linux-x86_64, r-patched-solaris-sparc, r-patched-solaris-x86, r-release-linux-x86_64, r-release-osx-x86_64-mavericks, r-release-windows-ix86+x86_64

Version: 0.1
Flags: --no-stop-on-test-error
Check: R code for possible problems
Result: NOTE
    get.score: no visible global function definition for ‘sd’
    get.score: no visible global function definition for ‘coef’
    get.score: no visible global function definition for ‘as’
    get.score.main: no visible global function definition for ‘sd’
    get.score.main: no visible global function definition for ‘coef’
    get.subgroup: no visible global function definition for ‘sd’
    sample.tte: no visible global function definition for ‘runif’
    Undefined global functions or variables:
     as coef runif sd
    Consider adding
     importFrom("methods", "as")
     importFrom("stats", "coef", "runif", "sd")
    to your NAMESPACE file (and ensure that your DESCRIPTION Imports field
    contains 'methods').
Flavors: r-devel-linux-x86_64-fedora-clang, r-devel-linux-x86_64-fedora-gcc, r-devel-macos-x86_64-clang