CRAN Package Check Results for Package MMMS

Last updated on 2017-02-26 05:48:44.

Flavor Version Tinstall Tcheck Ttotal Status Flags
r-devel-linux-x86_64-debian-clang 0.1 2.35 37.76 40.11 NOTE
r-devel-linux-x86_64-debian-gcc 0.1 2.50 38.06 40.56 NOTE
r-devel-linux-x86_64-fedora-clang 0.1 85.53 NOTE --no-stop-on-test-error
r-devel-linux-x86_64-fedora-gcc 0.1 88.87 NOTE --no-stop-on-test-error
r-devel-macos-x86_64-clang 0.1 64.97 NOTE --no-stop-on-test-error
r-devel-windows-ix86+x86_64 0.1 9.00 87.00 96.00 NOTE
r-patched-linux-x86_64 0.1 2.28 32.84 35.12 NOTE
r-patched-solaris-sparc 0.1 462.30 NOTE
r-patched-solaris-x86 0.1 105.00 NOTE
r-release-linux-x86_64 0.1 2.26 32.55 34.81 NOTE
r-release-osx-x86_64-mavericks 0.1 NOTE
r-release-windows-ix86+x86_64 0.1 8.00 78.00 86.00 NOTE
r-oldrel-windows-ix86+x86_64 0.1 10.00 59.00 69.00 OK

Check Details

Version: 0.1
Check: R code for possible problems
Result: NOTE
    get.score: no visible global function definition for ‘sd’
    get.score: no visible global function definition for ‘coef’
    get.score: no visible global function definition for ‘as’
    get.score.main: no visible global function definition for ‘sd’
    get.score.main: no visible global function definition for ‘coef’
    get.subgroup: no visible global function definition for ‘sd’
    sample.tte: no visible global function definition for ‘runif’
    Undefined global functions or variables:
     as coef runif sd
    Consider adding
     importFrom("methods", "as")
     importFrom("stats", "coef", "runif", "sd")
    to your NAMESPACE file (and ensure that your DESCRIPTION Imports field
    contains 'methods').
Flavors: r-devel-linux-x86_64-debian-clang, r-devel-linux-x86_64-debian-gcc, r-devel-windows-ix86+x86_64, r-patched-linux-x86_64, r-patched-solaris-sparc, r-patched-solaris-x86, r-release-linux-x86_64, r-release-osx-x86_64-mavericks, r-release-windows-ix86+x86_64

Version: 0.1
Flags: --no-stop-on-test-error
Check: R code for possible problems
Result: NOTE
    get.score: no visible global function definition for ‘sd’
    get.score: no visible global function definition for ‘coef’
    get.score: no visible global function definition for ‘as’
    get.score.main: no visible global function definition for ‘sd’
    get.score.main: no visible global function definition for ‘coef’
    get.subgroup: no visible global function definition for ‘sd’
    sample.tte: no visible global function definition for ‘runif’
    Undefined global functions or variables:
     as coef runif sd
    Consider adding
     importFrom("methods", "as")
     importFrom("stats", "coef", "runif", "sd")
    to your NAMESPACE file (and ensure that your DESCRIPTION Imports field
    contains 'methods').
Flavors: r-devel-linux-x86_64-fedora-clang, r-devel-linux-x86_64-fedora-gcc, r-devel-macos-x86_64-clang