CRAN Package Check Results for Package MMMS

Last updated on 2016-12-03 11:47:37.

Flavor Version Tinstall Tcheck Ttotal Status Flags
r-devel-linux-x86_64-debian-clang 0.1 2.48 37.07 39.55 NOTE
r-devel-linux-x86_64-debian-gcc 0.1 2.57 35.83 38.39 NOTE
r-devel-linux-x86_64-fedora-clang 0.1 84.78 NOTE
r-devel-linux-x86_64-fedora-gcc 0.1 82.76 NOTE
r-devel-macos-x86_64-clang 0.1 63.72 NOTE
r-devel-windows-ix86+x86_64 0.1 6.00 86.00 92.00 NOTE
r-patched-linux-x86_64 0.1 2.23 34.53 36.76 NOTE
r-patched-solaris-sparc 0.1 462.20 NOTE
r-patched-solaris-x86 0.1 101.80 NOTE
r-release-linux-x86_64 0.1 2.28 33.39 35.67 NOTE
r-release-osx-x86_64-mavericks 0.1 NOTE
r-release-windows-ix86+x86_64 0.1 8.00 75.00 83.00 NOTE
r-oldrel-windows-ix86+x86_64 0.1 9.00 54.00 63.00 OK

Check Details

Version: 0.1
Check: R code for possible problems
Result: NOTE
    get.score: no visible global function definition for ‘sd’
    get.score: no visible global function definition for ‘coef’
    get.score: no visible global function definition for ‘as’
    get.score.main: no visible global function definition for ‘sd’
    get.score.main: no visible global function definition for ‘coef’
    get.subgroup: no visible global function definition for ‘sd’
    sample.tte: no visible global function definition for ‘runif’
    Undefined global functions or variables:
     as coef runif sd
    Consider adding
     importFrom("methods", "as")
     importFrom("stats", "coef", "runif", "sd")
    to your NAMESPACE file (and ensure that your DESCRIPTION Imports field
    contains 'methods').
Flavors: r-devel-linux-x86_64-debian-clang, r-devel-linux-x86_64-debian-gcc, r-devel-linux-x86_64-fedora-clang, r-devel-linux-x86_64-fedora-gcc, r-devel-macos-x86_64-clang, r-devel-windows-ix86+x86_64, r-patched-linux-x86_64, r-patched-solaris-sparc, r-patched-solaris-x86, r-release-linux-x86_64, r-release-osx-x86_64-mavericks, r-release-windows-ix86+x86_64