CRAN Package Check Results for Package MMMS

Last updated on 2018-01-19 05:50:01 CET.

Flavor Version Tinstall Tcheck Ttotal Status Flags
r-devel-linux-x86_64-debian-clang 0.1 3.03 50.26 53.29 NOTE
r-devel-linux-x86_64-debian-gcc 0.1 2.46 41.94 44.40 NOTE
r-devel-linux-x86_64-fedora-clang 0.1 74.99 NOTE
r-devel-linux-x86_64-fedora-gcc 0.1 71.36 NOTE
r-devel-windows-ix86+x86_64 0.1 9.00 90.00 99.00 NOTE
r-patched-linux-x86_64 0.1 3.46 58.81 62.27 NOTE
r-patched-solaris-x86 0.1 133.00 NOTE
r-release-linux-x86_64 0.1 3.93 58.68 62.61 NOTE
r-release-windows-ix86+x86_64 0.1 6.00 69.00 75.00 NOTE
r-release-osx-x86_64 0.1 NOTE
r-oldrel-windows-ix86+x86_64 0.1 9.00 84.00 93.00 NOTE
r-oldrel-osx-x86_64 0.1 NOTE

Check Details

Version: 0.1
Check: R code for possible problems
Result: NOTE
    get.score: no visible global function definition for ‘sd’
    get.score: no visible global function definition for ‘coef’
    get.score: no visible global function definition for ‘as’
    get.score.main: no visible global function definition for ‘sd’
    get.score.main: no visible global function definition for ‘coef’
    get.subgroup: no visible global function definition for ‘sd’
    sample.tte: no visible global function definition for ‘runif’
    Undefined global functions or variables:
     as coef runif sd
    Consider adding
     importFrom("methods", "as")
     importFrom("stats", "coef", "runif", "sd")
    to your NAMESPACE file (and ensure that your DESCRIPTION Imports field
    contains 'methods').
Flavors: r-devel-linux-x86_64-debian-clang, r-devel-linux-x86_64-debian-gcc, r-devel-linux-x86_64-fedora-clang, r-devel-linux-x86_64-fedora-gcc, r-devel-windows-ix86+x86_64, r-patched-linux-x86_64, r-patched-solaris-x86, r-release-linux-x86_64, r-release-windows-ix86+x86_64, r-release-osx-x86_64, r-oldrel-windows-ix86+x86_64, r-oldrel-osx-x86_64