CRAN Package Check Results for Package MMMS

Last updated on 2017-06-26 20:48:24.

Flavor Version Tinstall Tcheck Ttotal Status Flags
r-devel-linux-x86_64-debian-clang 0.1 2.51 39.41 41.91 NOTE
r-devel-linux-x86_64-debian-gcc 0.1 2.42 38.05 40.47 NOTE
r-devel-linux-x86_64-fedora-clang 0.1 88.35 NOTE
r-devel-linux-x86_64-fedora-gcc 0.1 86.17 NOTE
r-devel-windows-ix86+x86_64 0.1 11.00 91.00 102.00 NOTE
r-patched-linux-x86_64 0.1 2.72 37.29 40.01 NOTE
r-patched-solaris-sparc 0.1 518.20 NOTE
r-patched-solaris-x86 0.1 116.70 NOTE
r-release-linux-x86_64 0.1 2.34 37.61 39.95 NOTE
r-release-windows-ix86+x86_64 0.1 7.00 90.00 97.00 NOTE
r-release-osx-x86_64 0.1 NOTE
r-oldrel-windows-ix86+x86_64 0.1 8.00 81.00 89.00 NOTE
r-oldrel-osx-x86_64 0.1 NOTE

Check Details

Version: 0.1
Check: R code for possible problems
Result: NOTE
    get.score: no visible global function definition for ‘sd’
    get.score: no visible global function definition for ‘coef’
    get.score: no visible global function definition for ‘as’
    get.score.main: no visible global function definition for ‘sd’
    get.score.main: no visible global function definition for ‘coef’
    get.subgroup: no visible global function definition for ‘sd’
    sample.tte: no visible global function definition for ‘runif’
    Undefined global functions or variables:
     as coef runif sd
    Consider adding
     importFrom("methods", "as")
     importFrom("stats", "coef", "runif", "sd")
    to your NAMESPACE file (and ensure that your DESCRIPTION Imports field
    contains 'methods').
Flavors: r-devel-linux-x86_64-debian-clang, r-devel-linux-x86_64-debian-gcc, r-devel-linux-x86_64-fedora-clang, r-devel-linux-x86_64-fedora-gcc, r-devel-windows-ix86+x86_64, r-patched-linux-x86_64, r-patched-solaris-sparc, r-patched-solaris-x86, r-release-linux-x86_64, r-release-windows-ix86+x86_64, r-release-osx-x86_64, r-oldrel-windows-ix86+x86_64, r-oldrel-osx-x86_64