CRAN Package Check Results for Package MMMS

Last updated on 2015-08-30 23:47:48.

Flavor Version Tinstall Tcheck Ttotal Status Flags
r-devel-linux-x86_64-debian-clang 0.1 2.48 35.48 37.96 NOTE
r-devel-linux-x86_64-debian-gcc 0.1 2.67 34.25 36.92 NOTE
r-devel-linux-x86_64-fedora-clang 0.1 76.31 NOTE
r-devel-linux-x86_64-fedora-gcc 0.1 73.20 NOTE
r-devel-osx-x86_64-clang 0.1 63.07 OK
r-devel-windows-ix86+x86_64 0.1 12.00 61.00 73.00 NOTE
r-patched-linux-x86_64 0.1 2.66 35.78 38.44 OK
r-patched-solaris-sparc 0.1 519.30 OK
r-patched-solaris-x86 0.1 112.60 OK
r-release-linux-x86_64 0.1 2.64 35.62 38.26 OK
r-release-osx-x86_64-mavericks 0.1 OK
r-release-windows-ix86+x86_64 0.1 10.00 66.00 76.00 OK
r-oldrel-windows-ix86+x86_64 0.1 14.00 78.00 92.00 OK

Check Details

Version: 0.1
Check: R code for possible problems
Result: NOTE
    get.score: no visible global function definition for ‘sd’
    get.score: no visible global function definition for ‘coef’
    get.score: no visible global function definition for ‘as’
    get.score.main: no visible global function definition for ‘sd’
    get.score.main: no visible global function definition for ‘coef’
    get.subgroup: no visible global function definition for ‘sd’
    sample.tte: no visible global function definition for ‘runif’
    Undefined global functions or variables:
     as coef runif sd
    Consider adding
     importFrom("methods", "as")
     importFrom("stats", "coef", "runif", "sd")
    to your NAMESPACE (and ensure that your DESCRIPTION Imports field
    contains 'methods').
Flavors: r-devel-linux-x86_64-debian-clang, r-devel-linux-x86_64-debian-gcc, r-devel-linux-x86_64-fedora-clang, r-devel-linux-x86_64-fedora-gcc, r-devel-windows-ix86+x86_64