CRAN Package Check Results for Package MMMS

Last updated on 2017-10-23 14:48:48.

Flavor Version Tinstall Tcheck Ttotal Status Flags
r-devel-linux-x86_64-debian-clang 0.1 2.33 36.57 38.90 NOTE
r-devel-linux-x86_64-debian-gcc 0.1 2.57 37.69 40.26 NOTE
r-devel-linux-x86_64-fedora-clang 0.1 87.73 NOTE
r-devel-linux-x86_64-fedora-gcc 0.1 86.86 NOTE
r-devel-windows-ix86+x86_64 0.1 9.00 65.00 74.00 NOTE
r-patched-linux-x86_64 0.1 2.60 36.83 39.43 NOTE
r-patched-solaris-x86 0.1 124.90 NOTE
r-release-linux-x86_64 0.1 2.38 37.12 39.50 NOTE
r-release-windows-ix86+x86_64 0.1 9.00 93.00 102.00 NOTE
r-release-osx-x86_64 0.1 NOTE
r-oldrel-windows-ix86+x86_64 0.1 7.00 58.00 65.00 NOTE
r-oldrel-osx-x86_64 0.1 NOTE

Check Details

Version: 0.1
Check: R code for possible problems
Result: NOTE
    get.score: no visible global function definition for ‘sd’
    get.score: no visible global function definition for ‘coef’
    get.score: no visible global function definition for ‘as’
    get.score.main: no visible global function definition for ‘sd’
    get.score.main: no visible global function definition for ‘coef’
    get.subgroup: no visible global function definition for ‘sd’
    sample.tte: no visible global function definition for ‘runif’
    Undefined global functions or variables:
     as coef runif sd
    Consider adding
     importFrom("methods", "as")
     importFrom("stats", "coef", "runif", "sd")
    to your NAMESPACE file (and ensure that your DESCRIPTION Imports field
    contains 'methods').
Flavors: r-devel-linux-x86_64-debian-clang, r-devel-linux-x86_64-debian-gcc, r-devel-linux-x86_64-fedora-clang, r-devel-linux-x86_64-fedora-gcc, r-devel-windows-ix86+x86_64, r-patched-linux-x86_64, r-patched-solaris-x86, r-release-linux-x86_64, r-release-windows-ix86+x86_64, r-release-osx-x86_64, r-oldrel-windows-ix86+x86_64, r-oldrel-osx-x86_64