CRAN Package Check Results for Package MMMS

Last updated on 2015-07-06 08:48:13.

Flavor Version Tinstall Tcheck Ttotal Status Flags
r-devel-linux-x86_64-debian-clang 0.1 2.72 35.69 38.41 NOTE
r-devel-linux-x86_64-debian-gcc 0.1 3.31 34.99 38.30 NOTE
r-devel-linux-x86_64-fedora-clang 0.1 78.81 NOTE
r-devel-linux-x86_64-fedora-gcc 0.1 75.00 NOTE
r-devel-osx-x86_64-clang 0.1 68.00 OK
r-devel-windows-ix86+x86_64 0.1 10.00 56.00 66.00 NOTE
r-patched-linux-x86_64 0.1 2.56 35.59 38.16 OK
r-patched-solaris-sparc 0.1 508.20 OK
r-patched-solaris-x86 0.1 111.10 OK
r-release-linux-x86_64 0.1 3.57 35.89 39.46 OK
r-release-osx-x86_64-mavericks 0.1 OK
r-release-windows-ix86+x86_64 0.1 10.00 59.00 69.00 OK
r-oldrel-windows-ix86+x86_64 0.1 11.00 79.00 90.00 OK

Check Details

Version: 0.1
Check: R code for possible problems
Result: NOTE
    get.score: no visible global function definition for ‘sd’
    get.score: no visible global function definition for ‘coef’
    get.score: no visible global function definition for ‘as’
    get.score.main: no visible global function definition for ‘sd’
    get.score.main: no visible global function definition for ‘coef’
    get.subgroup: no visible global function definition for ‘sd’
    sample.tte: no visible global function definition for ‘runif’
    Undefined global functions or variables:
     as coef runif sd
Flavors: r-devel-linux-x86_64-debian-clang, r-devel-linux-x86_64-debian-gcc, r-devel-linux-x86_64-fedora-clang, r-devel-linux-x86_64-fedora-gcc, r-devel-windows-ix86+x86_64