CRAN Package Check Results for Package MMMS

Last updated on 2016-08-27 05:48:48.

Flavor Version Tinstall Tcheck Ttotal Status Flags
r-devel-linux-x86_64-debian-clang 0.1 2.58 37.27 39.85 NOTE
r-devel-linux-x86_64-debian-gcc 0.1 3.93 45.71 49.64 NOTE
r-devel-linux-x86_64-fedora-clang 0.1 75.32 NOTE
r-devel-linux-x86_64-fedora-gcc 0.1 76.29 NOTE
r-devel-osx-x86_64-clang 0.1 58.69 NOTE
r-devel-windows-ix86+x86_64 0.1 9.00 62.00 71.00 NOTE
r-patched-linux-x86_64 0.1 2.56 35.40 37.96 NOTE
r-patched-solaris-sparc 0.1 462.20 NOTE
r-patched-solaris-x86 0.1 97.20 NOTE
r-release-linux-x86_64 0.1 2.82 36.16 38.97 NOTE
r-release-osx-x86_64-mavericks 0.1 NOTE
r-release-windows-ix86+x86_64 0.1 10.00 67.00 77.00 NOTE
r-oldrel-windows-ix86+x86_64 0.1 8.00 68.00 76.00 OK

Check Details

Version: 0.1
Check: R code for possible problems
Result: NOTE
    get.score: no visible global function definition for ‘sd’
    get.score: no visible global function definition for ‘coef’
    get.score: no visible global function definition for ‘as’
    get.score.main: no visible global function definition for ‘sd’
    get.score.main: no visible global function definition for ‘coef’
    get.subgroup: no visible global function definition for ‘sd’
    sample.tte: no visible global function definition for ‘runif’
    Undefined global functions or variables:
     as coef runif sd
    Consider adding
     importFrom("methods", "as")
     importFrom("stats", "coef", "runif", "sd")
    to your NAMESPACE file (and ensure that your DESCRIPTION Imports field
    contains 'methods').
Flavors: r-devel-linux-x86_64-debian-clang, r-devel-linux-x86_64-debian-gcc, r-devel-linux-x86_64-fedora-clang, r-devel-linux-x86_64-fedora-gcc, r-devel-osx-x86_64-clang, r-devel-windows-ix86+x86_64, r-patched-linux-x86_64, r-patched-solaris-sparc, r-patched-solaris-x86, r-release-linux-x86_64, r-release-osx-x86_64-mavericks, r-release-windows-ix86+x86_64