CRAN Package Check Results for Package MMRcaseselection

Last updated on 2022-11-26 23:58:20 CET.

Flavor Version Tinstall Tcheck Ttotal Status Flags
r-devel-linux-x86_64-debian-clang 0.1.0 5.70 71.05 76.75 NOTE
r-devel-linux-x86_64-debian-gcc 0.1.0 4.36 51.94 56.30 NOTE
r-devel-linux-x86_64-fedora-clang 0.1.0 100.49 NOTE
r-devel-linux-x86_64-fedora-gcc 0.1.0 105.29 NOTE
r-devel-windows-x86_64 0.1.0 9.00 159.00 168.00 NOTE
r-patched-linux-x86_64 0.1.0 NOTE
r-release-linux-x86_64 0.1.0 3.83 61.61 65.44 NOTE
r-release-macos-arm64 0.1.0 29.00 NOTE
r-release-macos-x86_64 0.1.0 55.00 NOTE
r-release-windows-x86_64 0.1.0 46.00 97.00 143.00 NOTE
r-oldrel-macos-arm64 0.1.0 35.00 NOTE
r-oldrel-macos-x86_64 0.1.0 56.00 NOTE
r-oldrel-windows-ix86+x86_64 0.1.0 18.00 90.00 108.00 NOTE

Check Details

Version: 0.1.0
Check: LazyData
Result: NOTE
     'LazyData' is specified without a 'data' directory
Flavors: r-devel-linux-x86_64-debian-clang, r-devel-linux-x86_64-debian-gcc, r-devel-linux-x86_64-fedora-clang, r-devel-linux-x86_64-fedora-gcc, r-devel-windows-x86_64, r-patched-linux-x86_64, r-release-linux-x86_64, r-release-macos-arm64, r-release-macos-x86_64, r-release-windows-x86_64, r-oldrel-macos-arm64, r-oldrel-macos-x86_64, r-oldrel-windows-ix86+x86_64