CRAN Package Check Results for Package MMS

Last updated on 2015-05-26 04:47:02.

Flavor Version Tinstall Tcheck Ttotal Status Flags
r-devel-linux-x86_64-debian-clang 3.00 2.60 38.17 40.77 NOTE
r-devel-linux-x86_64-debian-gcc 3.00 2.64 38.10 40.73 NOTE
r-devel-linux-x86_64-fedora-clang 3.00 84.09 NOTE
r-devel-linux-x86_64-fedora-gcc 3.00 79.36 NOTE
r-devel-osx-x86_64-clang 3.00 71.72 NOTE
r-devel-windows-ix86+x86_64 3.00 8.00 51.00 59.00 NOTE
r-patched-linux-x86_64 3.00 3.49 37.72 41.21 NOTE
r-patched-solaris-sparc 3.00 502.60 NOTE
r-patched-solaris-x86 3.00 111.50 NOTE
r-release-linux-x86_64 3.00 2.72 37.56 40.28 NOTE
r-release-osx-x86_64-mavericks 3.00 NOTE
r-release-osx-x86_64-snowleopard 3.00 OK
r-release-windows-ix86+x86_64 3.00 7.00 55.00 62.00 NOTE
r-oldrel-windows-ix86+x86_64 3.00 9.00 62.00 71.00 OK

Check Details

Version: 3.00
Check: DESCRIPTION meta-information
Result: NOTE
    Malformed Description field: should contain one or more complete sentences.
Flavors: r-devel-linux-x86_64-debian-clang, r-devel-linux-x86_64-debian-gcc, r-devel-linux-x86_64-fedora-clang, r-devel-linux-x86_64-fedora-gcc, r-devel-osx-x86_64-clang, r-devel-windows-ix86+x86_64, r-patched-linux-x86_64, r-patched-solaris-sparc, r-patched-solaris-x86, r-release-linux-x86_64, r-release-osx-x86_64-mavericks, r-release-windows-ix86+x86_64