CRAN Package Check Results for Package MMS

Last updated on 2015-02-27 05:48:07.

Flavor Version Tinstall Tcheck Ttotal Status Flags
r-devel-linux-x86_64-debian-clang 3.00 2.66 38.28 40.93 NOTE
r-devel-linux-x86_64-debian-gcc 3.00 2.50 36.30 38.80 NOTE
r-devel-linux-x86_64-fedora-clang 3.00 81.10 NOTE
r-devel-linux-x86_64-fedora-gcc 3.00 75.36 NOTE
r-devel-osx-x86_64-clang 3.00 74.56 NOTE
r-devel-windows-ix86+x86_64 3.00 10.00 54.00 64.00 NOTE
r-patched-linux-x86_64 3.00 3.42 44.75 48.17 OK
r-patched-solaris-sparc 3.00 610.60 OK
r-patched-solaris-x86 3.00 142.10 OK
r-release-linux-ix86 3.00 5.57 53.43 59.00 OK
r-release-linux-x86_64 3.00 4.72 45.82 50.54 OK
r-release-osx-x86_64-mavericks 3.00 OK
r-release-osx-x86_64-snowleopard 3.00 OK
r-release-windows-ix86+x86_64 3.00 11.00 65.00 76.00 OK
r-oldrel-windows-ix86+x86_64 3.00 9.00 70.00 79.00 OK

Check Details

Version: 3.00
Check: DESCRIPTION meta-information
Result: NOTE
    Malformed Description field: should contain one or more complete sentences.
Flavors: r-devel-linux-x86_64-debian-clang, r-devel-linux-x86_64-debian-gcc, r-devel-linux-x86_64-fedora-clang, r-devel-linux-x86_64-fedora-gcc, r-devel-osx-x86_64-clang, r-devel-windows-ix86+x86_64