CRAN Package Check Results for Package MMS

Last updated on 2016-04-29 19:49:53.

Flavor Version Tinstall Tcheck Ttotal Status Flags
r-devel-linux-x86_64-debian-gcc 3.00 2.68 36.35 39.03 NOTE
r-devel-linux-x86_64-fedora-clang 3.00 75.26 NOTE
r-devel-linux-x86_64-fedora-gcc 3.00 72.56 NOTE
r-devel-osx-x86_64-clang 3.00 81.88 NOTE
r-devel-windows-ix86+x86_64 3.00 7.00 68.00 75.00 NOTE
r-patched-linux-x86_64 3.00 2.48 36.09 38.58 NOTE
r-patched-solaris-sparc 3.00 507.10 NOTE
r-patched-solaris-x86 3.00 97.30 NOTE
r-release-linux-x86_64 3.00 3.11 38.63 41.74 NOTE
r-release-osx-x86_64-mavericks 3.00 NOTE
r-release-windows-ix86+x86_64 3.00 7.00 68.00 75.00 NOTE
r-oldrel-windows-ix86+x86_64 3.00 14.00 76.00 90.00 OK

Check Details

Version: 3.00
Check: DESCRIPTION meta-information
Result: NOTE
    Malformed Description field: should contain one or more complete sentences.
Flavors: r-devel-linux-x86_64-debian-gcc, r-devel-linux-x86_64-fedora-clang, r-devel-linux-x86_64-fedora-gcc, r-devel-osx-x86_64-clang, r-devel-windows-ix86+x86_64, r-patched-linux-x86_64, r-patched-solaris-sparc, r-patched-solaris-x86, r-release-linux-x86_64, r-release-osx-x86_64-mavericks, r-release-windows-ix86+x86_64

Version: 3.00
Check: R code for possible problems
Result: NOTE
    .onAttach: no visible global function definition for
     ‘packageDescription’
    MM2: no visible global function definition for ‘lm’
    lassop_diag: no visible global function definition for ‘var’
    lassop_nodiag: no visible global function definition for ‘var’
    lmme_diag: no visible global function definition for ‘lm’
    lmme_diag: no visible global function definition for ‘var’
    lmme_nodiag: no visible global function definition for ‘lm’
    mhtp_diag: no visible global function definition for ‘runif’
    mhtp_diag: no visible global function definition for ‘lm’
    mhtp_diag: no visible global function definition for ‘var’
    mhtp_nodiag: no visible global function definition for ‘runif’
    mhtp_nodiag: no visible global function definition for ‘lm’
    mhtp_nodiag: no visible global function definition for ‘var’
    refit.mhtp_diag: no visible global function definition for ‘runif’
    refit.mhtp_diag: no visible global function definition for ‘lm’
    refit.mhtp_diag: no visible global function definition for ‘var’
    refit.mhtp_nodiag: no visible global function definition for ‘runif’
    refit.mhtp_nodiag: no visible global function definition for ‘lm’
    refit.mhtp_nodiag: no visible global function definition for ‘var’
    Undefined global functions or variables:
     lm packageDescription runif var
    Consider adding
     importFrom("stats", "lm", "runif", "var")
     importFrom("utils", "packageDescription")
    to your NAMESPACE file.
Flavors: r-devel-linux-x86_64-debian-gcc, r-devel-linux-x86_64-fedora-clang, r-devel-linux-x86_64-fedora-gcc, r-devel-osx-x86_64-clang, r-devel-windows-ix86+x86_64, r-patched-linux-x86_64, r-patched-solaris-sparc, r-patched-solaris-x86