CRAN Package Check Results for Package MMS

Last updated on 2017-02-21 20:49:15.

Flavor Version Tinstall Tcheck Ttotal Status Flags
r-devel-linux-x86_64-debian-clang 3.00 2.32 36.36 38.68 NOTE
r-devel-linux-x86_64-debian-gcc 3.00 2.42 38.07 40.49 NOTE
r-devel-linux-x86_64-fedora-clang 3.00 85.66 NOTE --no-stop-on-test-error
r-devel-linux-x86_64-fedora-gcc 3.00 108.89 NOTE --no-stop-on-test-error
r-devel-macos-x86_64-clang 3.00 65.99 NOTE --no-stop-on-test-error
r-devel-windows-ix86+x86_64 3.00 10.00 96.00 106.00 NOTE
r-patched-linux-x86_64 3.00 2.31 34.66 36.97 NOTE
r-patched-solaris-sparc 3.00 451.80 NOTE
r-patched-solaris-x86 3.00 106.40 NOTE
r-release-linux-x86_64 3.00 2.27 34.82 37.09 NOTE
r-release-osx-x86_64-mavericks 3.00 NOTE
r-release-windows-ix86+x86_64 3.00 9.00 90.00 99.00 NOTE
r-oldrel-windows-ix86+x86_64 3.00 11.00 83.00 94.00 NOTE

Check Details

Version: 3.00
Check: DESCRIPTION meta-information
Result: NOTE
    Malformed Description field: should contain one or more complete sentences.
Flavors: r-devel-linux-x86_64-debian-clang, r-devel-linux-x86_64-debian-gcc, r-devel-windows-ix86+x86_64, r-patched-linux-x86_64, r-patched-solaris-sparc, r-patched-solaris-x86, r-release-linux-x86_64, r-release-osx-x86_64-mavericks, r-release-windows-ix86+x86_64, r-oldrel-windows-ix86+x86_64

Version: 3.00
Check: R code for possible problems
Result: NOTE
    .onAttach: no visible global function definition for
     ‘packageDescription’
    MM2: no visible global function definition for ‘lm’
    lassop_diag: no visible global function definition for ‘var’
    lassop_nodiag: no visible global function definition for ‘var’
    lmme_diag: no visible global function definition for ‘lm’
    lmme_diag: no visible global function definition for ‘var’
    lmme_nodiag: no visible global function definition for ‘lm’
    mhtp_diag: no visible global function definition for ‘runif’
    mhtp_diag: no visible global function definition for ‘lm’
    mhtp_diag: no visible global function definition for ‘var’
    mhtp_nodiag: no visible global function definition for ‘runif’
    mhtp_nodiag: no visible global function definition for ‘lm’
    mhtp_nodiag: no visible global function definition for ‘var’
    refit.mhtp_diag: no visible global function definition for ‘runif’
    refit.mhtp_diag: no visible global function definition for ‘lm’
    refit.mhtp_diag: no visible global function definition for ‘var’
    refit.mhtp_nodiag: no visible global function definition for ‘runif’
    refit.mhtp_nodiag: no visible global function definition for ‘lm’
    refit.mhtp_nodiag: no visible global function definition for ‘var’
    Undefined global functions or variables:
     lm packageDescription runif var
    Consider adding
     importFrom("stats", "lm", "runif", "var")
     importFrom("utils", "packageDescription")
    to your NAMESPACE file.
Flavors: r-devel-linux-x86_64-debian-clang, r-devel-linux-x86_64-debian-gcc, r-devel-windows-ix86+x86_64, r-patched-linux-x86_64, r-patched-solaris-sparc, r-patched-solaris-x86, r-release-linux-x86_64, r-release-osx-x86_64-mavericks, r-release-windows-ix86+x86_64

Version: 3.00
Flags: --no-stop-on-test-error
Check: DESCRIPTION meta-information
Result: NOTE
    Malformed Description field: should contain one or more complete sentences.
Flavors: r-devel-linux-x86_64-fedora-clang, r-devel-linux-x86_64-fedora-gcc, r-devel-macos-x86_64-clang

Version: 3.00
Flags: --no-stop-on-test-error
Check: R code for possible problems
Result: NOTE
    .onAttach: no visible global function definition for
     ‘packageDescription’
    MM2: no visible global function definition for ‘lm’
    lassop_diag: no visible global function definition for ‘var’
    lassop_nodiag: no visible global function definition for ‘var’
    lmme_diag: no visible global function definition for ‘lm’
    lmme_diag: no visible global function definition for ‘var’
    lmme_nodiag: no visible global function definition for ‘lm’
    mhtp_diag: no visible global function definition for ‘runif’
    mhtp_diag: no visible global function definition for ‘lm’
    mhtp_diag: no visible global function definition for ‘var’
    mhtp_nodiag: no visible global function definition for ‘runif’
    mhtp_nodiag: no visible global function definition for ‘lm’
    mhtp_nodiag: no visible global function definition for ‘var’
    refit.mhtp_diag: no visible global function definition for ‘runif’
    refit.mhtp_diag: no visible global function definition for ‘lm’
    refit.mhtp_diag: no visible global function definition for ‘var’
    refit.mhtp_nodiag: no visible global function definition for ‘runif’
    refit.mhtp_nodiag: no visible global function definition for ‘lm’
    refit.mhtp_nodiag: no visible global function definition for ‘var’
    Undefined global functions or variables:
     lm packageDescription runif var
    Consider adding
     importFrom("stats", "lm", "runif", "var")
     importFrom("utils", "packageDescription")
    to your NAMESPACE file.
Flavors: r-devel-linux-x86_64-fedora-clang, r-devel-linux-x86_64-fedora-gcc, r-devel-macos-x86_64-clang