CRAN Package Check Results for Package MMS

Last updated on 2015-03-28 16:47:15.

Flavor Version Tinstall Tcheck Ttotal Status Flags
r-devel-linux-x86_64-debian-clang 3.00 2.68 37.32 39.99 NOTE
r-devel-linux-x86_64-debian-gcc 3.00 2.71 37.14 39.85 NOTE
r-devel-linux-x86_64-fedora-clang 3.00 82.37 NOTE
r-devel-linux-x86_64-fedora-gcc 3.00 76.79 NOTE
r-devel-osx-x86_64-clang 3.00 75.93 NOTE
r-prerel-windows-ix86+x86_64 3.00 9.00 51.00 60.00 NOTE
r-prerel-linux-x86_64 3.00 2.56 38.18 40.73 NOTE
r-prerel-solaris-sparc 3.00 474.20 NOTE
r-prerel-solaris-x86 3.00 105.80 NOTE
r-release-linux-x86_64 3.00 3.42 45.11 48.53 OK
r-release-osx-x86_64-mavericks 3.00 OK
r-release-osx-x86_64-snowleopard 3.00 OK
r-release-windows-ix86+x86_64 3.00 8.00 68.00 76.00 OK
r-oldrel-windows-ix86+x86_64 3.00 9.00 83.00 92.00 OK

Check Details

Version: 3.00
Check: DESCRIPTION meta-information
Result: NOTE
    Malformed Description field: should contain one or more complete sentences.
Flavors: r-devel-linux-x86_64-debian-clang, r-devel-linux-x86_64-debian-gcc, r-devel-linux-x86_64-fedora-clang, r-devel-linux-x86_64-fedora-gcc, r-devel-osx-x86_64-clang, r-prerel-windows-ix86+x86_64, r-prerel-linux-x86_64, r-prerel-solaris-sparc, r-prerel-solaris-x86