CRAN Package Check Results for Package MMS

Last updated on 2015-09-01 12:48:20.

Flavor Version Tinstall Tcheck Ttotal Status Flags
r-devel-linux-x86_64-debian-clang 3.00 2.57 35.97 38.54 NOTE
r-devel-linux-x86_64-debian-gcc 3.00 2.45 35.32 37.77 NOTE
r-devel-linux-x86_64-fedora-clang 3.00 78.13 NOTE
r-devel-linux-x86_64-fedora-gcc 3.00 74.45 NOTE
r-devel-osx-x86_64-clang 3.00 65.15 NOTE
r-devel-windows-ix86+x86_64 3.00 11.00 63.00 74.00 NOTE
r-patched-linux-x86_64 3.00 2.74 37.51 40.25 NOTE
r-patched-solaris-sparc 3.00 504.40 NOTE
r-patched-solaris-x86 3.00 112.40 NOTE
r-release-linux-x86_64 3.00 2.78 37.13 39.91 NOTE
r-release-osx-x86_64-mavericks 3.00 NOTE
r-release-windows-ix86+x86_64 3.00 10.00 63.00 73.00 NOTE
r-oldrel-windows-ix86+x86_64 3.00 14.00 82.00 96.00 OK

Check Details

Version: 3.00
Check: DESCRIPTION meta-information
Result: NOTE
    Malformed Description field: should contain one or more complete sentences.
Flavors: r-devel-linux-x86_64-debian-clang, r-devel-linux-x86_64-debian-gcc, r-devel-linux-x86_64-fedora-clang, r-devel-linux-x86_64-fedora-gcc, r-devel-osx-x86_64-clang, r-devel-windows-ix86+x86_64, r-patched-linux-x86_64, r-patched-solaris-sparc, r-patched-solaris-x86, r-release-linux-x86_64, r-release-osx-x86_64-mavericks, r-release-windows-ix86+x86_64

Version: 3.00
Check: R code for possible problems
Result: NOTE
    .onAttach: no visible global function definition for
     ‘packageDescription’
    MM2: no visible global function definition for ‘lm’
    lassop_diag: no visible global function definition for ‘var’
    lassop_nodiag: no visible global function definition for ‘var’
    lmme_diag: no visible global function definition for ‘lm’
    lmme_diag: no visible global function definition for ‘var’
    lmme_nodiag: no visible global function definition for ‘lm’
    mhtp_diag: no visible global function definition for ‘runif’
    mhtp_diag: no visible global function definition for ‘lm’
    mhtp_diag: no visible global function definition for ‘var’
    mhtp_nodiag: no visible global function definition for ‘runif’
    mhtp_nodiag: no visible global function definition for ‘lm’
    mhtp_nodiag: no visible global function definition for ‘var’
    refit.mhtp_diag: no visible global function definition for ‘runif’
    refit.mhtp_diag: no visible global function definition for ‘lm’
    refit.mhtp_diag: no visible global function definition for ‘var’
    refit.mhtp_nodiag: no visible global function definition for ‘runif’
    refit.mhtp_nodiag: no visible global function definition for ‘lm’
    refit.mhtp_nodiag: no visible global function definition for ‘var’
    Undefined global functions or variables:
     lm packageDescription runif var
    Consider adding
     importFrom("stats", "lm", "runif", "var")
     importFrom("utils", "packageDescription")
    to your NAMESPACE.
Flavors: r-devel-linux-x86_64-debian-clang, r-devel-linux-x86_64-debian-gcc, r-devel-linux-x86_64-fedora-clang, r-devel-linux-x86_64-fedora-gcc, r-devel-windows-ix86+x86_64