CRAN Package Check Results for Package MMS

Last updated on 2016-09-26 17:48:22.

Flavor Version Tinstall Tcheck Ttotal Status Flags
r-devel-linux-x86_64-debian-clang 3.00 2.20 32.82 35.03 NOTE
r-devel-linux-x86_64-debian-gcc 3.00 2.25 32.61 34.86 NOTE
r-devel-linux-x86_64-fedora-clang 3.00 76.73 NOTE
r-devel-linux-x86_64-fedora-gcc 3.00 71.51 NOTE
r-devel-macos-x86_64-clang 3.00 57.63 NOTE
r-devel-windows-ix86+x86_64 3.00 9.00 79.00 88.00 NOTE
r-patched-linux-x86_64 3.00 2.13 32.96 35.09 NOTE
r-patched-solaris-sparc 3.00 452.50 NOTE
r-patched-solaris-x86 3.00 95.40 NOTE
r-release-linux-x86_64 3.00 2.16 33.90 36.05 NOTE
r-release-osx-x86_64-mavericks 3.00 NOTE
r-release-windows-ix86+x86_64 3.00 8.00 82.00 90.00 NOTE
r-oldrel-windows-ix86+x86_64 3.00 9.00 77.00 86.00 NOTE

Check Details

Version: 3.00
Check: DESCRIPTION meta-information
Result: NOTE
    Malformed Description field: should contain one or more complete sentences.
Flavors: r-devel-linux-x86_64-debian-clang, r-devel-linux-x86_64-debian-gcc, r-devel-linux-x86_64-fedora-clang, r-devel-linux-x86_64-fedora-gcc, r-devel-macos-x86_64-clang, r-devel-windows-ix86+x86_64, r-patched-linux-x86_64, r-patched-solaris-sparc, r-patched-solaris-x86, r-release-linux-x86_64, r-release-osx-x86_64-mavericks, r-release-windows-ix86+x86_64, r-oldrel-windows-ix86+x86_64

Version: 3.00
Check: R code for possible problems
Result: NOTE
    .onAttach: no visible global function definition for
     ‘packageDescription’
    MM2: no visible global function definition for ‘lm’
    lassop_diag: no visible global function definition for ‘var’
    lassop_nodiag: no visible global function definition for ‘var’
    lmme_diag: no visible global function definition for ‘lm’
    lmme_diag: no visible global function definition for ‘var’
    lmme_nodiag: no visible global function definition for ‘lm’
    mhtp_diag: no visible global function definition for ‘runif’
    mhtp_diag: no visible global function definition for ‘lm’
    mhtp_diag: no visible global function definition for ‘var’
    mhtp_nodiag: no visible global function definition for ‘runif’
    mhtp_nodiag: no visible global function definition for ‘lm’
    mhtp_nodiag: no visible global function definition for ‘var’
    refit.mhtp_diag: no visible global function definition for ‘runif’
    refit.mhtp_diag: no visible global function definition for ‘lm’
    refit.mhtp_diag: no visible global function definition for ‘var’
    refit.mhtp_nodiag: no visible global function definition for ‘runif’
    refit.mhtp_nodiag: no visible global function definition for ‘lm’
    refit.mhtp_nodiag: no visible global function definition for ‘var’
    Undefined global functions or variables:
     lm packageDescription runif var
    Consider adding
     importFrom("stats", "lm", "runif", "var")
     importFrom("utils", "packageDescription")
    to your NAMESPACE file.
Flavors: r-devel-linux-x86_64-debian-clang, r-devel-linux-x86_64-debian-gcc, r-devel-linux-x86_64-fedora-clang, r-devel-linux-x86_64-fedora-gcc, r-devel-macos-x86_64-clang, r-devel-windows-ix86+x86_64, r-patched-linux-x86_64, r-patched-solaris-sparc, r-patched-solaris-x86, r-release-linux-x86_64, r-release-osx-x86_64-mavericks, r-release-windows-ix86+x86_64