CRAN Package Check Results for Package MMS

Last updated on 2015-04-25 19:47:23.

Flavor Version Tinstall Tcheck Ttotal Status Flags
r-devel-linux-x86_64-debian-clang 3.00 2.73 38.14 40.87 NOTE
r-devel-linux-x86_64-debian-gcc 3.00 2.67 37.90 40.57 NOTE
r-devel-linux-x86_64-fedora-clang 3.00 84.71 NOTE
r-devel-linux-x86_64-fedora-gcc 3.00 79.63 NOTE
r-devel-osx-x86_64-clang 3.00 70.61 NOTE
r-devel-windows-ix86+x86_64 3.00 7.00 54.00 61.00 NOTE
r-patched-linux-x86_64 3.00 2.76 37.84 40.60 NOTE
r-patched-solaris-sparc 3.00 474.20 NOTE
r-patched-solaris-x86 3.00 107.70 NOTE
r-release-linux-x86_64 3.00 2.68 37.58 40.26 NOTE
r-release-osx-x86_64-mavericks 3.00 NOTE
r-release-osx-x86_64-snowleopard 3.00 OK
r-release-windows-ix86+x86_64 3.00 7.00 57.00 64.00 NOTE
r-oldrel-windows-ix86+x86_64 3.00 9.00 66.00 75.00 OK

Check Details

Version: 3.00
Check: DESCRIPTION meta-information
Result: NOTE
    Malformed Description field: should contain one or more complete sentences.
Flavors: r-devel-windows-ix86+x86_64, r-release-windows-ix86+x86_64