CRAN Package Check Results for Package MNM

Last updated on 2014-12-22 17:51:28.

Flavor Version Tinstall Tcheck Ttotal Status Flags
r-devel-linux-x86_64-debian-clang 1.0-0 1.48 37.03 38.51 NOTE
r-devel-linux-x86_64-debian-gcc 1.0-0 1.46 38.51 39.97 NOTE
r-devel-linux-x86_64-fedora-clang 1.0-0 83.49 NOTE
r-devel-linux-x86_64-fedora-gcc 1.0-0 77.96 NOTE
r-devel-osx-x86_64-clang 1.0-0 73.54 NOTE
r-devel-windows-ix86+x86_64 1.0-0 6.00 54.00 60.00 NOTE
r-patched-linux-x86_64 1.0-0 1.73 37.85 39.58 NOTE
r-patched-solaris-sparc 1.0-0 493.60 NOTE
r-patched-solaris-x86 1.0-0 97.20 NOTE
r-release-linux-ix86 1.0-0 1.91 46.85 48.76 NOTE
r-release-linux-x86_64 1.0-0 1.54 37.44 38.98 NOTE
r-release-osx-x86_64-mavericks 1.0-0 NOTE
r-release-osx-x86_64-snowleopard 1.0-0 ERROR
r-release-windows-ix86+x86_64 1.0-0 6.00 65.00 71.00 NOTE
r-oldrel-windows-ix86+x86_64 1.0-0 6.00 64.00 70.00 NOTE

Check Details

Version: 1.0-0
Check: package dependencies
Result: NOTE
    Depends: includes the non-default packages:
     ‘ellipse’ ‘ICS’ ‘ICSNP’ ‘SpatialNP’ ‘mvtnorm’ ‘survey’
    Adding so many packages to the search path is excessive and importing
    selectively is preferable.
Flavors: r-devel-linux-x86_64-debian-clang, r-devel-linux-x86_64-debian-gcc, r-devel-linux-x86_64-fedora-clang, r-devel-linux-x86_64-fedora-gcc, r-devel-osx-x86_64-clang, r-devel-windows-ix86+x86_64, r-patched-linux-x86_64, r-patched-solaris-sparc, r-patched-solaris-x86, r-release-linux-ix86, r-release-linux-x86_64, r-release-osx-x86_64-mavericks, r-release-osx-x86_64-snowleopard, r-release-windows-ix86+x86_64

Version: 1.0-0
Check: dependencies in R code
Result: NOTE
    Packages in Depends field not imported from:
     ‘ICS’ ‘mvtnorm’ ‘survey’
     These packages need to be imported from (in the NAMESPACE file)
     for when this namespace is loaded but not attached.
    Unexported objects imported by ':::' calls:
     ‘ICS:::frobenius.norm’ ‘SpatialNP:::Cpp’ ‘SpatialNP:::Q2internal’
     ‘SpatialNP:::gen.inv’ ‘SpatialNP:::mat.sqrt’ ‘SpatialNP:::norm’
     ‘SpatialNP:::pairsum’ ‘SpatialNP:::signranks’
     ‘stats:::biplot.default’
     See the note in ?`:::` about the use of this operator.
    There are ::: calls to the package's namespace in its code. A package
     almost never needs to use ::: for its own objects:
     ‘my.quad.from’
    See the information on DESCRIPTION files in the chapter ‘Creating R
    packages’ of the ‘Writing R Extensions’ manual.
Flavors: r-devel-linux-x86_64-debian-clang, r-devel-linux-x86_64-debian-gcc, r-devel-linux-x86_64-fedora-clang, r-devel-linux-x86_64-fedora-gcc, r-devel-osx-x86_64-clang, r-devel-windows-ix86+x86_64, r-patched-linux-x86_64, r-patched-solaris-sparc, r-patched-solaris-x86, r-release-linux-ix86, r-release-linux-x86_64, r-release-osx-x86_64-mavericks, r-release-windows-ix86+x86_64, r-oldrel-windows-ix86+x86_64

Version: 1.0-0
Check: R code for possible problems
Result: NOTE
    mauchly.test: no visible global function definition for ‘covOrigin’
    mv.shape.est: no visible global function definition for ‘covOrigin’
Flavors: r-devel-linux-x86_64-debian-clang, r-devel-linux-x86_64-debian-gcc, r-devel-linux-x86_64-fedora-clang, r-devel-linux-x86_64-fedora-gcc, r-devel-osx-x86_64-clang, r-devel-windows-ix86+x86_64, r-patched-linux-x86_64, r-patched-solaris-sparc, r-patched-solaris-x86, r-release-linux-ix86, r-release-linux-x86_64, r-release-windows-ix86+x86_64

Version: 1.0-0
Check: whether package can be installed
Result: ERROR
    Installation failed.
Flavor: r-release-osx-x86_64-snowleopard