CRAN Package Check Results for Package MNM

Last updated on 2015-08-31 12:47:49.

Flavor Version Tinstall Tcheck Ttotal Status Flags
r-devel-linux-x86_64-debian-clang 1.0-1 1.31 31.61 32.92 NOTE
r-devel-linux-x86_64-debian-gcc 1.0-1 1.18 29.05 30.22 NOTE
r-devel-linux-x86_64-fedora-clang 1.0-1 60.85 NOTE
r-devel-linux-x86_64-fedora-gcc 1.0-1 57.19 NOTE
r-devel-osx-x86_64-clang 1.0-1 54.89 NOTE
r-devel-windows-ix86+x86_64 1.0-1 8.00 53.00 61.00 NOTE
r-patched-linux-x86_64 1.0-1 1.27 30.29 31.56 NOTE
r-patched-solaris-sparc 1.0-1 420.20 NOTE
r-patched-solaris-x86 1.0-1 79.30 NOTE
r-release-linux-x86_64 1.0-1 1.24 31.08 32.32 NOTE
r-release-osx-x86_64-mavericks 1.0-1 NOTE
r-release-windows-ix86+x86_64 1.0-1 9.00 55.00 64.00 NOTE
r-oldrel-windows-ix86+x86_64 1.0-1 9.00 67.00 76.00 NOTE

Check Details

Version: 1.0-1
Check: dependencies in R code
Result: NOTE
    Unexported objects imported by ':::' calls:
     ‘SpatialNP:::Cpp’ ‘SpatialNP:::Q2internal’ ‘SpatialNP:::gen.inv’
     ‘SpatialNP:::norm’ ‘SpatialNP:::signranks’
     See the note in ?`:::` about the use of this operator.
Flavors: r-devel-linux-x86_64-debian-clang, r-devel-linux-x86_64-debian-gcc, r-devel-linux-x86_64-fedora-clang, r-devel-linux-x86_64-fedora-gcc, r-devel-osx-x86_64-clang, r-devel-windows-ix86+x86_64, r-patched-linux-x86_64, r-patched-solaris-sparc, r-patched-solaris-x86, r-release-linux-x86_64, r-release-osx-x86_64-mavericks, r-release-windows-ix86+x86_64, r-oldrel-windows-ix86+x86_64

Version: 1.0-1
Check: R code for possible problems
Result: NOTE
    plotMvloc: no visible global function definition for ‘grey’
    plotShape: no visible global function definition for ‘grey’
    Undefined global functions or variables:
     grey
    Consider adding
     importFrom("grDevices", "grey")
    to your NAMESPACE.
Flavors: r-devel-linux-x86_64-debian-clang, r-devel-linux-x86_64-debian-gcc, r-devel-linux-x86_64-fedora-clang, r-devel-linux-x86_64-fedora-gcc, r-devel-windows-ix86+x86_64