CRAN Package Check Results for Package MNM

Last updated on 2014-10-23 13:47:53.

Flavor Version Tinstall Tcheck Ttotal Status Flags
r-devel-linux-x86_64-debian-clang 1.0-0 1.47 36.58 38.05 NOTE
r-devel-linux-x86_64-debian-gcc 1.0-0 1.46 36.74 38.20 NOTE
r-devel-linux-x86_64-fedora-clang 1.0-0 81.20 NOTE
r-devel-linux-x86_64-fedora-gcc 1.0-0 74.14 NOTE
r-devel-osx-x86_64-clang 1.0-0 73.41 NOTE
r-devel-windows-ix86+x86_64 1.0-0 5.00 52.00 57.00 NOTE
r-patched-linux-x86_64 1.0-0 1.56 38.58 40.14 NOTE
r-patched-solaris-sparc 1.0-0 478.30 NOTE
r-patched-solaris-x86 1.0-0 96.70 NOTE
r-release-linux-ix86 1.0-0 2.06 49.88 51.94 NOTE
r-release-linux-x86_64 1.0-0 1.54 39.12 40.66 NOTE
r-release-osx-x86_64-mavericks 1.0-0 NOTE
r-release-osx-x86_64-snowleopard 1.0-0 ERROR
r-release-windows-ix86+x86_64 1.0-0 5.00 56.00 61.00 NOTE
r-oldrel-windows-ix86+x86_64 1.0-0 6.00 60.00 66.00 NOTE

Check Details

Version: 1.0-0
Check: package dependencies
Result: NOTE
    Depends: includes the non-default packages:
     ‘ellipse’ ‘ICS’ ‘ICSNP’ ‘SpatialNP’ ‘mvtnorm’ ‘survey’
    Adding so many packages to the search path is excessive and importing
    selectively is preferable.
Flavors: r-devel-linux-x86_64-debian-clang, r-devel-linux-x86_64-debian-gcc, r-devel-linux-x86_64-fedora-clang, r-devel-linux-x86_64-fedora-gcc, r-devel-osx-x86_64-clang, r-devel-windows-ix86+x86_64, r-patched-linux-x86_64, r-patched-solaris-sparc, r-patched-solaris-x86, r-release-linux-ix86, r-release-linux-x86_64, r-release-osx-x86_64-mavericks, r-release-osx-x86_64-snowleopard, r-release-windows-ix86+x86_64

Version: 1.0-0
Check: dependencies in R code
Result: NOTE
    Packages in Depends field not imported from:
     ‘ICS’ ‘mvtnorm’ ‘survey’
     These packages need to be imported from (in the NAMESPACE file)
     for when this namespace is loaded but not attached.
    Unexported objects imported by ':::' calls:
     ‘ICS:::frobenius.norm’ ‘SpatialNP:::Cpp’ ‘SpatialNP:::Q2internal’
     ‘SpatialNP:::gen.inv’ ‘SpatialNP:::mat.sqrt’ ‘SpatialNP:::norm’
     ‘SpatialNP:::pairsum’ ‘SpatialNP:::signranks’
     ‘stats:::biplot.default’
     See the note in ?`:::` about the use of this operator.
    There are ::: calls to the package's namespace in its code. A package
     almost never needs to use ::: for its own objects:
     ‘my.quad.from’
    See the information on DESCRIPTION files in the chapter ‘Creating R
    packages’ of the ‘Writing R Extensions’ manual.
Flavors: r-devel-linux-x86_64-debian-clang, r-devel-linux-x86_64-debian-gcc, r-devel-linux-x86_64-fedora-clang, r-devel-linux-x86_64-fedora-gcc, r-devel-osx-x86_64-clang, r-devel-windows-ix86+x86_64, r-patched-linux-x86_64, r-patched-solaris-sparc, r-patched-solaris-x86, r-release-linux-ix86, r-release-linux-x86_64, r-release-osx-x86_64-mavericks, r-release-windows-ix86+x86_64, r-oldrel-windows-ix86+x86_64

Version: 1.0-0
Check: R code for possible problems
Result: NOTE
    mauchly.test: no visible global function definition for ‘covOrigin’
    mv.shape.est: no visible global function definition for ‘covOrigin’
Flavors: r-devel-linux-x86_64-debian-clang, r-devel-linux-x86_64-debian-gcc, r-devel-linux-x86_64-fedora-clang, r-devel-linux-x86_64-fedora-gcc, r-devel-osx-x86_64-clang, r-devel-windows-ix86+x86_64, r-patched-linux-x86_64, r-patched-solaris-sparc, r-patched-solaris-x86

Version: 1.0-0
Check: whether package can be installed
Result: ERROR
    Installation failed.
Flavor: r-release-osx-x86_64-snowleopard