CRAN Package Check Results for Package MNM

Last updated on 2021-12-05 05:52:53 CET.

Flavor Version Tinstall Tcheck Ttotal Status Flags
r-devel-linux-x86_64-debian-clang 1.0-3 10.54 113.26 123.80 NOTE
r-devel-linux-x86_64-debian-gcc 1.0-3 9.51 85.69 95.20 NOTE
r-devel-linux-x86_64-fedora-clang 1.0-3 151.03 NOTE
r-devel-linux-x86_64-fedora-gcc 1.0-3 137.54 NOTE
r-devel-windows-x86_64-new-UL 1.0-3 25.00 136.00 161.00 NOTE
r-devel-windows-x86_64-new-TK 1.0-3 NOTE
r-devel-windows-x86_64-old 1.0-3 18.00 95.00 113.00 OK
r-patched-linux-x86_64 1.0-3 12.29 100.50 112.79 NOTE
r-release-linux-x86_64 1.0-3 10.24 110.25 120.49 NOTE
r-release-macos-arm64 1.0-3 NOTE
r-release-macos-x86_64 1.0-3 NOTE
r-release-windows-ix86+x86_64 1.0-3 25.00 129.00 154.00 OK
r-oldrel-macos-x86_64 1.0-3 OK
r-oldrel-windows-ix86+x86_64 1.0-3 25.00 128.00 153.00 OK

Check Details

Version: 1.0-3
Check: package dependencies
Result: NOTE
    Package suggested but not available for checking: 'Flury'
Flavors: r-devel-linux-x86_64-debian-clang, r-devel-linux-x86_64-debian-gcc, r-devel-linux-x86_64-fedora-clang, r-devel-linux-x86_64-fedora-gcc, r-devel-windows-x86_64-new-UL, r-devel-windows-x86_64-new-TK, r-patched-linux-x86_64, r-release-linux-x86_64, r-release-macos-arm64, r-release-macos-x86_64