CRAN Package Check Results for Package MNM

Last updated on 2014-04-24 15:50:42.

Flavor Version Tinstall Tcheck Ttotal Status Flags
r-devel-linux-x86_64-debian-clang 1.0-0 1.56 39.25 40.80 NOTE
r-devel-linux-x86_64-debian-gcc 1.0-0 1.58 38.88 40.45 NOTE
r-devel-linux-x86_64-fedora-clang 1.0-0 83.29 NOTE
r-devel-linux-x86_64-fedora-gcc 1.0-0 79.72 NOTE
r-devel-osx-x86_64-clang 1.0-0 72.35 NOTE
r-devel-osx-x86_64-gcc 1.0-0 ERROR
r-devel-windows-ix86+x86_64 1.0-0 5.00 55.00 60.00 NOTE
r-patched-linux-x86_64 1.0-0 1.54 39.95 41.49 NOTE
r-patched-solaris-sparc 1.0-0 471.10 NOTE
r-patched-solaris-x86 1.0-0 96.70 NOTE
r-release-linux-ix86 1.0-0 3.00 65.00 68.00 NOTE
r-release-linux-x86_64 1.0-0 1.59 40.15 41.74 NOTE
r-release-osx-x86_64-mavericks 1.0-0 WARN
r-release-osx-x86_64-snowleopard 1.0-0 ERROR
r-release-windows-ix86+x86_64 1.0-0 6.00 61.00 67.00 NOTE
r-oldrel-windows-ix86+x86_64 1.0-0 5.00 58.00 63.00 NOTE

Check Details

Version: 1.0-0
Check: package dependencies
Result: NOTE
    Depends: includes the non-default packages:
     ‘ellipse’ ‘ICS’ ‘ICSNP’ ‘SpatialNP’ ‘mvtnorm’ ‘survey’
    Adding so many packages to the search path is excessive and importing
    selectively is preferable.
Flavors: r-devel-linux-x86_64-debian-clang, r-devel-linux-x86_64-debian-gcc, r-devel-linux-x86_64-fedora-clang, r-devel-linux-x86_64-fedora-gcc, r-devel-osx-x86_64-clang, r-devel-windows-ix86+x86_64, r-patched-linux-x86_64, r-patched-solaris-sparc, r-patched-solaris-x86, r-release-linux-ix86, r-release-linux-x86_64, r-release-osx-x86_64-mavericks, r-release-osx-x86_64-snowleopard, r-release-windows-ix86+x86_64

Version: 1.0-0
Check: dependencies in R code
Result: NOTE
    Packages in Depends field not imported from:
     ‘ICS’ ‘mvtnorm’ ‘survey’
     These packages need to be imported from (in the NAMESPACE file)
     for when this namespace is loaded but not attached.
    Unexported objects imported by ':::' calls:
     ‘ICS:::frobenius.norm’ ‘SpatialNP:::Cpp’ ‘SpatialNP:::Q2internal’
     ‘SpatialNP:::gen.inv’ ‘SpatialNP:::mat.sqrt’ ‘SpatialNP:::norm’
     ‘SpatialNP:::pairsum’ ‘SpatialNP:::signranks’
     ‘stats:::biplot.default’
     See the note in ?`:::` about the use of this operator.
    There are ::: calls to the package's namespace in its code. A package
     almost never needs to use ::: for its own objects:
     ‘my.quad.from’
    See the information on DESCRIPTION files in the chapter ‘Creating R
    packages’ of the ‘Writing R Extensions’ manual.
Flavors: r-devel-linux-x86_64-debian-clang, r-devel-linux-x86_64-debian-gcc, r-devel-linux-x86_64-fedora-clang, r-devel-linux-x86_64-fedora-gcc, r-devel-osx-x86_64-clang, r-devel-windows-ix86+x86_64, r-patched-linux-x86_64, r-patched-solaris-sparc, r-patched-solaris-x86, r-release-linux-ix86, r-release-linux-x86_64, r-release-osx-x86_64-mavericks, r-release-windows-ix86+x86_64, r-oldrel-windows-ix86+x86_64

Version: 1.0-0
Check: package dependencies
Result: ERROR
    Packages required but not available: ‘ICS’ ‘ICSNP’ ‘survey’
    
    Depends: includes the non-default packages:
     ‘ellipse’ ‘ICS’ ‘ICSNP’ ‘SpatialNP’ ‘mvtnorm’ ‘survey’
    Adding so many packages to the search path is excessive and importing
    selectively is preferable.
    
    See the information on DESCRIPTION files in the chapter ‘Creating R
    packages’ of the ‘Writing R Extensions’ manual.
Flavor: r-devel-osx-x86_64-gcc

Version: 1.0-0
Check: PDF version of manual
Result: WARNING
    LaTeX errors when creating PDF version.
    This typically indicates Rd problems.
    LaTeX errors found:
    ! LaTeX Error: File `upquote.sty' not found.
    
    Type X to quit or <RETURN> to proceed,
    or enter new name. (Default extension: sty)
    
    27cd0be/Rd2.tex:8: ==> Fatal error occurred, no output PDF file produced!
Flavor: r-release-osx-x86_64-mavericks

Version: 1.0-0
Check: whether package can be installed
Result: ERROR
    Installation failed.
    See ‘/Volumes/XT3/Builds/R-dev-web/QA/Simon/packages/snowleopard-x86_64/results/3.1/MNM.Rcheck/00install.out’ for details.
Flavor: r-release-osx-x86_64-snowleopard