CRAN Package Check Results for Package MNM

Last updated on 2015-06-30 04:46:41.

Flavor Version Tinstall Tcheck Ttotal Status Flags
r-devel-linux-x86_64-debian-clang 1.0-1 1.78 30.50 32.27 NOTE
r-devel-linux-x86_64-debian-gcc 1.0-1 1.21 29.79 31.00 NOTE
r-devel-linux-x86_64-fedora-clang 1.0-1 62.01 NOTE
r-devel-linux-x86_64-fedora-gcc 1.0-1 57.79 NOTE
r-devel-osx-x86_64-clang 1.0-1 59.48 NOTE
r-devel-windows-ix86+x86_64 1.0-1 5.00 49.00 54.00 NOTE
r-patched-linux-x86_64 1.0-1 1.70 30.08 31.78 NOTE
r-patched-solaris-sparc 1.0-1 418.50 NOTE
r-patched-solaris-x86 1.0-1 78.40 NOTE
r-release-linux-x86_64 1.0-1 1.26 30.67 31.92 NOTE
r-release-osx-x86_64-mavericks 1.0-1 NOTE
r-release-windows-ix86+x86_64 1.0-1 7.00 53.00 60.00 NOTE
r-oldrel-windows-ix86+x86_64 1.0-1 5.00 76.00 81.00 NOTE

Check Details

Version: 1.0-1
Check: dependencies in R code
Result: NOTE
    Unexported objects imported by ':::' calls:
     ‘SpatialNP:::Cpp’ ‘SpatialNP:::Q2internal’ ‘SpatialNP:::gen.inv’
     ‘SpatialNP:::norm’ ‘SpatialNP:::signranks’
     See the note in ?`:::` about the use of this operator.
Flavors: r-devel-linux-x86_64-debian-clang, r-devel-linux-x86_64-debian-gcc, r-devel-linux-x86_64-fedora-clang, r-devel-linux-x86_64-fedora-gcc, r-devel-osx-x86_64-clang, r-devel-windows-ix86+x86_64, r-patched-linux-x86_64, r-patched-solaris-sparc, r-patched-solaris-x86, r-release-linux-x86_64, r-release-osx-x86_64-mavericks, r-release-windows-ix86+x86_64, r-oldrel-windows-ix86+x86_64

Version: 1.0-1
Check: R code for possible problems
Result: NOTE
    plotMvloc: no visible global function definition for ‘grey’
    plotShape: no visible global function definition for ‘grey’
Flavors: r-devel-linux-x86_64-debian-clang, r-devel-linux-x86_64-debian-gcc, r-devel-windows-ix86+x86_64