CRAN Package Check Results for Package MNM

Last updated on 2015-04-27 21:46:38.

Flavor Version Tinstall Tcheck Ttotal Status Flags
r-devel-linux-x86_64-debian-clang 1.0-1 1.48 31.26 32.74 NOTE
r-devel-linux-x86_64-debian-gcc 1.0-1 1.28 31.42 32.70 NOTE
r-devel-linux-x86_64-fedora-clang 1.0-1 64.41 NOTE
r-devel-linux-x86_64-fedora-gcc 1.0-1 60.09 NOTE
r-devel-osx-x86_64-clang 1.0-1 58.59 NOTE
r-devel-windows-ix86+x86_64 1.0-1 5.00 78.00 83.00 NOTE
r-patched-linux-x86_64 1.0-1 1.29 30.72 32.00 NOTE
r-patched-solaris-sparc 1.0-1 422.20 NOTE
r-patched-solaris-x86 1.0-1 79.90 NOTE
r-release-linux-x86_64 1.0-1 1.27 30.46 31.73 NOTE
r-release-osx-x86_64-mavericks 1.0-1 NOTE
r-release-osx-x86_64-snowleopard 1.0-1 ERROR
r-release-windows-ix86+x86_64 1.0-1 8.00 67.00 75.00 NOTE
r-oldrel-windows-ix86+x86_64 1.0-1 5.00 55.00 60.00 NOTE

Check Details

Version: 1.0-1
Check: dependencies in R code
Result: NOTE
    Unexported objects imported by ':::' calls:
     ‘SpatialNP:::Cpp’ ‘SpatialNP:::Q2internal’ ‘SpatialNP:::gen.inv’
     ‘SpatialNP:::norm’ ‘SpatialNP:::signranks’
     See the note in ?`:::` about the use of this operator.
Flavors: r-devel-linux-x86_64-debian-clang, r-devel-linux-x86_64-debian-gcc, r-devel-linux-x86_64-fedora-clang, r-devel-linux-x86_64-fedora-gcc, r-devel-osx-x86_64-clang, r-devel-windows-ix86+x86_64, r-patched-solaris-sparc, r-patched-solaris-x86, r-release-linux-x86_64, r-release-osx-x86_64-mavericks, r-release-windows-ix86+x86_64, r-oldrel-windows-ix86+x86_64

Version: 1.0-1
Check: package dependencies
Result: ERROR
    Packages required but not available: ‘ICSNP’ ‘ICS’
    
    See section ‘The DESCRIPTION file’ in the ‘Writing R Extensions’
    manual.
Flavor: r-release-osx-x86_64-snowleopard