CRAN Package Check Results for Package MNM

Last updated on 2016-02-09 03:47:11.

Flavor Version Tinstall Tcheck Ttotal Status Flags
r-devel-linux-x86_64-debian-gcc 1.0-1 1.30 28.86 30.16 NOTE
r-devel-linux-x86_64-fedora-clang 1.0-1 57.16 NOTE
r-devel-linux-x86_64-fedora-gcc 1.0-1 55.28 NOTE
r-devel-osx-x86_64-clang 1.0-1 63.20 NOTE
r-devel-windows-ix86+x86_64 1.0-1 6.00 48.00 54.00 NOTE
r-patched-linux-x86_64 1.0-1 1.26 29.83 31.08 NOTE
r-patched-solaris-sparc 1.0-1 378.80 NOTE
r-patched-solaris-x86 1.0-1 69.30 NOTE
r-release-linux-x86_64 1.0-1 1.26 29.58 30.84 NOTE
r-release-osx-x86_64-mavericks 1.0-1 NOTE
r-release-windows-ix86+x86_64 1.0-1 6.00 45.00 51.00 NOTE
r-oldrel-windows-ix86+x86_64 1.0-1 8.00 62.00 70.00 NOTE

Check Details

Version: 1.0-1
Check: dependencies in R code
Result: NOTE
    Unexported objects imported by ':::' calls:
     ‘SpatialNP:::Cpp’ ‘SpatialNP:::Q2internal’ ‘SpatialNP:::gen.inv’
     ‘SpatialNP:::norm’ ‘SpatialNP:::signranks’
     See the note in ?`:::` about the use of this operator.
Flavors: r-devel-linux-x86_64-debian-gcc, r-devel-linux-x86_64-fedora-clang, r-devel-linux-x86_64-fedora-gcc, r-devel-osx-x86_64-clang, r-devel-windows-ix86+x86_64, r-patched-linux-x86_64, r-patched-solaris-sparc, r-patched-solaris-x86, r-release-linux-x86_64, r-release-osx-x86_64-mavericks, r-release-windows-ix86+x86_64, r-oldrel-windows-ix86+x86_64

Version: 1.0-1
Check: R code for possible problems
Result: NOTE
    plotMvloc: no visible global function definition for ‘grey’
    plotShape: no visible global function definition for ‘grey’
    Undefined global functions or variables:
     grey
    Consider adding
     importFrom("grDevices", "grey")
    to your NAMESPACE file.
Flavors: r-devel-linux-x86_64-debian-gcc, r-devel-linux-x86_64-fedora-clang, r-devel-linux-x86_64-fedora-gcc, r-devel-osx-x86_64-clang, r-devel-windows-ix86+x86_64