CRAN Package Check Results for Package MNM

Last updated on 2015-03-05 23:48:21.

Flavor Version Tinstall Tcheck Ttotal Status Flags
r-devel-linux-x86_64-debian-clang 1.0-1 1.32 30.94 32.26 NOTE
r-devel-linux-x86_64-debian-gcc 1.0-1 1.26 31.26 32.52 NOTE
r-devel-linux-x86_64-fedora-clang 1.0-1 63.49 NOTE
r-devel-linux-x86_64-fedora-gcc 1.0-1 60.07 NOTE
r-devel-osx-x86_64-clang 1.0-1 64.35 NOTE
r-devel-windows-ix86+x86_64 1.0-1 5.00 49.00 54.00 NOTE
r-patched-linux-x86_64 1.0-1 1.65 38.42 40.07 NOTE
r-patched-solaris-sparc 1.0-1 514.20 NOTE
r-patched-solaris-x86 1.0-1 96.40 NOTE
r-release-linux-ix86 1.0-1 2.22 52.04 54.26 NOTE
r-release-linux-x86_64 1.0-1 1.63 38.40 40.03 NOTE
r-release-osx-x86_64-mavericks 1.0-1 NOTE
r-release-osx-x86_64-snowleopard 1.0-1 NOTE
r-release-windows-ix86+x86_64 1.0-1 6.00 57.00 63.00 NOTE
r-oldrel-windows-ix86+x86_64 1.0-1 7.00 63.00 70.00 NOTE

Check Details

Version: 1.0-1
Check: dependencies in R code
Result: NOTE
    Unexported objects imported by ':::' calls:
     ‘SpatialNP:::Cpp’ ‘SpatialNP:::Q2internal’ ‘SpatialNP:::gen.inv’
     ‘SpatialNP:::norm’ ‘SpatialNP:::signranks’
     See the note in ?`:::` about the use of this operator.
Flavors: r-devel-linux-x86_64-debian-clang, r-devel-linux-x86_64-debian-gcc, r-devel-linux-x86_64-fedora-clang, r-devel-linux-x86_64-fedora-gcc, r-devel-osx-x86_64-clang, r-devel-windows-ix86+x86_64, r-patched-linux-x86_64, r-patched-solaris-sparc, r-patched-solaris-x86

Version: 1.0-1
Check: dependencies in R code
Result: NOTE
    Unexported objects imported by ':::' calls:
     ‘SpatialNP:::Cpp’ ‘SpatialNP:::Q2internal’ ‘SpatialNP:::gen.inv’
     ‘SpatialNP:::norm’ ‘SpatialNP:::signranks’
     See the note in ?`:::` about the use of this operator.
    See the information on DESCRIPTION files in the chapter ‘Creating R
    packages’ of the ‘Writing R Extensions’ manual.
Flavors: r-release-linux-ix86, r-release-linux-x86_64, r-release-osx-x86_64-mavericks, r-release-osx-x86_64-snowleopard, r-release-windows-ix86+x86_64, r-oldrel-windows-ix86+x86_64