CRAN Package Check Results for Package MNM

Last updated on 2015-07-29 03:48:30.

Flavor Version Tinstall Tcheck Ttotal Status Flags
r-devel-linux-x86_64-debian-clang 1.0-1 1.90 30.10 32.00 NOTE
r-devel-linux-x86_64-debian-gcc 1.0-1 1.35 30.04 31.39 NOTE
r-devel-linux-x86_64-fedora-clang 1.0-1 61.79 NOTE
r-devel-linux-x86_64-fedora-gcc 1.0-1 57.91 NOTE
r-devel-osx-x86_64-clang 1.0-1 58.59 NOTE
r-devel-windows-ix86+x86_64 1.0-1 4.00 50.00 54.00 NOTE
r-patched-linux-x86_64 1.0-1 1.35 30.64 31.99 NOTE
r-patched-solaris-sparc 1.0-1 420.20 NOTE
r-patched-solaris-x86 1.0-1 77.90 NOTE
r-release-linux-x86_64 1.0-1 1.25 29.98 31.23 NOTE
r-release-osx-x86_64-mavericks 1.0-1 NOTE
r-release-windows-ix86+x86_64 1.0-1 8.00 49.00 57.00 NOTE
r-oldrel-windows-ix86+x86_64 1.0-1 5.00 67.00 72.00 NOTE

Check Details

Version: 1.0-1
Check: dependencies in R code
Result: NOTE
    Unexported objects imported by ':::' calls:
     ‘SpatialNP:::Cpp’ ‘SpatialNP:::Q2internal’ ‘SpatialNP:::gen.inv’
     ‘SpatialNP:::norm’ ‘SpatialNP:::signranks’
     See the note in ?`:::` about the use of this operator.
Flavors: r-devel-linux-x86_64-debian-clang, r-devel-linux-x86_64-debian-gcc, r-devel-linux-x86_64-fedora-clang, r-devel-linux-x86_64-fedora-gcc, r-devel-osx-x86_64-clang, r-devel-windows-ix86+x86_64, r-patched-linux-x86_64, r-patched-solaris-sparc, r-patched-solaris-x86, r-release-linux-x86_64, r-release-osx-x86_64-mavericks, r-release-windows-ix86+x86_64, r-oldrel-windows-ix86+x86_64

Version: 1.0-1
Check: R code for possible problems
Result: NOTE
    plotMvloc: no visible global function definition for ‘grey’
    plotShape: no visible global function definition for ‘grey’
    Undefined global functions or variables:
     grey
    Consider adding
     importFrom("grDevices", "grey")
    to your NAMESPACE.
Flavors: r-devel-linux-x86_64-debian-clang, r-devel-linux-x86_64-debian-gcc, r-devel-linux-x86_64-fedora-clang, r-devel-linux-x86_64-fedora-gcc, r-devel-windows-ix86+x86_64