CRAN Package Check Results for Package MNM

Last updated on 2016-07-01 06:49:02.

Flavor Version Tinstall Tcheck Ttotal Status Flags
r-devel-linux-x86_64-debian-gcc 1.0-1 1.26 34.72 35.98 NOTE
r-devel-linux-x86_64-fedora-clang 1.0-2 35.99 OK
r-devel-linux-x86_64-fedora-gcc 1.0-2 37.53 OK
r-devel-osx-x86_64-clang 1.0-2 47.47 OK
r-devel-windows-ix86+x86_64 1.0-2 7.00 83.00 90.00 OK
r-patched-linux-x86_64 1.0-2 1.64 35.12 36.76 OK
r-patched-solaris-sparc 1.0-2 352.50 OK
r-patched-solaris-x86 1.0-2 63.30 OK
r-release-linux-x86_64 1.0-1 1.31 32.70 34.01 NOTE
r-release-osx-x86_64-mavericks 1.0-2 OK
r-release-windows-ix86+x86_64 1.0-2 8.00 79.00 87.00 OK
r-oldrel-windows-ix86+x86_64 1.0-2 8.00 88.00 96.00 OK

Check Details

Version: 1.0-1
Check: dependencies in R code
Result: NOTE
    Unexported objects imported by ':::' calls:
     ‘SpatialNP:::Cpp’ ‘SpatialNP:::Q2internal’ ‘SpatialNP:::gen.inv’
     ‘SpatialNP:::norm’ ‘SpatialNP:::signranks’
     See the note in ?`:::` about the use of this operator.
Flavors: r-devel-linux-x86_64-debian-gcc, r-release-linux-x86_64

Version: 1.0-1
Check: R code for possible problems
Result: NOTE
    plotMvloc: no visible global function definition for ‘grey’
    plotShape: no visible global function definition for ‘grey’
    Undefined global functions or variables:
     grey
    Consider adding
     importFrom("grDevices", "grey")
    to your NAMESPACE file.
Flavors: r-devel-linux-x86_64-debian-gcc, r-release-linux-x86_64