CRAN Package Check Results for Package MNM

Last updated on 2016-04-29 06:47:30.

Flavor Version Tinstall Tcheck Ttotal Status Flags
r-devel-linux-x86_64-debian-gcc 1.0-1 1.42 30.49 31.92 NOTE
r-devel-linux-x86_64-fedora-clang 1.0-1 58.49 NOTE
r-devel-linux-x86_64-fedora-gcc 1.0-1 53.89 NOTE
r-devel-osx-x86_64-clang 1.0-1 65.43 NOTE
r-devel-windows-ix86+x86_64 1.0-1 4.00 59.00 63.00 NOTE
r-patched-linux-x86_64 1.0-1 1.12 29.38 30.50 NOTE
r-patched-solaris-sparc 1.0-1 433.10 NOTE
r-patched-solaris-x86 1.0-1 69.90 NOTE
r-release-linux-x86_64 1.0-1 1.29 30.90 32.19 NOTE
r-release-osx-x86_64-mavericks 1.0-1 NOTE
r-release-windows-ix86+x86_64 1.0-1 4.00 53.00 57.00 NOTE
r-oldrel-windows-ix86+x86_64 1.0-1 8.00 66.00 74.00 NOTE

Check Details

Version: 1.0-1
Check: dependencies in R code
Result: NOTE
    Unexported objects imported by ':::' calls:
     ‘SpatialNP:::Cpp’ ‘SpatialNP:::Q2internal’ ‘SpatialNP:::gen.inv’
     ‘SpatialNP:::norm’ ‘SpatialNP:::signranks’
     See the note in ?`:::` about the use of this operator.
Flavors: r-devel-linux-x86_64-debian-gcc, r-devel-linux-x86_64-fedora-clang, r-devel-linux-x86_64-fedora-gcc, r-devel-osx-x86_64-clang, r-devel-windows-ix86+x86_64, r-patched-linux-x86_64, r-patched-solaris-sparc, r-patched-solaris-x86, r-release-linux-x86_64, r-release-osx-x86_64-mavericks, r-release-windows-ix86+x86_64, r-oldrel-windows-ix86+x86_64

Version: 1.0-1
Check: R code for possible problems
Result: NOTE
    plotMvloc: no visible global function definition for ‘grey’
    plotShape: no visible global function definition for ‘grey’
    Undefined global functions or variables:
     grey
    Consider adding
     importFrom("grDevices", "grey")
    to your NAMESPACE file.
Flavors: r-devel-linux-x86_64-debian-gcc, r-devel-linux-x86_64-fedora-clang, r-devel-linux-x86_64-fedora-gcc, r-devel-osx-x86_64-clang, r-devel-windows-ix86+x86_64, r-patched-linux-x86_64, r-patched-solaris-sparc, r-patched-solaris-x86