CRAN Package Check Results for Package MNM

Last updated on 2015-01-26 17:47:45.

Flavor Version Tinstall Tcheck Ttotal Status Flags
r-devel-linux-x86_64-debian-clang 1.0-1 1.34 30.97 32.31 NOTE
r-devel-linux-x86_64-debian-gcc 1.0-1 1.79 30.66 32.44 NOTE
r-devel-linux-x86_64-fedora-clang 1.0-1 75.25 NOTE
r-devel-linux-x86_64-fedora-gcc 1.0-1 71.33 NOTE
r-devel-osx-x86_64-clang 1.0-1 68.17 NOTE
r-devel-windows-ix86+x86_64 1.0-1 8.00 67.00 75.00 NOTE
r-patched-linux-x86_64 1.0-1 1.55 37.27 38.82 NOTE
r-patched-solaris-sparc 1.0-1 447.00 NOTE
r-patched-solaris-x86 1.0-1 93.70 NOTE
r-release-linux-ix86 1.0-1 1.91 46.45 48.36 NOTE
r-release-linux-x86_64 1.0-1 1.54 37.07 38.61 NOTE
r-release-osx-x86_64-mavericks 1.0-1 NOTE
r-release-osx-x86_64-snowleopard 1.0-1 NOTE
r-release-windows-ix86+x86_64 1.0-1 6.00 59.00 65.00 NOTE
r-oldrel-windows-ix86+x86_64 1.0-1 9.00 61.00 70.00 NOTE

Check Details

Version: 1.0-1
Check: dependencies in R code
Result: NOTE
    Unexported objects imported by ':::' calls:
     ‘SpatialNP:::Cpp’ ‘SpatialNP:::Q2internal’ ‘SpatialNP:::gen.inv’
     ‘SpatialNP:::norm’ ‘SpatialNP:::signranks’
     See the note in ?`:::` about the use of this operator.
Flavors: r-devel-linux-x86_64-debian-clang, r-devel-linux-x86_64-debian-gcc, r-devel-linux-x86_64-fedora-clang, r-devel-linux-x86_64-fedora-gcc, r-devel-osx-x86_64-clang, r-devel-windows-ix86+x86_64

Version: 1.0-1
Check: dependencies in R code
Result: NOTE
    Unexported objects imported by ':::' calls:
     ‘SpatialNP:::Cpp’ ‘SpatialNP:::Q2internal’ ‘SpatialNP:::gen.inv’
     ‘SpatialNP:::norm’ ‘SpatialNP:::signranks’
     See the note in ?`:::` about the use of this operator.
    See the information on DESCRIPTION files in the chapter ‘Creating R
    packages’ of the ‘Writing R Extensions’ manual.
Flavors: r-patched-linux-x86_64, r-patched-solaris-sparc, r-patched-solaris-x86, r-release-linux-ix86, r-release-linux-x86_64, r-release-osx-x86_64-mavericks, r-release-osx-x86_64-snowleopard, r-release-windows-ix86+x86_64, r-oldrel-windows-ix86+x86_64