CRAN Package Check Results for Package MNM

Last updated on 2014-07-24 21:48:46.

Flavor Version Tinstall Tcheck Ttotal Status Flags
r-devel-linux-x86_64-debian-clang 1.0-0 1.47 36.60 38.06 NOTE
r-devel-linux-x86_64-debian-gcc 1.0-0 1.46 36.26 37.72 NOTE
r-devel-linux-x86_64-fedora-clang 1.0-0 82.38 NOTE
r-devel-linux-x86_64-fedora-gcc 1.0-0 77.81 NOTE
r-devel-osx-x86_64-clang 1.0-0 68.49 NOTE
r-devel-windows-ix86+x86_64 1.0-0 6.00 56.00 62.00 NOTE
r-patched-linux-x86_64 1.0-0 1.43 37.02 38.44 NOTE
r-patched-solaris-sparc 1.0-0 471.10 NOTE
r-patched-solaris-x86 1.0-0 93.80 NOTE
r-release-linux-ix86 1.0-0 1.93 48.62 50.55 NOTE
r-release-linux-x86_64 1.0-0 1.50 38.05 39.56 NOTE
r-release-osx-x86_64-mavericks 1.0-0 NOTE
r-release-osx-x86_64-snowleopard 1.0-0 ERROR
r-release-windows-ix86+x86_64 1.0-0 5.00 58.00 63.00 NOTE
r-oldrel-windows-ix86+x86_64 1.0-0 5.00 59.00 64.00 NOTE

Check Details

Version: 1.0-0
Check: package dependencies
Result: NOTE
    Depends: includes the non-default packages:
     ‘ellipse’ ‘ICS’ ‘ICSNP’ ‘SpatialNP’ ‘mvtnorm’ ‘survey’
    Adding so many packages to the search path is excessive and importing
    selectively is preferable.
Flavors: r-devel-linux-x86_64-debian-clang, r-devel-linux-x86_64-debian-gcc, r-devel-linux-x86_64-fedora-clang, r-devel-linux-x86_64-fedora-gcc, r-devel-osx-x86_64-clang, r-devel-windows-ix86+x86_64, r-patched-linux-x86_64, r-patched-solaris-sparc, r-patched-solaris-x86, r-release-linux-ix86, r-release-linux-x86_64, r-release-osx-x86_64-mavericks, r-release-osx-x86_64-snowleopard, r-release-windows-ix86+x86_64

Version: 1.0-0
Check: dependencies in R code
Result: NOTE
    Packages in Depends field not imported from:
     ‘ICS’ ‘mvtnorm’ ‘survey’
     These packages need to be imported from (in the NAMESPACE file)
     for when this namespace is loaded but not attached.
    Unexported objects imported by ':::' calls:
     ‘ICS:::frobenius.norm’ ‘SpatialNP:::Cpp’ ‘SpatialNP:::Q2internal’
     ‘SpatialNP:::gen.inv’ ‘SpatialNP:::mat.sqrt’ ‘SpatialNP:::norm’
     ‘SpatialNP:::pairsum’ ‘SpatialNP:::signranks’
     ‘stats:::biplot.default’
     See the note in ?`:::` about the use of this operator.
    There are ::: calls to the package's namespace in its code. A package
     almost never needs to use ::: for its own objects:
     ‘my.quad.from’
    See the information on DESCRIPTION files in the chapter ‘Creating R
    packages’ of the ‘Writing R Extensions’ manual.
Flavors: r-devel-linux-x86_64-debian-clang, r-devel-linux-x86_64-debian-gcc, r-devel-linux-x86_64-fedora-clang, r-devel-linux-x86_64-fedora-gcc, r-devel-osx-x86_64-clang, r-devel-windows-ix86+x86_64, r-patched-linux-x86_64, r-patched-solaris-sparc, r-patched-solaris-x86, r-release-linux-ix86, r-release-linux-x86_64, r-release-osx-x86_64-mavericks, r-release-windows-ix86+x86_64, r-oldrel-windows-ix86+x86_64

Version: 1.0-0
Check: whether package can be installed
Result: ERROR
    Installation failed.
    See ‘/Volumes/XT3/Builds/R-dev-web/QA/Simon/packages/snowleopard-x86_64/results/3.1/MNM.Rcheck/00install.out’ for details.
Flavor: r-release-osx-x86_64-snowleopard