CRAN Package Check Results for Package MNP

Last updated on 2015-01-27 23:51:14.

Flavor Version Tinstall Tcheck Ttotal Status Flags
r-devel-linux-x86_64-debian-clang 2.6-4 1.91 16.75 18.66 NOTE
r-devel-linux-x86_64-debian-gcc 2.6-4 2.34 16.80 19.14 NOTE
r-devel-linux-x86_64-fedora-clang 2.6-4 39.74 NOTE
r-devel-linux-x86_64-fedora-gcc 2.6-4 38.78 NOTE
r-devel-osx-x86_64-clang 2.6-4 37.92 OK
r-devel-windows-ix86+x86_64 2.6-4 14.00 42.00 56.00 OK
r-patched-linux-x86_64 2.6-4 2.42 17.82 20.24 NOTE
r-patched-solaris-sparc 2.6-4 322.60 OK
r-patched-solaris-x86 2.6-4 67.20 OK
r-release-linux-ix86 2.6-4 2.81 26.06 28.87 OK
r-release-linux-x86_64 2.6-4 4.29 17.42 21.71 NOTE
r-release-osx-x86_64-mavericks 2.6-4 OK
r-release-osx-x86_64-snowleopard 2.6-4 OK
r-release-windows-ix86+x86_64 2.6-4 11.00 43.00 54.00 OK
r-oldrel-windows-ix86+x86_64 2.6-4 11.00 45.00 56.00 OK

Check Details

Version: 2.6-4
Check: top-level files
Result: NOTE
    Non-standard file/directory found at top level:
     ‘MNP.pdf’
Flavors: r-devel-linux-x86_64-debian-clang, r-devel-linux-x86_64-debian-gcc, r-devel-linux-x86_64-fedora-clang, r-devel-linux-x86_64-fedora-gcc, r-patched-linux-x86_64, r-release-linux-x86_64