CRAN Package Check Results for Package MNP

Last updated on 2015-05-30 15:47:54.

Flavor Version Tinstall Tcheck Ttotal Status Flags
r-devel-linux-x86_64-debian-clang 2.6-4 1.91 16.76 18.67 NOTE
r-devel-linux-x86_64-debian-gcc 2.6-4 2.22 16.50 18.71 NOTE
r-devel-linux-x86_64-fedora-clang 2.6-4 36.40 NOTE
r-devel-linux-x86_64-fedora-gcc 2.6-4 33.36 NOTE
r-devel-osx-x86_64-clang 2.6-4 37.07 OK
r-devel-windows-ix86+x86_64 2.6-4 11.00 42.00 53.00 OK
r-patched-linux-x86_64 2.6-4 2.47 16.75 19.22 NOTE
r-patched-solaris-sparc 2.6-4 308.70 OK
r-patched-solaris-x86 2.6-4 61.70 OK
r-release-linux-x86_64 2.6-4 2.26 16.72 18.99 NOTE
r-release-osx-x86_64-mavericks 2.6-4 OK
r-release-osx-x86_64-snowleopard 2.6-4 OK
r-release-windows-ix86+x86_64 2.6-4 11.00 38.00 49.00 OK
r-oldrel-windows-ix86+x86_64 2.6-4 12.00 45.00 57.00 OK

Check Details

Version: 2.6-4
Check: top-level files
Result: NOTE
    Non-standard file/directory found at top level:
     ‘MNP.pdf’
Flavors: r-devel-linux-x86_64-debian-clang, r-devel-linux-x86_64-debian-gcc, r-devel-linux-x86_64-fedora-clang, r-devel-linux-x86_64-fedora-gcc, r-patched-linux-x86_64, r-release-linux-x86_64