CRAN Package Check Results for Package MNP

Last updated on 2015-03-30 23:47:51.

Flavor Version Tinstall Tcheck Ttotal Status Flags
r-devel-linux-x86_64-debian-clang 2.6-4 1.93 16.86 18.79 NOTE
r-devel-linux-x86_64-debian-gcc 2.6-4 2.19 17.09 19.28 NOTE
r-devel-linux-x86_64-fedora-clang 2.6-4 35.45 NOTE
r-devel-linux-x86_64-fedora-gcc 2.6-4 32.95 NOTE
r-devel-osx-x86_64-clang 2.6-4 38.87 OK
r-prerel-windows-ix86+x86_64 2.6-4 12.00 38.00 50.00 OK
r-prerel-linux-x86_64 2.6-4 2.19 16.71 18.90 NOTE
r-prerel-solaris-sparc 2.6-4 296.50 OK
r-prerel-solaris-x86 2.6-4 62.60 OK
r-release-linux-x86_64 2.6-4 2.40 18.48 20.89 NOTE
r-release-osx-x86_64-mavericks 2.6-4 OK
r-release-osx-x86_64-snowleopard 2.6-4 OK
r-release-windows-ix86+x86_64 2.6-4 12.00 40.00 52.00 OK
r-oldrel-windows-ix86+x86_64 2.6-4 12.00 40.00 52.00 OK

Check Details

Version: 2.6-4
Check: top-level files
Result: NOTE
    Non-standard file/directory found at top level:
     ‘MNP.pdf’
Flavors: r-devel-linux-x86_64-debian-clang, r-devel-linux-x86_64-debian-gcc, r-devel-linux-x86_64-fedora-clang, r-devel-linux-x86_64-fedora-gcc, r-prerel-linux-x86_64, r-release-linux-x86_64