CRAN Package Check Results for Package MNP

Last updated on 2017-05-28 23:50:06.

Flavor Version Tinstall Tcheck Ttotal Status Flags
r-devel-linux-x86_64-debian-clang 3.0-1 2.88 28.92 31.80 OK
r-devel-linux-x86_64-debian-gcc 3.0-1 4.66 26.96 31.62 OK
r-devel-linux-x86_64-fedora-clang 3.0-1 57.38 OK
r-devel-linux-x86_64-fedora-gcc 3.0-1 53.31 OK
r-devel-windows-ix86+x86_64 3.0-1 13.00 65.00 78.00 OK
r-patched-linux-x86_64 3.0-1 2.94 27.63 30.57 OK
r-patched-solaris-sparc 3.0-1 353.70 OK
r-patched-solaris-x86 3.0-1 71.90 OK
r-release-linux-x86_64 3.0-1 2.68 27.39 30.08 OK
r-release-windows-ix86+x86_64 3.0-1 21.00 86.00 107.00 OK
r-release-osx-x86_64 3.0-1 WARN
r-oldrel-windows-ix86+x86_64 3.0-1 21.00 65.00 86.00 OK
r-oldrel-osx-x86_64 3.0-1 OK

Check Details

Version: 3.0-1
Check: re-building of vignette outputs
Result: WARN
    Error in re-building vignettes:
     ...
    Error in texi2dvi(file = file, pdf = TRUE, clean = clean, quiet = quiet, :
     Running 'texi2dvi' on 'MNP.tex' failed.
    LaTeX errors:
    ! LaTeX Error: File `titlesec.sty' not found.
    
    Type X to quit or <RETURN> to proceed,
    or enter new name. (Default extension: sty)
    
    ! Emergency stop.
    <read *>
    
    l.29 ^^M
    
    ! ==> Fatal error occurred, no output PDF file produced!
    Calls: buildVignettes -> texi2pdf -> texi2dvi
    Execution halted
Flavor: r-release-osx-x86_64