CRAN Package Check Results for Package MNP

Last updated on 2016-09-29 02:49:50.

Flavor Version Tinstall Tcheck Ttotal Status Flags
r-devel-linux-x86_64-debian-clang 2.6-4 2.92 18.35 21.27 NOTE
r-devel-linux-x86_64-debian-gcc 2.6-4 2.77 17.37 20.15 NOTE
r-devel-linux-x86_64-fedora-clang 2.6-4 34.50 NOTE
r-devel-linux-x86_64-fedora-gcc 2.6-4 32.36 NOTE
r-devel-macos-x86_64-clang 2.6-4 28.32 NOTE
r-devel-windows-ix86+x86_64 2.6-4 10.00 68.00 78.00 NOTE
r-patched-linux-x86_64 2.6-4 2.39 17.41 19.79 NOTE
r-patched-solaris-sparc 2.6-4 279.70 NOTE
r-patched-solaris-x86 2.6-4 57.40 NOTE
r-release-linux-x86_64 2.6-4 2.50 17.37 19.87 NOTE
r-release-osx-x86_64-mavericks 2.6-4 NOTE
r-release-windows-ix86+x86_64 2.6-4 16.00 48.00 64.00 NOTE
r-oldrel-windows-ix86+x86_64 2.6-4 19.00 64.00 83.00 OK

Check Details

Version: 2.6-4
Check: top-level files
Result: NOTE
    Non-standard file/directory found at top level:
     ‘MNP.pdf’
Flavors: r-devel-linux-x86_64-debian-clang, r-devel-linux-x86_64-debian-gcc, r-devel-linux-x86_64-fedora-clang, r-devel-linux-x86_64-fedora-gcc, r-patched-linux-x86_64, r-release-linux-x86_64

Version: 2.6-4
Check: R code for possible problems
Result: NOTE
    .onAttach: no visible global function definition for
     ‘packageDescription’
    predict.mnp: no visible global function definition for ‘as.formula’
    print.summary.mnp: no visible global function definition for
     ‘printCoefmat’
    summary.mnp: no visible binding for global variable ‘sd’
    summary.mnp: no visible binding for global variable ‘quantile’
    xmatrix.mnp: no visible global function definition for
     ‘model.matrix.default’
    ymatrix.mnp: no visible global function definition for ‘model.response’
    ymatrix.mnp: no visible global function definition for ‘relevel’
    Undefined global functions or variables:
     as.formula model.matrix.default model.response packageDescription
     printCoefmat quantile relevel sd
    Consider adding
     importFrom("stats", "as.formula", "model.matrix.default",
     "model.response", "printCoefmat", "quantile", "relevel",
     "sd")
     importFrom("utils", "packageDescription")
    to your NAMESPACE file.
Flavors: r-devel-linux-x86_64-debian-clang, r-devel-linux-x86_64-debian-gcc, r-devel-linux-x86_64-fedora-clang, r-devel-linux-x86_64-fedora-gcc, r-devel-macos-x86_64-clang, r-devel-windows-ix86+x86_64, r-patched-linux-x86_64, r-patched-solaris-sparc, r-patched-solaris-x86, r-release-linux-x86_64, r-release-osx-x86_64-mavericks, r-release-windows-ix86+x86_64