CRAN Package Check Results for Package MNP

Last updated on 2014-12-22 16:49:46.

Flavor Version Tinstall Tcheck Ttotal Status Flags
r-devel-linux-x86_64-debian-clang 2.6-4 1.85 18.32 20.17 NOTE
r-devel-linux-x86_64-debian-gcc 2.6-4 2.27 17.95 20.22 NOTE
r-devel-linux-x86_64-fedora-clang 2.6-4 39.44 NOTE
r-devel-linux-x86_64-fedora-gcc 2.6-4 37.52 NOTE
r-devel-osx-x86_64-clang 2.6-4 36.91 OK
r-devel-windows-ix86+x86_64 2.6-4 10.00 39.00 49.00 OK
r-patched-linux-x86_64 2.6-4 2.35 17.48 19.83 NOTE
r-patched-solaris-sparc 2.6-4 322.70 OK
r-patched-solaris-x86 2.6-4 66.30 OK
r-release-linux-ix86 2.6-4 2.85 25.93 28.78 OK
r-release-linux-x86_64 2.6-4 2.51 17.94 20.44 NOTE
r-release-osx-x86_64-mavericks 2.6-4 OK
r-release-osx-x86_64-snowleopard 2.6-4 OK
r-release-windows-ix86+x86_64 2.6-4 11.00 41.00 52.00 OK
r-oldrel-windows-ix86+x86_64 2.6-4 11.00 43.00 54.00 OK

Check Details

Version: 2.6-4
Check: top-level files
Result: NOTE
    Non-standard file/directory found at top level:
     ‘MNP.pdf’
Flavors: r-devel-linux-x86_64-debian-clang, r-devel-linux-x86_64-debian-gcc, r-devel-linux-x86_64-fedora-clang, r-devel-linux-x86_64-fedora-gcc, r-patched-linux-x86_64, r-release-linux-x86_64