CRAN Package Check Results for Package MNP

Last updated on 2014-04-23 12:48:22.

Flavor Version Tinstall Tcheck Ttotal Status Flags
r-devel-linux-x86_64-debian-clang 2.6-4 1.76 18.58 20.34 OK
r-devel-linux-x86_64-debian-gcc 2.6-4 2.18 17.40 19.58 OK
r-devel-linux-x86_64-fedora-clang 2.6-4 36.38 NOTE
r-devel-linux-x86_64-fedora-gcc 2.6-4 34.71 NOTE
r-devel-osx-x86_64-clang 2.6-4 36.37 OK
r-devel-osx-x86_64-gcc 2.6-4 OK
r-devel-windows-ix86+x86_64 2.6-4 10.00 40.00 50.00 OK
r-patched-linux-x86_64 2.6-4 2.18 17.53 19.71 OK
r-patched-solaris-sparc 2.6-4 290.70 OK
r-patched-solaris-x86 2.6-4 65.60 OK
r-release-linux-ix86 2.6-4 3.00 36.00 39.00 OK
r-release-linux-x86_64 2.6-4 2.20 17.43 19.63 OK
r-release-osx-x86_64-mavericks 2.6-4 WARN
r-release-osx-x86_64-snowleopard 2.6-4 OK
r-release-windows-ix86+x86_64 2.6-4 10.00 41.00 51.00 OK
r-oldrel-windows-ix86+x86_64 2.6-4 11.00 44.00 55.00 OK

Check Details

Version: 2.6-4
Check: top-level files
Result: NOTE
    Non-standard file/directory found at top level:
     ‘MNP.pdf’
Flavors: r-devel-linux-x86_64-fedora-clang, r-devel-linux-x86_64-fedora-gcc

Version: 2.6-4
Check: PDF version of manual
Result: WARNING
    LaTeX errors when creating PDF version.
    This typically indicates Rd problems.
    LaTeX errors found:
    ! LaTeX Error: File `upquote.sty' not found.
    
    Type X to quit or <RETURN> to proceed,
    or enter new name. (Default extension: sty)
    
    c36be10/Rd2.tex:8: ==> Fatal error occurred, no output PDF file produced!
Flavor: r-release-osx-x86_64-mavericks