CRAN Package Check Results for Package MNP

Last updated on 2015-08-01 23:47:22.

Flavor Version Tinstall Tcheck Ttotal Status Flags
r-devel-linux-x86_64-debian-clang 2.6-4 1.86 16.87 18.72 NOTE
r-devel-linux-x86_64-debian-gcc 2.6-4 2.46 16.20 18.66 NOTE
r-devel-linux-x86_64-fedora-clang 2.6-4 34.37 NOTE
r-devel-linux-x86_64-fedora-gcc 2.6-4 33.58 NOTE
r-devel-osx-x86_64-clang 2.6-4 32.85 OK
r-devel-windows-ix86+x86_64 2.6-4 18.00 43.00 61.00 NOTE
r-patched-linux-x86_64 2.6-4 2.37 16.72 19.09 NOTE
r-patched-solaris-sparc 2.6-4 311.50 OK
r-patched-solaris-x86 2.6-4 62.10 OK
r-release-linux-x86_64 2.6-4 2.29 16.96 19.25 NOTE
r-release-osx-x86_64-mavericks 2.6-4 OK
r-release-windows-ix86+x86_64 2.6-4 15.00 63.00 78.00 OK
r-oldrel-windows-ix86+x86_64 2.6-4 15.00 48.00 63.00 OK

Check Details

Version: 2.6-4
Check: top-level files
Result: NOTE
    Non-standard file/directory found at top level:
     ‘MNP.pdf’
Flavors: r-devel-linux-x86_64-debian-clang, r-devel-linux-x86_64-debian-gcc, r-devel-linux-x86_64-fedora-clang, r-devel-linux-x86_64-fedora-gcc, r-patched-linux-x86_64, r-release-linux-x86_64

Version: 2.6-4
Check: R code for possible problems
Result: NOTE
    .onAttach: no visible global function definition for
     ‘packageDescription’
    predict.mnp: no visible global function definition for ‘as.formula’
    print.summary.mnp: no visible global function definition for
     ‘printCoefmat’
    summary.mnp: no visible binding for global variable ‘sd’
    summary.mnp: no visible binding for global variable ‘quantile’
    xmatrix.mnp: no visible global function definition for
     ‘model.matrix.default’
    ymatrix.mnp: no visible global function definition for ‘model.response’
    ymatrix.mnp: no visible global function definition for ‘relevel’
    Undefined global functions or variables:
     as.formula model.matrix.default model.response packageDescription
     printCoefmat quantile relevel sd
    Consider adding
     importFrom("stats", "as.formula", "model.matrix.default",
     "model.response", "printCoefmat", "quantile", "relevel",
     "sd")
     importFrom("utils", "packageDescription")
    to your NAMESPACE.
Flavors: r-devel-linux-x86_64-debian-clang, r-devel-linux-x86_64-debian-gcc, r-devel-linux-x86_64-fedora-clang, r-devel-linux-x86_64-fedora-gcc, r-devel-windows-ix86+x86_64