CRAN Package Check Results for Package MNP

Last updated on 2017-11-17 17:50:46.

Flavor Version Tinstall Tcheck Ttotal Status Flags
r-devel-linux-x86_64-debian-clang 3.1-0 2.57 32.65 35.21 OK
r-devel-linux-x86_64-debian-gcc 3.1-0 3.07 32.43 35.50 OK
r-devel-linux-x86_64-fedora-clang 3.1-0 59.21 OK
r-devel-linux-x86_64-fedora-gcc 3.1-0 60.08 OK
r-devel-windows-ix86+x86_64 3.1-0 20.00 103.00 123.00 OK
r-patched-linux-x86_64 3.1-0 2.50 30.28 32.79 OK
r-patched-solaris-x86 3.1-0 91.60 OK
r-release-linux-x86_64 3.1-0 2.62 30.96 33.58 OK
r-release-windows-ix86+x86_64 3.1-0 12.00 98.00 110.00 OK
r-release-osx-x86_64 3.1-0 WARN
r-oldrel-windows-ix86+x86_64 3.1-0 11.00 102.00 113.00 OK
r-oldrel-osx-x86_64 3.1-0 OK

Check Details

Version: 3.1-0
Check: re-building of vignette outputs
Result: WARN
    Error in re-building vignettes:
     ...
    Error in texi2dvi(file = file, pdf = TRUE, clean = clean, quiet = quiet, :
     Running 'texi2dvi' on 'MNP.tex' failed.
    LaTeX errors:
    ! LaTeX Error: File `titlesec.sty' not found.
    
    Type X to quit or <RETURN> to proceed,
    or enter new name. (Default extension: sty)
    
    ! Emergency stop.
    <read *>
    
    l.29 ^^M
    
    ! ==> Fatal error occurred, no output PDF file produced!
    Calls: buildVignettes -> texi2pdf -> texi2dvi
    Execution halted
Flavor: r-release-osx-x86_64