CRAN Package Check Results for Package MNP

Last updated on 2014-09-18 21:46:50.

Flavor Version Tinstall Tcheck Ttotal Status Flags
r-devel-linux-x86_64-debian-clang 2.6-4 1.94 17.39 19.33 NOTE
r-devel-linux-x86_64-debian-gcc 2.6-4 2.29 17.24 19.53 NOTE
r-devel-linux-x86_64-fedora-clang 2.6-4 36.42 NOTE
r-devel-linux-x86_64-fedora-gcc 2.6-4 35.22 NOTE
r-devel-osx-x86_64-clang 2.6-4 34.90 OK
r-devel-windows-ix86+x86_64 2.6-4 10.00 39.00 49.00 OK
r-patched-linux-x86_64 2.6-4 2.32 17.32 19.64 NOTE
r-patched-solaris-sparc 2.6-4 313.40 OK
r-patched-solaris-x86 2.6-4 64.80 OK
r-release-linux-ix86 2.6-4 2.78 26.51 29.30 OK
r-release-linux-x86_64 2.6-4 2.52 17.68 20.20 NOTE
r-release-osx-x86_64-mavericks 2.6-4 OK
r-release-osx-x86_64-snowleopard 2.6-4 OK
r-release-windows-ix86+x86_64 2.6-4 11.00 41.00 52.00 OK
r-oldrel-windows-ix86+x86_64 2.6-4 10.00 40.00 50.00 OK

Check Details

Version: 2.6-4
Check: top-level files
Result: NOTE
    Non-standard file/directory found at top level:
     ‘MNP.pdf’
Flavors: r-devel-linux-x86_64-debian-clang, r-devel-linux-x86_64-debian-gcc, r-devel-linux-x86_64-fedora-clang, r-devel-linux-x86_64-fedora-gcc, r-patched-linux-x86_64, r-release-linux-x86_64