CRAN Package Check Results for Package MNP

Last updated on 2017-09-22 20:47:21.

Flavor Version Tinstall Tcheck Ttotal Status Flags
r-devel-linux-x86_64-debian-clang 3.0-2 2.47 27.41 29.88 OK
r-devel-linux-x86_64-debian-gcc 3.0-2 2.66 27.03 29.69 OK
r-devel-linux-x86_64-fedora-clang 3.0-2 51.00 OK
r-devel-linux-x86_64-fedora-gcc 3.0-2 50.40 OK
r-devel-windows-ix86+x86_64 3.0-2 13.00 64.00 77.00 OK
r-patched-linux-x86_64 3.0-2 2.51 26.68 29.18 OK
r-patched-solaris-x86 3.0-2 73.30 OK
r-release-linux-x86_64 3.0-2 2.59 26.32 28.92 OK
r-release-windows-ix86+x86_64 3.0-2 13.00 68.00 81.00 OK
r-release-osx-x86_64 3.0-2 WARN
r-oldrel-windows-ix86+x86_64 3.0-2 13.00 64.00 77.00 OK
r-oldrel-osx-x86_64 3.0-2 OK

Check Details

Version: 3.0-2
Check: re-building of vignette outputs
Result: WARN
    Error in re-building vignettes:
     ...
    Error in texi2dvi(file = file, pdf = TRUE, clean = clean, quiet = quiet, :
     Running 'texi2dvi' on 'MNP.tex' failed.
    LaTeX errors:
    ! LaTeX Error: File `titlesec.sty' not found.
    
    Type X to quit or <RETURN> to proceed,
    or enter new name. (Default extension: sty)
    
    ! Emergency stop.
    <read *>
    
    l.29 ^^M
    
    ! ==> Fatal error occurred, no output PDF file produced!
    Calls: buildVignettes -> texi2pdf -> texi2dvi
    Execution halted
Flavor: r-release-osx-x86_64