CRAN Package Check Results for Package MNP

Last updated on 2014-10-20 23:47:06.

Flavor Version Tinstall Tcheck Ttotal Status Flags
r-devel-linux-x86_64-debian-clang 2.6-4 1.91 18.07 19.98 NOTE
r-devel-linux-x86_64-debian-gcc 2.6-4 2.48 17.94 20.43 NOTE
r-devel-linux-x86_64-fedora-clang 2.6-4 37.82 NOTE
r-devel-linux-x86_64-fedora-gcc 2.6-4 35.38 NOTE
r-devel-osx-x86_64-clang 2.6-4 37.48 OK
r-devel-windows-ix86+x86_64 2.6-4 10.00 40.00 50.00 OK
r-patched-linux-x86_64 2.6-4 2.35 18.18 20.53 NOTE
r-patched-solaris-sparc 2.6-4 313.40 OK
r-patched-solaris-x86 2.6-4 65.50 OK
r-release-linux-ix86 2.6-4 2.78 26.78 29.56 OK
r-release-linux-x86_64 2.6-4 2.30 17.69 19.99 NOTE
r-release-osx-x86_64-mavericks 2.6-4 OK
r-release-osx-x86_64-snowleopard 2.6-4 OK
r-release-windows-ix86+x86_64 2.6-4 10.00 38.00 48.00 OK
r-oldrel-windows-ix86+x86_64 2.6-4 10.00 42.00 52.00 OK

Check Details

Version: 2.6-4
Check: top-level files
Result: NOTE
    Non-standard file/directory found at top level:
     ‘MNP.pdf’
Flavors: r-devel-linux-x86_64-debian-clang, r-devel-linux-x86_64-debian-gcc, r-devel-linux-x86_64-fedora-clang, r-devel-linux-x86_64-fedora-gcc, r-patched-linux-x86_64, r-release-linux-x86_64