CRAN Package Check Results for Package MNP

Last updated on 2017-07-23 17:47:17.

Flavor Version Tinstall Tcheck Ttotal Status Flags
r-devel-linux-x86_64-debian-clang 3.0-2 2.78 32.96 35.74 OK
r-devel-linux-x86_64-debian-gcc 3.0-2 2.78 33.10 35.88 OK
r-devel-linux-x86_64-fedora-clang 3.0-2 53.41 OK
r-devel-linux-x86_64-fedora-gcc 3.0-2 52.60 OK
r-devel-windows-ix86+x86_64 3.0-2 22.00 86.00 108.00 OK
r-patched-linux-x86_64 3.0-2 2.52 32.62 35.14 OK
r-patched-solaris-x86 3.0-2 72.50 OK
r-release-linux-x86_64 3.0-2 2.58 32.38 34.96 OK
r-release-windows-ix86+x86_64 3.0-2 14.00 88.00 102.00 OK
r-release-osx-x86_64 3.0-2 WARN
r-oldrel-windows-ix86+x86_64 3.0-2 11.00 79.00 90.00 OK
r-oldrel-osx-x86_64 3.0-2 OK

Check Details

Version: 3.0-2
Check: re-building of vignette outputs
Result: WARN
    Error in re-building vignettes:
     ...
    Error in texi2dvi(file = file, pdf = TRUE, clean = clean, quiet = quiet, :
     Running 'texi2dvi' on 'MNP.tex' failed.
    LaTeX errors:
    ! LaTeX Error: File `titlesec.sty' not found.
    
    Type X to quit or <RETURN> to proceed,
    or enter new name. (Default extension: sty)
    
    ! Emergency stop.
    <read *>
    
    l.29 ^^M
    
    ! ==> Fatal error occurred, no output PDF file produced!
    Calls: buildVignettes -> texi2pdf -> texi2dvi
    Execution halted
Flavor: r-release-osx-x86_64