CRAN Package Check Results for Package MNP

Last updated on 2015-09-02 19:47:41.

Flavor Version Tinstall Tcheck Ttotal Status Flags
r-devel-linux-x86_64-debian-clang 2.6-4 1.82 16.52 18.33 NOTE
r-devel-linux-x86_64-debian-gcc 2.6-4 2.40 16.14 18.54 NOTE
r-devel-linux-x86_64-fedora-clang 2.6-4 33.79 NOTE
r-devel-linux-x86_64-fedora-gcc 2.6-4 32.28 NOTE
r-devel-osx-x86_64-clang 2.6-4 31.39 OK
r-devel-windows-ix86+x86_64 2.6-4 14.00 61.00 75.00 NOTE
r-patched-linux-x86_64 2.6-4 2.25 16.73 18.98 NOTE
r-patched-solaris-sparc 2.6-4 311.50 OK
r-patched-solaris-x86 2.6-4 61.50 OK
r-release-linux-x86_64 2.6-4 2.28 17.28 19.56 NOTE
r-release-osx-x86_64-mavericks 2.6-4 OK
r-release-windows-ix86+x86_64 2.6-4 15.00 60.00 75.00 OK
r-oldrel-windows-ix86+x86_64 2.6-4 17.00 50.00 67.00 OK

Check Details

Version: 2.6-4
Check: top-level files
Result: NOTE
    Non-standard file/directory found at top level:
     ‘MNP.pdf’
Flavors: r-devel-linux-x86_64-debian-clang, r-devel-linux-x86_64-debian-gcc, r-devel-linux-x86_64-fedora-clang, r-devel-linux-x86_64-fedora-gcc, r-patched-linux-x86_64, r-release-linux-x86_64

Version: 2.6-4
Check: R code for possible problems
Result: NOTE
    .onAttach: no visible global function definition for
     ‘packageDescription’
    predict.mnp: no visible global function definition for ‘as.formula’
    print.summary.mnp: no visible global function definition for
     ‘printCoefmat’
    summary.mnp: no visible binding for global variable ‘sd’
    summary.mnp: no visible binding for global variable ‘quantile’
    xmatrix.mnp: no visible global function definition for
     ‘model.matrix.default’
    ymatrix.mnp: no visible global function definition for ‘model.response’
    ymatrix.mnp: no visible global function definition for ‘relevel’
    Undefined global functions or variables:
     as.formula model.matrix.default model.response packageDescription
     printCoefmat quantile relevel sd
    Consider adding
     importFrom("stats", "as.formula", "model.matrix.default",
     "model.response", "printCoefmat", "quantile", "relevel",
     "sd")
     importFrom("utils", "packageDescription")
    to your NAMESPACE.
Flavors: r-devel-linux-x86_64-debian-clang, r-devel-linux-x86_64-debian-gcc, r-devel-linux-x86_64-fedora-clang, r-devel-linux-x86_64-fedora-gcc, r-devel-windows-ix86+x86_64