CRAN Package Check Results for Package MNP

Last updated on 2018-04-21 14:46:55 CEST.

Flavor Version Tinstall Tcheck Ttotal Status Flags
r-devel-linux-x86_64-debian-clang 3.1-0 4.05 44.36 48.41 OK
r-devel-linux-x86_64-debian-gcc 3.1-0 3.47 35.11 38.58 OK
r-devel-linux-x86_64-fedora-clang 3.1-0 61.11 OK
r-devel-linux-x86_64-fedora-gcc 3.1-0 59.09 OK
r-devel-windows-ix86+x86_64 3.1-0 15.00 111.00 126.00 OK
r-devel-osx-x86_64 3.1-0 OK
r-patched-linux-x86_64 3.1-0 4.06 43.98 48.04 OK
r-patched-solaris-x86 3.1-0 98.30 OK
r-release-linux-x86_64 3.1-0 3.86 44.69 48.55 OK
r-release-windows-ix86+x86_64 3.1-0 15.00 98.00 113.00 OK
r-release-osx-x86_64 3.1-0 WARN
r-oldrel-windows-ix86+x86_64 3.1-0 19.00 79.00 98.00 OK

Check Details

Version: 3.1-0
Check: re-building of vignette outputs
Result: WARN
    Error in re-building vignettes:
     ...
    Error in texi2dvi(file = file, pdf = TRUE, clean = clean, quiet = quiet, :
     Running 'texi2dvi' on 'MNP.tex' failed.
    LaTeX errors:
    ! LaTeX Error: File `titlesec.sty' not found.
    
    Type X to quit or <RETURN> to proceed,
    or enter new name. (Default extension: sty)
    
    ! Emergency stop.
    <read *>
    
    l.29 ^^M
    
    ! ==> Fatal error occurred, no output PDF file produced!
    Calls: buildVignettes -> texi2pdf -> texi2dvi
    Execution halted
Flavor: r-release-osx-x86_64