CRAN Package Check Results for Package MNP

Last updated on 2014-08-22 03:48:02.

Flavor Version Tinstall Tcheck Ttotal Status Flags
r-devel-linux-x86_64-debian-clang 2.6-4 1.68 17.26 18.94 OK
r-devel-linux-x86_64-debian-gcc 2.6-4 2.74 16.78 19.51 OK
r-devel-linux-x86_64-fedora-clang 2.6-4 36.16 NOTE
r-devel-linux-x86_64-fedora-gcc 2.6-4 34.80 NOTE
r-devel-osx-x86_64-clang 2.6-4 35.58 OK
r-devel-windows-ix86+x86_64 2.6-4 9.00 40.00 49.00 OK
r-patched-linux-x86_64 2.6-4 2.47 17.05 19.52 OK
r-patched-solaris-sparc 2.6-4 313.40 OK
r-patched-solaris-x86 2.6-4 64.10 OK
r-release-linux-ix86 2.6-4 2.84 27.76 30.61 OK
r-release-linux-x86_64 2.6-4 2.27 17.30 19.58 OK
r-release-osx-x86_64-mavericks 2.6-4 OK
r-release-osx-x86_64-snowleopard 2.6-4 OK
r-release-windows-ix86+x86_64 2.6-4 10.00 39.00 49.00 OK
r-oldrel-windows-ix86+x86_64 2.6-4 11.00 41.00 52.00 OK

Check Details

Version: 2.6-4
Check: top-level files
Result: NOTE
    Non-standard file/directory found at top level:
     ‘MNP.pdf’
Flavors: r-devel-linux-x86_64-fedora-clang, r-devel-linux-x86_64-fedora-gcc