CRAN Package Check Results for Package MNP

Last updated on 2016-05-02 19:49:36.

Flavor Version Tinstall Tcheck Ttotal Status Flags
r-devel-linux-x86_64-debian-gcc 2.6-4 2.34 16.94 19.28 NOTE
r-devel-linux-x86_64-fedora-clang 2.6-4 33.29 NOTE
r-devel-linux-x86_64-fedora-gcc 2.6-4 30.91 NOTE
r-devel-osx-x86_64-clang 2.6-4 36.87 NOTE
r-devel-windows-ix86+x86_64 2.6-4 13.00 50.00 63.00 NOTE
r-patched-linux-x86_64 2.6-4 2.35 16.69 19.04 NOTE
r-patched-solaris-sparc 2.6-4 307.10 NOTE
r-patched-solaris-x86 2.6-4 58.90 NOTE
r-release-linux-x86_64 2.6-4 2.53 17.39 19.92 NOTE
r-release-osx-x86_64-mavericks 2.6-4 OK
r-release-windows-ix86+x86_64 2.6-4 18.00 57.00 75.00 OK
r-oldrel-windows-ix86+x86_64 2.6-4 20.00 61.00 81.00 OK

Check Details

Version: 2.6-4
Check: top-level files
Result: NOTE
    Non-standard file/directory found at top level:
     ‘MNP.pdf’
Flavors: r-devel-linux-x86_64-debian-gcc, r-devel-linux-x86_64-fedora-clang, r-devel-linux-x86_64-fedora-gcc, r-patched-linux-x86_64, r-release-linux-x86_64

Version: 2.6-4
Check: R code for possible problems
Result: NOTE
    .onAttach: no visible global function definition for
     ‘packageDescription’
    predict.mnp: no visible global function definition for ‘as.formula’
    print.summary.mnp: no visible global function definition for
     ‘printCoefmat’
    summary.mnp: no visible binding for global variable ‘sd’
    summary.mnp: no visible binding for global variable ‘quantile’
    xmatrix.mnp: no visible global function definition for
     ‘model.matrix.default’
    ymatrix.mnp: no visible global function definition for ‘model.response’
    ymatrix.mnp: no visible global function definition for ‘relevel’
    Undefined global functions or variables:
     as.formula model.matrix.default model.response packageDescription
     printCoefmat quantile relevel sd
    Consider adding
     importFrom("stats", "as.formula", "model.matrix.default",
     "model.response", "printCoefmat", "quantile", "relevel",
     "sd")
     importFrom("utils", "packageDescription")
    to your NAMESPACE file.
Flavors: r-devel-linux-x86_64-debian-gcc, r-devel-linux-x86_64-fedora-clang, r-devel-linux-x86_64-fedora-gcc, r-devel-osx-x86_64-clang, r-devel-windows-ix86+x86_64, r-patched-linux-x86_64, r-patched-solaris-sparc, r-patched-solaris-x86