CRAN Package Check Results for Package MNP

Last updated on 2018-01-21 14:47:33 CET.

Flavor Version Tinstall Tcheck Ttotal Status Flags
r-devel-linux-x86_64-debian-clang 3.1-0 3.24 46.33 49.57 OK
r-devel-linux-x86_64-debian-gcc 3.1-0 3.18 36.38 39.56 OK
r-devel-linux-x86_64-fedora-clang 3.1-0 62.36 OK
r-devel-linux-x86_64-fedora-gcc 3.1-0 61.39 OK
r-devel-windows-ix86+x86_64 3.1-0 18.00 86.00 104.00 OK
r-patched-linux-x86_64 3.1-0 3.73 44.63 48.36 OK
r-patched-solaris-x86 3.1-0 99.80 OK
r-release-linux-x86_64 3.1-0 3.48 44.96 48.44 OK
r-release-windows-ix86+x86_64 3.1-0 20.00 82.00 102.00 OK
r-release-osx-x86_64 3.1-0 WARN
r-oldrel-windows-ix86+x86_64 3.1-0 18.00 75.00 93.00 OK
r-oldrel-osx-x86_64 3.1-0 OK

Check Details

Version: 3.1-0
Check: re-building of vignette outputs
Result: WARN
    Error in re-building vignettes:
     ...
    Error in texi2dvi(file = file, pdf = TRUE, clean = clean, quiet = quiet, :
     Running 'texi2dvi' on 'MNP.tex' failed.
    LaTeX errors:
    ! LaTeX Error: File `titlesec.sty' not found.
    
    Type X to quit or <RETURN> to proceed,
    or enter new name. (Default extension: sty)
    
    ! Emergency stop.
    <read *>
    
    l.29 ^^M
    
    ! ==> Fatal error occurred, no output PDF file produced!
    Calls: buildVignettes -> texi2pdf -> texi2dvi
    Execution halted
Flavor: r-release-osx-x86_64