CRAN Package Check Results for Package MNP

Last updated on 2014-07-22 10:47:21.

Flavor Version Tinstall Tcheck Ttotal Status Flags
r-devel-linux-x86_64-debian-clang 2.6-4 1.65 17.78 19.42 OK
r-devel-linux-x86_64-debian-gcc 2.6-4 2.20 16.90 19.10 OK
r-devel-linux-x86_64-fedora-clang 2.6-4 37.79 NOTE
r-devel-linux-x86_64-fedora-gcc 2.6-4 36.12 NOTE
r-devel-osx-x86_64-clang 2.6-4 35.97 OK
r-devel-windows-ix86+x86_64 2.6-4 10.00 40.00 50.00 OK
r-patched-linux-x86_64 2.6-4 2.30 16.80 19.10 OK
r-patched-solaris-sparc 2.6-4 290.70 OK
r-patched-solaris-x86 2.6-4 64.30 OK
r-release-linux-ix86 2.6-4 2.82 26.76 29.58 OK
r-release-linux-x86_64 2.6-4 2.24 17.28 19.52 OK
r-release-osx-x86_64-mavericks 2.6-4 OK
r-release-osx-x86_64-snowleopard 2.6-4 OK
r-release-windows-ix86+x86_64 2.6-4 11.00 41.00 52.00 OK
r-oldrel-windows-ix86+x86_64 2.6-4 10.00 44.00 54.00 OK

Check Details

Version: 2.6-4
Check: top-level files
Result: NOTE
    Non-standard file/directory found at top level:
     ‘MNP.pdf’
Flavors: r-devel-linux-x86_64-fedora-clang, r-devel-linux-x86_64-fedora-gcc