CRAN Package Check Results for Package MNP

Last updated on 2017-03-29 23:53:16.

Flavor Version Tinstall Tcheck Ttotal Status Flags
r-devel-linux-x86_64-debian-clang 2.6-4 2.73 19.30 22.02 NOTE
r-devel-linux-x86_64-debian-gcc 2.6-4 2.46 18.57 21.04 NOTE
r-devel-linux-x86_64-fedora-clang 2.6-4 38.01 NOTE --no-stop-on-test-error
r-devel-linux-x86_64-fedora-gcc 2.6-4 34.97 NOTE --no-stop-on-test-error
r-devel-macos-x86_64-clang 2.6-4 31.20 NOTE --no-stop-on-test-error
r-devel-windows-ix86+x86_64 2.6-4 12.00 51.00 63.00 NOTE
r-patched-linux-x86_64 2.6-4 2.28 19.16 21.44 NOTE
r-patched-solaris-sparc 2.6-4 300.50 NOTE
r-patched-solaris-x86 2.6-4 66.70 NOTE
r-release-linux-x86_64 2.6-4 2.21 17.45 19.66 NOTE
r-release-osx-x86_64-mavericks 2.6-4 NOTE
r-release-windows-ix86+x86_64 2.6-4 26.00 52.00 78.00 NOTE
r-oldrel-windows-ix86+x86_64 2.6-4 24.00 87.00 111.00 OK

Check Details

Version: 2.6-4
Check: top-level files
Result: NOTE
    Non-standard file/directory found at top level:
     ‘MNP.pdf’
Flavors: r-devel-linux-x86_64-debian-clang, r-devel-linux-x86_64-debian-gcc, r-patched-linux-x86_64, r-release-linux-x86_64

Version: 2.6-4
Check: R code for possible problems
Result: NOTE
    .onAttach: no visible global function definition for
     ‘packageDescription’
    predict.mnp: no visible global function definition for ‘as.formula’
    print.summary.mnp: no visible global function definition for
     ‘printCoefmat’
    summary.mnp: no visible binding for global variable ‘sd’
    summary.mnp: no visible binding for global variable ‘quantile’
    xmatrix.mnp: no visible global function definition for
     ‘model.matrix.default’
    ymatrix.mnp: no visible global function definition for ‘model.response’
    ymatrix.mnp: no visible global function definition for ‘relevel’
    Undefined global functions or variables:
     as.formula model.matrix.default model.response packageDescription
     printCoefmat quantile relevel sd
    Consider adding
     importFrom("stats", "as.formula", "model.matrix.default",
     "model.response", "printCoefmat", "quantile", "relevel",
     "sd")
     importFrom("utils", "packageDescription")
    to your NAMESPACE file.
Flavors: r-devel-linux-x86_64-debian-clang, r-devel-linux-x86_64-debian-gcc, r-devel-windows-ix86+x86_64, r-patched-linux-x86_64, r-patched-solaris-sparc, r-patched-solaris-x86, r-release-linux-x86_64, r-release-osx-x86_64-mavericks, r-release-windows-ix86+x86_64

Version: 2.6-4
Check: compiled code
Result: NOTE
    File ‘MNP/libs/MNP.so’:
     Found no calls to: ‘R_registerRoutines’, ‘R_useDynamicSymbols’
    
    It is good practice to register native routines and to disable symbol
    search.
    
    See ‘Writing portable packages’ in the ‘Writing R Extensions’ manual.
Flavors: r-devel-linux-x86_64-debian-clang, r-devel-linux-x86_64-debian-gcc, r-patched-linux-x86_64

Version: 2.6-4
Flags: --no-stop-on-test-error
Check: top-level files
Result: NOTE
    Non-standard file/directory found at top level:
     ‘MNP.pdf’
Flavors: r-devel-linux-x86_64-fedora-clang, r-devel-linux-x86_64-fedora-gcc

Version: 2.6-4
Flags: --no-stop-on-test-error
Check: R code for possible problems
Result: NOTE
    .onAttach: no visible global function definition for
     ‘packageDescription’
    predict.mnp: no visible global function definition for ‘as.formula’
    print.summary.mnp: no visible global function definition for
     ‘printCoefmat’
    summary.mnp: no visible binding for global variable ‘sd’
    summary.mnp: no visible binding for global variable ‘quantile’
    xmatrix.mnp: no visible global function definition for
     ‘model.matrix.default’
    ymatrix.mnp: no visible global function definition for ‘model.response’
    ymatrix.mnp: no visible global function definition for ‘relevel’
    Undefined global functions or variables:
     as.formula model.matrix.default model.response packageDescription
     printCoefmat quantile relevel sd
    Consider adding
     importFrom("stats", "as.formula", "model.matrix.default",
     "model.response", "printCoefmat", "quantile", "relevel",
     "sd")
     importFrom("utils", "packageDescription")
    to your NAMESPACE file.
Flavors: r-devel-linux-x86_64-fedora-clang, r-devel-linux-x86_64-fedora-gcc, r-devel-macos-x86_64-clang

Version: 2.6-4
Flags: --no-stop-on-test-error
Check: compiled code
Result: NOTE
    File ‘MNP/libs/MNP.so’:
     Found no calls to: ‘R_registerRoutines’, ‘R_useDynamicSymbols’
    
    It is good practice to register native routines and to disable symbol
    search.
    
    See ‘Writing portable packages’ in the ‘Writing R Extensions’ manual.
Flavors: r-devel-linux-x86_64-fedora-clang, r-devel-linux-x86_64-fedora-gcc, r-devel-macos-x86_64-clang