CRAN Package Check Results for Package MOCCA

Last updated on 2014-09-20 08:51:48.

Flavor Version Tinstall Tcheck Ttotal Status Flags
r-devel-linux-x86_64-debian-clang 1.2 0.63 18.67 19.30 NOTE
r-devel-linux-x86_64-debian-gcc 1.2 0.64 18.42 19.06 NOTE
r-devel-linux-x86_64-fedora-clang 1.2 36.91 NOTE
r-devel-linux-x86_64-fedora-gcc 1.2 34.81 NOTE
r-devel-osx-x86_64-clang 1.2 35.83 NOTE
r-devel-windows-ix86+x86_64 1.2 4.00 34.00 38.00 NOTE
r-patched-linux-x86_64 1.2 0.77 18.88 19.65 NOTE
r-patched-solaris-sparc 1.2 250.40 NOTE
r-patched-solaris-x86 1.2 50.00 NOTE
r-release-linux-ix86 1.2 1.14 27.88 29.02 NOTE
r-release-linux-x86_64 1.2 0.75 19.11 19.86 NOTE
r-release-osx-x86_64-mavericks 1.2 NOTE
r-release-osx-x86_64-snowleopard 1.2 OK
r-release-windows-ix86+x86_64 1.2 3.00 34.00 37.00 NOTE
r-oldrel-windows-ix86+x86_64 1.2 3.00 34.00 37.00 NOTE

Check Details

Version: 1.2
Check: dependencies in R code
Result: NOTE
    Packages in Depends field not imported from:
     ‘cclust’ ‘clv’
     These packages need to be imported from (in the NAMESPACE file)
     for when this namespace is loaded but not attached.
    See the information on DESCRIPTION files in the chapter ‘Creating R
    packages’ of the ‘Writing R Extensions’ manual.
Flavors: r-devel-linux-x86_64-debian-clang, r-devel-linux-x86_64-debian-gcc, r-devel-linux-x86_64-fedora-clang, r-devel-linux-x86_64-fedora-gcc, r-devel-osx-x86_64-clang, r-devel-windows-ix86+x86_64, r-patched-linux-x86_64, r-patched-solaris-sparc, r-patched-solaris-x86, r-release-linux-ix86, r-release-linux-x86_64, r-release-osx-x86_64-mavericks, r-release-windows-ix86+x86_64, r-oldrel-windows-ix86+x86_64

Version: 1.2
Check: R code for possible problems
Result: NOTE
    clusval: no visible global function definition for ‘std.ext’
    clusval: no visible global function definition for ‘confusion.matrix’
    clusval: no visible global function definition for ‘similarity.index’
    clusval: no visible global function definition for ‘clv.Jaccard’
    clusval: no visible global function definition for ‘clv.Folkes.Mallows’
    predict_baseline: no visible global function definition for ‘knn1’
    predict_cclust: no visible global function definition for ‘cclust’
    predict_kmeans: no visible global function definition for ‘knn1’
    predict_single: no visible global function definition for ‘agnes’
    predict_single: no visible global function definition for ‘knn1’
Flavors: r-devel-linux-x86_64-debian-clang, r-devel-linux-x86_64-debian-gcc, r-devel-linux-x86_64-fedora-clang, r-devel-linux-x86_64-fedora-gcc, r-devel-osx-x86_64-clang, r-devel-windows-ix86+x86_64