CRAN Package Check Results for Package MOCCA

Last updated on 2014-07-25 01:48:48.

Flavor Version Tinstall Tcheck Ttotal Status Flags
r-devel-linux-x86_64-debian-clang 1.2 0.68 18.52 19.20 NOTE
r-devel-linux-x86_64-debian-gcc 1.2 0.69 18.29 18.98 NOTE
r-devel-linux-x86_64-fedora-clang 1.2 38.20 NOTE
r-devel-linux-x86_64-fedora-gcc 1.2 36.45 NOTE
r-devel-osx-x86_64-clang 1.2 34.36 NOTE
r-devel-windows-ix86+x86_64 1.2 3.00 32.00 35.00 NOTE
r-patched-linux-x86_64 1.2 0.69 18.84 19.53 NOTE
r-patched-solaris-sparc 1.2 223.70 NOTE
r-patched-solaris-x86 1.2 50.10 NOTE
r-release-linux-ix86 1.2 1.10 27.38 28.48 NOTE
r-release-linux-x86_64 1.2 0.72 18.97 19.69 NOTE
r-release-osx-x86_64-mavericks 1.2 NOTE
r-release-osx-x86_64-snowleopard 1.2 OK
r-release-windows-ix86+x86_64 1.2 4.00 36.00 40.00 NOTE
r-oldrel-windows-ix86+x86_64 1.2 4.00 34.00 38.00 NOTE

Check Details

Version: 1.2
Check: dependencies in R code
Result: NOTE
    Packages in Depends field not imported from:
     ‘cclust’ ‘clv’
     These packages need to be imported from (in the NAMESPACE file)
     for when this namespace is loaded but not attached.
    See the information on DESCRIPTION files in the chapter ‘Creating R
    packages’ of the ‘Writing R Extensions’ manual.
Flavors: r-devel-linux-x86_64-debian-clang, r-devel-linux-x86_64-debian-gcc, r-devel-linux-x86_64-fedora-clang, r-devel-linux-x86_64-fedora-gcc, r-devel-osx-x86_64-clang, r-devel-windows-ix86+x86_64, r-patched-linux-x86_64, r-patched-solaris-sparc, r-patched-solaris-x86, r-release-linux-ix86, r-release-linux-x86_64, r-release-osx-x86_64-mavericks, r-release-windows-ix86+x86_64, r-oldrel-windows-ix86+x86_64