CRAN Package Check Results for Package MOCCA

Last updated on 2014-04-18 05:48:07.

Flavor Version Tinstall Tcheck Ttotal Status Flags
r-devel-linux-x86_64-debian-clang 1.2 0.88 19.72 20.60 NOTE
r-devel-linux-x86_64-debian-gcc NOTE
r-devel-linux-x86_64-fedora-clang 1.2 38.36 NOTE
r-devel-linux-x86_64-fedora-gcc 1.2 35.88 NOTE
r-devel-macosx-x86_64-clang 1.2 36.57 NOTE
r-devel-macosx-x86_64-gcc 1.2 NOTE
r-devel-windows-ix86+x86_64 1.2 3.00 34.00 37.00 NOTE
r-patched-linux-x86_64 1.2 0.74 19.15 19.90 NOTE
r-patched-solaris-sparc 1.2 223.70 NOTE
r-patched-solaris-x86 1.2 51.00 NOTE
r-release-linux-ix86 1.2 2.00 38.00 40.00 NOTE
r-release-linux-x86_64 1.2 0.76 19.30 20.07 NOTE
r-release-macosx-x86_64 1.2 OK
r-release-windows-ix86+x86_64 1.2 3.00 42.00 45.00 NOTE
r-oldrel-windows-ix86+x86_64 1.2 3.00 35.00 38.00 NOTE

Check Details

Version: 1.2
Check: dependencies in R code
Result: NOTE
    Packages in Depends field not imported from:
     ‘cclust’ ‘clv’
     These packages need to be imported from (in the NAMESPACE file)
     for when this namespace is loaded but not attached.
    See the information on DESCRIPTION files in the chapter ‘Creating R
    packages’ of the ‘Writing R Extensions’ manual.
Flavors: r-devel-linux-x86_64-debian-clang, r-devel-linux-x86_64-debian-gcc, r-devel-linux-x86_64-fedora-clang, r-devel-linux-x86_64-fedora-gcc, r-devel-macosx-x86_64-clang, r-devel-macosx-x86_64-gcc, r-devel-windows-ix86+x86_64, r-patched-linux-x86_64, r-patched-solaris-sparc, r-patched-solaris-x86, r-release-linux-ix86, r-release-linux-x86_64, r-release-windows-ix86+x86_64, r-oldrel-windows-ix86+x86_64