CRAN Package Check Results for Package MOCCA

Last updated on 2014-11-22 11:49:16.

Flavor Version Tinstall Tcheck Ttotal Status Flags
r-devel-linux-x86_64-debian-clang 1.2 0.74 19.78 20.52 NOTE
r-devel-linux-x86_64-debian-gcc 1.2 0.72 19.36 20.08 NOTE
r-devel-linux-x86_64-fedora-clang 1.2 40.59 NOTE
r-devel-linux-x86_64-fedora-gcc 1.2 37.27 NOTE
r-devel-osx-x86_64-clang 1.2 35.97 NOTE
r-devel-windows-ix86+x86_64 1.2 4.00 34.00 38.00 NOTE
r-patched-linux-x86_64 1.2 0.76 19.61 20.37 NOTE
r-patched-solaris-sparc 1.2 224.00 NOTE
r-patched-solaris-x86 1.2 51.60 NOTE
r-release-linux-ix86 1.2 1.11 26.74 27.85 NOTE
r-release-linux-x86_64 1.2 0.76 19.12 19.87 NOTE
r-release-osx-x86_64-mavericks 1.2 NOTE
r-release-osx-x86_64-snowleopard 1.2 OK
r-release-windows-ix86+x86_64 1.2 4.00 38.00 42.00 NOTE
r-oldrel-windows-ix86+x86_64 1.2 3.00 33.00 36.00 NOTE

Check Details

Version: 1.2
Check: dependencies in R code
Result: NOTE
    Packages in Depends field not imported from:
     ‘cclust’ ‘clv’
     These packages need to be imported from (in the NAMESPACE file)
     for when this namespace is loaded but not attached.
    See the information on DESCRIPTION files in the chapter ‘Creating R
    packages’ of the ‘Writing R Extensions’ manual.
Flavors: r-devel-linux-x86_64-debian-clang, r-devel-linux-x86_64-debian-gcc, r-devel-linux-x86_64-fedora-clang, r-devel-linux-x86_64-fedora-gcc, r-devel-osx-x86_64-clang, r-devel-windows-ix86+x86_64, r-patched-linux-x86_64, r-patched-solaris-sparc, r-patched-solaris-x86, r-release-linux-ix86, r-release-linux-x86_64, r-release-osx-x86_64-mavericks, r-release-windows-ix86+x86_64, r-oldrel-windows-ix86+x86_64

Version: 1.2
Check: R code for possible problems
Result: NOTE
    clusval: no visible global function definition for ‘std.ext’
    clusval: no visible global function definition for ‘confusion.matrix’
    clusval: no visible global function definition for ‘similarity.index’
    clusval: no visible global function definition for ‘clv.Jaccard’
    clusval: no visible global function definition for ‘clv.Folkes.Mallows’
    predict_baseline: no visible global function definition for ‘knn1’
    predict_cclust: no visible global function definition for ‘cclust’
    predict_kmeans: no visible global function definition for ‘knn1’
    predict_single: no visible global function definition for ‘agnes’
    predict_single: no visible global function definition for ‘knn1’
Flavors: r-devel-linux-x86_64-debian-clang, r-devel-linux-x86_64-debian-gcc, r-devel-linux-x86_64-fedora-clang, r-devel-linux-x86_64-fedora-gcc, r-devel-osx-x86_64-clang, r-devel-windows-ix86+x86_64, r-patched-linux-x86_64, r-patched-solaris-sparc, r-patched-solaris-x86, r-release-linux-ix86, r-release-linux-x86_64, r-release-windows-ix86+x86_64