CRAN Package Check Results for Package MOCCA

Last updated on 2015-07-28 23:47:39.

Flavor Version Tinstall Tcheck Ttotal Status Flags
r-devel-linux-x86_64-debian-clang 1.2 0.59 16.39 16.98 NOTE
r-devel-linux-x86_64-debian-gcc 1.2 0.58 16.84 17.42 NOTE
r-devel-linux-x86_64-fedora-clang 1.2 32.15 NOTE
r-devel-linux-x86_64-fedora-gcc 1.2 30.27 NOTE
r-devel-osx-x86_64-clang 1.2 29.25 NOTE
r-devel-windows-ix86+x86_64 1.2 3.00 32.00 35.00 NOTE
r-patched-linux-x86_64 1.2 0.61 16.47 17.08 NOTE
r-patched-solaris-sparc 1.2 229.00 NOTE
r-patched-solaris-x86 1.2 46.30 NOTE
r-release-linux-x86_64 1.2 0.61 16.81 17.42 NOTE
r-release-osx-x86_64-mavericks 1.2 NOTE
r-release-windows-ix86+x86_64 1.2 5.00 52.00 57.00 NOTE
r-oldrel-windows-ix86+x86_64 1.2 4.00 37.00 41.00 NOTE

Check Details

Version: 1.2
Check: dependencies in R code
Result: NOTE
    Packages in Depends field not imported from:
     ‘cclust’ ‘clv’
     These packages need to be imported from (in the NAMESPACE file)
     for when this namespace is loaded but not attached.
Flavors: r-devel-linux-x86_64-debian-clang, r-devel-linux-x86_64-debian-gcc, r-devel-linux-x86_64-fedora-clang, r-devel-linux-x86_64-fedora-gcc, r-devel-osx-x86_64-clang, r-devel-windows-ix86+x86_64, r-patched-linux-x86_64, r-patched-solaris-sparc, r-patched-solaris-x86, r-release-linux-x86_64, r-release-osx-x86_64-mavericks, r-release-windows-ix86+x86_64, r-oldrel-windows-ix86+x86_64

Version: 1.2
Check: R code for possible problems
Result: NOTE
    clusval: no visible global function definition for ‘std.ext’
    clusval: no visible global function definition for ‘confusion.matrix’
    clusval: no visible global function definition for ‘similarity.index’
    clusval: no visible global function definition for ‘clv.Jaccard’
    clusval: no visible global function definition for ‘clv.Folkes.Mallows’
    cross.quant.similarity: no visible global function definition for
     ‘dist’
    getParetoRanking: no visible global function definition for ‘na.omit’
    getParetoSet: no visible global function definition for ‘na.omit’
    mocca.validate: no visible global function definition for ‘combn’
    plot.mocca.objectives: no visible global function definition for ‘plot’
    plot.mocca.objectives: no visible global function definition for ‘text’
    predict_baseline: no visible global function definition for ‘knn1’
    predict_cclust: no visible global function definition for ‘cclust’
    predict_cclust: no visible global function definition for ‘predict’
    predict_kmeans: no visible global function definition for ‘kmeans’
    predict_kmeans: no visible global function definition for ‘knn1’
    predict_single: no visible global function definition for ‘cutree’
    predict_single: no visible global function definition for ‘agnes’
    predict_single: no visible global function definition for ‘knn1’
    Undefined global functions or variables:
     agnes cclust clv.Folkes.Mallows clv.Jaccard combn confusion.matrix
     cutree dist kmeans knn1 na.omit plot predict similarity.index std.ext
     text
    Consider adding
     importFrom("graphics", "plot", "text")
     importFrom("stats", "cutree", "dist", "kmeans", "na.omit", "predict")
     importFrom("utils", "combn")
    to your NAMESPACE.
Flavors: r-devel-linux-x86_64-debian-clang, r-devel-linux-x86_64-debian-gcc, r-devel-linux-x86_64-fedora-clang, r-devel-linux-x86_64-fedora-gcc, r-devel-windows-ix86+x86_64

Version: 1.2
Check: R code for possible problems
Result: NOTE
    clusval: no visible global function definition for ‘std.ext’
    clusval: no visible global function definition for ‘confusion.matrix’
    clusval: no visible global function definition for ‘similarity.index’
    clusval: no visible global function definition for ‘clv.Jaccard’
    clusval: no visible global function definition for ‘clv.Folkes.Mallows’
    predict_baseline: no visible global function definition for ‘knn1’
    predict_cclust: no visible global function definition for ‘cclust’
    predict_kmeans: no visible global function definition for ‘knn1’
    predict_single: no visible global function definition for ‘agnes’
    predict_single: no visible global function definition for ‘knn1’
    Undefined global functions or variables:
     agnes cclust clv.Folkes.Mallows clv.Jaccard confusion.matrix knn1
     similarity.index std.ext
Flavor: r-devel-osx-x86_64-clang

Version: 1.2
Check: R code for possible problems
Result: NOTE
    clusval: no visible global function definition for ‘std.ext’
    clusval: no visible global function definition for ‘confusion.matrix’
    clusval: no visible global function definition for ‘similarity.index’
    clusval: no visible global function definition for ‘clv.Jaccard’
    clusval: no visible global function definition for ‘clv.Folkes.Mallows’
    predict_baseline: no visible global function definition for ‘knn1’
    predict_cclust: no visible global function definition for ‘cclust’
    predict_kmeans: no visible global function definition for ‘knn1’
    predict_single: no visible global function definition for ‘agnes’
    predict_single: no visible global function definition for ‘knn1’
Flavors: r-patched-linux-x86_64, r-patched-solaris-sparc, r-patched-solaris-x86, r-release-linux-x86_64, r-release-osx-x86_64-mavericks, r-release-windows-ix86+x86_64, r-oldrel-windows-ix86+x86_64