CRAN Package Check Results for Package MOCCA

Last updated on 2015-05-24 17:47:30.

Flavor Version Tinstall Tcheck Ttotal Status Flags
r-devel-linux-x86_64-debian-clang 1.2 0.62 17.31 17.94 NOTE
r-devel-linux-x86_64-debian-gcc 1.2 0.62 16.59 17.22 NOTE
r-devel-linux-x86_64-fedora-clang 1.2 33.79 NOTE
r-devel-linux-x86_64-fedora-gcc 1.2 31.61 NOTE
r-devel-osx-x86_64-clang 1.2 31.92 NOTE
r-devel-windows-ix86+x86_64 1.2 4.00 28.00 32.00 NOTE
r-patched-linux-x86_64 1.2 0.70 16.49 17.19 NOTE
r-patched-solaris-sparc 1.2 220.40 NOTE
r-patched-solaris-x86 1.2 46.00 NOTE
r-release-linux-x86_64 1.2 0.61 16.88 17.49 NOTE
r-release-osx-x86_64-mavericks 1.2 NOTE
r-release-osx-x86_64-snowleopard 1.2 NOTE
r-release-windows-ix86+x86_64 1.2 3.00 31.00 34.00 NOTE
r-oldrel-windows-ix86+x86_64 1.2 4.00 51.00 55.00 NOTE

Check Details

Version: 1.2
Check: dependencies in R code
Result: NOTE
    Packages in Depends field not imported from:
     ‘cclust’ ‘clv’
     These packages need to be imported from (in the NAMESPACE file)
     for when this namespace is loaded but not attached.
Flavors: r-devel-linux-x86_64-debian-clang, r-devel-linux-x86_64-debian-gcc, r-devel-linux-x86_64-fedora-clang, r-devel-linux-x86_64-fedora-gcc, r-devel-osx-x86_64-clang, r-devel-windows-ix86+x86_64, r-patched-linux-x86_64, r-patched-solaris-sparc, r-patched-solaris-x86, r-release-linux-x86_64, r-release-osx-x86_64-mavericks, r-release-osx-x86_64-snowleopard, r-release-windows-ix86+x86_64, r-oldrel-windows-ix86+x86_64

Version: 1.2
Check: R code for possible problems
Result: NOTE
    clusval: no visible global function definition for ‘std.ext’
    clusval: no visible global function definition for ‘confusion.matrix’
    clusval: no visible global function definition for ‘similarity.index’
    clusval: no visible global function definition for ‘clv.Jaccard’
    clusval: no visible global function definition for ‘clv.Folkes.Mallows’
    predict_baseline: no visible global function definition for ‘knn1’
    predict_cclust: no visible global function definition for ‘cclust’
    predict_kmeans: no visible global function definition for ‘knn1’
    predict_single: no visible global function definition for ‘agnes’
    predict_single: no visible global function definition for ‘knn1’
Flavors: r-devel-linux-x86_64-debian-clang, r-devel-linux-x86_64-debian-gcc, r-devel-linux-x86_64-fedora-clang, r-devel-linux-x86_64-fedora-gcc, r-devel-osx-x86_64-clang, r-devel-windows-ix86+x86_64, r-patched-linux-x86_64, r-patched-solaris-sparc, r-patched-solaris-x86, r-release-linux-x86_64, r-release-osx-x86_64-mavericks, r-release-osx-x86_64-snowleopard, r-release-windows-ix86+x86_64, r-oldrel-windows-ix86+x86_64