CRAN Package Check Results for Package MODISTools

Last updated on 2015-07-08 05:47:45.

Flavor Version Tinstall Tcheck Ttotal Status Flags
r-devel-linux-x86_64-debian-clang 0.94.6 1.36 324.38 325.74 NOTE
r-devel-linux-x86_64-debian-gcc 0.94.6 1.33 91.27 92.60 NOTE
r-devel-linux-x86_64-fedora-clang 0.94.6 50.52 NOTE
r-devel-linux-x86_64-fedora-gcc 0.94.6 48.03 NOTE
r-devel-osx-x86_64-clang 0.94.6 74.21 OK
r-devel-windows-ix86+x86_64 0.94.6 5.00 41.00 46.00 NOTE
r-patched-linux-x86_64 0.94.6 1.33 84.84 86.18 OK
r-patched-solaris-sparc 0.94.6 326.50 OK
r-patched-solaris-x86 0.94.6 69.90 OK
r-release-linux-x86_64 0.94.6 1.33 57.56 58.90 OK
r-release-osx-x86_64-mavericks 0.94.6 OK
r-release-windows-ix86+x86_64 0.94.6 5.00 62.00 67.00 OK
r-oldrel-windows-ix86+x86_64 0.94.6 7.00 72.00 79.00 OK

Check Details

Version: 0.94.6
Check: R code for possible problems
Result: NOTE
    ConvertToDD: no visible global function definition for ‘read.delim’
    EndCoordinates: no visible global function definition for ‘read.delim’
    EndCoordinates: no visible global function definition for ‘write.csv’
    LandCover: no visible global function definition for ‘read.csv’
    LandCover: no visible global function definition for ‘write.table’
    MODISGrid : <anonymous>: no visible global function definition for
     ‘read.csv’
    MODISGrid: no visible global function definition for ‘read.csv’
    MODISGrid: no visible global function definition for ‘write.table’
    MODISSubsets: no visible global function definition for ‘read.delim’
    MODISSubsets: no visible global function definition for ‘write.table’
    MODISSummaries: no visible global function definition for ‘read.delim’
    MODISSummaries : <anonymous>: no visible global function definition for
     ‘read.csv’
    MODISSummaries: no visible global function definition for ‘read.csv’
    MODISSummaries: no visible global function definition for ‘approx’
    MODISSummaries: no visible global function definition for ‘sd’
    MODISSummaries: no visible global function definition for ‘pdf’
    MODISSummaries: no visible global function definition for ‘plot’
    MODISSummaries: no visible global function definition for ‘lines’
    MODISSummaries: no visible global function definition for ‘abline’
    MODISSummaries: no visible global function definition for ‘dev.off’
    MODISSummaries: no visible global function definition for ‘write.table’
    MODISTimeSeries : <anonymous>: no visible global function definition
     for ‘read.csv’
    MODISTimeSeries: no visible global function definition for ‘read.csv’
    MODISTransects: no visible global function definition for ‘read.delim’
    MODISTransects: no visible global function definition for ‘median’
    Undefined global functions or variables:
     abline approx dev.off lines median pdf plot read.csv read.delim sd
     write.csv write.table
Flavors: r-devel-linux-x86_64-debian-clang, r-devel-linux-x86_64-debian-gcc, r-devel-linux-x86_64-fedora-clang, r-devel-linux-x86_64-fedora-gcc, r-devel-windows-ix86+x86_64