CRAN Package Check Results for Package MODISTools

Last updated on 2014-09-23 12:47:01.

Flavor Version Tinstall Tcheck Ttotal Status Flags
r-devel-linux-x86_64-debian-clang 0.94.4 1.86 62.36 64.22 OK
r-devel-linux-x86_64-debian-gcc 0.94.4 1.58 55.84 57.42 OK
r-devel-linux-x86_64-fedora-clang 0.94.4 59.77 OK
r-devel-linux-x86_64-fedora-gcc 0.94.4 56.27 OK
r-devel-osx-x86_64-clang 0.94.4 83.57 OK
r-devel-windows-ix86+x86_64 0.94.4 5.00 67.00 72.00 OK
r-patched-linux-x86_64 0.94.4 1.68 58.12 59.80 OK
r-patched-solaris-sparc 0.94.4 314.50 OK
r-patched-solaris-x86 0.94.4 78.70 OK
r-release-linux-ix86 0.94.4 2.26 65.08 67.34 OK
r-release-linux-x86_64 0.94.4 1.72 58.32 60.04 OK
r-release-osx-x86_64-mavericks 0.94.4 NOTE
r-release-osx-x86_64-snowleopard 0.94.4 OK
r-release-windows-ix86+x86_64 0.94.4 6.00 79.00 85.00 OK
r-oldrel-windows-ix86+x86_64 0.94.4 6.00 84.00 90.00 OK

Check Details

Version: 0.94.4
Check: re-building of vignette outputs
Result: NOTE
    Error in re-building vignettes:
     ...
    Error in texi2dvi(file = file, pdf = TRUE, clean = clean, quiet = quiet, :
     Running 'texi2dvi' on 'UsingMODISTools.tex' failed.
    LaTeX errors:
    ! LaTeX Error: File `hyphenat.sty' not found.
    
    Type X to quit or <RETURN> to proceed,
    or enter new name. (Default extension: sty)
    
    ign_test/MODISTools/vignettes/UsingMODISTools.tex:8: ==> Fatal error occurred,
     no output PDF file produced!
    Calls: buildVignettes -> texi2pdf -> texi2dvi
    Execution halted
Flavor: r-release-osx-x86_64-mavericks