CRAN Package Check Results for Package MODISTools

Last updated on 2016-12-09 23:49:43.

Flavor Version Tinstall Tcheck Ttotal Status Flags
r-devel-linux-x86_64-debian-clang 0.95.0 1.41 54.51 55.92 ERROR
r-devel-linux-x86_64-debian-gcc 0.95.0 1.49 66.73 68.23 OK
r-devel-linux-x86_64-fedora-clang 0.95.0 56.87 OK --no-stop-on-test-error
r-devel-linux-x86_64-fedora-gcc 0.95.0 55.84 OK --no-stop-on-test-error
r-devel-macos-x86_64-clang 0.95.0 43.32 OK --no-tests --no-stop-on-test-error
r-devel-windows-ix86+x86_64 0.95.0 7.00 113.00 120.00 OK
r-patched-linux-x86_64 0.95.0 1.36 57.62 58.98 OK
r-patched-solaris-sparc 0.95.0 295.80 OK
r-patched-solaris-x86 0.95.0 65.70 OK
r-release-linux-x86_64 0.95.0 1.30 61.69 62.99 OK
r-release-osx-x86_64-mavericks 0.95.0 OK
r-release-windows-ix86+x86_64 0.95.0 10.00 180.00 190.00 OK
r-oldrel-windows-ix86+x86_64 0.95.0 7.00 72.00 79.00 OK

Check Details

Version: 0.95.0
Check: tests
Result: ERROR
     Running ‘Test.R’ [1s/27s]
    Running the tests in ‘tests/Test.R’ failed.
    Last 13 lines of output:
     > # Check example of MODISTransects
     > request <- GetSubset(Lat = SubsetExample$lat, Long = SubsetExample$long, Product = "MOD13Q1", Band = "250m_16_days_EVI",
     + StartDate = "A2000049", EndDate = "A2000049", KmAboveBelow = 0, KmLeftRight = 0)$subset[1]
     > if(grepl("Server is busy handling other requests", request) | grepl("System overloaded", request) |
     + grepl("Downloading from the web service is currently not working", request)){
     + q()
     + } else {
     + MODISTransects(LoadData = TransectExample, Product = "MCD12Q1", Bands = c("Land_Cover_Type_1"),
     + Size = c(0,0), StartDate = TRUE)
     + }
     Found 1 transects. Downloading time-series sets for each transect...
     Error in GetDates(t.subset$lat[1], t.subset$long[1], Product) :
     Downloading from the web service is currently not working. Please try again later.
     Calls: MODISTransects -> GetDates
     Execution halted
Flavor: r-devel-linux-x86_64-debian-clang