CRAN Package Check Results for Package MODISTools

Last updated on 2014-04-24 19:54:02.

Flavor Version Tinstall Tcheck Ttotal Status Flags
r-devel-linux-x86_64-debian-clang 0.93.9 1.83 63.91 65.74 OK
r-devel-linux-x86_64-debian-gcc 0.93.9 1.74 61.68 63.42 OK
r-devel-linux-x86_64-fedora-clang 0.93.9 60.22 OK
r-devel-linux-x86_64-fedora-gcc 0.93.9 58.40 OK
r-devel-osx-x86_64-clang 0.93.9 103.15 OK
r-devel-osx-x86_64-gcc 0.93.9 ERROR
r-devel-windows-ix86+x86_64 0.93.9 5.00 75.00 80.00 OK
r-patched-linux-x86_64 0.93.9 1.73 62.70 64.43 OK
r-patched-solaris-sparc 0.93.9 315.30 OK
r-patched-solaris-x86 0.93.9 78.50 OK
r-release-linux-ix86 0.93.9 3.00 85.00 88.00 OK
r-release-linux-x86_64 0.93.9 1.76 55.97 57.73 OK
r-release-osx-x86_64-mavericks 0.93.9 NOTE
r-release-osx-x86_64-snowleopard 0.93.9 OK
r-release-windows-ix86+x86_64 0.93.9 8.00 99.00 107.00 OK
r-oldrel-windows-ix86+x86_64 0.93.9 5.00 74.00 79.00 OK

Check Details

Version: 0.93.9
Check: package dependencies
Result: ERROR
    Package required but not available: ‘XML’
    
    See the information on DESCRIPTION files in the chapter ‘Creating R
    packages’ of the ‘Writing R Extensions’ manual.
Flavor: r-devel-osx-x86_64-gcc

Version: 0.93.9
Check: re-building of vignette outputs
Result: NOTE
    Error in re-building vignettes:
     ...
    Error in texi2dvi(file = file, pdf = TRUE, clean = clean, quiet = quiet, :
     Running 'texi2dvi' on 'UsingMODISTools.tex' failed.
    LaTeX errors:
    ! LaTeX Error: File `hyphenat.sty' not found.
    
    Type X to quit or <RETURN> to proceed,
    or enter new name. (Default extension: sty)
    
    ign_test/MODISTools/vignettes/UsingMODISTools.tex:8: ==> Fatal error occurred,
     no output PDF file produced!
    Calls: buildVignettes -> texi2pdf -> texi2dvi
    Execution halted
Flavor: r-release-osx-x86_64-mavericks