CRAN Package Check Results for Package MODISTools

Last updated on 2017-09-25 02:47:15.

Flavor Version Tinstall Tcheck Ttotal Status Flags
r-release-osx-x86_64 0.95.1 ERROR

Check Details

Version: 0.95.1
Check: tests
Result: ERROR
     Running ‘Test.R’ [2s/10s]
    Running the tests in ‘tests/Test.R’ failed.
    Last 13 lines of output:
     + Dates <- GetDates(SubsetExample$lat, SubsetExample$long, Product)[1:2]
     +
     + GetSubset(Lat = SubsetExample$lat, Long = SubsetExample$long, Product = Product, Band = Band,
     + StartDate = Dates[1], EndDate = Dates[1], KmAboveBelow = 0, KmLeftRight = 0)
     +
     + MODISSubsets(LoadDat = SubsetExample, Product = "MCD12Q1", Bands = c("Land_Cover_Type_1"),
     + Size = c(1,1), StartDate = TRUE)
     +
     + MODISSummaries(LoadDat = SubsetExample, Product = "MCD12Q1", Band = "Land_Cover_Type_1",
     + ValidRange = c(0,254), NoDataFill = 255, ScaleFactor = 1, StartDate = TRUE)
     + }
     Error in Product == GetProducts() :
     comparison of these types is not implemented
     Calls: GetBands
     Execution halted
Flavor: r-release-osx-x86_64

Version: 0.95.1
Check: re-building of vignette outputs
Result: NOTE
    Error in re-building vignettes:
     ...
    Error in texi2dvi(file = file, pdf = TRUE, clean = clean, quiet = quiet, :
     Running 'texi2dvi' on 'UsingMODISTools.tex' failed.
    LaTeX errors:
    ! LaTeX Error: File `hyphenat.sty' not found.
    
    Type X to quit or <RETURN> to proceed,
    or enter new name. (Default extension: sty)
    
    ! Emergency stop.
    <read *>
    
    l.8 \usepackage
     [noae]{Sweave}^^M
    ! ==> Fatal error occurred, no output PDF file produced!
    Calls: buildVignettes -> texi2pdf -> texi2dvi
    Execution halted
Flavor: r-release-osx-x86_64