CRAN Package Check Results for Package MODISTools

Last updated on 2014-08-23 20:46:57.

Flavor Version Tinstall Tcheck Ttotal Status Flags
r-devel-linux-x86_64-debian-clang 0.93.9 1.68 60.87 62.54 OK
r-devel-linux-x86_64-debian-gcc 0.93.9 1.60 59.47 61.07 OK
r-devel-linux-x86_64-fedora-clang 0.93.9 58.76 OK
r-devel-linux-x86_64-fedora-gcc 0.93.9 56.01 OK
r-devel-osx-x86_64-clang 0.93.9 91.39 OK
r-devel-windows-ix86+x86_64 0.93.9 6.00 73.00 79.00 OK
r-patched-linux-x86_64 0.93.9 1.64 57.43 59.07 OK
r-patched-solaris-sparc 0.93.9 366.80 OK
r-patched-solaris-x86 0.93.9 77.60 OK
r-release-linux-ix86 0.93.9 2.22 77.64 79.86 OK
r-release-linux-x86_64 0.93.9 1.79 61.78 63.57 OK
r-release-osx-x86_64-mavericks 0.93.9 NOTE
r-release-osx-x86_64-snowleopard 0.93.9 OK
r-release-windows-ix86+x86_64 0.93.9 8.00 94.00 102.00 OK
r-oldrel-windows-ix86+x86_64 0.93.9 8.00 85.00 93.00 OK

Check Details

Version: 0.93.9
Check: re-building of vignette outputs
Result: NOTE
    Error in re-building vignettes:
     ...
    Error in texi2dvi(file = file, pdf = TRUE, clean = clean, quiet = quiet, :
     Running 'texi2dvi' on 'UsingMODISTools.tex' failed.
    LaTeX errors:
    ! LaTeX Error: File `hyphenat.sty' not found.
    
    Type X to quit or <RETURN> to proceed,
    or enter new name. (Default extension: sty)
    
    ign_test/MODISTools/vignettes/UsingMODISTools.tex:8: ==> Fatal error occurred,
     no output PDF file produced!
    Calls: buildVignettes -> texi2pdf -> texi2dvi
    Execution halted
Flavor: r-release-osx-x86_64-mavericks