CRAN Package Check Results for Package MODISTools

Last updated on 2015-05-23 05:47:54.

Flavor Version Tinstall Tcheck Ttotal Status Flags
r-devel-linux-x86_64-debian-clang 0.94.6 1.38 54.51 55.89 OK
r-devel-linux-x86_64-debian-gcc 0.94.6 1.29 26.89 28.18 OK
r-devel-linux-x86_64-fedora-clang 0.94.6 52.23 OK
r-devel-linux-x86_64-fedora-gcc 0.94.6 48.54 OK
r-devel-osx-x86_64-clang 0.94.6 92.07 OK
r-devel-windows-ix86+x86_64 0.94.6 8.00 68.00 76.00 OK
r-patched-linux-x86_64 0.94.6 1.32 53.52 54.84 OK
r-patched-solaris-sparc 0.94.6 326.50 OK
r-patched-solaris-x86 0.94.6 69.20 OK
r-release-linux-x86_64 0.94.6 1.33 65.23 66.56 OK
r-release-osx-x86_64-mavericks 0.94.6 OK
r-release-osx-x86_64-snowleopard 0.94.6 ERROR
r-release-windows-ix86+x86_64 0.94.6 4.00 42.00 46.00 OK
r-oldrel-windows-ix86+x86_64 0.94.6 6.00 72.00 78.00 OK

Check Details

Version: 0.94.6
Check: package dependencies
Result: ERROR
    Package required but not available: ‘XML’
    
    See section ‘The DESCRIPTION file’ in the ‘Writing R Extensions’
    manual.
Flavor: r-release-osx-x86_64-snowleopard