CRAN Package Check Results for Package MODISTools

Last updated on 2014-12-19 03:47:37.

Flavor Version Tinstall Tcheck Ttotal Status Flags
r-devel-linux-x86_64-debian-clang 0.94.4 1.69 74.67 76.36 OK
r-devel-linux-x86_64-debian-gcc 0.94.4 1.58 91.06 92.64 OK
r-devel-linux-x86_64-fedora-clang 0.94.4 64.04 OK
r-devel-linux-x86_64-fedora-gcc 0.94.4 60.63 OK
r-devel-osx-x86_64-clang 0.94.4 100.40 OK
r-devel-windows-ix86+x86_64 0.94.4 7.00 105.00 112.00 OK
r-patched-linux-x86_64 0.94.4 1.70 76.54 78.23 OK
r-patched-solaris-sparc 0.94.4 314.50 OK
r-patched-solaris-x86 0.94.4 79.20 OK
r-release-linux-ix86 0.94.4 2.16 76.85 79.01 OK
r-release-linux-x86_64 0.94.4 1.68 116.68 118.36 OK
r-release-osx-x86_64-mavericks 0.94.4 NOTE
r-release-osx-x86_64-snowleopard 0.94.4 OK
r-release-windows-ix86+x86_64 0.94.4 6.00 47.00 53.00 OK
r-oldrel-windows-ix86+x86_64 0.94.4 5.00 53.00 58.00 OK

Check Details

Version: 0.94.4
Check: re-building of vignette outputs
Result: NOTE
    Error in re-building vignettes:
     ...
    Error in texi2dvi(file = file, pdf = TRUE, clean = clean, quiet = quiet, :
     Running 'texi2dvi' on 'UsingMODISTools.tex' failed.
    LaTeX errors:
    ! LaTeX Error: File `hyphenat.sty' not found.
    
    Type X to quit or <RETURN> to proceed,
    or enter new name. (Default extension: sty)
    
    ign_test/MODISTools/vignettes/UsingMODISTools.tex:8: ==> Fatal error occurred,
     no output PDF file produced!
    Calls: buildVignettes -> texi2pdf -> texi2dvi
    Execution halted
Flavor: r-release-osx-x86_64-mavericks