CRAN Package Check Results for Package MODISTools

Last updated on 2014-07-26 10:48:28.

Flavor Version Tinstall Tcheck Ttotal Status Flags
r-devel-linux-x86_64-debian-clang 0.93.9 1.68 61.86 63.55 OK
r-devel-linux-x86_64-debian-gcc 0.93.9 1.63 59.50 61.13 OK
r-devel-linux-x86_64-fedora-clang 0.93.9 60.77 OK
r-devel-linux-x86_64-fedora-gcc 0.93.9 55.29 OK
r-devel-osx-x86_64-clang 0.93.9 98.77 OK
r-devel-windows-ix86+x86_64 0.93.9 5.00 82.00 87.00 OK
r-patched-linux-x86_64 0.93.9 1.74 71.86 73.61 OK
r-patched-solaris-sparc 0.93.9 315.30 OK
r-patched-solaris-x86 0.93.9 76.80 OK
r-release-linux-ix86 0.93.9 2.16 99.97 102.12 OK
r-release-linux-x86_64 0.93.9 1.68 66.30 67.99 OK
r-release-osx-x86_64-mavericks 0.93.9 NOTE
r-release-osx-x86_64-snowleopard 0.93.9 OK
r-release-windows-ix86+x86_64 0.93.9 7.00 90.00 97.00 OK
r-oldrel-windows-ix86+x86_64 0.93.9 5.00 74.00 79.00 OK

Check Details

Version: 0.93.9
Check: re-building of vignette outputs
Result: NOTE
    Error in re-building vignettes:
     ...
    Error in texi2dvi(file = file, pdf = TRUE, clean = clean, quiet = quiet, :
     Running 'texi2dvi' on 'UsingMODISTools.tex' failed.
    LaTeX errors:
    ! LaTeX Error: File `hyphenat.sty' not found.
    
    Type X to quit or <RETURN> to proceed,
    or enter new name. (Default extension: sty)
    
    ign_test/MODISTools/vignettes/UsingMODISTools.tex:8: ==> Fatal error occurred,
     no output PDF file produced!
    Calls: buildVignettes -> texi2pdf -> texi2dvi
    Execution halted
Flavor: r-release-osx-x86_64-mavericks