CRAN Package Check Results for Package MODISTools

Last updated on 2015-04-26 17:47:43.

Flavor Version Tinstall Tcheck Ttotal Status Flags
r-devel-linux-x86_64-debian-clang 0.94.6 1.38 27.66 29.04 OK
r-devel-linux-x86_64-debian-gcc 0.94.6 1.40 27.39 28.79 OK
r-devel-linux-x86_64-fedora-clang 0.94.6 51.82 OK
r-devel-linux-x86_64-fedora-gcc 0.94.6 48.52 OK
r-devel-osx-x86_64-clang 0.94.6 53.21 OK
r-devel-windows-ix86+x86_64 0.94.6 5.00 41.00 46.00 OK
r-patched-linux-x86_64 0.94.6 1.34 32.90 34.24 OK
r-patched-solaris-sparc 0.94.6 316.80 OK
r-patched-solaris-x86 0.94.6 68.70 OK
r-release-linux-x86_64 0.94.6 1.41 27.44 28.85 OK
r-release-osx-x86_64-mavericks 0.94.6 OK
r-release-osx-x86_64-snowleopard 0.94.6 ERROR
r-release-windows-ix86+x86_64 0.94.6 4.00 42.00 46.00 OK
r-oldrel-windows-ix86+x86_64 0.94.6 6.00 72.00 78.00 OK

Check Details

Version: 0.94.6
Check: package dependencies
Result: ERROR
    Package required but not available: ‘XML’
    
    See section ‘The DESCRIPTION file’ in the ‘Writing R Extensions’
    manual.
Flavor: r-release-osx-x86_64-snowleopard