CRAN Package Check Results for Package MODISTools

Last updated on 2015-03-31 08:51:27.

Flavor Version Tinstall Tcheck Ttotal Status Flags
r-devel-linux-x86_64-debian-clang 0.94.6 1.49 67.90 69.38 OK
r-devel-linux-x86_64-debian-gcc 0.94.6 1.34 53.14 54.48 OK
r-devel-linux-x86_64-fedora-clang 0.94.6 51.14 OK
r-devel-linux-x86_64-fedora-gcc 0.94.6 48.06 OK
r-devel-osx-x86_64-clang 0.94.6 218.02 OK
r-prerel-windows-ix86+x86_64 0.94.6 6.00 62.00 68.00 OK
r-prerel-linux-x86_64 0.94.6 1.42 27.80 29.22 OK
r-prerel-solaris-sparc 0.94.6 316.80 OK
r-prerel-solaris-x86 0.94.6 67.80 OK
r-release-linux-x86_64 0.94.6 1.68 55.02 56.70 OK
r-release-osx-x86_64-mavericks 0.94.6 OK
r-release-osx-x86_64-snowleopard 0.94.6 OK
r-release-windows-ix86+x86_64 0.94.6 5.00 129.00 134.00 ERROR
r-oldrel-windows-ix86+x86_64 0.94.6 5.00 83.00 88.00 OK

Check Details

Version: 0.94.6
Check: tests
Result: ERROR
    Running the tests in 'tests/Test.R' failed.
    Last 13 lines of output:
     + MODISSubsets(LoadDat = SubsetExample, Product = "MCD12Q1", Bands = c("Land_Cover_Type_1"),
     + Size = c(1,1), StartDate = TRUE)
     +
     + MODISSummaries(LoadDat = SubsetExample, Product = "MCD12Q1", Band = "Land_Cover_Type_1",
     + ValidRange = c(0,254), NoDataFill = 255, ScaleFactor = 1, StartDate = TRUE)
     + }
     Files downloaded will be written to d:/Rcompile/CRANpkg/local/3.1/MODISTools.Rcheck/tests.
     Found 1 unique time-series to download.
     Getting subset for location 1 of 1...
     Error in BatchDownload(lat.long = lat.long, dates = dates, MODIS.start = MODIS.start, :
     Downloading from the web service is currently not working. Please try again later.
     Calls: MODISSubsets -> BatchDownload
     Execution halted
Flavor: r-release-windows-ix86+x86_64