CRAN Package Check Results for Package MODISTools

Last updated on 2014-10-24 23:47:53.

Flavor Version Tinstall Tcheck Ttotal Status Flags
r-devel-linux-x86_64-debian-clang 0.94.4 2.18 79.29 81.46 OK
r-devel-linux-x86_64-debian-gcc 0.94.4 1.67 55.48 57.15 OK
r-devel-linux-x86_64-fedora-clang 0.94.4 61.12 OK
r-devel-linux-x86_64-fedora-gcc 0.94.4 58.41 OK
r-devel-osx-x86_64-clang 0.94.4 88.54 OK
r-devel-windows-ix86+x86_64 0.94.4 5.00 66.00 71.00 OK
r-patched-linux-x86_64 0.94.4 1.70 56.37 58.07 OK
r-patched-solaris-sparc 0.94.4 314.50 OK
r-patched-solaris-x86 0.94.4 80.50 OK
r-release-linux-ix86 0.94.4 2.24 40.22 42.45 OK
r-release-linux-x86_64 0.94.4 1.71 65.17 66.88 OK
r-release-osx-x86_64-mavericks 0.94.4 NOTE
r-release-osx-x86_64-snowleopard 0.94.4 OK
r-release-windows-ix86+x86_64 0.94.4 6.00 79.00 85.00 OK
r-oldrel-windows-ix86+x86_64 0.94.4 6.00 84.00 90.00 OK

Check Details

Version: 0.94.4
Check: re-building of vignette outputs
Result: NOTE
    Error in re-building vignettes:
     ...
    Error in texi2dvi(file = file, pdf = TRUE, clean = clean, quiet = quiet, :
     Running 'texi2dvi' on 'UsingMODISTools.tex' failed.
    LaTeX errors:
    ! LaTeX Error: File `hyphenat.sty' not found.
    
    Type X to quit or <RETURN> to proceed,
    or enter new name. (Default extension: sty)
    
    ign_test/MODISTools/vignettes/UsingMODISTools.tex:8: ==> Fatal error occurred,
     no output PDF file produced!
    Calls: buildVignettes -> texi2pdf -> texi2dvi
    Execution halted
Flavor: r-release-osx-x86_64-mavericks