CRAN Package Check Results for Package MOEADr

Last updated on 2020-10-25 01:47:41 CEST.

Flavor Version Tinstall Tcheck Ttotal Status Flags
r-devel-linux-x86_64-debian-clang 1.1.1 5.47 154.17 159.64 OK
r-devel-linux-x86_64-debian-gcc 1.1.1 4.44 108.27 112.71 OK
r-devel-linux-x86_64-fedora-clang 1.1.1 189.43 OK
r-devel-linux-x86_64-fedora-gcc 1.1.1 227.11 OK
r-devel-windows-ix86+x86_64 1.1.1 10.00 178.00 188.00 OK
r-patched-linux-x86_64 1.1.1 4.79 146.99 151.78 OK
r-patched-solaris-x86 1.1.1 244.90 NOTE
r-release-linux-x86_64 1.1.1 4.50 143.07 147.57 OK
r-release-macos-x86_64 1.1.1 OK
r-release-windows-ix86+x86_64 1.1.1 8.00 142.00 150.00 OK
r-oldrel-macos-x86_64 1.1.1 OK
r-oldrel-windows-ix86+x86_64 1.1.1 8.00 178.00 186.00 OK

Check Details

Version: 1.1.1
Check: package dependencies
Result: NOTE
    Package suggested but not available for checking: ‘pkgdown’
Flavor: r-patched-solaris-x86