CRAN Package Check Results for Package MPAgenomics

Last updated on 2021-12-01 21:53:23 CET.

Flavor Version Tinstall Tcheck Ttotal Status Flags
r-devel-linux-x86_64-debian-clang 1.2.3 14.12 101.41 115.53 OK
r-devel-linux-x86_64-debian-gcc 1.2.3 8.77 79.50 88.27 OK
r-devel-linux-x86_64-fedora-clang 1.2.3 165.52 OK
r-devel-linux-x86_64-fedora-gcc 1.2.3 148.16 OK
r-devel-windows-x86_64-new-UL 1.2.3 24.00 176.00 200.00 OK
r-devel-windows-x86_64-new-TK 1.2.3 OK
r-devel-windows-x86_64-old 1.2.3 20.00 96.00 116.00 OK
r-patched-linux-x86_64 1.2.3 12.43 99.50 111.93 OK
r-patched-solaris-x86 1.2.3 196.20 NOTE
r-release-linux-x86_64 1.2.3 13.29 101.04 114.33 OK
r-release-macos-arm64 1.2.3 NOTE
r-release-macos-x86_64 1.2.3 OK
r-release-windows-ix86+x86_64 1.2.3 27.00 130.00 157.00 OK
r-oldrel-macos-x86_64 1.2.3 OK
r-oldrel-windows-ix86+x86_64 1.2.3 27.00 132.00 159.00 OK

Check Details

Version: 1.2.3
Check: package dependencies
Result: NOTE
    Package suggested but not available for checking: ‘CGHcall’
Flavor: r-patched-solaris-x86

Version: 1.2.3
Check: package dependencies
Result: NOTE
    Packages suggested but not available for checking:
     'CGHcall', 'aroma.affymetrix', 'aroma.cn', 'aroma.core',
     'aroma.light'
Flavor: r-release-macos-arm64