CRAN Package Check Results for Package MPDiR

Last updated on 2015-07-06 08:48:13.

Flavor Version Tinstall Tcheck Ttotal Status Flags
r-devel-linux-x86_64-debian-clang 0.1-16 0.88 11.33 12.21 NOTE
r-devel-linux-x86_64-debian-gcc 0.1-16 0.85 11.31 12.16 NOTE
r-devel-linux-x86_64-fedora-clang 0.1-16 21.63 NOTE
r-devel-linux-x86_64-fedora-gcc 0.1-16 20.31 NOTE
r-devel-osx-x86_64-clang 0.1-16 21.95 NOTE
r-devel-windows-ix86+x86_64 0.1-16 5.00 33.00 38.00 NOTE
r-patched-linux-x86_64 0.1-16 1.12 11.27 12.39 NOTE
r-patched-solaris-sparc 0.1-16 151.40 NOTE
r-patched-solaris-x86 0.1-16 34.60 NOTE
r-release-linux-x86_64 0.1-16 0.89 10.95 11.84 NOTE
r-release-osx-x86_64-mavericks 0.1-16 NOTE
r-release-windows-ix86+x86_64 0.1-16 5.00 30.00 35.00 NOTE
r-oldrel-windows-ix86+x86_64 0.1-16 5.00 32.00 37.00 OK

Check Details

Version: 0.1-16
Check: DESCRIPTION meta-information
Result: NOTE
    Malformed Title field: should not end in a period.
Flavors: r-devel-linux-x86_64-debian-clang, r-devel-linux-x86_64-debian-gcc, r-devel-linux-x86_64-fedora-clang, r-devel-linux-x86_64-fedora-gcc, r-devel-osx-x86_64-clang, r-devel-windows-ix86+x86_64, r-patched-linux-x86_64, r-patched-solaris-sparc, r-patched-solaris-x86, r-release-linux-x86_64, r-release-osx-x86_64-mavericks, r-release-windows-ix86+x86_64

Version: 0.1-16
Check: R code for possible problems
Result: NOTE
    binom.diagnostics: no visible global function definition for ‘family’
    binom.diagnostics: no visible global function definition for ‘fitted’
    binom.diagnostics: no visible global function definition for ‘formula’
    binom.diagnostics : <anonymous>: no visible global function definition
     for ‘rbinom’
    binom.diagnostics : <anonymous>: no visible global function definition
     for ‘fitted’
    binom.diagnostics : <anonymous>: no visible global function definition
     for ‘glm’
    binom.diagnostics : <anonymous>: no visible global function definition
     for ‘residuals’
    binom.diagnostics: no visible global function definition for
     ‘residuals’
    lnorm: no visible global function definition for ‘pnorm’
    lpois: no visible global function definition for ‘ppois’
    panel.psyfun: no visible global function definition for ‘glm’
    panel.psyfun: Error while checking: invalid ‘envir’ argument
    plot.binom.diag: no visible global function definition for ‘par’
    plot.binom.diag: no visible global function definition for ‘plot’
    plot.binom.diag: no visible global function definition for ‘lines’
    plot.binom.diag: no visible global function definition for ‘hist’
    plot.binom.diag: no visible global function definition for ‘abline’
    psyfun.boot: no visible global function definition for ‘fitted’
    psyfun.boot: no visible global function definition for ‘rbinom’
    psyfun.boot : <anonymous>: no visible global function definition for
     ‘glm’
    psyfun.boot: Error while checking: invalid ‘envir’ argument
    thresh.est: no visible global function definition for ‘coef’
    thresh.est: no visible global function definition for ‘qnorm’
    Undefined global functions or variables:
     abline coef family fitted formula glm hist lines par plot pnorm ppois
     qnorm rbinom residuals
Flavors: r-devel-linux-x86_64-debian-clang, r-devel-linux-x86_64-debian-gcc, r-devel-linux-x86_64-fedora-clang, r-devel-linux-x86_64-fedora-gcc

Version: 0.1-16
Check: R code for possible problems
Result: NOTE
    binom.diagnostics: no visible global function definition for 'family'
    binom.diagnostics: no visible global function definition for 'fitted'
    binom.diagnostics: no visible global function definition for 'formula'
    binom.diagnostics : <anonymous>: no visible global function definition
     for 'rbinom'
    binom.diagnostics : <anonymous>: no visible global function definition
     for 'fitted'
    binom.diagnostics : <anonymous>: no visible global function definition
     for 'glm'
    binom.diagnostics : <anonymous>: no visible global function definition
     for 'residuals'
    binom.diagnostics: no visible global function definition for
     'residuals'
    lnorm: no visible global function definition for 'pnorm'
    lpois: no visible global function definition for 'ppois'
    panel.psyfun: no visible global function definition for 'glm'
    panel.psyfun: no visible global function definition for 'binomial'
    panel.psyfun: no visible global function definition for 'predict'
    plot.binom.diag: no visible global function definition for 'par'
    plot.binom.diag: no visible global function definition for 'plot'
    plot.binom.diag: no visible global function definition for 'lines'
    plot.binom.diag: no visible global function definition for 'hist'
    plot.binom.diag: no visible global function definition for 'abline'
    psyfun.boot: no visible global function definition for 'fitted'
    psyfun.boot: no visible global function definition for 'rbinom'
    psyfun.boot : <anonymous>: no visible global function definition for
     'glm'
    psyfun.boot : <anonymous>: no visible global function definition for
     'binomial'
    psyfun.boot : <anonymous>: no visible global function definition for
     'coef'
    thresh.est: no visible global function definition for 'coef'
    thresh.est: no visible global function definition for 'qnorm'
    Undefined global functions or variables:
     abline binomial coef family fitted formula glm hist lines par plot
     pnorm ppois predict qnorm rbinom residuals
Flavor: r-devel-windows-ix86+x86_64