CRAN Package Check Results for Package MPDiR

Last updated on 2015-03-29 11:51:21.

Flavor Version Tinstall Tcheck Ttotal Status Flags
r-devel-linux-x86_64-debian-clang 0.1-16 0.82 11.23 12.06 NOTE
r-devel-linux-x86_64-debian-gcc 0.1-16 0.87 10.98 11.85 NOTE
r-devel-linux-x86_64-fedora-clang 0.1-16 22.83 NOTE
r-devel-linux-x86_64-fedora-gcc 0.1-16 21.58 NOTE
r-devel-osx-x86_64-clang 0.1-16 27.81 NOTE
r-prerel-windows-ix86+x86_64 0.1-16 5.00 19.00 24.00 NOTE
r-prerel-linux-x86_64 0.1-16 0.82 11.67 12.48 NOTE
r-prerel-solaris-sparc 0.1-16 156.60 NOTE
r-prerel-solaris-x86 0.1-16 33.70 NOTE
r-release-linux-x86_64 0.1-16 0.93 12.03 12.96 OK
r-release-osx-x86_64-mavericks 0.1-16 OK
r-release-osx-x86_64-snowleopard 0.1-16 OK
r-release-windows-ix86+x86_64 0.1-16 3.00 23.00 26.00 OK
r-oldrel-windows-ix86+x86_64 0.1-16 4.00 22.00 26.00 OK

Check Details

Version: 0.1-16
Check: DESCRIPTION meta-information
Result: NOTE
    Malformed Title field: should not end in a period.
Flavors: r-devel-linux-x86_64-debian-clang, r-devel-linux-x86_64-debian-gcc, r-devel-linux-x86_64-fedora-clang, r-devel-linux-x86_64-fedora-gcc, r-devel-osx-x86_64-clang, r-prerel-windows-ix86+x86_64, r-prerel-linux-x86_64, r-prerel-solaris-sparc, r-prerel-solaris-x86