CRAN Package Check Results for Package MPDiR

Last updated on 2015-05-25 19:47:15.

Flavor Version Tinstall Tcheck Ttotal Status Flags
r-devel-linux-x86_64-debian-clang 0.1-16 0.83 11.29 12.12 NOTE
r-devel-linux-x86_64-debian-gcc 0.1-16 0.82 11.00 11.82 NOTE
r-devel-linux-x86_64-fedora-clang 0.1-16 23.04 NOTE
r-devel-linux-x86_64-fedora-gcc 0.1-16 21.88 NOTE
r-devel-osx-x86_64-clang 0.1-16 25.78 NOTE
r-devel-windows-ix86+x86_64 0.1-16 4.00 18.00 22.00 NOTE
r-patched-linux-x86_64 0.1-16 0.86 11.26 12.12 NOTE
r-patched-solaris-sparc 0.1-16 151.40 NOTE
r-patched-solaris-x86 0.1-16 33.90 NOTE
r-release-linux-x86_64 0.1-16 0.83 11.04 11.87 NOTE
r-release-osx-x86_64-mavericks 0.1-16 NOTE
r-release-osx-x86_64-snowleopard 0.1-16 NOTE
r-release-windows-ix86+x86_64 0.1-16 4.00 19.00 23.00 NOTE
r-oldrel-windows-ix86+x86_64 0.1-16 4.00 34.00 38.00 OK

Check Details

Version: 0.1-16
Check: DESCRIPTION meta-information
Result: NOTE
    Malformed Title field: should not end in a period.
Flavors: r-devel-linux-x86_64-debian-clang, r-devel-linux-x86_64-debian-gcc, r-devel-linux-x86_64-fedora-clang, r-devel-linux-x86_64-fedora-gcc, r-devel-osx-x86_64-clang, r-devel-windows-ix86+x86_64, r-patched-linux-x86_64, r-patched-solaris-sparc, r-patched-solaris-x86, r-release-linux-x86_64, r-release-osx-x86_64-mavericks, r-release-osx-x86_64-snowleopard, r-release-windows-ix86+x86_64