CRAN Package Check Results for Package MPDiR

Last updated on 2015-04-26 09:46:31.

Flavor Version Tinstall Tcheck Ttotal Status Flags
r-devel-linux-x86_64-debian-clang 0.1-16 0.88 11.25 12.13 NOTE
r-devel-linux-x86_64-debian-gcc 0.1-16 0.82 11.02 11.84 NOTE
r-devel-linux-x86_64-fedora-clang 0.1-16 23.59 NOTE
r-devel-linux-x86_64-fedora-gcc 0.1-16 21.71 NOTE
r-devel-osx-x86_64-clang 0.1-16 25.74 NOTE
r-devel-windows-ix86+x86_64 0.1-16 3.00 19.00 22.00 NOTE
r-patched-linux-x86_64 0.1-16 0.92 11.30 12.21 NOTE
r-patched-solaris-sparc 0.1-16 156.60 NOTE
r-patched-solaris-x86 0.1-16 34.40 NOTE
r-release-linux-x86_64 0.1-16 0.80 11.00 11.80 NOTE
r-release-osx-x86_64-mavericks 0.1-16 NOTE
r-release-osx-x86_64-snowleopard 0.1-16 NOTE
r-release-windows-ix86+x86_64 0.1-16 4.00 20.00 24.00 NOTE
r-oldrel-windows-ix86+x86_64 0.1-16 2.00 20.00 22.00 OK

Check Details

Version: 0.1-16
Check: DESCRIPTION meta-information
Result: NOTE
    Malformed Title field: should not end in a period.
Flavors: r-devel-linux-x86_64-fedora-gcc, r-devel-windows-ix86+x86_64, r-release-windows-ix86+x86_64