CRAN Package Check Results for Package MPDiR

Last updated on 2014-04-24 19:54:02.

Flavor Version Tinstall Tcheck Ttotal Status Flags
r-devel-linux-x86_64-debian-clang 0.1-15 0.94 14.21 15.15 NOTE
r-devel-linux-x86_64-debian-gcc 0.1-15 0.93 14.23 15.16 NOTE
r-devel-linux-x86_64-fedora-clang 0.1-15 31.67 NOTE
r-devel-linux-x86_64-fedora-gcc 0.1-15 30.32 NOTE
r-devel-osx-x86_64-clang 0.1-15 30.32 NOTE
r-devel-osx-x86_64-gcc 0.1-15 NOTE
r-devel-windows-ix86+x86_64 0.1-15 3.00 22.00 25.00 NOTE
r-patched-linux-x86_64 0.1-15 0.94 14.17 15.10 NOTE
r-patched-solaris-sparc 0.1-15 165.00 NOTE
r-patched-solaris-x86 0.1-15 44.10 NOTE
r-release-linux-ix86 0.1-15 1.00 29.00 30.00 NOTE
r-release-linux-x86_64 0.1-15 0.94 14.32 15.26 NOTE
r-release-osx-x86_64-mavericks 0.1-15 WARN
r-release-osx-x86_64-snowleopard 0.1-15 NOTE
r-release-windows-ix86+x86_64 0.1-15 3.00 25.00 28.00 NOTE
r-oldrel-windows-ix86+x86_64 0.1-15 4.00 23.00 27.00 NOTE

Check Details

Version: 0.1-15
Check: package dependencies
Result: NOTE
    Package suggested but not available for checking: ‘lme4.0’
Flavors: r-devel-linux-x86_64-debian-clang, r-devel-linux-x86_64-debian-gcc, r-devel-linux-x86_64-fedora-clang, r-devel-linux-x86_64-fedora-gcc, r-devel-osx-x86_64-clang, r-devel-windows-ix86+x86_64, r-patched-linux-x86_64, r-patched-solaris-sparc, r-patched-solaris-x86, r-release-linux-ix86, r-release-linux-x86_64, r-release-osx-x86_64-snowleopard, r-release-windows-ix86+x86_64, r-oldrel-windows-ix86+x86_64

Version: 0.1-15
Check: dependencies in R code
Result: NOTE
    Unavailable namespace imported from by a ':::' call: ‘lme4.0’
     See the note in ?`:::` about the use of this operator.
    See the information on DESCRIPTION files in the chapter ‘Creating R
    packages’ of the ‘Writing R Extensions’ manual.
Flavors: r-devel-linux-x86_64-debian-clang, r-devel-linux-x86_64-debian-gcc, r-devel-linux-x86_64-fedora-clang, r-devel-linux-x86_64-fedora-gcc, r-devel-osx-x86_64-clang, r-devel-osx-x86_64-gcc, r-devel-windows-ix86+x86_64, r-patched-linux-x86_64, r-patched-solaris-sparc, r-patched-solaris-x86, r-release-linux-ix86, r-release-linux-x86_64, r-release-osx-x86_64-mavericks, r-release-osx-x86_64-snowleopard, r-release-windows-ix86+x86_64, r-oldrel-windows-ix86+x86_64

Version: 0.1-15
Check: package dependencies
Result: NOTE
    Packages suggested but not available for checking: ‘lme4’ ‘lme4.0’
Flavors: r-devel-osx-x86_64-gcc, r-release-osx-x86_64-mavericks

Version: 0.1-15
Check: Rd cross-references
Result: NOTE
    Package unavailable to check Rd xrefs: ‘lme4’
Flavors: r-devel-osx-x86_64-gcc, r-release-osx-x86_64-mavericks

Version: 0.1-15
Check: PDF version of manual
Result: WARNING
    LaTeX errors when creating PDF version.
    This typically indicates Rd problems.
    LaTeX errors found:
    ! LaTeX Error: File `upquote.sty' not found.
    
    Type X to quit or <RETURN> to proceed,
    or enter new name. (Default extension: sty)
    
    31dc50c0/Rd2.tex:8: ==> Fatal error occurred, no output PDF file produced!
Flavor: r-release-osx-x86_64-mavericks