CRAN Package Check Results for Package MPDiR

Last updated on 2014-12-21 21:47:25.

Flavor Version Tinstall Tcheck Ttotal Status Flags
r-devel-linux-x86_64-debian-clang 0.1-15 0.92 12.29 13.21 NOTE
r-devel-linux-x86_64-debian-gcc 0.1-15 1.11 11.82 12.94 NOTE
r-devel-linux-x86_64-fedora-clang 0.1-15 27.67 NOTE
r-devel-linux-x86_64-fedora-gcc 0.1-15 25.19 NOTE
r-devel-osx-x86_64-clang 0.1-15 28.81 NOTE
r-devel-windows-ix86+x86_64 0.1-15 3.00 20.00 23.00 NOTE
r-patched-linux-x86_64 0.1-15 0.94 11.76 12.70 NOTE
r-patched-solaris-sparc 0.1-15 184.30 NOTE
r-patched-solaris-x86 0.1-15 39.50 NOTE
r-release-linux-ix86 0.1-15 1.38 17.64 19.02 NOTE
r-release-linux-x86_64 0.1-15 0.93 12.10 13.03 NOTE
r-release-osx-x86_64-mavericks 0.1-15 NOTE
r-release-osx-x86_64-snowleopard 0.1-15 NOTE
r-release-windows-ix86+x86_64 0.1-15 4.00 21.00 25.00 NOTE
r-oldrel-windows-ix86+x86_64 0.1-15 4.00 26.00 30.00 NOTE

Check Details

Version: 0.1-15
Check: package dependencies
Result: NOTE
    Package suggested but not available for checking: ‘lme4.0’
Flavors: r-devel-linux-x86_64-debian-clang, r-devel-linux-x86_64-debian-gcc, r-devel-linux-x86_64-fedora-clang, r-devel-linux-x86_64-fedora-gcc, r-devel-osx-x86_64-clang, r-devel-windows-ix86+x86_64, r-patched-linux-x86_64, r-patched-solaris-sparc, r-patched-solaris-x86, r-release-linux-ix86, r-release-linux-x86_64, r-release-osx-x86_64-mavericks, r-release-osx-x86_64-snowleopard, r-release-windows-ix86+x86_64, r-oldrel-windows-ix86+x86_64

Version: 0.1-15
Check: dependencies in R code
Result: NOTE
    Unavailable namespace imported from by a ':::' call: ‘lme4.0’
     See the note in ?`:::` about the use of this operator.
    See the information on DESCRIPTION files in the chapter ‘Creating R
    packages’ of the ‘Writing R Extensions’ manual.
Flavors: r-devel-linux-x86_64-debian-clang, r-devel-linux-x86_64-debian-gcc, r-devel-linux-x86_64-fedora-clang, r-devel-linux-x86_64-fedora-gcc, r-devel-osx-x86_64-clang, r-devel-windows-ix86+x86_64, r-patched-linux-x86_64, r-patched-solaris-sparc, r-patched-solaris-x86, r-release-linux-ix86, r-release-linux-x86_64, r-release-osx-x86_64-mavericks, r-release-osx-x86_64-snowleopard, r-release-windows-ix86+x86_64, r-oldrel-windows-ix86+x86_64