CRAN Package Check Results for Package MPDiR

Last updated on 2014-07-23 12:47:31.

Flavor Version Tinstall Tcheck Ttotal Status Flags
r-devel-linux-x86_64-debian-clang 0.1-15 0.91 13.70 14.61 NOTE
r-devel-linux-x86_64-debian-gcc 0.1-15 0.93 13.33 14.26 NOTE
r-devel-linux-x86_64-fedora-clang 0.1-15 30.89 NOTE
r-devel-linux-x86_64-fedora-gcc 0.1-15 28.89 NOTE
r-devel-osx-x86_64-clang 0.1-15 29.36 NOTE
r-devel-windows-ix86+x86_64 0.1-15 4.00 24.00 28.00 NOTE
r-patched-linux-x86_64 0.1-15 0.96 13.49 14.45 NOTE
r-patched-solaris-sparc 0.1-15 165.00 NOTE
r-patched-solaris-x86 0.1-15 43.10 NOTE
r-release-linux-ix86 0.1-15 1.36 19.70 21.06 NOTE
r-release-linux-x86_64 0.1-15 0.90 13.90 14.81 NOTE
r-release-osx-x86_64-mavericks 0.1-15 NOTE
r-release-osx-x86_64-snowleopard 0.1-15 NOTE
r-release-windows-ix86+x86_64 0.1-15 3.00 23.00 26.00 NOTE
r-oldrel-windows-ix86+x86_64 0.1-15 3.00 24.00 27.00 NOTE

Check Details

Version: 0.1-15
Check: package dependencies
Result: NOTE
    Package suggested but not available for checking: ‘lme4.0’
Flavors: r-devel-linux-x86_64-debian-clang, r-devel-linux-x86_64-debian-gcc, r-devel-linux-x86_64-fedora-clang, r-devel-linux-x86_64-fedora-gcc, r-devel-osx-x86_64-clang, r-devel-windows-ix86+x86_64, r-patched-linux-x86_64, r-patched-solaris-sparc, r-patched-solaris-x86, r-release-linux-ix86, r-release-linux-x86_64, r-release-osx-x86_64-mavericks, r-release-osx-x86_64-snowleopard, r-release-windows-ix86+x86_64, r-oldrel-windows-ix86+x86_64

Version: 0.1-15
Check: dependencies in R code
Result: NOTE
    Unavailable namespace imported from by a ':::' call: ‘lme4.0’
     See the note in ?`:::` about the use of this operator.
    See the information on DESCRIPTION files in the chapter ‘Creating R
    packages’ of the ‘Writing R Extensions’ manual.
Flavors: r-devel-linux-x86_64-debian-clang, r-devel-linux-x86_64-debian-gcc, r-devel-linux-x86_64-fedora-clang, r-devel-linux-x86_64-fedora-gcc, r-devel-osx-x86_64-clang, r-devel-windows-ix86+x86_64, r-patched-linux-x86_64, r-patched-solaris-sparc, r-patched-solaris-x86, r-release-linux-ix86, r-release-linux-x86_64, r-release-osx-x86_64-mavericks, r-release-osx-x86_64-snowleopard, r-release-windows-ix86+x86_64, r-oldrel-windows-ix86+x86_64