CRAN Package Check Results for Package MPDiR

Last updated on 2014-09-02 20:48:54.

Flavor Version Tinstall Tcheck Ttotal Status Flags
r-devel-linux-x86_64-debian-clang 0.1-15 0.88 11.22 12.10 NOTE
r-devel-linux-x86_64-debian-gcc 0.1-15 1.15 10.95 12.10 NOTE
r-devel-linux-x86_64-fedora-clang 0.1-15 25.15 NOTE
r-devel-linux-x86_64-fedora-gcc 0.1-15 23.50 NOTE
r-devel-osx-x86_64-clang 0.1-15 24.15 NOTE
r-devel-windows-ix86+x86_64 0.1-15 3.00 18.00 21.00 NOTE
r-patched-linux-x86_64 0.1-15 0.89 13.47 14.36 NOTE
r-patched-solaris-sparc 0.1-15 184.30 NOTE
r-patched-solaris-x86 0.1-15 43.80 NOTE
r-release-linux-ix86 0.1-15 1.40 20.27 21.67 NOTE
r-release-linux-x86_64 0.1-15 0.90 13.71 14.62 NOTE
r-release-osx-x86_64-mavericks 0.1-15 NOTE
r-release-osx-x86_64-snowleopard 0.1-15 NOTE
r-release-windows-ix86+x86_64 0.1-15 3.00 24.00 27.00 NOTE
r-oldrel-windows-ix86+x86_64 0.1-15 3.00 23.00 26.00 NOTE

Check Details

Version: 0.1-15
Check: package dependencies
Result: NOTE
    Package suggested but not available for checking: ‘lme4.0’
Flavors: r-devel-linux-x86_64-debian-clang, r-devel-linux-x86_64-debian-gcc, r-devel-linux-x86_64-fedora-clang, r-devel-linux-x86_64-fedora-gcc, r-devel-osx-x86_64-clang, r-devel-windows-ix86+x86_64, r-patched-linux-x86_64, r-patched-solaris-sparc, r-patched-solaris-x86, r-release-linux-ix86, r-release-linux-x86_64, r-release-osx-x86_64-mavericks, r-release-osx-x86_64-snowleopard, r-release-windows-ix86+x86_64, r-oldrel-windows-ix86+x86_64

Version: 0.1-15
Check: dependencies in R code
Result: NOTE
    Unavailable namespace imported from by a ':::' call: ‘lme4.0’
     See the note in ?`:::` about the use of this operator.
    See the information on DESCRIPTION files in the chapter ‘Creating R
    packages’ of the ‘Writing R Extensions’ manual.
Flavors: r-devel-linux-x86_64-debian-clang, r-devel-linux-x86_64-debian-gcc, r-devel-linux-x86_64-fedora-clang, r-devel-linux-x86_64-fedora-gcc, r-devel-osx-x86_64-clang, r-devel-windows-ix86+x86_64, r-patched-linux-x86_64, r-patched-solaris-sparc, r-patched-solaris-x86, r-release-linux-ix86, r-release-linux-x86_64, r-release-osx-x86_64-mavericks, r-release-osx-x86_64-snowleopard, r-release-windows-ix86+x86_64, r-oldrel-windows-ix86+x86_64