CRAN Package Check Results for Package MPTinR

Last updated on 2015-08-03 19:49:16.

Flavor Version Tinstall Tcheck Ttotal Status Flags
r-devel-linux-x86_64-debian-clang 1.10.3 21.78 109.40 131.18 NOTE
r-devel-linux-x86_64-debian-gcc 1.10.3 23.58 98.69 122.27 NOTE
r-devel-linux-x86_64-fedora-clang 1.10.3 252.52 NOTE
r-devel-linux-x86_64-fedora-gcc 1.10.3 245.27 NOTE
r-devel-osx-x86_64-clang 1.10.3 193.69 OK
r-devel-windows-ix86+x86_64 1.10.3 58.00 192.00 250.00 OK
r-patched-linux-x86_64 1.10.3 25.28 98.85 124.13 NOTE
r-patched-solaris-sparc 1.10.3 1435.60 OK
r-patched-solaris-x86 1.10.3 265.20 OK
r-release-linux-x86_64 1.10.3 23.52 98.36 121.88 NOTE
r-release-osx-x86_64-mavericks 1.10.3 NOTE
r-release-windows-ix86+x86_64 1.10.3 81.00 177.00 258.00 OK
r-oldrel-windows-ix86+x86_64 1.10.3 68.00 201.00 269.00 OK

Check Details

Version: 1.10.3
Check: installed package size
Result: NOTE
     installed size is 9.9Mb
     sub-directories of 1Mb or more:
     libs 9.0Mb
Flavors: r-devel-linux-x86_64-debian-clang, r-devel-linux-x86_64-debian-gcc, r-devel-linux-x86_64-fedora-clang, r-devel-linux-x86_64-fedora-gcc, r-patched-linux-x86_64, r-release-linux-x86_64, r-release-osx-x86_64-mavericks