CRAN Package Check Results for Package MPTinR

Last updated on 2014-10-23 10:48:09.

Flavor Version Tinstall Tcheck Ttotal Status Flags
r-devel-linux-x86_64-debian-clang 1.6.3 21.14 37.98 59.12 NOTE
r-devel-linux-x86_64-debian-gcc 1.6.3 24.17 37.30 61.47 NOTE
r-devel-linux-x86_64-fedora-clang 1.6.3 61.83 NOTE
r-devel-linux-x86_64-fedora-gcc 1.6.3 62.03 NOTE
r-devel-osx-x86_64-clang 1.6.3 50.84 OK
r-devel-windows-ix86+x86_64 1.6.3 54.00 76.00 130.00 OK
r-patched-linux-x86_64 1.5.1 22.32 38.51 60.83 NOTE
r-patched-solaris-sparc 1.6.3 671.90 NOTE
r-patched-solaris-x86 1.6.3 129.70 NOTE
r-release-linux-ix86 1.5.1 25.72 49.27 74.99 NOTE
r-release-linux-x86_64 1.5.1 22.26 39.56 61.82 NOTE
r-release-osx-x86_64-mavericks 1.6.3 NOTE
r-release-osx-x86_64-snowleopard 1.6.3 NOTE
r-release-windows-ix86+x86_64 1.6.3 54.00 84.00 138.00 OK
r-oldrel-windows-ix86+x86_64 1.6.3 54.00 89.00 143.00 OK

Check Details

Version: 1.6.3
Check: installed package size
Result: NOTE
     installed size is 9.4Mb
     sub-directories of 1Mb or more:
     libs 8.9Mb
Flavors: r-devel-linux-x86_64-debian-clang, r-devel-linux-x86_64-debian-gcc, r-devel-linux-x86_64-fedora-clang, r-devel-linux-x86_64-fedora-gcc, r-patched-solaris-sparc, r-patched-solaris-x86, r-release-osx-x86_64-mavericks, r-release-osx-x86_64-snowleopard

Version: 1.5.1
Check: installed package size
Result: NOTE
     installed size is 8.0Mb
     sub-directories of 1Mb or more:
     libs 7.5Mb
Flavors: r-patched-linux-x86_64, r-release-linux-ix86, r-release-linux-x86_64

Version: 1.5.1
Check: R code for possible problems
Result: NOTE
    bmpt.fia: no visible global function definition for ‘sfClusterSplit’
    bmpt.fia: no visible global function definition for ‘sfLibrary’
    bmpt.fia: no visible global function definition for ‘sfClusterApplyLB’
    fit.mpt.old : optim.tree: no visible global function definition for
     ‘sfLapply’
    fit.mpt.old : optim.mpt: no visible global function definition for
     ‘sfLapply’
    fit.mpt.old: no visible global function definition for ‘sfStop’
    fit.mptinr : optim.tree: no visible global function definition for
     ‘sfClusterApplyLB’
    fit.mptinr : optim.mpt: no visible global function definition for
     ‘sfClusterApplyLB’
    fit.mptinr: no visible global function definition for ‘sfStop’
Flavor: r-patched-linux-x86_64