CRAN Package Check Results for Package MPTinR

Last updated on 2014-12-21 01:47:03.

Flavor Version Tinstall Tcheck Ttotal Status Flags
r-devel-linux-x86_64-debian-clang 1.6.3 21.04 37.01 58.05 NOTE
r-devel-linux-x86_64-debian-gcc 1.6.3 23.80 35.32 59.12 NOTE
r-devel-linux-x86_64-fedora-clang 1.6.3 127.81 NOTE
r-devel-linux-x86_64-fedora-gcc 1.6.3 109.22 NOTE
r-devel-osx-x86_64-clang 1.6.3 96.76 OK
r-devel-windows-ix86+x86_64 1.6.3 67.00 80.00 147.00 OK
r-patched-linux-x86_64 1.6.3 24.51 38.51 63.02 NOTE
r-patched-solaris-sparc 1.6.3 671.90 NOTE
r-patched-solaris-x86 1.6.3 149.80 NOTE
r-release-linux-ix86 1.6.3 26.75 46.31 73.06 NOTE
r-release-linux-x86_64 1.6.3 24.21 38.35 62.56 NOTE
r-release-osx-x86_64-mavericks 1.6.3 NOTE
r-release-osx-x86_64-snowleopard 1.6.3 NOTE
r-release-windows-ix86+x86_64 1.6.3 60.00 82.00 142.00 OK
r-oldrel-windows-ix86+x86_64 1.6.3 56.00 98.00 154.00 OK

Check Details

Version: 1.6.3
Check: installed package size
Result: NOTE
     installed size is 9.4Mb
     sub-directories of 1Mb or more:
     libs 8.9Mb
Flavors: r-devel-linux-x86_64-debian-clang, r-devel-linux-x86_64-debian-gcc, r-devel-linux-x86_64-fedora-clang, r-devel-linux-x86_64-fedora-gcc, r-patched-linux-x86_64, r-patched-solaris-sparc, r-patched-solaris-x86, r-release-linux-ix86, r-release-linux-x86_64, r-release-osx-x86_64-mavericks, r-release-osx-x86_64-snowleopard