CRAN Package Check Results for Package MPTinR

Last updated on 2017-03-27 03:49:52.

Flavor Version Tinstall Tcheck Ttotal Status Flags
r-devel-linux-x86_64-debian-clang 1.10.3 27.40 112.15 139.54 NOTE
r-devel-linux-x86_64-debian-gcc 1.10.3 27.15 102.06 129.21 NOTE
r-devel-linux-x86_64-fedora-clang 1.10.3 284.40 NOTE --no-stop-on-test-error
r-devel-linux-x86_64-fedora-gcc 1.10.3 266.62 NOTE --no-stop-on-test-error
r-devel-macos-x86_64-clang 1.10.3 195.68 NOTE --no-stop-on-test-error
r-patched-linux-x86_64 1.10.3 22.32 105.28 127.61 NOTE
r-patched-solaris-sparc 1.10.3 1509.30 OK
r-patched-solaris-x86 1.10.3 269.30 OK
r-release-linux-x86_64 1.10.3 22.05 101.51 123.57 OK
r-release-osx-x86_64-mavericks 1.10.3 NOTE
r-release-windows-ix86+x86_64 1.10.3 85.00 245.00 330.00 OK
r-oldrel-windows-ix86+x86_64 1.10.3 53.00 186.00 239.00 OK

Check Details

Version: 1.10.3
Check: compiled code
Result: NOTE
    File ‘MPTinR/libs/MPTinR.so’:
     Found no calls to: ‘R_registerRoutines’, ‘R_useDynamicSymbols’
    
    It is good practice to register native routines and to disable symbol
    search.
    
    See ‘Writing portable packages’ in the ‘Writing R Extensions’ manual.
Flavors: r-devel-linux-x86_64-debian-clang, r-devel-linux-x86_64-debian-gcc, r-patched-linux-x86_64

Version: 1.10.3
Flags: --no-stop-on-test-error
Check: installed package size
Result: NOTE
     installed size is 9.5Mb
     sub-directories of 1Mb or more:
     libs 8.5Mb
Flavors: r-devel-linux-x86_64-fedora-clang, r-devel-linux-x86_64-fedora-gcc

Version: 1.10.3
Flags: --no-stop-on-test-error
Check: compiled code
Result: NOTE
    File ‘MPTinR/libs/MPTinR.so’:
     Found no calls to: ‘R_registerRoutines’, ‘R_useDynamicSymbols’
    
    It is good practice to register native routines and to disable symbol
    search.
    
    See ‘Writing portable packages’ in the ‘Writing R Extensions’ manual.
Flavors: r-devel-linux-x86_64-fedora-clang, r-devel-linux-x86_64-fedora-gcc, r-devel-macos-x86_64-clang

Version: 1.10.3
Check: installed package size
Result: NOTE
     installed size is 9.2Mb
     sub-directories of 1Mb or more:
     libs 8.3Mb
Flavor: r-release-osx-x86_64-mavericks