CRAN Package Check Results for Package MPTinR

Last updated on 2016-02-11 02:48:11.

Flavor Version Tinstall Tcheck Ttotal Status Flags
r-devel-linux-x86_64-debian-gcc 1.10.3 22.37 97.12 119.49 NOTE
r-devel-linux-x86_64-fedora-clang 1.10.3 254.62 NOTE
r-devel-linux-x86_64-fedora-gcc 1.10.3 244.33 NOTE
r-devel-osx-x86_64-clang 1.10.3 236.06 OK
r-devel-windows-ix86+x86_64 1.10.3 86.00 188.00 274.00 OK
r-patched-linux-x86_64 1.10.3 23.01 103.55 126.56 NOTE
r-patched-solaris-sparc 1.10.3 1504.90 OK
r-patched-solaris-x86 1.10.3 254.90 OK
r-release-linux-x86_64 1.10.3 21.99 101.55 123.54 NOTE
r-release-osx-x86_64-mavericks 1.10.3 NOTE
r-release-windows-ix86+x86_64 1.10.3 84.00 176.00 260.00 OK
r-oldrel-windows-ix86+x86_64 1.10.3 89.00 217.00 306.00 OK

Check Details

Version: 1.10.3
Check: installed package size
Result: NOTE
     installed size is 9.0Mb
     sub-directories of 1Mb or more:
     libs 8.1Mb
Flavors: r-devel-linux-x86_64-debian-gcc, r-devel-linux-x86_64-fedora-clang, r-devel-linux-x86_64-fedora-gcc, r-patched-linux-x86_64, r-release-linux-x86_64, r-release-osx-x86_64-mavericks