CRAN Package Check Results for Package MPTinR

Last updated on 2014-07-23 15:47:48.

Flavor Version Tinstall Tcheck Ttotal Status Flags
r-devel-linux-x86_64-debian-clang 1.4.0 18.22 38.50 56.72 NOTE
r-devel-linux-x86_64-debian-gcc 1.4.0 22.30 36.98 59.28 NOTE
r-devel-linux-x86_64-fedora-clang 1.4.0 122.87 NOTE
r-devel-linux-x86_64-fedora-gcc 1.4.0 119.44 NOTE
r-devel-osx-x86_64-clang 1.4.0 89.49 OK
r-devel-windows-ix86+x86_64 1.4.0 58.00 84.00 142.00 OK
r-patched-linux-x86_64 1.4.0 22.32 40.38 62.70 NOTE
r-patched-solaris-sparc 1.4.0 655.40 NOTE
r-patched-solaris-x86 1.4.0 147.60 NOTE
r-release-linux-ix86 1.4.0 25.29 48.83 74.12 NOTE
r-release-linux-x86_64 1.4.0 22.13 40.04 62.17 NOTE
r-release-osx-x86_64-mavericks 1.4.0 NOTE
r-release-osx-x86_64-snowleopard 1.4.0 NOTE
r-release-windows-ix86+x86_64 1.4.0 52.00 82.00 134.00 OK
r-oldrel-windows-ix86+x86_64 1.4.0 52.00 84.00 136.00 OK

Check Details

Version: 1.4.0
Check: installed package size
Result: NOTE
     installed size is 8.2Mb
     sub-directories of 1Mb or more:
     libs 7.7Mb
Flavors: r-devel-linux-x86_64-debian-clang, r-devel-linux-x86_64-debian-gcc, r-devel-linux-x86_64-fedora-clang, r-devel-linux-x86_64-fedora-gcc, r-patched-linux-x86_64, r-patched-solaris-sparc, r-patched-solaris-x86, r-release-linux-ix86, r-release-linux-x86_64, r-release-osx-x86_64-mavericks, r-release-osx-x86_64-snowleopard