CRAN Package Check Results for Package MPTinR

Last updated on 2016-08-27 19:47:28.

Flavor Version Tinstall Tcheck Ttotal Status Flags
r-devel-linux-x86_64-debian-clang 1.10.3 25.57 119.62 145.20 NOTE
r-devel-linux-x86_64-debian-gcc 1.10.3 36.34 154.13 190.47 NOTE
r-devel-linux-x86_64-fedora-clang 1.10.3 277.24 NOTE
r-devel-linux-x86_64-fedora-gcc 1.10.3 263.62 NOTE
r-devel-osx-x86_64-clang 1.10.3 196.05 OK
r-devel-windows-ix86+x86_64 1.10.3 81.00 186.00 267.00 OK
r-patched-linux-x86_64 1.10.3 21.99 113.40 135.39 NOTE
r-patched-solaris-sparc 1.10.3 1473.10 OK
r-patched-solaris-x86 1.10.3 252.90 OK
r-release-linux-x86_64 1.10.3 22.74 116.96 139.70 NOTE
r-release-osx-x86_64-mavericks 1.10.3 NOTE
r-release-windows-ix86+x86_64 1.10.3 82.00 237.00 319.00 OK
r-oldrel-windows-ix86+x86_64 1.10.3 65.00 220.00 285.00 OK

Check Details

Version: 1.10.3
Check: installed package size
Result: NOTE
     installed size is 9.5Mb
     sub-directories of 1Mb or more:
     libs 8.5Mb
Flavors: r-devel-linux-x86_64-debian-clang, r-devel-linux-x86_64-debian-gcc, r-devel-linux-x86_64-fedora-clang, r-devel-linux-x86_64-fedora-gcc, r-patched-linux-x86_64, r-release-linux-x86_64, r-release-osx-x86_64-mavericks