CRAN Package Check Results for Package MPTinR

Last updated on 2015-01-29 20:48:58.

Flavor Version Tinstall Tcheck Ttotal Status Flags
r-devel-linux-x86_64-debian-clang 1.6.3 20.90 34.72 55.62 NOTE
r-devel-linux-x86_64-debian-gcc 1.6.3 23.95 34.18 58.12 NOTE
r-devel-linux-x86_64-fedora-clang 1.6.3 125.80 NOTE
r-devel-linux-x86_64-fedora-gcc 1.6.3 109.92 NOTE
r-devel-osx-x86_64-clang 1.6.3 90.10 NOTE
r-devel-windows-ix86+x86_64 1.6.3 86.00 75.00 161.00 NOTE
r-patched-linux-x86_64 1.6.3 24.65 39.16 63.82 NOTE
r-patched-solaris-sparc 1.6.3 735.90 NOTE
r-patched-solaris-x86 1.6.3 150.00 NOTE
r-release-linux-ix86 1.6.3 26.65 46.68 73.33 NOTE
r-release-linux-x86_64 1.6.3 25.42 38.69 64.12 NOTE
r-release-osx-x86_64-mavericks 1.6.3 NOTE
r-release-osx-x86_64-snowleopard 1.6.3 NOTE
r-release-windows-ix86+x86_64 1.6.3 60.00 91.00 151.00 OK
r-oldrel-windows-ix86+x86_64 1.6.3 59.00 85.00 144.00 OK

Check Details

Version: 1.6.3
Check: installed package size
Result: NOTE
     installed size is 9.5Mb
     sub-directories of 1Mb or more:
     libs 9.0Mb
Flavors: r-devel-linux-x86_64-debian-clang, r-devel-linux-x86_64-debian-gcc, r-devel-linux-x86_64-fedora-clang, r-devel-linux-x86_64-fedora-gcc, r-patched-linux-x86_64, r-patched-solaris-sparc, r-patched-solaris-x86, r-release-linux-ix86, r-release-linux-x86_64, r-release-osx-x86_64-mavericks, r-release-osx-x86_64-snowleopard

Version: 1.6.3
Check: dependencies in R code
Result: NOTE
    'library' or 'require' call to ‘snowfall’ in package code.
     Please use :: or requireNamespace() instead.
     See section 'Suggested packages' in the 'Writing R Extensions' manual.
Flavors: r-devel-linux-x86_64-debian-clang, r-devel-linux-x86_64-debian-gcc, r-devel-linux-x86_64-fedora-clang, r-devel-linux-x86_64-fedora-gcc, r-devel-osx-x86_64-clang, r-devel-windows-ix86+x86_64