CRAN Package Check Results for Package MPTinR

Last updated on 2014-04-23 17:47:48.

Flavor Version Tinstall Tcheck Ttotal Status Flags
r-devel-linux-x86_64-debian-clang 1.3.5 12.22 39.29 51.51 NOTE
r-devel-linux-x86_64-debian-gcc 1.3.5 13.49 38.72 52.21 NOTE
r-devel-linux-x86_64-fedora-clang 1.3.5 104.63 NOTE
r-devel-linux-x86_64-fedora-gcc 1.3.5 105.13 NOTE
r-devel-osx-x86_64-clang 1.3.5 85.11 OK
r-devel-osx-x86_64-gcc 1.3.5 NOTE
r-devel-windows-ix86+x86_64 1.3.5 37.00 77.00 114.00 OK
r-patched-linux-x86_64 1.3.5 13.71 40.22 53.94 NOTE
r-patched-solaris-sparc 1.3.5 573.30 NOTE
r-patched-solaris-x86 1.3.5 124.90 NOTE
r-release-linux-ix86 1.3.5 24.00 63.00 87.00 NOTE
r-release-linux-x86_64 1.3.5 13.57 39.52 53.09 NOTE
r-release-osx-x86_64-mavericks 1.3.5 NOTE
r-release-osx-x86_64-snowleopard 1.3.5 NOTE
r-release-windows-ix86+x86_64 1.3.5 35.00 77.00 112.00 OK
r-oldrel-windows-ix86+x86_64 1.3.5 33.00 81.00 114.00 OK

Check Details

Version: 1.3.5
Check: installed package size
Result: NOTE
     installed size is 6.5Mb
     sub-directories of 1Mb or more:
     libs 6.1Mb
Flavors: r-devel-linux-x86_64-debian-clang, r-devel-linux-x86_64-debian-gcc, r-devel-linux-x86_64-fedora-clang, r-devel-linux-x86_64-fedora-gcc, r-devel-osx-x86_64-gcc, r-patched-linux-x86_64, r-patched-solaris-sparc, r-patched-solaris-x86, r-release-linux-ix86, r-release-linux-x86_64, r-release-osx-x86_64-mavericks, r-release-osx-x86_64-snowleopard