CRAN Package Check Results for Package MPTinR

Last updated on 2016-06-26 22:47:51.

Flavor Version Tinstall Tcheck Ttotal Status Flags
r-devel-linux-x86_64-debian-gcc 1.10.3 27.65 101.64 129.29 NOTE
r-devel-linux-x86_64-fedora-clang 1.10.3 256.99 NOTE
r-devel-linux-x86_64-fedora-gcc 1.10.3 238.99 NOTE
r-devel-osx-x86_64-clang 1.10.3 194.61 OK
r-devel-windows-ix86+x86_64 1.10.3 58.00 216.00 274.00 OK
r-patched-linux-x86_64 1.10.3 22.73 102.87 125.59 NOTE
r-patched-solaris-sparc 1.10.3 1489.80 NOTE
r-patched-solaris-x86 1.10.3 258.50 NOTE
r-release-linux-x86_64 1.10.3 23.00 100.67 123.67 NOTE
r-release-osx-x86_64-mavericks 1.10.3 NOTE
r-release-windows-ix86+x86_64 1.10.3 59.00 179.00 238.00 OK
r-oldrel-windows-ix86+x86_64 1.10.3 88.00 252.00 340.00 OK

Check Details

Version: 1.10.3
Check: installed package size
Result: NOTE
     installed size is 9.2Mb
     sub-directories of 1Mb or more:
     libs 8.3Mb
Flavors: r-devel-linux-x86_64-debian-gcc, r-devel-linux-x86_64-fedora-clang, r-devel-linux-x86_64-fedora-gcc, r-patched-linux-x86_64, r-patched-solaris-sparc, r-patched-solaris-x86, r-release-linux-x86_64, r-release-osx-x86_64-mavericks