CRAN Package Check Results for Package MPTinR

Last updated on 2015-03-06 06:47:01.

Flavor Version Tinstall Tcheck Ttotal Status Flags
r-devel-linux-x86_64-debian-clang 1.6.3 20.78 32.92 53.70 NOTE
r-devel-linux-x86_64-debian-gcc 1.6.3 23.67 32.42 56.08 NOTE
r-devel-linux-x86_64-fedora-clang 1.6.3 114.81 NOTE
r-devel-linux-x86_64-fedora-gcc 1.6.3 105.58 NOTE
r-devel-osx-x86_64-clang 1.6.3 91.41 NOTE
r-devel-windows-ix86+x86_64 1.6.3 64.00 71.00 135.00 NOTE
r-patched-linux-x86_64 1.6.3 24.72 38.71 63.43 NOTE
r-patched-solaris-sparc 1.6.3 756.20 NOTE
r-patched-solaris-x86 1.6.3 153.30 NOTE
r-release-linux-ix86 1.6.3 26.65 50.81 77.46 NOTE
r-release-linux-x86_64 1.6.3 24.80 38.89 63.69 NOTE
r-release-osx-x86_64-mavericks 1.6.3 NOTE
r-release-osx-x86_64-snowleopard 1.6.3 NOTE
r-release-windows-ix86+x86_64 1.6.3 54.00 83.00 137.00 OK
r-oldrel-windows-ix86+x86_64 1.6.3 65.00 112.00 177.00 OK

Check Details

Version: 1.6.3
Check: installed package size
Result: NOTE
     installed size is 9.5Mb
     sub-directories of 1Mb or more:
     libs 9.0Mb
Flavors: r-devel-linux-x86_64-debian-clang, r-devel-linux-x86_64-debian-gcc, r-devel-linux-x86_64-fedora-clang, r-devel-linux-x86_64-fedora-gcc, r-patched-linux-x86_64, r-patched-solaris-sparc, r-patched-solaris-x86, r-release-linux-ix86, r-release-linux-x86_64, r-release-osx-x86_64-mavericks, r-release-osx-x86_64-snowleopard

Version: 1.6.3
Check: dependencies in R code
Result: NOTE
    'library' or 'require' call to ‘snowfall’ in package code.
     Please use :: or requireNamespace() instead.
     See section 'Suggested packages' in the 'Writing R Extensions' manual.
Flavors: r-devel-linux-x86_64-debian-clang, r-devel-linux-x86_64-debian-gcc, r-devel-linux-x86_64-fedora-clang, r-devel-linux-x86_64-fedora-gcc, r-devel-osx-x86_64-clang, r-devel-windows-ix86+x86_64, r-patched-linux-x86_64, r-patched-solaris-sparc, r-patched-solaris-x86