CRAN Package Check Results for Package MPTinR

Last updated on 2016-10-01 12:47:54.

Flavor Version Tinstall Tcheck Ttotal Status Flags
r-devel-linux-x86_64-debian-clang 1.10.3 26.64 123.18 149.83 NOTE
r-devel-linux-x86_64-debian-gcc 1.10.3 28.25 114.62 142.87 NOTE
r-devel-linux-x86_64-fedora-clang 1.10.3 305.39 NOTE
r-devel-linux-x86_64-fedora-gcc 1.10.3 264.14 NOTE
r-devel-macos-x86_64-clang 1.10.3 188.43 OK
r-devel-windows-ix86+x86_64 1.10.3 91.00 239.00 330.00 OK
r-patched-linux-x86_64 1.10.3 22.66 118.58 141.24 NOTE
r-patched-solaris-sparc 1.10.3 1473.10 OK
r-patched-solaris-x86 1.10.3 247.40 OK
r-release-linux-x86_64 1.10.3 23.76 117.38 141.14 NOTE
r-release-osx-x86_64-mavericks 1.10.3 NOTE
r-release-windows-ix86+x86_64 1.10.3 68.00 198.00 266.00 OK
r-oldrel-windows-ix86+x86_64 1.10.3 84.00 249.00 333.00 OK

Check Details

Version: 1.10.3
Check: installed package size
Result: NOTE
     installed size is 9.5Mb
     sub-directories of 1Mb or more:
     libs 8.6Mb
Flavors: r-devel-linux-x86_64-debian-clang, r-devel-linux-x86_64-debian-gcc, r-devel-linux-x86_64-fedora-clang, r-devel-linux-x86_64-fedora-gcc, r-patched-linux-x86_64, r-release-linux-x86_64, r-release-osx-x86_64-mavericks