CRAN Package Check Results for Package MPTinR

Last updated on 2014-11-01 08:48:20.

Flavor Version Tinstall Tcheck Ttotal Status Flags
r-devel-linux-x86_64-debian-clang 1.6.3 21.55 37.80 59.35 NOTE
r-devel-linux-x86_64-debian-gcc 1.6.3 23.46 37.20 60.66 NOTE
r-devel-linux-x86_64-fedora-clang 1.6.3 125.80 NOTE
r-devel-linux-x86_64-fedora-gcc 1.6.3 118.54 NOTE
r-devel-osx-x86_64-clang 1.6.3 90.90 OK
r-devel-windows-ix86+x86_64 1.6.3 62.00 76.00 138.00 OK
r-patched-linux-x86_64 1.6.3 26.32 38.12 64.45 NOTE
r-patched-solaris-sparc 1.6.3 671.90 NOTE
r-patched-solaris-x86 1.6.3 150.30 NOTE
r-release-linux-ix86 1.5.1 25.72 49.27 74.99 NOTE
r-release-linux-x86_64 1.5.1 22.26 39.56 61.82 NOTE
r-release-osx-x86_64-mavericks 1.6.3 NOTE
r-release-osx-x86_64-snowleopard 1.6.3 NOTE
r-release-windows-ix86+x86_64 1.6.3 59.00 77.00 136.00 OK
r-oldrel-windows-ix86+x86_64 1.6.3 58.00 80.00 138.00 OK

Check Details

Version: 1.6.3
Check: installed package size
Result: NOTE
     installed size is 9.4Mb
     sub-directories of 1Mb or more:
     libs 8.9Mb
Flavors: r-devel-linux-x86_64-debian-clang, r-devel-linux-x86_64-debian-gcc, r-devel-linux-x86_64-fedora-clang, r-devel-linux-x86_64-fedora-gcc, r-patched-linux-x86_64, r-patched-solaris-sparc, r-patched-solaris-x86, r-release-osx-x86_64-mavericks, r-release-osx-x86_64-snowleopard

Version: 1.5.1
Check: installed package size
Result: NOTE
     installed size is 7.6Mb
     sub-directories of 1Mb or more:
     libs 7.1Mb
Flavors: r-release-linux-ix86, r-release-linux-x86_64