CRAN Package Check Results for Package MPTinR

Last updated on 2017-01-21 16:48:44.

Flavor Version Tinstall Tcheck Ttotal Status Flags
r-devel-linux-x86_64-debian-clang 1.10.3 26.00 125.39 151.39 OK
r-devel-linux-x86_64-debian-gcc 1.10.3 26.53 116.49 143.02 OK
r-devel-linux-x86_64-fedora-clang 1.10.3 284.46 NOTE --no-stop-on-test-error
r-devel-linux-x86_64-fedora-gcc 1.10.3 274.78 NOTE --no-stop-on-test-error
r-devel-macos-x86_64-clang 1.10.3 194.87 OK --no-stop-on-test-error
r-devel-windows-ix86+x86_64 1.10.3 91.00 192.00 283.00 OK
r-patched-linux-x86_64 1.10.3 24.09 117.09 141.18 OK
r-patched-solaris-sparc 1.10.3 1462.40 OK
r-patched-solaris-x86 1.10.3 257.00 OK
r-release-linux-x86_64 1.10.3 23.24 119.60 142.84 OK
r-release-osx-x86_64-mavericks 1.10.3 NOTE
r-release-windows-ix86+x86_64 1.10.3 83.00 306.00 389.00 OK
r-oldrel-windows-ix86+x86_64 1.10.3 83.00 255.00 338.00 OK

Check Details

Version: 1.10.3
Flags: --no-stop-on-test-error
Check: installed package size
Result: NOTE
     installed size is 9.6Mb
     sub-directories of 1Mb or more:
     libs 8.6Mb
Flavors: r-devel-linux-x86_64-fedora-clang, r-devel-linux-x86_64-fedora-gcc

Version: 1.10.3
Check: installed package size
Result: NOTE
     installed size is 9.2Mb
     sub-directories of 1Mb or more:
     libs 8.3Mb
Flavor: r-release-osx-x86_64-mavericks