CRAN Package Check Results for Package MPTinR

Last updated on 2016-05-04 21:46:51.

Flavor Version Tinstall Tcheck Ttotal Status Flags
r-devel-linux-x86_64-debian-gcc 1.10.3 22.48 101.07 123.55 NOTE
r-devel-linux-x86_64-fedora-clang 1.10.3 254.50 NOTE
r-devel-linux-x86_64-fedora-gcc 1.10.3 235.14 NOTE
r-devel-osx-x86_64-clang 1.10.3 244.00 OK
r-devel-windows-ix86+x86_64 1.10.3 60.00 258.00 318.00 OK
r-patched-linux-x86_64 1.10.3 21.91 99.37 121.28 NOTE
r-patched-solaris-sparc 1.10.3 1659.50 OK
r-patched-solaris-x86 1.10.3 256.80 OK
r-release-linux-x86_64 1.10.3 22.32 100.14 122.45 NOTE
r-release-osx-x86_64-mavericks 1.10.3 NOTE
r-release-windows-ix86+x86_64 1.10.3 60.00 258.00 318.00 OK
r-oldrel-windows-ix86+x86_64 1.10.3 86.00 251.00 337.00 OK

Check Details

Version: 1.10.3
Check: installed package size
Result: NOTE
     installed size is 9.0Mb
     sub-directories of 1Mb or more:
     libs 8.1Mb
Flavors: r-devel-linux-x86_64-debian-gcc, r-devel-linux-x86_64-fedora-clang, r-devel-linux-x86_64-fedora-gcc, r-patched-linux-x86_64, r-release-linux-x86_64, r-release-osx-x86_64-mavericks