CRAN Package Check Results for Package MPTinR

Last updated on 2015-07-06 03:47:51.

Flavor Version Tinstall Tcheck Ttotal Status Flags
r-devel-linux-x86_64-debian-clang 1.9.2 21.52 87.82 109.35 NOTE
r-devel-linux-x86_64-debian-gcc 1.9.2 24.06 82.73 106.78 NOTE
r-devel-linux-x86_64-fedora-clang 1.9.2 220.78 NOTE
r-devel-linux-x86_64-fedora-gcc 1.9.2 210.95 NOTE
r-devel-osx-x86_64-clang 1.9.2 176.23 OK
r-devel-windows-ix86+x86_64 1.9.2 83.00 164.00 247.00 NOTE
r-patched-linux-x86_64 1.9.2 23.55 83.66 107.21 NOTE
r-patched-solaris-sparc 1.9.2 1242.80 NOTE
r-patched-solaris-x86 1.9.2 246.60 NOTE
r-release-linux-x86_64 1.9.2 23.80 82.18 105.98 NOTE
r-release-osx-x86_64-mavericks 1.9.2 NOTE
r-release-windows-ix86+x86_64 1.9.2 79.00 144.00 223.00 OK
r-oldrel-windows-ix86+x86_64 1.9.2 87.00 159.00 246.00 OK

Check Details

Version: 1.9.2
Check: installed package size
Result: NOTE
     installed size is 9.8Mb
     sub-directories of 1Mb or more:
     libs 8.9Mb
Flavors: r-devel-linux-x86_64-debian-clang, r-devel-linux-x86_64-debian-gcc, r-devel-linux-x86_64-fedora-clang, r-devel-linux-x86_64-fedora-gcc, r-patched-linux-x86_64, r-patched-solaris-sparc, r-patched-solaris-x86, r-release-linux-x86_64, r-release-osx-x86_64-mavericks

Version: 1.9.2
Check: R code for possible problems
Result: NOTE
    .check.MPT.probabilities: no visible global function definition for
     ‘runif’
    .make.llk.gradient: no visible global function definition for ‘D’
    .make.llk.hessian: no visible global function definition for ‘D’
    .read.EQN.model: no visible global function definition for ‘read.table’
    .read.EQN.model.2: no visible global function definition for
     ‘read.table’
    bmpt.fia: no visible global function definition for ‘flush.console’
    bmpt.fia: no visible global function definition for ‘runif’
    bmpt.fia: no visible global function definition for ‘qnorm’
    fit.mpt.old : optim.tree : mpt.optim: no visible global function
     definition for ‘runif’
    fit.mpt.old : optim.tree : mpt.optim: no visible global function
     definition for ‘optim’
    fit.mpt.old : get.goodness.of.fit: no visible global function
     definition for ‘pchisq’
    fit.mpt.old : get.parameter.table.multi: no visible global function
     definition for ‘qnorm’
    fit.mpt.old : get.parameter.table.single: no visible global function
     definition for ‘qnorm’
    fit.mpt.old: no visible global function definition for ‘flush.console’
    fit.mpt.old: no visible global function definition for ‘pchisq’
    fit.mptinr : optim.tree : wrapper.nlminb: no visible global function
     definition for ‘runif’
    fit.mptinr : optim.tree : wrapper.nlminb: no visible global function
     definition for ‘nlminb’
    fit.mptinr : get.goodness.of.fit: no visible global function definition
     for ‘pchisq’
    fit.mptinr : get.parameter.table.multi: no visible global function
     definition for ‘qnorm’
    fit.mptinr : get.parameter.table.single: no visible global function
     definition for ‘qnorm’
    fit.mptinr: no visible global function definition for ‘flush.console’
    fit.mptinr: no visible global function definition for ‘pchisq’
    gen.data: no visible global function definition for ‘rmultinom’
    make.eqn: no visible global function definition for ‘write.table’
    make.mdt: no visible global function definition for ‘write.table’
    sample.data: no visible global function definition for ‘rmultinom’
    select.mpt : <anonymous> : <anonymous>: no visible global function
     definition for ‘pchisq’
    Undefined global functions or variables:
     D flush.console nlminb optim pchisq qnorm read.table rmultinom runif
     write.table
Flavors: r-devel-linux-x86_64-debian-clang, r-devel-linux-x86_64-debian-gcc, r-devel-linux-x86_64-fedora-clang, r-devel-linux-x86_64-fedora-gcc, r-devel-windows-ix86+x86_64