CRAN Package Check Results for Package MPTinR

Last updated on 2015-09-03 08:50:00.

Flavor Version Tinstall Tcheck Ttotal Status Flags
r-devel-linux-x86_64-debian-clang 1.10.3 22.06 109.39 131.45 NOTE
r-devel-linux-x86_64-debian-gcc 1.10.3 23.89 97.39 121.28 NOTE
r-devel-linux-x86_64-fedora-clang 1.10.3 254.86 NOTE
r-devel-linux-x86_64-fedora-gcc 1.10.3 239.86 NOTE
r-devel-osx-x86_64-clang 1.10.3 184.19 OK
r-devel-windows-ix86+x86_64 1.10.3 87.00 245.00 332.00 OK
r-patched-linux-x86_64 1.10.3 23.50 99.40 122.90 NOTE
r-patched-solaris-sparc 1.10.3 1435.60 OK
r-patched-solaris-x86 1.10.3 263.50 OK
r-release-linux-x86_64 1.10.3 23.82 106.81 130.63 NOTE
r-release-osx-x86_64-mavericks 1.10.3 NOTE
r-release-windows-ix86+x86_64 1.10.3 80.00 248.00 328.00 OK
r-oldrel-windows-ix86+x86_64 1.10.3 88.00 258.00 346.00 OK

Check Details

Version: 1.10.3
Check: installed package size
Result: NOTE
     installed size is 9.9Mb
     sub-directories of 1Mb or more:
     libs 9.0Mb
Flavors: r-devel-linux-x86_64-debian-clang, r-devel-linux-x86_64-debian-gcc, r-devel-linux-x86_64-fedora-clang, r-devel-linux-x86_64-fedora-gcc, r-patched-linux-x86_64, r-release-linux-x86_64, r-release-osx-x86_64-mavericks