CRAN Package Check Results for Package MPTinR

Last updated on 2014-08-30 11:51:29.

Flavor Version Tinstall Tcheck Ttotal Status Flags
r-devel-linux-x86_64-debian-clang 1.5.1 17.84 37.60 55.44 NOTE
r-devel-linux-x86_64-debian-gcc 1.5.1 21.56 36.78 58.34 NOTE
r-devel-linux-x86_64-fedora-clang 1.5.1 119.93 NOTE
r-devel-linux-x86_64-fedora-gcc 1.5.1 120.34 NOTE
r-devel-osx-x86_64-clang 1.5.1 85.50 NOTE
r-devel-windows-ix86+x86_64 1.5.1 73.00 81.00 154.00 NOTE
r-patched-linux-x86_64 1.5.1 22.08 37.77 59.85 NOTE
r-patched-solaris-sparc 1.5.1 654.10 NOTE
r-patched-solaris-x86 1.5.1 147.70 NOTE
r-release-linux-ix86 1.5.1 25.66 48.86 74.52 NOTE
r-release-linux-x86_64 1.5.1 22.29 38.82 61.10 NOTE
r-release-osx-x86_64-mavericks 1.5.1 NOTE
r-release-osx-x86_64-snowleopard 1.5.1 NOTE
r-release-windows-ix86+x86_64 1.5.1 53.00 117.00 170.00 OK
r-oldrel-windows-ix86+x86_64 1.5.1 53.00 97.00 150.00 OK

Check Details

Version: 1.5.1
Check: installed package size
Result: NOTE
     installed size is 8.2Mb
     sub-directories of 1Mb or more:
     libs 7.7Mb
Flavors: r-devel-linux-x86_64-debian-clang, r-devel-linux-x86_64-debian-gcc, r-devel-linux-x86_64-fedora-clang, r-devel-linux-x86_64-fedora-gcc, r-patched-linux-x86_64, r-patched-solaris-sparc, r-patched-solaris-x86, r-release-linux-ix86, r-release-linux-x86_64, r-release-osx-x86_64-mavericks, r-release-osx-x86_64-snowleopard

Version: 1.5.1
Check: R code for possible problems
Result: NOTE
    bmpt.fia: no visible global function definition for ‘sfClusterSplit’
    bmpt.fia: no visible global function definition for ‘sfLibrary’
    bmpt.fia: no visible global function definition for ‘sfClusterApplyLB’
    fit.mpt.old : optim.tree: no visible global function definition for
     ‘sfLapply’
    fit.mpt.old : optim.mpt: no visible global function definition for
     ‘sfLapply’
    fit.mpt.old: no visible global function definition for ‘sfStop’
    fit.mptinr : optim.tree: no visible global function definition for
     ‘sfClusterApplyLB’
    fit.mptinr : optim.mpt: no visible global function definition for
     ‘sfClusterApplyLB’
    fit.mptinr: no visible global function definition for ‘sfStop’
Flavors: r-devel-linux-x86_64-debian-clang, r-devel-linux-x86_64-debian-gcc, r-devel-linux-x86_64-fedora-clang, r-devel-linux-x86_64-fedora-gcc, r-devel-osx-x86_64-clang, r-devel-windows-ix86+x86_64