CRAN Package Check Results for Package MPTinR

Last updated on 2017-04-24 12:47:45.

Flavor Version Tinstall Tcheck Ttotal Status Flags
r-devel-linux-x86_64-debian-clang 1.10.3 27.49 111.53 139.02 NOTE
r-devel-linux-x86_64-debian-gcc 1.10.3 26.59 108.86 135.45 NOTE
r-devel-linux-x86_64-fedora-clang 1.10.3 289.91 NOTE --no-stop-on-test-error
r-devel-linux-x86_64-fedora-gcc 1.10.3 285.11 NOTE --no-stop-on-test-error
r-devel-windows-ix86+x86_64 1.10.3 81.00 207.00 288.00 OK
r-patched-linux-x86_64 1.10.3 23.22 102.85 126.07 NOTE
r-patched-solaris-sparc 1.10.3 1509.30 OK
r-patched-solaris-x86 1.10.3 262.40 OK
r-release-linux-x86_64 1.10.3 23.15 103.47 126.61 NOTE
r-release-windows-ix86+x86_64 1.10.3 63.00 201.00 264.00 OK
r-release-osx-x86_64 1.10.3 WARN
r-oldrel-windows-ix86+x86_64 1.10.3 69.00 190.00 259.00 OK
r-oldrel-osx-x86_64 1.10.3 NOTE

Check Details

Version: 1.10.3
Check: compiled code
Result: NOTE
    File ‘MPTinR/libs/MPTinR.so’:
     Found no calls to: ‘R_registerRoutines’, ‘R_useDynamicSymbols’
    
    It is good practice to register native routines and to disable symbol
    search.
    
    See ‘Writing portable packages’ in the ‘Writing R Extensions’ manual.
Flavors: r-devel-linux-x86_64-debian-clang, r-devel-linux-x86_64-debian-gcc, r-patched-linux-x86_64, r-release-linux-x86_64

Version: 1.10.3
Flags: --no-stop-on-test-error
Check: installed package size
Result: NOTE
     installed size is 9.5Mb
     sub-directories of 1Mb or more:
     libs 8.5Mb
Flavors: r-devel-linux-x86_64-fedora-clang, r-devel-linux-x86_64-fedora-gcc

Version: 1.10.3
Flags: --no-stop-on-test-error
Check: compiled code
Result: NOTE
    File ‘MPTinR/libs/MPTinR.so’:
     Found no calls to: ‘R_registerRoutines’, ‘R_useDynamicSymbols’
    
    It is good practice to register native routines and to disable symbol
    search.
    
    See ‘Writing portable packages’ in the ‘Writing R Extensions’ manual.
Flavors: r-devel-linux-x86_64-fedora-clang, r-devel-linux-x86_64-fedora-gcc

Version: 1.10.3
Check: installed package size
Result: NOTE
     installed size is 7.9Mb
     sub-directories of 1Mb or more:
     libs 7.0Mb
Flavors: r-release-osx-x86_64, r-oldrel-osx-x86_64

Version: 1.10.3
Check: re-building of vignette outputs
Result: WARN
    Error in re-building vignettes:
     ...
    Warning: running command 'kpsewhich framed.sty' had status 1
    Warning in test_latex_pkg("framed", system.file("misc", "framed.sty", package = "knitr")) :
     unable to find LaTeX package 'framed'; will use a copy from knitr
    Error in texi2dvi(file = file, pdf = TRUE, clean = clean, quiet = quiet, :
     Running 'texi2dvi' on 'mptinr_introduction.tex' failed.
    LaTeX errors:
    ! LaTeX Error: File `threeparttable.sty' not found.
    
    Type X to quit or <RETURN> to proceed,
    or enter new name. (Default extension: sty)
    
    ! Emergency stop.
    <read *>
    
    l.65 ^^M
    
    ! ==> Fatal error occurred, no output PDF file produced!
    Calls: buildVignettes -> texi2pdf -> texi2dvi
    Execution halted
Flavor: r-release-osx-x86_64