CRAN Package Check Results for Package MPTinR

Last updated on 2015-05-24 10:47:02.

Flavor Version Tinstall Tcheck Ttotal Status Flags
r-devel-linux-x86_64-debian-clang 1.8.0 21.83 34.71 56.54 NOTE
r-devel-linux-x86_64-debian-gcc 1.8.0 25.62 32.98 58.61 NOTE
r-devel-linux-x86_64-fedora-clang 1.8.0 116.74 NOTE
r-devel-linux-x86_64-fedora-gcc 1.8.0 107.21 NOTE
r-devel-osx-x86_64-clang 1.8.0 92.70 OK
r-devel-windows-ix86+x86_64 1.8.0 62.00 72.00 134.00 OK
r-patched-linux-x86_64 1.8.0 23.50 32.52 56.02 NOTE
r-patched-solaris-sparc 1.8.0 669.80 NOTE
r-patched-solaris-x86 1.8.0 134.90 NOTE
r-release-linux-x86_64 1.8.0 23.76 33.34 57.11 NOTE
r-release-osx-x86_64-mavericks 1.8.0 NOTE
r-release-osx-x86_64-snowleopard 1.8.0 NOTE
r-release-windows-ix86+x86_64 1.8.0 60.00 74.00 134.00 OK
r-oldrel-windows-ix86+x86_64 1.8.0 61.00 121.00 182.00 OK

Check Details

Version: 1.8.0
Check: installed package size
Result: NOTE
     installed size is 9.4Mb
     sub-directories of 1Mb or more:
     libs 8.9Mb
Flavors: r-devel-linux-x86_64-debian-clang, r-devel-linux-x86_64-debian-gcc, r-devel-linux-x86_64-fedora-clang, r-devel-linux-x86_64-fedora-gcc, r-patched-linux-x86_64, r-patched-solaris-sparc, r-patched-solaris-x86, r-release-linux-x86_64, r-release-osx-x86_64-mavericks, r-release-osx-x86_64-snowleopard