CRAN Package Check Results for Package MPTinR

Last updated on 2016-07-24 06:46:58.

Flavor Version Tinstall Tcheck Ttotal Status Flags
r-devel-linux-x86_64-debian-clang 1.10.3 31.71 138.18 169.89 NOTE
r-devel-linux-x86_64-debian-gcc 1.10.3 32.82 126.43 159.25 NOTE
r-devel-linux-x86_64-fedora-clang 1.10.3 256.32 NOTE
r-devel-linux-x86_64-fedora-gcc 1.10.3 239.39 NOTE
r-devel-osx-x86_64-clang 1.10.3 191.50 OK
r-devel-windows-ix86+x86_64 1.10.3 67.00 201.00 268.00 OK
r-patched-linux-x86_64 1.10.3 28.00 127.78 155.78 NOTE
r-patched-solaris-sparc 1.10.3 1489.80 NOTE
r-patched-solaris-x86 1.10.3 253.70 OK
r-release-linux-x86_64 1.10.3 25.84 136.93 162.78 NOTE
r-release-osx-x86_64-mavericks 1.10.3 NOTE
r-release-windows-ix86+x86_64 1.10.3 64.00 191.00 255.00 OK
r-oldrel-windows-ix86+x86_64 1.10.3 83.00 202.00 285.00 OK

Check Details

Version: 1.10.3
Check: installed package size
Result: NOTE
     installed size is 9.5Mb
     sub-directories of 1Mb or more:
     libs 8.5Mb
Flavors: r-devel-linux-x86_64-debian-clang, r-devel-linux-x86_64-debian-gcc, r-devel-linux-x86_64-fedora-clang, r-devel-linux-x86_64-fedora-gcc, r-patched-linux-x86_64, r-patched-solaris-sparc, r-release-linux-x86_64, r-release-osx-x86_64-mavericks