CRAN Package Check Results for Package MPTinR

Last updated on 2017-09-24 16:47:27.

Flavor Version Tinstall Tcheck Ttotal Status Flags
r-devel-linux-x86_64-debian-clang 1.10.3 41.02 112.62 153.64 NOTE
r-devel-linux-x86_64-debian-gcc 1.10.3 32.90 110.62 143.52 NOTE
r-devel-linux-x86_64-fedora-clang 1.10.3 285.76 NOTE
r-devel-linux-x86_64-fedora-gcc 1.10.3 271.51 NOTE
r-devel-windows-ix86+x86_64 1.10.3 67.00 198.00 265.00 OK
r-patched-linux-x86_64 1.10.3 32.50 106.51 139.01 NOTE
r-patched-solaris-x86 1.10.3 268.20 OK
r-release-linux-x86_64 1.10.3 32.22 106.61 138.83 NOTE
r-release-windows-ix86+x86_64 1.10.3 72.00 217.00 289.00 OK
r-release-osx-x86_64 1.10.3 WARN
r-oldrel-windows-ix86+x86_64 1.10.3 75.00 213.00 288.00 OK
r-oldrel-osx-x86_64 1.10.3 NOTE

Check Details

Version: 1.10.3
Check: compiled code
Result: NOTE
    File ‘MPTinR/libs/MPTinR.so’:
     Found no calls to: ‘R_registerRoutines’, ‘R_useDynamicSymbols’
    
    It is good practice to register native routines and to disable symbol
    search.
    
    See ‘Writing portable packages’ in the ‘Writing R Extensions’ manual.
Flavors: r-devel-linux-x86_64-debian-clang, r-devel-linux-x86_64-debian-gcc, r-devel-linux-x86_64-fedora-clang, r-devel-linux-x86_64-fedora-gcc, r-patched-linux-x86_64, r-release-linux-x86_64

Version: 1.10.3
Check: installed package size
Result: NOTE
     installed size is 11.5Mb
     sub-directories of 1Mb or more:
     libs 10.5Mb
Flavors: r-devel-linux-x86_64-fedora-clang, r-devel-linux-x86_64-fedora-gcc, r-release-osx-x86_64, r-oldrel-osx-x86_64

Version: 1.10.3
Check: re-building of vignette outputs
Result: WARN
    Error in re-building vignettes:
     ...
    Warning: running command 'kpsewhich framed.sty' had status 1
    Warning in test_latex_pkg("framed", system.file("misc", "framed.sty", package = "knitr")) :
     unable to find LaTeX package 'framed'; will use a copy from knitr
    Error in texi2dvi(file = file, pdf = TRUE, clean = clean, quiet = quiet, :
     Running 'texi2dvi' on 'mptinr_introduction.tex' failed.
    LaTeX errors:
    ! LaTeX Error: File `threeparttable.sty' not found.
    
    Type X to quit or <RETURN> to proceed,
    or enter new name. (Default extension: sty)
    
    ! Emergency stop.
    <read *>
    
    l.65 ^^M
    
    ! ==> Fatal error occurred, no output PDF file produced!
    Calls: buildVignettes -> texi2pdf -> texi2dvi
    Execution halted
Flavor: r-release-osx-x86_64