CRAN Package Check Results for Package MPV

Last updated on 2015-08-28 12:48:00.

Flavor Version Tinstall Tcheck Ttotal Status Flags
r-devel-linux-x86_64-debian-clang 1.38 1.16 13.06 14.23 NOTE
r-devel-linux-x86_64-debian-gcc 1.38 1.69 12.03 13.72 NOTE
r-devel-linux-x86_64-fedora-clang 1.38 25.47 NOTE
r-devel-linux-x86_64-fedora-gcc 1.38 24.33 NOTE
r-devel-osx-x86_64-clang 1.38 24.96 OK
r-devel-windows-ix86+x86_64 1.38 12.00 27.00 39.00 NOTE
r-patched-linux-x86_64 1.38 1.19 13.60 14.79 OK
r-patched-solaris-sparc 1.38 175.00 OK
r-patched-solaris-x86 1.38 39.00 OK
r-release-linux-x86_64 1.38 1.36 12.58 13.94 OK
r-release-osx-x86_64-mavericks 1.38 OK
r-release-windows-ix86+x86_64 1.38 7.00 35.00 42.00 OK
r-oldrel-windows-ix86+x86_64 1.38 6.00 22.00 28.00 OK

Check Details

Version: 1.38
Check: R code for possible problems
Result: NOTE
    GANOVA: no visible binding for global variable ‘sd’
    GANOVA: no visible global function definition for ‘abline’
    GANOVA: no visible global function definition for ‘legend’
    GANOVA: no visible global function definition for ‘sd’
    GANOVA: no visible global function definition for ‘segments’
    GANOVA: no visible global function definition for ‘hist’
    GANOVA: no visible global function definition for ‘points’
    GFplot: no visible global function definition for ‘abline’
    GFplot: no visible global function definition for ‘legend’
    GFplot: no visible global function definition for ‘hist’
    GFplot: no visible global function definition for ‘rug’
    GFplot: no visible global function definition for ‘mtext’
    GRegplot: no visible global function definition for ‘IQR’
    GRegplot: no visible global function definition for ‘sd’
    GRegplot: no visible global function definition for ‘qt’
    GRegplot: no visible global function definition for ‘hist’
    GRegplot: no visible global function definition for ‘rug’
    GRegplot: no visible global function definition for ‘stripchart’
    GRegplot: no visible global function definition for ‘points’
    PRESS: no visible global function definition for ‘resid’
    PRESS: no visible global function definition for ‘lm.influence’
    Qyplot: no visible global function definition for ‘abline’
    Qyplot: no visible global function definition for ‘legend’
    Qyplot: no visible global function definition for ‘hist’
    Qyplot: no visible global function definition for ‘rug’
    Qyplot: no visible global function definition for ‘mtext’
    Uplot: no visible global function definition for ‘par’
    Uplot: no visible global function definition for ‘barplot’
    qqANOVA: no visible global function definition for ‘approx’
    qqANOVA: no visible global function definition for ‘palette’
    qqANOVA: no visible global function definition for ‘rainbow’
    qqANOVA: no visible global function definition for ‘plot’
    quadline: no visible global function definition for ‘model.matrix’
    quadline: no visible global function definition for ‘coefficients’
    quadline: no visible global function definition for ‘predict’
    quadline: no visible global function definition for ‘spline’
    quadline: no visible global function definition for ‘lines’
    tplot: no visible global function definition for ‘abline’
    tplot: no visible global function definition for ‘legend’
    tplot: no visible global function definition for ‘hist’
    tplot: no visible global function definition for ‘rug’
    tplot: no visible global function definition for ‘mtext’
    Undefined global functions or variables:
     IQR abline approx barplot coefficients hist legend lines lm.influence
     model.matrix mtext palette par plot points predict qt rainbow resid
     rug sd segments spline stripchart
    Consider adding
     importFrom("grDevices", "palette", "rainbow")
     importFrom("graphics", "abline", "barplot", "hist", "legend", "lines",
     "mtext", "par", "plot", "points", "rug", "segments",
     "stripchart")
     importFrom("stats", "IQR", "approx", "coefficients", "lm.influence",
     "model.matrix", "predict", "qt", "resid", "sd", "spline")
    to your NAMESPACE.
Flavors: r-devel-linux-x86_64-debian-clang, r-devel-linux-x86_64-debian-gcc, r-devel-linux-x86_64-fedora-clang, r-devel-linux-x86_64-fedora-gcc, r-devel-windows-ix86+x86_64