CRAN Package Check Results for Package MPkn

Last updated on 2022-01-26 08:51:23 CET.

Flavor Version Tinstall Tcheck Ttotal Status Flags
r-devel-linux-x86_64-debian-clang 0.1.0 1.78 38.10 39.88 NOTE
r-devel-linux-x86_64-debian-gcc 0.1.0 1.64 29.48 31.12 NOTE
r-devel-linux-x86_64-fedora-clang 0.1.0 48.99 NOTE
r-devel-linux-x86_64-fedora-gcc 0.1.0 38.39 NOTE
r-devel-windows-x86_64-new-UL 0.1.0 16.00 73.00 89.00 NOTE
r-devel-windows-x86_64-new-TK 0.1.0 NOTE
r-patched-linux-x86_64 0.1.0 1.79 36.26 38.05 NOTE
r-release-linux-x86_64 0.1.0 1.75 35.48 37.23 NOTE
r-release-macos-arm64 0.1.0 NOTE
r-release-macos-x86_64 0.1.0 NOTE
r-release-windows-ix86+x86_64 0.1.0 5.00 61.00 66.00 NOTE
r-oldrel-macos-x86_64 0.1.0 OK
r-oldrel-windows-ix86+x86_64 0.1.0 6.00 53.00 59.00 OK

Check Details

Version: 0.1.0
Check: LazyData
Result: NOTE
     'LazyData' is specified without a 'data' directory
Flavors: r-devel-linux-x86_64-debian-clang, r-devel-linux-x86_64-debian-gcc, r-devel-linux-x86_64-fedora-clang, r-devel-linux-x86_64-fedora-gcc, r-devel-windows-x86_64-new-UL, r-devel-windows-x86_64-new-TK, r-patched-linux-x86_64, r-release-linux-x86_64, r-release-macos-arm64, r-release-macos-x86_64, r-release-windows-ix86+x86_64

Version: 0.1.0
Check: package dependencies
Result: NOTE
    Package suggested but not available for checking: 'matlib'
Flavor: r-devel-windows-x86_64-new-TK