CRAN Package Check Results for Package MRCE

Last updated on 2014-11-23 17:49:32.

Flavor Version Tinstall Tcheck Ttotal Status Flags
r-devel-linux-x86_64-debian-clang 2.0 0.86 10.64 11.50 NOTE
r-devel-linux-x86_64-debian-gcc 2.0 0.87 10.44 11.31 NOTE
r-devel-linux-x86_64-fedora-clang 2.0 24.55 NOTE
r-devel-linux-x86_64-fedora-gcc 2.0 22.44 NOTE
r-devel-osx-x86_64-clang 2.0 24.22 NOTE
r-devel-windows-ix86+x86_64 2.0 4.00 21.00 25.00 NOTE
r-patched-linux-x86_64 2.0 0.90 10.44 11.34 NOTE
r-patched-solaris-sparc 2.0 136.60 NOTE
r-patched-solaris-x86 2.0 34.60 NOTE
r-release-linux-ix86 2.0 1.32 16.49 17.81 NOTE
r-release-linux-x86_64 2.0 0.86 11.14 12.00 NOTE
r-release-osx-x86_64-mavericks 2.0 NOTE
r-release-osx-x86_64-snowleopard 2.0 OK
r-release-windows-ix86+x86_64 2.0 4.00 22.00 26.00 NOTE
r-oldrel-windows-ix86+x86_64 2.0 4.00 24.00 28.00 NOTE

Check Details

Version: 2.0
Check: dependencies in R code
Result: NOTE
    Package in Depends field not imported from: ‘QUIC’
     These packages need to be imported from (in the NAMESPACE file)
     for when this namespace is loaded but not attached.
    See the information on DESCRIPTION files in the chapter ‘Creating R
    packages’ of the ‘Writing R Extensions’ manual.
Flavors: r-devel-linux-x86_64-debian-clang, r-devel-linux-x86_64-debian-gcc, r-devel-linux-x86_64-fedora-clang, r-devel-linux-x86_64-fedora-gcc, r-devel-osx-x86_64-clang, r-devel-windows-ix86+x86_64, r-patched-linux-x86_64, r-patched-solaris-sparc, r-patched-solaris-x86, r-release-linux-ix86, r-release-linux-x86_64, r-release-osx-x86_64-mavericks, r-release-windows-ix86+x86_64, r-oldrel-windows-ix86+x86_64

Version: 2.0
Check: R code for possible problems
Result: NOTE
    compute.mrce: no visible global function definition for ‘QUIC’
Flavors: r-devel-linux-x86_64-debian-clang, r-devel-linux-x86_64-debian-gcc, r-devel-linux-x86_64-fedora-clang, r-devel-linux-x86_64-fedora-gcc, r-devel-osx-x86_64-clang, r-devel-windows-ix86+x86_64, r-patched-linux-x86_64, r-patched-solaris-sparc, r-patched-solaris-x86, r-release-linux-ix86, r-release-linux-x86_64, r-release-windows-ix86+x86_64