CRAN Package Check Results for Package MRCE

Last updated on 2018-02-20 07:48:18 CET.

Flavor Version Tinstall Tcheck Ttotal Status Flags
r-devel-linux-x86_64-debian-clang 2.1 1.54 16.03 17.57 NOTE
r-devel-linux-x86_64-debian-gcc 2.1 1.23 14.00 15.23 NOTE
r-devel-linux-x86_64-fedora-clang 2.1 22.52 NOTE
r-devel-linux-x86_64-fedora-gcc 2.1 21.99 NOTE
r-devel-windows-ix86+x86_64 2.1 8.00 45.00 53.00 OK
r-patched-linux-x86_64 2.1 1.04 16.89 17.93 NOTE
r-patched-solaris-x86 2.1 34.70 OK
r-release-linux-x86_64 2.1 1.15 16.93 18.08 NOTE
r-release-windows-ix86+x86_64 2.1 5.00 33.00 38.00 OK
r-release-osx-x86_64 2.1 OK
r-oldrel-windows-ix86+x86_64 2.1 10.00 42.00 52.00 OK
r-oldrel-osx-x86_64 2.1 OK

Check Details

Version: 2.1
Check: compiled code
Result: NOTE
    File ‘MRCE/libs/MRCE.so’:
     Found no calls to: ‘R_registerRoutines’, ‘R_useDynamicSymbols’
    
    It is good practice to register native routines and to disable symbol
    search.
    
    See ‘Writing portable packages’ in the ‘Writing R Extensions’ manual.
Flavors: r-devel-linux-x86_64-debian-clang, r-devel-linux-x86_64-debian-gcc, r-devel-linux-x86_64-fedora-clang, r-devel-linux-x86_64-fedora-gcc, r-patched-linux-x86_64, r-release-linux-x86_64