CRAN Package Check Results for Package MRCE

Last updated on 2015-03-28 03:50:08.

Flavor Version Tinstall Tcheck Ttotal Status Flags
r-devel-linux-x86_64-debian-clang 2.0 0.90 9.99 10.89 NOTE
r-devel-linux-x86_64-debian-gcc 2.0 0.81 9.45 10.26 NOTE
r-devel-linux-x86_64-fedora-clang 2.0 19.96 NOTE
r-devel-linux-x86_64-fedora-gcc 2.0 18.71 NOTE
r-devel-osx-x86_64-clang 2.0 25.03 NOTE
r-prerel-windows-ix86+x86_64 2.0 5.00 22.00 27.00 NOTE
r-prerel-linux-x86_64 2.0 0.84 9.52 10.36 NOTE
r-prerel-solaris-sparc 2.0 139.10 NOTE
r-prerel-solaris-x86 2.0 29.50 NOTE
r-release-linux-x86_64 2.0 0.90 10.68 11.57 NOTE
r-release-osx-x86_64-mavericks 2.0 NOTE
r-release-osx-x86_64-snowleopard 2.0 OK
r-release-windows-ix86+x86_64 2.0 7.00 25.00 32.00 NOTE
r-oldrel-windows-ix86+x86_64 2.0 4.00 24.00 28.00 NOTE

Check Details

Version: 2.0
Check: DESCRIPTION meta-information
Result: NOTE
    Malformed Description field: should contain one or more complete sentences.
Flavors: r-devel-linux-x86_64-debian-clang, r-devel-linux-x86_64-debian-gcc, r-devel-linux-x86_64-fedora-clang, r-devel-linux-x86_64-fedora-gcc, r-devel-osx-x86_64-clang, r-prerel-windows-ix86+x86_64, r-prerel-linux-x86_64, r-prerel-solaris-sparc, r-prerel-solaris-x86

Version: 2.0
Check: dependencies in R code
Result: NOTE
    Package in Depends field not imported from: ‘QUIC’
     These packages need to be imported from (in the NAMESPACE file)
     for when this namespace is loaded but not attached.
Flavors: r-devel-linux-x86_64-debian-clang, r-devel-linux-x86_64-debian-gcc, r-devel-linux-x86_64-fedora-clang, r-devel-linux-x86_64-fedora-gcc, r-devel-osx-x86_64-clang, r-prerel-windows-ix86+x86_64, r-prerel-linux-x86_64, r-prerel-solaris-sparc, r-prerel-solaris-x86, r-release-linux-x86_64, r-release-windows-ix86+x86_64

Version: 2.0
Check: R code for possible problems
Result: NOTE
    compute.mrce: no visible global function definition for ‘QUIC’
Flavors: r-devel-linux-x86_64-debian-clang, r-devel-linux-x86_64-debian-gcc, r-devel-linux-x86_64-fedora-clang, r-devel-linux-x86_64-fedora-gcc, r-devel-osx-x86_64-clang, r-prerel-windows-ix86+x86_64, r-prerel-linux-x86_64, r-prerel-solaris-sparc, r-prerel-solaris-x86, r-release-linux-x86_64, r-release-osx-x86_64-mavericks, r-release-windows-ix86+x86_64

Version: 2.0
Check: dependencies in R code
Result: NOTE
    Package in Depends field not imported from: ‘QUIC’
     These packages need to be imported from (in the NAMESPACE file)
     for when this namespace is loaded but not attached.
    See the information on DESCRIPTION files in the chapter ‘Creating R
    packages’ of the ‘Writing R Extensions’ manual.
Flavors: r-release-osx-x86_64-mavericks, r-oldrel-windows-ix86+x86_64