CRAN Package Check Results for Package MRCE

Last updated on 2017-02-20 13:51:01.

Flavor Version Tinstall Tcheck Ttotal Status Flags
r-devel-linux-x86_64-debian-clang 2.1 0.95 11.52 12.47 NOTE
r-devel-linux-x86_64-debian-gcc 2.1 0.91 11.62 12.53 NOTE
r-devel-linux-x86_64-fedora-clang 2.1 20.45 NOTE --no-stop-on-test-error
r-devel-linux-x86_64-fedora-gcc 2.1 19.75 NOTE --no-stop-on-test-error
r-devel-macos-x86_64-clang 2.1 19.18 NOTE --no-stop-on-test-error
r-devel-windows-ix86+x86_64 2.1 5.00 40.00 45.00 OK
r-patched-linux-x86_64 2.1 0.77 9.79 10.56 OK
r-patched-solaris-sparc 2.1 107.20 OK
r-patched-solaris-x86 2.1 27.60 OK
r-release-linux-x86_64 2.1 0.92 9.69 10.61 OK
r-release-osx-x86_64-mavericks 2.1 OK
r-release-windows-ix86+x86_64 2.1 10.00 42.00 52.00 OK
r-oldrel-windows-ix86+x86_64 2.1 8.00 37.00 45.00 OK

Check Details

Version: 2.1
Check: compiled code
Result: NOTE
    File ‘MRCE/libs/MRCE.so’:
     Found no calls to: ‘R_registerRoutines’, ‘R_useDynamicSymbols’
    
    It is good practice to register native routines and to disable symbol
    search.
    
    See ‘Writing portable packages’ in the ‘Writing R Extensions’ manual.
Flavors: r-devel-linux-x86_64-debian-clang, r-devel-linux-x86_64-debian-gcc

Version: 2.1
Flags: --no-stop-on-test-error
Check: compiled code
Result: NOTE
    File ‘MRCE/libs/MRCE.so’:
     Found no calls to: ‘R_registerRoutines’, ‘R_useDynamicSymbols’
    
    It is good practice to register native routines and to disable symbol
    search.
    
    See ‘Writing portable packages’ in the ‘Writing R Extensions’ manual.
Flavors: r-devel-linux-x86_64-fedora-clang, r-devel-linux-x86_64-fedora-gcc, r-devel-macos-x86_64-clang