CRAN Package Check Results for Package MRCE

Last updated on 2014-09-16 14:47:35.

Flavor Version Tinstall Tcheck Ttotal Status Flags
r-devel-linux-x86_64-debian-clang 2.0 0.75 11.03 11.78 NOTE
r-devel-linux-x86_64-debian-gcc 2.0 0.76 10.32 11.08 NOTE
r-devel-linux-x86_64-fedora-clang 2.0 21.63 NOTE
r-devel-linux-x86_64-fedora-gcc 2.0 20.58 NOTE
r-devel-osx-x86_64-clang 2.0 24.13 NOTE
r-devel-windows-ix86+x86_64 2.0 4.00 22.00 26.00 NOTE
r-patched-linux-x86_64 2.0 0.79 10.46 11.25 NOTE
r-patched-solaris-sparc 2.0 138.10 NOTE
r-patched-solaris-x86 2.0 33.70 NOTE
r-release-linux-ix86 2.0 1.28 17.15 18.43 NOTE
r-release-linux-x86_64 2.0 0.95 10.83 11.78 NOTE
r-release-osx-x86_64-mavericks 2.0 NOTE
r-release-osx-x86_64-snowleopard 2.0 OK
r-release-windows-ix86+x86_64 2.0 5.00 22.00 27.00 NOTE
r-oldrel-windows-ix86+x86_64 2.0 4.00 24.00 28.00 NOTE

Check Details

Version: 2.0
Check: dependencies in R code
Result: NOTE
    Package in Depends field not imported from: ‘QUIC’
     These packages need to be imported from (in the NAMESPACE file)
     for when this namespace is loaded but not attached.
    See the information on DESCRIPTION files in the chapter ‘Creating R
    packages’ of the ‘Writing R Extensions’ manual.
Flavors: r-devel-linux-x86_64-debian-clang, r-devel-linux-x86_64-debian-gcc, r-devel-linux-x86_64-fedora-clang, r-devel-linux-x86_64-fedora-gcc, r-devel-osx-x86_64-clang, r-devel-windows-ix86+x86_64, r-patched-linux-x86_64, r-patched-solaris-sparc, r-patched-solaris-x86, r-release-linux-ix86, r-release-linux-x86_64, r-release-osx-x86_64-mavericks, r-release-windows-ix86+x86_64, r-oldrel-windows-ix86+x86_64

Version: 2.0
Check: R code for possible problems
Result: NOTE
    compute.mrce: no visible global function definition for ‘QUIC’
Flavors: r-devel-linux-x86_64-debian-clang, r-devel-linux-x86_64-debian-gcc, r-devel-linux-x86_64-fedora-clang, r-devel-linux-x86_64-fedora-gcc, r-devel-osx-x86_64-clang, r-devel-windows-ix86+x86_64