CRAN Package Check Results for Package MRCE

Last updated on 2017-03-26 21:47:59.

Flavor Version Tinstall Tcheck Ttotal Status Flags
r-devel-linux-x86_64-debian-clang 2.1 0.96 11.77 12.72 NOTE
r-devel-linux-x86_64-debian-gcc 2.1 0.92 11.79 12.71 NOTE
r-devel-linux-x86_64-fedora-clang 2.1 20.51 NOTE --no-stop-on-test-error
r-devel-linux-x86_64-fedora-gcc 2.1 19.97 NOTE --no-stop-on-test-error
r-devel-macos-x86_64-clang 2.1 18.53 NOTE --no-stop-on-test-error
r-devel-windows-ix86+x86_64 2.1 5.00 32.00 37.00 OK
r-patched-linux-x86_64 2.1 0.89 11.63 12.52 NOTE
r-patched-solaris-sparc 2.1 126.70 OK
r-patched-solaris-x86 2.1 31.20 OK
r-release-linux-x86_64 2.1 0.85 10.10 10.95 OK
r-release-osx-x86_64-mavericks 2.1 OK
r-release-windows-ix86+x86_64 2.1 10.00 42.00 52.00 OK
r-oldrel-windows-ix86+x86_64 2.1 8.00 37.00 45.00 OK

Check Details

Version: 2.1
Check: compiled code
Result: NOTE
    File ‘MRCE/libs/MRCE.so’:
     Found no calls to: ‘R_registerRoutines’, ‘R_useDynamicSymbols’
    
    It is good practice to register native routines and to disable symbol
    search.
    
    See ‘Writing portable packages’ in the ‘Writing R Extensions’ manual.
Flavors: r-devel-linux-x86_64-debian-clang, r-devel-linux-x86_64-debian-gcc, r-patched-linux-x86_64

Version: 2.1
Flags: --no-stop-on-test-error
Check: compiled code
Result: NOTE
    File ‘MRCE/libs/MRCE.so’:
     Found no calls to: ‘R_registerRoutines’, ‘R_useDynamicSymbols’
    
    It is good practice to register native routines and to disable symbol
    search.
    
    See ‘Writing portable packages’ in the ‘Writing R Extensions’ manual.
Flavors: r-devel-linux-x86_64-fedora-clang, r-devel-linux-x86_64-fedora-gcc, r-devel-macos-x86_64-clang