CRAN Package Check Results for Package MRCE

Last updated on 2017-01-16 17:49:22.

Flavor Version Tinstall Tcheck Ttotal Status Flags
r-devel-linux-x86_64-debian-clang 2.1 0.96 11.49 12.45 OK
r-devel-linux-x86_64-debian-gcc 2.1 1.19 11.31 12.50 OK
r-devel-linux-x86_64-fedora-clang 2.1 20.08 OK --no-stop-on-test-error
r-devel-linux-x86_64-fedora-gcc 2.1 19.36 NOTE --no-stop-on-test-error
r-devel-macos-x86_64-clang 2.1 18.47 OK --no-stop-on-test-error
r-devel-windows-ix86+x86_64 2.1 6.00 30.00 36.00 OK
r-patched-linux-x86_64 2.1 0.80 9.63 10.43 OK
r-patched-solaris-sparc 2.1 107.20 OK
r-patched-solaris-x86 2.1 25.30 OK
r-release-linux-x86_64 2.1 0.87 9.66 10.53 OK
r-release-osx-x86_64-mavericks 2.1 OK
r-release-windows-ix86+x86_64 2.1 10.00 42.00 52.00 OK
r-oldrel-windows-ix86+x86_64 2.1 8.00 37.00 45.00 OK

Check Details

Version: 2.1
Flags: --no-stop-on-test-error
Check: compiled code
Result: NOTE
    File ‘MRCE/libs/MRCE.so’:
     Found no calls to: ‘R_registerRoutines’, ‘R_useDynamicSymbols’
    
    It is good practice to use registered native symbols and disable symbol
    search.
    
    See ‘Writing portable packages’ in the ‘Writing R Extensions’ manual.
Flavor: r-devel-linux-x86_64-fedora-gcc