CRAN Package Check Results for Package MRCE

Last updated on 2014-04-24 17:49:48.

Flavor Version Tinstall Tcheck Ttotal Status Flags
r-devel-linux-x86_64-debian-clang 2.0 0.86 10.95 11.81 NOTE
r-devel-linux-x86_64-debian-gcc 2.0 0.85 10.90 11.75 NOTE
r-devel-linux-x86_64-fedora-clang 2.0 22.59 NOTE
r-devel-linux-x86_64-fedora-gcc 2.0 21.55 NOTE
r-devel-osx-x86_64-clang 2.0 25.31 NOTE
r-devel-osx-x86_64-gcc 2.0 NOTE
r-devel-windows-ix86+x86_64 2.0 5.00 21.00 26.00 NOTE
r-patched-linux-x86_64 2.0 0.86 11.07 11.93 NOTE
r-patched-solaris-sparc 2.0 133.10 NOTE
r-patched-solaris-x86 2.0 34.30 NOTE
r-release-linux-ix86 2.0 2.00 25.00 27.00 NOTE
r-release-linux-x86_64 2.0 0.86 10.82 11.68 NOTE
r-release-osx-x86_64-mavericks 2.0 WARN
r-release-osx-x86_64-snowleopard 2.0 OK
r-release-windows-ix86+x86_64 2.0 9.00 28.00 37.00 NOTE
r-oldrel-windows-ix86+x86_64 2.0 4.00 24.00 28.00 NOTE

Check Details

Version: 2.0
Check: dependencies in R code
Result: NOTE
    Package in Depends field not imported from: ‘QUIC’
     These packages need to be imported from (in the NAMESPACE file)
     for when this namespace is loaded but not attached.
    See the information on DESCRIPTION files in the chapter ‘Creating R
    packages’ of the ‘Writing R Extensions’ manual.
Flavors: r-devel-linux-x86_64-debian-clang, r-devel-linux-x86_64-debian-gcc, r-devel-linux-x86_64-fedora-clang, r-devel-linux-x86_64-fedora-gcc, r-devel-osx-x86_64-clang, r-devel-osx-x86_64-gcc, r-devel-windows-ix86+x86_64, r-patched-linux-x86_64, r-patched-solaris-sparc, r-patched-solaris-x86, r-release-linux-ix86, r-release-linux-x86_64, r-release-osx-x86_64-mavericks, r-release-windows-ix86+x86_64, r-oldrel-windows-ix86+x86_64

Version: 2.0
Check: PDF version of manual
Result: WARNING
    LaTeX errors when creating PDF version.
    This typically indicates Rd problems.
    LaTeX errors found:
    ! LaTeX Error: File `upquote.sty' not found.
    
    Type X to quit or <RETURN> to proceed,
    or enter new name. (Default extension: sty)
    
    5f7a746/Rd2.tex:8: ==> Fatal error occurred, no output PDF file produced!
Flavor: r-release-osx-x86_64-mavericks