CRAN Package Check Results for Package MRCE

Last updated on 2017-04-29 19:48:53.

Flavor Version Tinstall Tcheck Ttotal Status Flags
r-devel-linux-x86_64-debian-clang 2.1 0.96 12.26 13.21 NOTE
r-devel-linux-x86_64-debian-gcc 2.1 0.91 11.78 12.69 NOTE
r-devel-linux-x86_64-fedora-clang 2.1 20.88 NOTE --no-stop-on-test-error
r-devel-linux-x86_64-fedora-gcc 2.1 22.21 NOTE --no-stop-on-test-error
r-devel-windows-ix86+x86_64 2.1 6.00 47.00 53.00 OK
r-patched-linux-x86_64 2.1 0.93 11.83 12.75 NOTE
r-patched-solaris-sparc 2.1 126.70 OK
r-patched-solaris-x86 2.1 29.40 OK
r-release-linux-x86_64 2.1 0.87 11.91 12.78 NOTE
r-release-windows-ix86+x86_64 2.1 4.00 33.00 37.00 OK
r-release-osx-x86_64 2.1 OK
r-oldrel-windows-ix86+x86_64 2.1 10.00 42.00 52.00 OK
r-oldrel-osx-x86_64 2.1 OK

Check Details

Version: 2.1
Check: compiled code
Result: NOTE
    File ‘MRCE/libs/MRCE.so’:
     Found no calls to: ‘R_registerRoutines’, ‘R_useDynamicSymbols’
    
    It is good practice to register native routines and to disable symbol
    search.
    
    See ‘Writing portable packages’ in the ‘Writing R Extensions’ manual.
Flavors: r-devel-linux-x86_64-debian-clang, r-devel-linux-x86_64-debian-gcc, r-patched-linux-x86_64, r-release-linux-x86_64

Version: 2.1
Flags: --no-stop-on-test-error
Check: compiled code
Result: NOTE
    File ‘MRCE/libs/MRCE.so’:
     Found no calls to: ‘R_registerRoutines’, ‘R_useDynamicSymbols’
    
    It is good practice to register native routines and to disable symbol
    search.
    
    See ‘Writing portable packages’ in the ‘Writing R Extensions’ manual.
Flavors: r-devel-linux-x86_64-fedora-clang, r-devel-linux-x86_64-fedora-gcc