CRAN Package Check Results for Package MRCE

Last updated on 2014-07-24 15:52:22.

Flavor Version Tinstall Tcheck Ttotal Status Flags
r-devel-linux-x86_64-debian-clang 2.0 0.83 10.48 11.30 NOTE
r-devel-linux-x86_64-debian-gcc 2.0 0.80 10.14 10.94 NOTE
r-devel-linux-x86_64-fedora-clang 2.0 23.23 NOTE
r-devel-linux-x86_64-fedora-gcc 2.0 21.91 NOTE
r-devel-osx-x86_64-clang 2.0 24.45 NOTE
r-devel-windows-ix86+x86_64 2.0 5.00 23.00 28.00 NOTE
r-patched-linux-x86_64 2.0 0.78 10.22 11.01 NOTE
r-patched-solaris-sparc 2.0 133.10 NOTE
r-patched-solaris-x86 2.0 33.40 NOTE
r-release-linux-ix86 2.0 1.30 16.77 18.08 NOTE
r-release-linux-x86_64 2.0 0.85 10.83 11.68 NOTE
r-release-osx-x86_64-mavericks 2.0 NOTE
r-release-osx-x86_64-snowleopard 2.0 OK
r-release-windows-ix86+x86_64 2.0 5.00 22.00 27.00 NOTE
r-oldrel-windows-ix86+x86_64 2.0 4.00 24.00 28.00 NOTE

Check Details

Version: 2.0
Check: dependencies in R code
Result: NOTE
    Package in Depends field not imported from: ‘QUIC’
     These packages need to be imported from (in the NAMESPACE file)
     for when this namespace is loaded but not attached.
    See the information on DESCRIPTION files in the chapter ‘Creating R
    packages’ of the ‘Writing R Extensions’ manual.
Flavors: r-devel-linux-x86_64-debian-clang, r-devel-linux-x86_64-debian-gcc, r-devel-linux-x86_64-fedora-clang, r-devel-linux-x86_64-fedora-gcc, r-devel-osx-x86_64-clang, r-devel-windows-ix86+x86_64, r-patched-linux-x86_64, r-patched-solaris-sparc, r-patched-solaris-x86, r-release-linux-ix86, r-release-linux-x86_64, r-release-osx-x86_64-mavericks, r-release-windows-ix86+x86_64, r-oldrel-windows-ix86+x86_64