CRAN Package Check Results for Package MRCE

Last updated on 2014-08-28 23:48:26.

Flavor Version Tinstall Tcheck Ttotal Status Flags
r-devel-linux-x86_64-debian-clang 2.0 0.77 9.94 10.71 NOTE
r-devel-linux-x86_64-debian-gcc 2.0 0.81 10.21 11.02 NOTE
r-devel-linux-x86_64-fedora-clang 2.0 22.34 NOTE
r-devel-linux-x86_64-fedora-gcc 2.0 20.62 NOTE
r-devel-osx-x86_64-clang 2.0 23.86 NOTE
r-devel-windows-ix86+x86_64 2.0 4.00 21.00 25.00 NOTE
r-patched-linux-x86_64 2.0 0.80 10.40 11.20 NOTE
r-patched-solaris-sparc 2.0 138.10 NOTE
r-patched-solaris-x86 2.0 33.30 NOTE
r-release-linux-ix86 2.0 1.27 16.78 18.05 NOTE
r-release-linux-x86_64 2.0 0.83 10.61 11.44 NOTE
r-release-osx-x86_64-mavericks 2.0 NOTE
r-release-osx-x86_64-snowleopard 2.0 OK
r-release-windows-ix86+x86_64 2.0 5.00 22.00 27.00 NOTE
r-oldrel-windows-ix86+x86_64 2.0 4.00 24.00 28.00 NOTE

Check Details

Version: 2.0
Check: dependencies in R code
Result: NOTE
    Package in Depends field not imported from: ‘QUIC’
     These packages need to be imported from (in the NAMESPACE file)
     for when this namespace is loaded but not attached.
    See the information on DESCRIPTION files in the chapter ‘Creating R
    packages’ of the ‘Writing R Extensions’ manual.
Flavors: r-devel-linux-x86_64-debian-clang, r-devel-linux-x86_64-debian-gcc, r-devel-linux-x86_64-fedora-clang, r-devel-linux-x86_64-fedora-gcc, r-devel-osx-x86_64-clang, r-devel-windows-ix86+x86_64, r-patched-linux-x86_64, r-patched-solaris-sparc, r-patched-solaris-x86, r-release-linux-ix86, r-release-linux-x86_64, r-release-osx-x86_64-mavericks, r-release-windows-ix86+x86_64, r-oldrel-windows-ix86+x86_64

Version: 2.0
Check: R code for possible problems
Result: NOTE
    compute.mrce: no visible global function definition for ‘QUIC’
Flavors: r-devel-linux-x86_64-debian-clang, r-devel-linux-x86_64-debian-gcc, r-devel-linux-x86_64-fedora-clang, r-devel-linux-x86_64-fedora-gcc, r-devel-osx-x86_64-clang, r-devel-windows-ix86+x86_64