CRAN Package Check Results for Package MRCE

Last updated on 2017-06-27 14:47:17.

Flavor Version Tinstall Tcheck Ttotal Status Flags
r-devel-linux-x86_64-debian-clang 2.1 0.99 12.58 13.57 NOTE
r-devel-linux-x86_64-debian-gcc 2.1 0.92 12.06 12.98 NOTE
r-devel-linux-x86_64-fedora-clang 2.1 20.88 NOTE
r-devel-linux-x86_64-fedora-gcc 2.1 20.47 NOTE
r-devel-windows-ix86+x86_64 2.1 6.00 44.00 50.00 OK
r-patched-linux-x86_64 2.1 0.96 11.86 12.82 NOTE
r-patched-solaris-sparc 2.1 126.70 OK
r-patched-solaris-x86 2.1 30.40 OK
r-release-linux-x86_64 2.1 0.92 11.70 12.61 NOTE
r-release-windows-ix86+x86_64 2.1 4.00 33.00 37.00 OK
r-release-osx-x86_64 2.1 OK
r-oldrel-windows-ix86+x86_64 2.1 10.00 42.00 52.00 OK
r-oldrel-osx-x86_64 2.1 OK

Check Details

Version: 2.1
Check: compiled code
Result: NOTE
    File ‘MRCE/libs/MRCE.so’:
     Found no calls to: ‘R_registerRoutines’, ‘R_useDynamicSymbols’
    
    It is good practice to register native routines and to disable symbol
    search.
    
    See ‘Writing portable packages’ in the ‘Writing R Extensions’ manual.
Flavors: r-devel-linux-x86_64-debian-clang, r-devel-linux-x86_64-debian-gcc, r-devel-linux-x86_64-fedora-clang, r-devel-linux-x86_64-fedora-gcc, r-patched-linux-x86_64, r-release-linux-x86_64