CRAN Package Check Results for Package MRCE

Last updated on 2017-10-18 23:47:54.

Flavor Version Tinstall Tcheck Ttotal Status Flags
r-devel-linux-x86_64-debian-clang 2.1 0.94 13.73 14.67 NOTE
r-devel-linux-x86_64-debian-gcc 2.1 0.98 13.46 14.44 NOTE
r-devel-linux-x86_64-fedora-clang 2.1 22.43 NOTE
r-devel-linux-x86_64-fedora-gcc 2.1 21.42 NOTE
r-devel-windows-ix86+x86_64 2.1 5.00 31.00 36.00 OK
r-patched-linux-x86_64 2.1 0.88 12.69 13.57 NOTE
r-patched-solaris-x86 2.1 32.60 OK
r-release-linux-x86_64 2.1 0.90 12.30 13.21 NOTE
r-release-windows-ix86+x86_64 2.1 5.00 33.00 38.00 OK
r-release-osx-x86_64 2.1 OK
r-oldrel-windows-ix86+x86_64 2.1 10.00 42.00 52.00 OK
r-oldrel-osx-x86_64 2.1 OK

Check Details

Version: 2.1
Check: compiled code
Result: NOTE
    File ‘MRCE/libs/MRCE.so’:
     Found no calls to: ‘R_registerRoutines’, ‘R_useDynamicSymbols’
    
    It is good practice to register native routines and to disable symbol
    search.
    
    See ‘Writing portable packages’ in the ‘Writing R Extensions’ manual.
Flavors: r-devel-linux-x86_64-debian-clang, r-devel-linux-x86_64-debian-gcc, r-devel-linux-x86_64-fedora-clang, r-devel-linux-x86_64-fedora-gcc, r-patched-linux-x86_64, r-release-linux-x86_64