CRAN Package Check Results for Package MRCE

Last updated on 2016-08-30 23:47:38.

Flavor Version Tinstall Tcheck Ttotal Status Flags
r-devel-linux-x86_64-debian-clang 2.0 0.93 9.76 10.69 NOTE
r-devel-linux-x86_64-debian-gcc 2.0 0.80 9.56 10.37 NOTE
r-devel-linux-x86_64-fedora-clang 2.0 18.12 NOTE
r-devel-linux-x86_64-fedora-gcc 2.0 18.70 NOTE
r-devel-osx-x86_64-clang 2.0 16.36 NOTE
r-devel-windows-ix86+x86_64 2.0 7.00 28.00 35.00 NOTE
r-patched-linux-x86_64 2.0 0.77 9.51 10.28 NOTE
r-patched-solaris-sparc 2.0 109.30 NOTE
r-patched-solaris-x86 2.0 24.50 NOTE
r-release-linux-x86_64 2.0 0.84 10.41 11.25 NOTE
r-release-osx-x86_64-mavericks 2.0 NOTE
r-release-windows-ix86+x86_64 2.0 5.00 49.00 54.00 NOTE
r-oldrel-windows-ix86+x86_64 2.0 5.00 22.00 27.00 NOTE

Check Details

Version: 2.0
Check: DESCRIPTION meta-information
Result: NOTE
    Malformed Description field: should contain one or more complete sentences.
Flavors: r-devel-linux-x86_64-debian-clang, r-devel-linux-x86_64-debian-gcc, r-devel-linux-x86_64-fedora-clang, r-devel-linux-x86_64-fedora-gcc, r-devel-osx-x86_64-clang, r-devel-windows-ix86+x86_64, r-patched-linux-x86_64, r-patched-solaris-sparc, r-patched-solaris-x86, r-release-linux-x86_64, r-release-osx-x86_64-mavericks, r-release-windows-ix86+x86_64, r-oldrel-windows-ix86+x86_64

Version: 2.0
Check: dependencies in R code
Result: NOTE
    Package in Depends field not imported from: ‘QUIC’
     These packages need to be imported from (in the NAMESPACE file)
     for when this namespace is loaded but not attached.
Flavors: r-devel-linux-x86_64-debian-clang, r-devel-linux-x86_64-debian-gcc, r-devel-linux-x86_64-fedora-clang, r-devel-linux-x86_64-fedora-gcc, r-devel-osx-x86_64-clang, r-devel-windows-ix86+x86_64, r-patched-linux-x86_64, r-patched-solaris-sparc, r-patched-solaris-x86, r-release-linux-x86_64, r-release-osx-x86_64-mavericks, r-release-windows-ix86+x86_64, r-oldrel-windows-ix86+x86_64

Version: 2.0
Check: R code for possible problems
Result: NOTE
    compute.mrce: no visible global function definition for ‘QUIC’
    Undefined global functions or variables:
     QUIC
Flavors: r-devel-linux-x86_64-debian-clang, r-devel-linux-x86_64-debian-gcc, r-devel-linux-x86_64-fedora-clang, r-devel-linux-x86_64-fedora-gcc, r-devel-osx-x86_64-clang, r-devel-windows-ix86+x86_64, r-patched-linux-x86_64, r-patched-solaris-sparc, r-patched-solaris-x86, r-release-linux-x86_64, r-release-osx-x86_64-mavericks, r-release-windows-ix86+x86_64

Version: 2.0
Check: R code for possible problems
Result: NOTE
    compute.mrce: no visible global function definition for 'QUIC'
Flavor: r-oldrel-windows-ix86+x86_64