CRAN Package Check Results for Package MRCE

Last updated on 2017-12-11 11:54:57 CET.

Flavor Version Tinstall Tcheck Ttotal Status Flags
r-devel-linux-x86_64-debian-clang 2.1 1.16 15.39 16.55 NOTE
r-devel-linux-x86_64-debian-gcc 2.1 1.01 13.44 14.45 NOTE
r-devel-linux-x86_64-fedora-clang 2.1 20.43 NOTE
r-devel-linux-x86_64-fedora-gcc 2.1 19.26 NOTE
r-devel-windows-ix86+x86_64 2.1 6.00 48.00 54.00 OK
r-patched-linux-x86_64 2.1 0.96 16.27 17.23 NOTE
r-patched-solaris-x86 2.1 31.80 OK
r-release-linux-x86_64 2.1 1.12 16.63 17.75 NOTE
r-release-windows-ix86+x86_64 2.1 5.00 33.00 38.00 OK
r-release-osx-x86_64 2.1 OK
r-oldrel-windows-ix86+x86_64 2.1 10.00 42.00 52.00 OK
r-oldrel-osx-x86_64 2.1 OK

Check Details

Version: 2.1
Check: compiled code
Result: NOTE
    File ‘MRCE/libs/MRCE.so’:
     Found no calls to: ‘R_registerRoutines’, ‘R_useDynamicSymbols’
    
    It is good practice to register native routines and to disable symbol
    search.
    
    See ‘Writing portable packages’ in the ‘Writing R Extensions’ manual.
Flavors: r-devel-linux-x86_64-debian-clang, r-devel-linux-x86_64-debian-gcc, r-devel-linux-x86_64-fedora-clang, r-devel-linux-x86_64-fedora-gcc, r-patched-linux-x86_64, r-release-linux-x86_64