CRAN Package Check Results for Package MRCV

Last updated on 2014-04-23 17:47:48.

Flavor Version Tinstall Tcheck Ttotal Status Flags
r-devel-linux-x86_64-debian-clang 0.3-1 1.36 30.93 32.29 OK
r-devel-linux-x86_64-debian-gcc 0.3-1 1.37 30.85 32.22 OK
r-devel-linux-x86_64-fedora-clang 0.3-1 60.50 OK
r-devel-linux-x86_64-fedora-gcc 0.3-1 57.67 OK
r-devel-osx-x86_64-clang 0.3-1 54.57 OK
r-devel-osx-x86_64-gcc 0.3-1 ERROR
r-devel-windows-ix86+x86_64 0.3-1 5.00 41.00 46.00 OK
r-patched-linux-x86_64 0.3-1 1.37 30.54 31.90 OK
r-patched-solaris-sparc 0.3-1 310.10 OK
r-patched-solaris-x86 0.3-1 73.30 OK
r-release-linux-ix86 0.3-1 3.00 53.00 56.00 OK
r-release-linux-x86_64 0.3-1 1.36 30.56 31.92 OK
r-release-osx-x86_64-mavericks 0.3-1 OK
r-release-osx-x86_64-snowleopard 0.3-1 OK
r-release-windows-ix86+x86_64 0.3-1 4.00 44.00 48.00 OK
r-oldrel-windows-ix86+x86_64 0.3-1 5.00 45.00 50.00 OK

Check Details

Version: 0.3-1
Check: package dependencies
Result: ERROR
    Package required but not available: ‘tables’
    
    See the information on DESCRIPTION files in the chapter ‘Creating R
    packages’ of the ‘Writing R Extensions’ manual.
Flavor: r-devel-osx-x86_64-gcc