CRAN Package Check Results for Package MRCV

Last updated on 2015-03-03 22:48:24.

Flavor Version Tinstall Tcheck Ttotal Status Flags
r-devel-linux-x86_64-debian-clang 0.3-3 1.63 33.87 35.50 OK
r-devel-linux-x86_64-debian-gcc 0.3-3 1.60 32.57 34.17 OK
r-devel-linux-x86_64-fedora-clang 0.3-3 74.47 OK
r-devel-linux-x86_64-fedora-gcc 0.3-3 65.07 OK
r-devel-osx-x86_64-clang 0.3-3 75.81 OK
r-devel-windows-ix86+x86_64 0.3-3 8.00 49.00 57.00 NOTE
r-patched-linux-x86_64 0.3-3 4.57 50.37 54.94 OK
r-patched-solaris-sparc 0.3-3 593.00 OK
r-patched-solaris-x86 0.3-3 126.00 OK
r-release-linux-ix86 0.3-3 3.22 61.52 64.73 OK
r-release-linux-x86_64 0.3-3 4.54 51.26 55.80 OK
r-release-osx-x86_64-mavericks 0.3-3 OK
r-release-osx-x86_64-snowleopard 0.3-3 OK
r-release-windows-ix86+x86_64 0.3-3 22.00 133.00 155.00 NOTE
r-oldrel-windows-ix86+x86_64 0.3-1 2.00 3.00 5.00 ERROR

Check Details

Version: 0.3-3
Check: re-building of vignette outputs
Result: NOTE
    Error in re-building vignettes:
     ...
    Warning: running command '"D:\compiler\texmf\miktex\bin\texi2dvi.exe" --quiet --pdf "MRCV-vignette.tex" --max-iterations=20 -I "D:/RCompile/recent/R/share/texmf/tex/latex" -I "D:/RCompile/recent/R/share/texmf/bibtex/bst"' had status 1
    Error: running 'texi2dvi' on 'MRCV-vignette.tex' failed
    
    LaTeX errors:
    ! LaTeX Error: File `inconsolata.sty' not found.
    
    Type X to quit or <RETURN> to proceed,
    or enter new name. (Default extension: sty)
    
    Execution halted
Flavor: r-devel-windows-ix86+x86_64

Version: 0.3-3
Check: re-building of vignette outputs
Result: NOTE
    Error in re-building vignettes:
     ...
    Warning: running command '"D:\compiler\texmf\miktex\bin\texi2dvi.exe" --quiet --pdf "MRCV-vignette.tex" --max-iterations=20 -I "D:/RCompile/recent/R-3.1.2/share/texmf/tex/latex" -I "D:/RCompile/recent/R-3.1.2/share/texmf/bibtex/bst"' had status 1
    Error: running 'texi2dvi' on 'MRCV-vignette.tex' failed
    
    LaTeX errors:
    ! LaTeX Error: File `inconsolata.sty' not found.
    
    Type X to quit or <RETURN> to proceed,
    or enter new name. (Default extension: sty)
    
    Execution halted
Flavor: r-release-windows-ix86+x86_64

Version: 0.3-1
Check: whether package can be installed
Result: ERROR
    Installation failed.
Flavor: r-oldrel-windows-ix86+x86_64