CRAN Package Check Results for Package MRCV

Last updated on 2015-02-02 01:47:51.

Flavor Version Tinstall Tcheck Ttotal Status Flags
r-devel-linux-x86_64-debian-clang 0.3-3 1.06 28.96 30.03 OK
r-devel-linux-x86_64-debian-gcc 0.3-3 1.19 27.89 29.08 OK
r-devel-linux-x86_64-fedora-clang 0.3-3 59.76 OK
r-devel-linux-x86_64-fedora-gcc 0.3-3 54.89 OK
r-devel-osx-x86_64-clang 0.3-3 72.56 OK
r-devel-windows-ix86+x86_64 0.3-3 7.00 39.00 46.00 NOTE
r-patched-linux-x86_64 0.3-3 1.47 35.80 37.27 OK
r-patched-solaris-sparc 0.3-3 414.80 OK
r-patched-solaris-x86 0.3-3 90.10 OK
r-release-linux-ix86 0.3-3 2.03 44.67 46.70 OK
r-release-linux-x86_64 0.3-3 1.55 36.18 37.74 OK
r-release-osx-x86_64-mavericks 0.3-3 OK
r-release-osx-x86_64-snowleopard 0.3-3 OK
r-release-windows-ix86+x86_64 0.3-3 6.00 56.00 62.00 NOTE
r-oldrel-windows-ix86+x86_64 0.3-1 2.00 3.00 5.00 ERROR

Check Details

Version: 0.3-3
Check: re-building of vignette outputs
Result: NOTE
    Error in re-building vignettes:
     ...
    Warning: running command '"D:\compiler\texmf\miktex\bin\texi2dvi.exe" --quiet --pdf "MRCV-vignette.tex" --max-iterations=20 -I "D:/RCompile/recent/R/share/texmf/tex/latex" -I "D:/RCompile/recent/R/share/texmf/bibtex/bst"' had status 1
    Error: running 'texi2dvi' on 'MRCV-vignette.tex' failed
    
    LaTeX errors:
    ! LaTeX Error: File `inconsolata.sty' not found.
    
    Type X to quit or <RETURN> to proceed,
    or enter new name. (Default extension: sty)
    
    Execution halted
Flavor: r-devel-windows-ix86+x86_64

Version: 0.3-3
Check: re-building of vignette outputs
Result: NOTE
    Error in re-building vignettes:
     ...
    Warning: running command '"D:\compiler\texmf\miktex\bin\texi2dvi.exe" --quiet --pdf "MRCV-vignette.tex" --max-iterations=20 -I "D:/RCompile/recent/R-3.1.2/share/texmf/tex/latex" -I "D:/RCompile/recent/R-3.1.2/share/texmf/bibtex/bst"' had status 1
    Error: running 'texi2dvi' on 'MRCV-vignette.tex' failed
    
    LaTeX errors:
    ! LaTeX Error: File `inconsolata.sty' not found.
    
    Type X to quit or <RETURN> to proceed,
    or enter new name. (Default extension: sty)
    
    Execution halted
Flavor: r-release-windows-ix86+x86_64

Version: 0.3-1
Check: whether package can be installed
Result: ERROR
    Installation failed.
Flavor: r-oldrel-windows-ix86+x86_64