CRAN Package Check Results for Package MRCV

Last updated on 2014-11-27 17:47:35.

Flavor Version Tinstall Tcheck Ttotal Status Flags
r-devel-linux-x86_64-debian-clang 0.3-3 1.53 35.79 37.32 OK
r-devel-linux-x86_64-debian-gcc 0.3-3 1.38 35.48 36.86 OK
r-devel-linux-x86_64-fedora-clang 0.3-3 75.05 OK
r-devel-linux-x86_64-fedora-gcc 0.3-3 72.87 OK
r-devel-osx-x86_64-clang 0.3-3 71.69 OK
r-devel-windows-ix86+x86_64 0.3-3 7.00 48.00 55.00 NOTE
r-patched-linux-x86_64 0.3-3 1.45 35.62 37.07 OK
r-patched-solaris-sparc 0.3-3 352.80 OK
r-patched-solaris-x86 0.3-3 86.80 OK
r-release-linux-ix86 0.3-3 1.96 45.27 47.22 OK
r-release-linux-x86_64 0.3-3 1.47 36.15 37.62 OK
r-release-osx-x86_64-mavericks 0.3-3 NOTE
r-release-osx-x86_64-snowleopard 0.3-3 OK
r-release-windows-ix86+x86_64 0.3-3 7.00 54.00 61.00 NOTE
r-oldrel-windows-ix86+x86_64 0.3-1 2.00 3.00 5.00 ERROR

Check Details

Version: 0.3-3
Check: re-building of vignette outputs
Result: NOTE
    Error in re-building vignettes:
     ...
    Warning: running command '"D:\compiler\texmf\miktex\bin\texi2dvi.exe" --quiet --pdf "MRCV-vignette.tex" --max-iterations=20 -I "D:/RCompile/recent/R/share/texmf/tex/latex" -I "D:/RCompile/recent/R/share/texmf/bibtex/bst"' had status 1
    Error: running 'texi2dvi' on 'MRCV-vignette.tex' failed
    
    LaTeX errors:
    ! LaTeX Error: File `inconsolata.sty' not found.
    
    Type X to quit or <RETURN> to proceed,
    or enter new name. (Default extension: sty)
    
    Execution halted
Flavor: r-devel-windows-ix86+x86_64

Version: 0.3-3
Check: re-building of vignette outputs
Result: NOTE
    Error in re-building vignettes:
     ...
    Error in texi2dvi(file = file, pdf = TRUE, clean = clean, quiet = quiet, :
     Running 'texi2dvi' on 'MRCV-vignette.tex' failed.
    LaTeX errors:
    ! LaTeX Error: File `titlesec.sty' not found.
    
    Type X to quit or <RETURN> to proceed,
    or enter new name. (Default extension: sty)
    
    ./RJournal.sty:100: ==> Fatal error occurred, no output PDF file produced!
    Calls: buildVignettes -> texi2pdf -> texi2dvi
    Execution halted
Flavor: r-release-osx-x86_64-mavericks

Version: 0.3-3
Check: re-building of vignette outputs
Result: NOTE
    Error in re-building vignettes:
     ...
    Warning: running command '"D:\compiler\texmf\miktex\bin\texi2dvi.exe" --quiet --pdf "MRCV-vignette.tex" --max-iterations=20 -I "D:/RCompile/recent/R-3.1.2/share/texmf/tex/latex" -I "D:/RCompile/recent/R-3.1.2/share/texmf/bibtex/bst"' had status 1
    Error: running 'texi2dvi' on 'MRCV-vignette.tex' failed
    
    LaTeX errors:
    ! LaTeX Error: File `inconsolata.sty' not found.
    
    Type X to quit or <RETURN> to proceed,
    or enter new name. (Default extension: sty)
    
    Execution halted
Flavor: r-release-windows-ix86+x86_64

Version: 0.3-1
Check: whether package can be installed
Result: ERROR
    Installation failed.
Flavor: r-oldrel-windows-ix86+x86_64