CRAN Package Check Results for Package MRCV

Last updated on 2014-07-28 03:49:06.

Flavor Version Tinstall Tcheck Ttotal Status Flags
r-devel-linux-x86_64-debian-clang 0.3-2 1.47 29.04 30.51 OK
r-devel-linux-x86_64-debian-gcc 0.3-2 1.31 28.62 29.94 OK
r-devel-linux-x86_64-fedora-clang 0.3-2 32.14 OK
r-devel-linux-x86_64-fedora-gcc 0.3-2 30.49 OK
r-devel-osx-x86_64-clang 0.3-2 49.79 OK
r-devel-windows-ix86+x86_64 0.3-2 6.00 53.00 59.00 OK
r-patched-linux-x86_64 0.3-2 1.30 28.79 30.09 OK
r-patched-solaris-sparc 0.3-2 323.50 OK
r-patched-solaris-x86 0.3-2 62.10 OK
r-release-linux-ix86 0.3-1 2.00 37.42 39.42 OK
r-release-linux-x86_64 0.3-1 1.34 26.71 28.05 ERROR
r-release-osx-x86_64-mavericks 0.3-1 OK
r-release-osx-x86_64-snowleopard 0.3-2 OK
r-release-windows-ix86+x86_64 0.3-2 5.00 50.00 55.00 OK
r-oldrel-windows-ix86+x86_64 0.3-1 2.00 3.00 5.00 ERROR

Check Details

Version: 0.3-1
Check: examples
Result: ERROR
    Running examples in MRCV-Ex.R failed
    The error most likely occurred in:
    
    > ### Name: genloglin
    > ### Title: Model the Association Among Two or Three MRCVs
    > ### Aliases: genloglin
    >
    > ### ** Examples
    >
    > # Estimate the y-main effects model for 2 MRCVs
    > mod.fit <- genloglin(data = farmer2, I = 3, J = 4, model = "y.main", boot = FALSE)
    > # Summarize model fit information
    > summary(mod.fit)
    
    Call:
    glm(formula = count ~ -1 + W:Y + wi %in% W:Y + yj %in% W:Y +
     wi:yj + wi:yj %in% Y, family = poisson(link = log), data = model.data)
    
    Deviance Residuals:
     Min 1Q Median 3Q Max
    -1.58007 -0.13272 0.00043 0.10282 0.79587
    
    Coefficients:
     Estimate RS SE z value Pr(>|z|)
    Ww1:Yy1 4.83360 0.06535 73.969 < 2e-16 ***
    Ww2:Yy1 4.85571 0.06387 76.023 < 2e-16 ***
    Ww3:Yy1 4.87418 0.06314 77.199 < 2e-16 ***
    Ww1:Yy2 5.15802 0.04696 109.838 < 2e-16 ***
    Ww2:Yy2 5.19427 0.04411 117.750 < 2e-16 ***
    Ww3:Yy2 5.22544 0.04130 126.535 < 2e-16 ***
    Ww1:Yy3 5.04874 0.05335 94.641 < 2e-16 ***
    Ww2:Yy3 5.10777 0.04944 103.316 < 2e-16 ***
    Ww3:Yy3 5.15832 0.04644 111.083 < 2e-16 ***
    Ww1:Yy4 5.42726 0.02879 188.505 < 2e-16 ***
    Ww2:Yy4 5.46863 0.02517 217.282 < 2e-16 ***
    Ww3:Yy4 5.50264 0.02174 253.070 < 2e-16 ***
    wi:yj 1.15732 0.36998 3.128 0.00176 **
    Ww1:Yy1:wi -2.49781 0.31878 -7.835 4.66e-15 ***
    Ww2:Yy1:wi -2.83697 0.32435 -8.747 < 2e-16 ***
    Ww3:Yy1:wi -3.23836 0.29518 -10.971 < 2e-16 ***
    Ww1:Yy2:wi -1.93200 0.21221 -9.104 < 2e-16 ***
    Ww2:Yy2:wi -2.26237 0.23196 -9.753 < 2e-16 ***
    Ww3:Yy2:wi -2.65609 0.27727 -9.579 < 2e-16 ***
    Ww1:Yy3:wi -1.40657 0.18071 -7.784 7.11e-15 ***
    Ww2:Yy3:wi -1.75094 0.20186 -8.674 < 2e-16 ***
    Ww3:Yy3:wi -2.15624 0.23187 -9.299 < 2e-16 ***
    Ww1:Yy4:wi -1.77728 0.17390 -10.220 < 2e-16 ***
    Ww2:Yy4:wi -2.10603 0.19721 -10.679 < 2e-16 ***
    Ww3:Yy4:wi -2.47437 0.22939 -10.787 < 2e-16 ***
    Ww1:Yy1:yj -0.10323 0.13018 -0.793 0.42780
    Ww2:Yy1:yj -0.06382 0.12579 -0.507 0.61193
    Ww3:Yy1:yj -0.02894 0.12225 -0.237 0.81288
    Ww1:Yy2:yj -0.98088 0.14513 -6.759 1.39e-11 ***
    Ww2:Yy2:yj -0.96360 0.13981 -6.892 5.49e-12 ***
    Ww3:Yy2:yj -0.94798 0.13645 -6.947 3.72e-12 ***
    Ww1:Yy3:yj -0.62780 0.13610 -4.613 3.97e-06 ***
    Ww2:Yy3:yj -0.68056 0.13375 -5.088 3.61e-07 ***
    Ww3:Yy3:yj -0.72599 0.13239 -5.484 4.16e-08 ***
    Ww1:Yy4:yj -2.98716 0.29995 -9.959 < 2e-16 ***
    Ww2:Yy4:yj -2.99510 0.29381 -10.194 < 2e-16 ***
    Ww3:Yy4:yj -2.96408 0.27975 -10.595 < 2e-16 ***
    Yy2:wi:yj -0.70644 0.63025 -1.121 0.26233
    Yy3:wi:yj -3.56978 0.88623 -4.028 5.62e-05 ***
    Yy4:wi:yj -1.39762 0.85852 -1.628 0.10354
    ---
    Signif. codes: 0 *** 0.001 ** 0.01 * 0.05 . 0.1 1
    
    (Dispersion parameter for poisson family taken to be 1)
    
     Null deviance: 25401.0663 Residual deviance: 5.8825
     Number of Fisher Scoring iterations: 4
    
    > # Examine standardized Pearson residuals
    > residuals(mod.fit)
    Error in eval(expr, envir, enclos) :
     could not find function "labelSubset"
    Calls: residuals ... expandExpressions -> expandExpressions -> eval -> eval
    Execution halted
Flavor: r-release-linux-x86_64

Version: 0.3-1
Check: whether package can be installed
Result: ERROR
    Installation failed.
    See 'd:/Rcompile/CRANpkg/local/3.0/MRCV.Rcheck/00install.out' for details.
Flavor: r-oldrel-windows-ix86+x86_64