CRAN Package Check Results for Package MRCV

Last updated on 2014-08-22 03:48:02.

Flavor Version Tinstall Tcheck Ttotal Status Flags
r-devel-linux-x86_64-debian-clang 0.3-2 1.30 28.32 29.62 OK
r-devel-linux-x86_64-debian-gcc 0.3-2 1.28 30.28 31.57 OK
r-devel-linux-x86_64-fedora-clang 0.3-2 58.76 OK
r-devel-linux-x86_64-fedora-gcc 0.3-2 54.82 OK
r-devel-osx-x86_64-clang 0.3-2 51.22 OK
r-devel-windows-ix86+x86_64 0.3-2 5.00 44.00 49.00 OK
r-patched-linux-x86_64 0.3-2 1.31 28.78 30.09 OK
r-patched-solaris-sparc 0.3-2 341.90 OK
r-patched-solaris-x86 0.3-2 71.90 OK
r-release-linux-ix86 0.3-2 1.78 38.09 39.87 OK
r-release-linux-x86_64 0.3-2 1.34 29.29 30.64 OK
r-release-osx-x86_64-mavericks 0.3-2 OK
r-release-osx-x86_64-snowleopard 0.3-2 OK
r-release-windows-ix86+x86_64 0.3-2 6.00 45.00 51.00 OK
r-oldrel-windows-ix86+x86_64 0.3-1 2.00 3.00 5.00 ERROR

Check Details

Version: 0.3-1
Check: whether package can be installed
Result: ERROR
    Installation failed.
Flavor: r-oldrel-windows-ix86+x86_64