CRAN Package Check Results for Package MRCV

Last updated on 2016-05-03 11:49:02.

Flavor Version Tinstall Tcheck Ttotal Status Flags
r-devel-linux-x86_64-debian-gcc 0.3-3 3.24 50.92 54.16 NOTE
r-devel-linux-x86_64-fedora-clang 0.3-3 102.80 NOTE
r-devel-linux-x86_64-fedora-gcc 0.3-3 97.25 NOTE
r-devel-osx-x86_64-clang 0.3-3 114.55 NOTE
r-devel-windows-ix86+x86_64 0.3-3 10.00 100.00 110.00 NOTE
r-patched-linux-x86_64 0.3-3 3.49 52.70 56.19 NOTE
r-patched-solaris-sparc 0.3-3 437.40 WARN
r-patched-solaris-x86 0.3-3 125.10 NOTE
r-release-linux-x86_64 0.3-3 3.46 53.60 57.06 OK
r-release-osx-x86_64-mavericks 0.3-3 OK
r-release-windows-ix86+x86_64 0.3-3 10.00 129.00 139.00 OK
r-oldrel-windows-ix86+x86_64 0.3-3 29.00 191.00 220.00 OK

Check Details

Version: 0.3-3
Check: R code for possible problems
Result: NOTE
    MMI.stat: no visible global function definition for ‘chisq.test’
    MMI.test: no visible global function definition for ‘pchisq’
    MMI.test: no visible global function definition for ‘txtProgressBar’
    MMI.test: no visible global function definition for ‘setTxtProgressBar’
    MMI.test: no visible global function definition for ‘layout’
    MMI.test: no visible global function definition for ‘hist’
    MMI.test: no visible global function definition for ‘abline’
    SPMI.stat: no visible global function definition for ‘chisq.test’
    SPMI.test: no visible global function definition for ‘pchisq’
    SPMI.test: no visible global function definition for ‘txtProgressBar’
    SPMI.test: no visible global function definition for
     ‘setTxtProgressBar’
    SPMI.test: no visible global function definition for ‘layout’
    SPMI.test: no visible global function definition for ‘hist’
    SPMI.test: no visible global function definition for ‘abline’
    anova.genloglin: no visible global function definition for ‘pchisq’
    anova.genloglin: no visible global function definition for
     ‘txtProgressBar’
    anova.genloglin: no visible global function definition for
     ‘setTxtProgressBar’
    data.format: no visible global function definition for
     ‘setTxtProgressBar’
    genloglin: no visible global function definition for ‘model.matrix’
    genloglin: no visible global function definition for ‘pnorm’
    genloglin: no visible global function definition for ‘rmultinom’
    genloglin: no visible global function definition for ‘txtProgressBar’
    genloglin: no visible global function definition for
     ‘setTxtProgressBar’
    genloglin.fit: no visible global function definition for
     ‘setTxtProgressBar’
    genloglin.fit: no visible global function definition for ‘glm’
    genloglin.fit: no visible global function definition for ‘poisson’
    predict.genloglin: no visible global function definition for ‘qnorm’
    predict.genloglin: no visible global function definition for
     ‘txtProgressBar’
    predict.genloglin: no visible global function definition for
     ‘setTxtProgressBar’
    predict.genloglin: no visible global function definition for ‘pnorm’
    predict.genloglin: no visible global function definition for ‘quantile’
    print.genloglin: no visible global function definition for ‘coef’
    print.genloglin: no visible global function definition for ‘naprint’
    print.summary.genloglin: no visible global function definition for
     ‘quantile’
    print.summary.genloglin: no visible global function definition for
     ‘printCoefmat’
    print.summary.genloglin: no visible global function definition for
     ‘naprint’
    print.summary.genloglin: no visible global function definition for
     ‘symnum’
    residuals.genloglin: no visible binding for global variable ‘sd’
    Undefined global functions or variables:
     abline chisq.test coef glm hist layout model.matrix naprint pchisq
     pnorm poisson printCoefmat qnorm quantile rmultinom sd
     setTxtProgressBar symnum txtProgressBar
    Consider adding
     importFrom("graphics", "abline", "hist", "layout")
     importFrom("stats", "chisq.test", "coef", "glm", "model.matrix",
     "naprint", "pchisq", "pnorm", "poisson", "printCoefmat",
     "qnorm", "quantile", "rmultinom", "sd", "symnum")
     importFrom("utils", "setTxtProgressBar", "txtProgressBar")
    to your NAMESPACE file.
Flavors: r-devel-linux-x86_64-debian-gcc, r-devel-linux-x86_64-fedora-clang, r-devel-linux-x86_64-fedora-gcc, r-devel-osx-x86_64-clang, r-devel-windows-ix86+x86_64, r-patched-linux-x86_64, r-patched-solaris-sparc, r-patched-solaris-x86

Version: 0.3-3
Check: re-building of vignette outputs
Result: WARN
    Error in re-building vignettes:
     ...
    Error in texi2dvi(file = file, pdf = TRUE, clean = clean, quiet = quiet, :
     Running 'texi2dvi' on 'MRCV-vignette.tex' failed.
    Messages:
    /usr/local/bin/texi2dvi: line 744: cd: /home/ripley/R/packages/tests32/MRCV.Rcheck/vign_test/MRCV/vignettes/MRCV-vignette.t2d/pdf/bak: No such file or directory
    Calls: buildVignettes -> texi2pdf -> texi2dvi
    Execution halted
    p.
    l.83 lder+Loughin:2004}
     {{4}{2004}{{Bilder and Loughin}}{{}}}
    I've deleted a group-closing symbol because it seems to be
    spurious, as in `$x}$'. But perhaps the } is legitimate and
    Calls: buildVignettes -> texi2pdf -> texi2dvi
    Execution halted
Flavor: r-patched-solaris-sparc