CRAN Package Check Results for Package MRCV

Last updated on 2015-08-31 12:47:49.

Flavor Version Tinstall Tcheck Ttotal Status Flags
r-devel-linux-x86_64-debian-clang 0.3-3 1.56 33.37 34.92 NOTE
r-devel-linux-x86_64-debian-gcc 0.3-3 1.51 33.16 34.66 NOTE
r-devel-linux-x86_64-fedora-clang 0.3-3 69.15 NOTE
r-devel-linux-x86_64-fedora-gcc 0.3-3 65.01 NOTE
r-devel-osx-x86_64-clang 0.3-3 62.59 OK
r-devel-windows-ix86+x86_64 0.3-3 12.00 55.00 67.00 NOTE
r-patched-linux-x86_64 0.3-3 1.92 34.26 36.18 OK
r-patched-solaris-sparc 0.3-3 448.50 OK
r-patched-solaris-x86 0.3-3 99.00 OK
r-release-linux-x86_64 0.3-3 1.73 34.07 35.80 OK
r-release-osx-x86_64-mavericks 0.3-3 OK
r-release-windows-ix86+x86_64 0.3-3 9.00 58.00 67.00 NOTE
r-oldrel-windows-ix86+x86_64 0.3-3 25.00 101.00 126.00 NOTE

Check Details

Version: 0.3-3
Check: R code for possible problems
Result: NOTE
    MMI.stat: no visible global function definition for ‘chisq.test’
    MMI.test: no visible global function definition for ‘pchisq’
    MMI.test: no visible global function definition for ‘txtProgressBar’
    MMI.test: no visible global function definition for ‘setTxtProgressBar’
    MMI.test: no visible global function definition for ‘layout’
    MMI.test: no visible global function definition for ‘hist’
    MMI.test: no visible global function definition for ‘abline’
    SPMI.stat: no visible global function definition for ‘chisq.test’
    SPMI.test: no visible global function definition for ‘pchisq’
    SPMI.test: no visible global function definition for ‘txtProgressBar’
    SPMI.test: no visible global function definition for
     ‘setTxtProgressBar’
    SPMI.test: no visible global function definition for ‘layout’
    SPMI.test: no visible global function definition for ‘hist’
    SPMI.test: no visible global function definition for ‘abline’
    anova.genloglin: no visible global function definition for ‘pchisq’
    anova.genloglin: no visible global function definition for
     ‘txtProgressBar’
    anova.genloglin: no visible global function definition for
     ‘setTxtProgressBar’
    data.format: no visible global function definition for
     ‘setTxtProgressBar’
    genloglin: no visible global function definition for ‘model.matrix’
    genloglin: no visible global function definition for ‘pnorm’
    genloglin: no visible global function definition for ‘rmultinom’
    genloglin: no visible global function definition for ‘txtProgressBar’
    genloglin: no visible global function definition for
     ‘setTxtProgressBar’
    genloglin.fit: no visible global function definition for
     ‘setTxtProgressBar’
    genloglin.fit: no visible global function definition for ‘glm’
    genloglin.fit: no visible global function definition for ‘poisson’
    predict.genloglin: no visible global function definition for ‘qnorm’
    predict.genloglin: no visible global function definition for
     ‘txtProgressBar’
    predict.genloglin: no visible global function definition for
     ‘setTxtProgressBar’
    predict.genloglin: no visible global function definition for ‘pnorm’
    predict.genloglin: no visible global function definition for ‘quantile’
    print.genloglin: no visible global function definition for ‘coef’
    print.genloglin: no visible global function definition for ‘naprint’
    print.summary.genloglin: no visible global function definition for
     ‘quantile’
    print.summary.genloglin: no visible global function definition for
     ‘printCoefmat’
    print.summary.genloglin: no visible global function definition for
     ‘naprint’
    print.summary.genloglin: no visible global function definition for
     ‘symnum’
    residuals.genloglin: no visible binding for global variable ‘sd’
    Undefined global functions or variables:
     abline chisq.test coef glm hist layout model.matrix naprint pchisq
     pnorm poisson printCoefmat qnorm quantile rmultinom sd
     setTxtProgressBar symnum txtProgressBar
    Consider adding
     importFrom("graphics", "abline", "hist", "layout")
     importFrom("stats", "chisq.test", "coef", "glm", "model.matrix",
     "naprint", "pchisq", "pnorm", "poisson", "printCoefmat",
     "qnorm", "quantile", "rmultinom", "sd", "symnum")
     importFrom("utils", "setTxtProgressBar", "txtProgressBar")
    to your NAMESPACE.
Flavors: r-devel-linux-x86_64-debian-clang, r-devel-linux-x86_64-debian-gcc, r-devel-linux-x86_64-fedora-clang, r-devel-linux-x86_64-fedora-gcc, r-devel-windows-ix86+x86_64

Version: 0.3-3
Check: re-building of vignette outputs
Result: NOTE
    Error in re-building vignettes:
     ...
    Warning: running command '"D:\compiler\texmf\miktex\bin\texi2dvi.exe" --quiet --pdf "MRCV-vignette.tex" --max-iterations=20 -I "D:/RCompile/recent/R/share/texmf/tex/latex" -I "D:/RCompile/recent/R/share/texmf/bibtex/bst"' had status 1
    Error: running 'texi2dvi' on 'MRCV-vignette.tex' failed
    
    LaTeX errors:
    ! LaTeX Error: File `inconsolata.sty' not found.
    
    Type X to quit or <RETURN> to proceed,
    or enter new name. (Default extension: sty)
    
    Execution halted
Flavor: r-devel-windows-ix86+x86_64

Version: 0.3-3
Check: re-building of vignette outputs
Result: NOTE
    Error in re-building vignettes:
     ...
    Warning: running command '"D:\compiler\texmf\miktex\bin\texi2dvi.exe" --quiet --pdf "MRCV-vignette.tex" --max-iterations=20 -I "D:/RCompile/recent/R-3.2.2/share/texmf/tex/latex" -I "D:/RCompile/recent/R-3.2.2/share/texmf/bibtex/bst"' had status 1
    Error: running 'texi2dvi' on 'MRCV-vignette.tex' failed
    
    LaTeX errors:
    ! LaTeX Error: File `inconsolata.sty' not found.
    
    Type X to quit or <RETURN> to proceed,
    or enter new name. (Default extension: sty)
    
    Execution halted
Flavor: r-release-windows-ix86+x86_64

Version: 0.3-3
Check: re-building of vignette outputs
Result: NOTE
    Error in re-building vignettes:
     ...
    Warning: running command '"D:\compiler\texmf\miktex\bin\texi2dvi.exe" --quiet --pdf "MRCV-vignette.tex" --max-iterations=20 -I "D:/RCompile/recent/R-3.1.3/share/texmf/tex/latex" -I "D:/RCompile/recent/R-3.1.3/share/texmf/bibtex/bst"' had status 1
    Error: running 'texi2dvi' on 'MRCV-vignette.tex' failed
    
    LaTeX errors:
    ! LaTeX Error: File `inconsolata.sty' not found.
    
    Type X to quit or <RETURN> to proceed,
    or enter new name. (Default extension: sty)
    
    Execution halted
Flavor: r-oldrel-windows-ix86+x86_64