CRAN Package Check Results for Package MRCV

Last updated on 2015-05-06 17:47:57.

Flavor Version Tinstall Tcheck Ttotal Status Flags
r-devel-linux-x86_64-debian-clang 0.3-3 1.60 36.87 38.48 OK
r-devel-linux-x86_64-debian-gcc 0.3-3 1.59 33.85 35.44 OK
r-devel-linux-x86_64-fedora-clang 0.3-3 69.82 OK
r-devel-linux-x86_64-fedora-gcc 0.3-3 66.17 OK
r-devel-osx-x86_64-clang 0.3-3 72.20 OK
r-devel-windows-ix86+x86_64 0.3-3 8.00 48.00 56.00 NOTE
r-patched-linux-x86_64 0.3-3 1.56 34.57 36.13 OK
r-patched-solaris-sparc 0.3-3 465.40 OK
r-patched-solaris-x86 0.3-3 88.90 OK
r-release-linux-x86_64 0.3-3 1.62 33.79 35.41 OK
r-release-osx-x86_64-mavericks 0.3-3 OK
r-release-osx-x86_64-snowleopard 0.3-3 ERROR
r-release-windows-ix86+x86_64 0.3-3 7.00 54.00 61.00 NOTE
r-oldrel-windows-ix86+x86_64 0.3-3 16.00 141.00 157.00 NOTE

Check Details

Version: 0.3-3
Check: re-building of vignette outputs
Result: NOTE
    Error in re-building vignettes:
     ...
    Warning: running command '"D:\compiler\texmf\miktex\bin\texi2dvi.exe" --quiet --pdf "MRCV-vignette.tex" --max-iterations=20 -I "D:/RCompile/recent/R/share/texmf/tex/latex" -I "D:/RCompile/recent/R/share/texmf/bibtex/bst"' had status 1
    Error: running 'texi2dvi' on 'MRCV-vignette.tex' failed
    
    LaTeX errors:
    ! LaTeX Error: File `inconsolata.sty' not found.
    
    Type X to quit or <RETURN> to proceed,
    or enter new name. (Default extension: sty)
    
    Execution halted
Flavor: r-devel-windows-ix86+x86_64

Version: 0.3-3
Check: package dependencies
Result: ERROR
    Package required but not available: ‘tables’
    
    See section ‘The DESCRIPTION file’ in the ‘Writing R Extensions’
    manual.
Flavor: r-release-osx-x86_64-snowleopard

Version: 0.3-3
Check: re-building of vignette outputs
Result: NOTE
    Error in re-building vignettes:
     ...
    Warning: running command '"D:\compiler\texmf\miktex\bin\texi2dvi.exe" --quiet --pdf "MRCV-vignette.tex" --max-iterations=20 -I "D:/RCompile/recent/R-3.2.0/share/texmf/tex/latex" -I "D:/RCompile/recent/R-3.2.0/share/texmf/bibtex/bst"' had status 1
    Error: running 'texi2dvi' on 'MRCV-vignette.tex' failed
    
    LaTeX errors:
    ! LaTeX Error: File `inconsolata.sty' not found.
    
    Type X to quit or <RETURN> to proceed,
    or enter new name. (Default extension: sty)
    
    Execution halted
Flavor: r-release-windows-ix86+x86_64

Version: 0.3-3
Check: re-building of vignette outputs
Result: NOTE
    Error in re-building vignettes:
     ...
    Warning: running command '"D:\compiler\texmf\miktex\bin\texi2dvi.exe" --quiet --pdf "MRCV-vignette.tex" --max-iterations=20 -I "D:/Rcompile/recent/R-3.1.3/share/texmf/tex/latex" -I "D:/Rcompile/recent/R-3.1.3/share/texmf/bibtex/bst"' had status 1
    Error: running 'texi2dvi' on 'MRCV-vignette.tex' failed
    
    LaTeX errors:
    ! LaTeX Error: File `inconsolata.sty' not found.
    
    Type X to quit or <RETURN> to proceed,
    or enter new name. (Default extension: sty)
    
    Execution halted
Flavor: r-oldrel-windows-ix86+x86_64