CRAN Package Check Results for Package MRMR

Last updated on 2015-05-29 11:49:17.

Flavor Version Tinstall Tcheck Ttotal Status Flags
r-devel-linux-x86_64-debian-clang 0.1.3 2.52 26.89 29.42 NOTE
r-devel-linux-x86_64-debian-gcc 0.1.3 1.93 25.56 27.49 NOTE
r-devel-linux-x86_64-fedora-clang 0.1.3 61.54 NOTE
r-devel-linux-x86_64-fedora-gcc 0.1.3 53.81 NOTE
r-devel-osx-x86_64-clang 0.1.3 55.16 NOTE
r-devel-windows-ix86+x86_64 0.1.3 7.00 45.00 52.00 NOTE
r-patched-linux-x86_64 0.1.3 2.04 25.50 27.54 NOTE
r-patched-solaris-sparc 0.1.3 346.70 NOTE
r-patched-solaris-x86 0.1.3 83.00 NOTE
r-release-linux-x86_64 0.1.3 2.30 26.36 28.66 NOTE
r-release-osx-x86_64-mavericks 0.1.3 NOTE
r-release-osx-x86_64-snowleopard 0.1.3 ERROR
r-release-windows-ix86+x86_64 0.1.3 5.00 44.00 49.00 NOTE
r-oldrel-windows-ix86+x86_64 0.1.3 10.00 69.00 79.00 NOTE

Check Details

Version: 0.1.3
Check: DESCRIPTION meta-information
Result: NOTE
    Malformed Description field: should contain one or more complete sentences.
Flavors: r-devel-linux-x86_64-debian-clang, r-devel-linux-x86_64-debian-gcc, r-devel-linux-x86_64-fedora-clang, r-devel-linux-x86_64-fedora-gcc, r-devel-osx-x86_64-clang, r-devel-windows-ix86+x86_64, r-patched-linux-x86_64, r-patched-solaris-sparc, r-patched-solaris-x86, r-release-linux-x86_64, r-release-osx-x86_64-mavericks, r-release-windows-ix86+x86_64

Version: 0.1.3
Check: R code for possible problems
Result: NOTE
    PlotResiduals: no visible global function definition for ‘.’
Flavors: r-devel-linux-x86_64-debian-clang, r-devel-linux-x86_64-debian-gcc, r-devel-linux-x86_64-fedora-clang, r-devel-linux-x86_64-fedora-gcc, r-devel-osx-x86_64-clang, r-devel-windows-ix86+x86_64, r-patched-linux-x86_64, r-patched-solaris-sparc, r-patched-solaris-x86, r-release-linux-x86_64, r-release-osx-x86_64-mavericks, r-release-windows-ix86+x86_64, r-oldrel-windows-ix86+x86_64

Version: 0.1.3
Check: package dependencies
Result: ERROR
    Packages required but not available: ‘ggplot2’ ‘lmtest’
    
    See section ‘The DESCRIPTION file’ in the ‘Writing R Extensions’
    manual.
Flavor: r-release-osx-x86_64-snowleopard