CRAN Package Check Results for Package MRMR

Last updated on 2014-08-29 11:54:55.

Flavor Version Tinstall Tcheck Ttotal Status Flags
r-devel-linux-x86_64-debian-clang 0.1.3 2.48 32.90 35.39 NOTE
r-devel-linux-x86_64-debian-gcc 0.1.3 2.50 32.42 34.92 NOTE
r-devel-linux-x86_64-fedora-clang 0.1.3 78.46 NOTE
r-devel-linux-x86_64-fedora-gcc 0.1.3 75.61 NOTE
r-devel-osx-x86_64-clang 0.1.3 65.84 NOTE
r-devel-windows-ix86+x86_64 0.1.3 11.00 57.00 68.00 NOTE
r-patched-linux-x86_64 0.1.3 2.50 34.64 37.14 OK
r-patched-solaris-sparc 0.1.3 430.90 OK
r-patched-solaris-x86 0.1.3 100.40 OK
r-release-linux-ix86 0.1.3 3.28 44.20 47.48 OK
r-release-linux-x86_64 0.1.3 2.61 34.63 37.24 OK
r-release-osx-x86_64-mavericks 0.1.3 OK
r-release-osx-x86_64-snowleopard 0.1.3 OK
r-release-windows-ix86+x86_64 0.1.3 9.00 59.00 68.00 OK
r-oldrel-windows-ix86+x86_64 0.1.3 10.00 61.00 71.00 OK

Check Details

Version: 0.1.3
Check: R code for possible problems
Result: NOTE
    PlotResiduals: no visible global function definition for ‘.’
Flavors: r-devel-linux-x86_64-debian-clang, r-devel-linux-x86_64-debian-gcc, r-devel-linux-x86_64-fedora-clang, r-devel-linux-x86_64-fedora-gcc, r-devel-osx-x86_64-clang, r-devel-windows-ix86+x86_64