CRAN Package Check Results for Package MRMR

Last updated on 2014-10-25 17:46:47.

Flavor Version Tinstall Tcheck Ttotal Status Flags
r-devel-linux-x86_64-debian-clang 0.1.3 2.44 33.86 36.30 NOTE
r-devel-linux-x86_64-debian-gcc 0.1.3 2.47 34.99 37.46 NOTE
r-devel-linux-x86_64-fedora-clang 0.1.3 80.39 NOTE
r-devel-linux-x86_64-fedora-gcc 0.1.3 74.14 NOTE
r-devel-osx-x86_64-clang 0.1.3 71.99 NOTE
r-devel-windows-ix86+x86_64 0.1.3 10.00 56.00 66.00 NOTE
r-patched-linux-x86_64 0.1.3 2.78 35.50 38.28 NOTE
r-patched-solaris-sparc 0.1.3 442.80 NOTE
r-patched-solaris-x86 0.1.3 103.00 NOTE
r-release-linux-ix86 0.1.3 3.34 44.88 48.22 OK
r-release-linux-x86_64 0.1.3 2.55 34.74 37.30 OK
r-release-osx-x86_64-mavericks 0.1.3 OK
r-release-osx-x86_64-snowleopard 0.1.3 OK
r-release-windows-ix86+x86_64 0.1.3 11.00 63.00 74.00 OK
r-oldrel-windows-ix86+x86_64 0.1.3 13.00 59.00 72.00 OK

Check Details

Version: 0.1.3
Check: R code for possible problems
Result: NOTE
    PlotResiduals: no visible global function definition for ‘.’
Flavors: r-devel-linux-x86_64-debian-clang, r-devel-linux-x86_64-debian-gcc, r-devel-linux-x86_64-fedora-clang, r-devel-linux-x86_64-fedora-gcc, r-devel-osx-x86_64-clang, r-devel-windows-ix86+x86_64, r-patched-linux-x86_64, r-patched-solaris-sparc, r-patched-solaris-x86