CRAN Package Check Results for Package MRMR

Last updated on 2015-01-27 11:49:55.

Flavor Version Tinstall Tcheck Ttotal Status Flags
r-devel-linux-x86_64-debian-clang 0.1.3 2.15 27.48 29.63 NOTE
r-devel-linux-x86_64-debian-gcc 0.1.3 2.07 26.06 28.13 NOTE
r-devel-linux-x86_64-fedora-clang 0.1.3 83.97 NOTE
r-devel-linux-x86_64-fedora-gcc 0.1.3 80.86 NOTE
r-devel-osx-x86_64-clang 0.1.3 74.49 NOTE
r-devel-windows-ix86+x86_64 0.1.3 7.00 44.00 51.00 NOTE
r-patched-linux-x86_64 0.1.3 2.52 34.41 36.93 NOTE
r-patched-solaris-sparc 0.1.3 443.40 NOTE
r-patched-solaris-x86 0.1.3 104.20 NOTE
r-release-linux-ix86 0.1.3 3.16 43.38 46.53 NOTE
r-release-linux-x86_64 0.1.3 2.55 36.59 39.14 NOTE
r-release-osx-x86_64-mavericks 0.1.3 NOTE
r-release-osx-x86_64-snowleopard 0.1.3 OK
r-release-windows-ix86+x86_64 0.1.3 9.00 69.00 78.00 NOTE
r-oldrel-windows-ix86+x86_64 0.1.3 16.00 58.00 74.00 OK

Check Details

Version: 0.1.3
Check: R code for possible problems
Result: NOTE
    PlotResiduals: no visible global function definition for ‘.’
Flavors: r-devel-linux-x86_64-debian-clang, r-devel-linux-x86_64-debian-gcc, r-devel-linux-x86_64-fedora-clang, r-devel-linux-x86_64-fedora-gcc, r-devel-osx-x86_64-clang, r-devel-windows-ix86+x86_64, r-patched-linux-x86_64, r-patched-solaris-sparc, r-patched-solaris-x86, r-release-linux-ix86, r-release-linux-x86_64, r-release-osx-x86_64-mavericks, r-release-windows-ix86+x86_64