CRAN Package Check Results for Package MRMR

Last updated on 2015-04-25 17:46:53.

Flavor Version Tinstall Tcheck Ttotal Status Flags
r-devel-linux-x86_64-debian-clang 0.1.3 1.95 26.04 27.99 NOTE
r-devel-linux-x86_64-debian-gcc 0.1.3 2.02 25.79 27.80 NOTE
r-devel-linux-x86_64-fedora-clang 0.1.3 57.55 NOTE
r-devel-linux-x86_64-fedora-gcc 0.1.3 55.70 NOTE
r-devel-osx-x86_64-clang 0.1.3 54.82 NOTE
r-devel-windows-ix86+x86_64 0.1.3 7.00 46.00 53.00 NOTE
r-patched-linux-x86_64 0.1.3 1.86 25.58 27.44 NOTE
r-patched-solaris-sparc 0.1.3 377.30 NOTE
r-patched-solaris-x86 0.1.3 75.30 NOTE
r-release-linux-x86_64 0.1.3 1.86 25.27 27.14 NOTE
r-release-osx-x86_64-mavericks 0.1.3 NOTE
r-release-osx-x86_64-snowleopard 0.1.3 ERROR
r-release-windows-ix86+x86_64 0.1.3 6.00 45.00 51.00 NOTE
r-oldrel-windows-ix86+x86_64 0.1.3 9.00 60.00 69.00 NOTE

Check Details

Version: 0.1.3
Check: DESCRIPTION meta-information
Result: NOTE
    Malformed Description field: should contain one or more complete sentences.
Flavors: r-devel-windows-ix86+x86_64, r-release-windows-ix86+x86_64

Version: 0.1.3
Check: R code for possible problems
Result: NOTE
    PlotResiduals: no visible global function definition for '.'
Flavors: r-devel-windows-ix86+x86_64, r-release-windows-ix86+x86_64, r-oldrel-windows-ix86+x86_64