CRAN Package Check Results for Package MRMR

Last updated on 2014-04-24 15:50:42.

Flavor Version Tinstall Tcheck Ttotal Status Flags
r-devel-linux-x86_64-debian-clang 0.1.3 2.76 36.34 39.10 OK
r-devel-linux-x86_64-debian-gcc 0.1.3 2.82 37.18 40.00 OK
r-devel-linux-x86_64-fedora-clang 0.1.3 80.89 OK
r-devel-linux-x86_64-fedora-gcc 0.1.3 77.52 OK
r-devel-osx-x86_64-clang 0.1.3 77.07 OK
r-devel-osx-x86_64-gcc 0.1.3 ERROR
r-devel-windows-ix86+x86_64 0.1.3 8.00 54.00 62.00 OK
r-patched-linux-x86_64 0.1.3 2.68 36.28 38.96 OK
r-patched-solaris-sparc 0.1.3 441.00 OK
r-patched-solaris-x86 0.1.3 105.30 OK
r-release-linux-ix86 0.1.3 4.00 65.00 69.00 OK
r-release-linux-x86_64 0.1.3 2.66 35.74 38.41 OK
r-release-osx-x86_64-mavericks 0.1.3 WARN
r-release-osx-x86_64-snowleopard 0.1.3 OK
r-release-windows-ix86+x86_64 0.1.3 8.00 60.00 68.00 OK
r-oldrel-windows-ix86+x86_64 0.1.3 11.00 64.00 75.00 OK

Check Details

Version: 0.1.3
Check: package dependencies
Result: ERROR
    Packages required but not available: ‘ggplot2’ ‘lmtest’
    
    See the information on DESCRIPTION files in the chapter ‘Creating R
    packages’ of the ‘Writing R Extensions’ manual.
Flavor: r-devel-osx-x86_64-gcc

Version: 0.1.3
Check: PDF version of manual
Result: WARNING
    LaTeX errors when creating PDF version.
    This typically indicates Rd problems.
    LaTeX errors found:
    ! LaTeX Error: File `upquote.sty' not found.
    
    Type X to quit or <RETURN> to proceed,
    or enter new name. (Default extension: sty)
    
    26e027e/Rd2.tex:8: ==> Fatal error occurred, no output PDF file produced!
Flavor: r-release-osx-x86_64-mavericks