CRAN Package Check Results for Package MRMR

Last updated on 2015-07-30 09:47:34.

Flavor Version Tinstall Tcheck Ttotal Status Flags
r-devel-linux-x86_64-debian-clang 0.1.3 2.17 26.24 28.40 NOTE
r-devel-linux-x86_64-debian-gcc 0.1.3 1.92 26.06 27.97 NOTE
r-devel-linux-x86_64-fedora-clang 0.1.3 58.11 NOTE
r-devel-linux-x86_64-fedora-gcc 0.1.3 56.30 NOTE
r-devel-osx-x86_64-clang 0.1.3 54.75 NOTE
r-devel-windows-ix86+x86_64 0.1.3 8.00 49.00 57.00 NOTE
r-patched-linux-x86_64 0.1.3 1.89 26.10 27.98 NOTE
r-patched-solaris-sparc 0.1.3 367.30 NOTE
r-patched-solaris-x86 0.1.3 82.10 NOTE
r-release-linux-x86_64 0.1.3 1.91 25.91 27.82 NOTE
r-release-osx-x86_64-mavericks 0.1.3 NOTE
r-release-windows-ix86+x86_64 0.1.3 11.00 44.00 55.00 NOTE
r-oldrel-windows-ix86+x86_64 0.1.3 13.00 71.00 84.00 NOTE

Check Details

Version: 0.1.3
Check: DESCRIPTION meta-information
Result: NOTE
    Malformed Description field: should contain one or more complete sentences.
Flavors: r-devel-linux-x86_64-debian-clang, r-devel-linux-x86_64-debian-gcc, r-devel-linux-x86_64-fedora-clang, r-devel-linux-x86_64-fedora-gcc, r-devel-osx-x86_64-clang, r-devel-windows-ix86+x86_64, r-patched-linux-x86_64, r-patched-solaris-sparc, r-patched-solaris-x86, r-release-linux-x86_64, r-release-osx-x86_64-mavericks, r-release-windows-ix86+x86_64

Version: 0.1.3
Check: R code for possible problems
Result: NOTE
    PlotResiduals: no visible global function definition for ‘par’
    PlotResiduals: no visible global function definition for ‘plot’
    PlotResiduals: no visible global function definition for ‘axis’
    PlotResiduals: no visible global function definition for ‘abline’
    PlotResiduals: no visible global function definition for ‘lines’
    PlotResiduals: no visible global function definition for ‘.’
    Undefined global functions or variables:
     . abline axis lines par plot
    Consider adding
     importFrom("graphics", "abline", "axis", "lines", "par", "plot")
    to your NAMESPACE.
Flavors: r-devel-linux-x86_64-debian-clang, r-devel-linux-x86_64-debian-gcc, r-devel-linux-x86_64-fedora-clang, r-devel-linux-x86_64-fedora-gcc, r-devel-windows-ix86+x86_64

Version: 0.1.3
Check: R code for possible problems
Result: NOTE
    PlotResiduals: no visible global function definition for ‘.’
    Undefined global functions or variables:
     .
Flavor: r-devel-osx-x86_64-clang

Version: 0.1.3
Check: R code for possible problems
Result: NOTE
    PlotResiduals: no visible global function definition for ‘.’
Flavors: r-patched-linux-x86_64, r-patched-solaris-sparc, r-patched-solaris-x86, r-release-linux-x86_64, r-release-osx-x86_64-mavericks, r-release-windows-ix86+x86_64, r-oldrel-windows-ix86+x86_64