CRAN Package Check Results for Package MRMR

Last updated on 2014-12-18 03:50:32.

Flavor Version Tinstall Tcheck Ttotal Status Flags
r-devel-linux-x86_64-debian-clang 0.1.3 2.45 34.27 36.72 NOTE
r-devel-linux-x86_64-debian-gcc 0.1.3 2.36 32.95 35.31 NOTE
r-devel-linux-x86_64-fedora-clang 0.1.3 82.00 NOTE
r-devel-linux-x86_64-fedora-gcc 0.1.3 74.52 NOTE
r-devel-osx-x86_64-clang 0.1.3 77.76 NOTE
r-devel-windows-ix86+x86_64 0.1.3 10.00 58.00 68.00 NOTE
r-patched-linux-x86_64 0.1.3 2.64 34.33 36.97 NOTE
r-patched-solaris-sparc 0.1.3 442.80 NOTE
r-patched-solaris-x86 0.1.3 102.40 NOTE
r-release-linux-ix86 0.1.3 3.12 43.04 46.16 NOTE
r-release-linux-x86_64 0.1.3 2.57 34.30 36.87 NOTE
r-release-osx-x86_64-mavericks 0.1.3 OK
r-release-osx-x86_64-snowleopard 0.1.3 OK
r-release-windows-ix86+x86_64 0.1.3 10.00 62.00 72.00 NOTE
r-oldrel-windows-ix86+x86_64 0.1.3 11.00 62.00 73.00 OK

Check Details

Version: 0.1.3
Check: R code for possible problems
Result: NOTE
    PlotResiduals: no visible global function definition for ‘.’
Flavors: r-devel-linux-x86_64-debian-clang, r-devel-linux-x86_64-debian-gcc, r-devel-linux-x86_64-fedora-clang, r-devel-linux-x86_64-fedora-gcc, r-devel-osx-x86_64-clang, r-devel-windows-ix86+x86_64, r-patched-linux-x86_64, r-patched-solaris-sparc, r-patched-solaris-x86, r-release-linux-ix86, r-release-linux-x86_64, r-release-windows-ix86+x86_64