CRAN Package Check Results for Package MRMR

Last updated on 2015-03-04 17:48:30.

Flavor Version Tinstall Tcheck Ttotal Status Flags
r-devel-linux-x86_64-debian-clang 0.1.3 1.99 25.70 27.69 NOTE
r-devel-linux-x86_64-debian-gcc 0.1.3 2.07 28.03 30.10 NOTE
r-devel-linux-x86_64-fedora-clang 0.1.3 59.27 NOTE
r-devel-linux-x86_64-fedora-gcc 0.1.3 57.60 NOTE
r-devel-osx-x86_64-clang 0.1.3 56.67 NOTE
r-devel-windows-ix86+x86_64 0.1.3 6.00 47.00 53.00 NOTE
r-patched-linux-x86_64 0.1.3 3.10 35.80 38.90 NOTE
r-patched-solaris-sparc 0.1.3 462.50 NOTE
r-patched-solaris-x86 0.1.3 106.20 NOTE
r-release-linux-ix86 0.1.3 3.74 43.91 47.65 NOTE
r-release-linux-x86_64 0.1.3 3.21 37.48 40.68 NOTE
r-release-osx-x86_64-mavericks 0.1.3 NOTE
r-release-osx-x86_64-snowleopard 0.1.3 OK
r-release-windows-ix86+x86_64 0.1.3 11.00 65.00 76.00 NOTE
r-oldrel-windows-ix86+x86_64 0.1.3 11.00 60.00 71.00 OK

Check Details

Version: 0.1.3
Check: DESCRIPTION meta-information
Result: NOTE
    Malformed Description field: should contain one or more complete sentences.
Flavors: r-devel-linux-x86_64-debian-clang, r-devel-linux-x86_64-debian-gcc, r-devel-linux-x86_64-fedora-clang, r-devel-linux-x86_64-fedora-gcc, r-devel-osx-x86_64-clang, r-devel-windows-ix86+x86_64

Version: 0.1.3
Check: R code for possible problems
Result: NOTE
    PlotResiduals: no visible global function definition for ‘.’
Flavors: r-devel-linux-x86_64-debian-clang, r-devel-linux-x86_64-debian-gcc, r-devel-linux-x86_64-fedora-clang, r-devel-linux-x86_64-fedora-gcc, r-devel-osx-x86_64-clang, r-devel-windows-ix86+x86_64, r-patched-linux-x86_64, r-patched-solaris-sparc, r-patched-solaris-x86, r-release-linux-ix86, r-release-linux-x86_64, r-release-osx-x86_64-mavericks, r-release-windows-ix86+x86_64