CRAN Package Check Results for Package MRMR

Last updated on 2014-09-03 03:50:32.

Flavor Version Tinstall Tcheck Ttotal Status Flags
r-devel-linux-x86_64-debian-clang 0.1.3 2.45 32.92 35.37 NOTE
r-devel-linux-x86_64-debian-gcc 0.1.3 2.36 32.32 34.67 NOTE
r-devel-linux-x86_64-fedora-clang 0.1.3 79.82 NOTE
r-devel-linux-x86_64-fedora-gcc 0.1.3 74.17 NOTE
r-devel-osx-x86_64-clang 0.1.3 66.15 NOTE
r-devel-windows-ix86+x86_64 0.1.3 9.00 60.00 69.00 NOTE
r-patched-linux-x86_64 0.1.3 2.58 33.67 36.24 OK
r-patched-solaris-sparc 0.1.3 430.90 OK
r-patched-solaris-x86 0.1.3 101.00 OK
r-release-linux-ix86 0.1.3 3.28 44.54 47.82 OK
r-release-linux-x86_64 0.1.3 2.58 34.98 37.56 OK
r-release-osx-x86_64-mavericks 0.1.3 OK
r-release-osx-x86_64-snowleopard 0.1.3 OK
r-release-windows-ix86+x86_64 0.1.3 10.00 55.00 65.00 OK
r-oldrel-windows-ix86+x86_64 0.1.3 11.00 59.00 70.00 OK

Check Details

Version: 0.1.3
Check: R code for possible problems
Result: NOTE
    PlotResiduals: no visible global function definition for ‘.’
Flavors: r-devel-linux-x86_64-debian-clang, r-devel-linux-x86_64-debian-gcc, r-devel-linux-x86_64-fedora-clang, r-devel-linux-x86_64-fedora-gcc, r-devel-osx-x86_64-clang, r-devel-windows-ix86+x86_64