CRAN Package Check Results for Package MRMR

Last updated on 2016-02-10 16:47:10.

Flavor Version Tinstall Tcheck Ttotal Status Flags
r-devel-linux-x86_64-debian-gcc 0.1.3 1.77 23.54 25.31 NOTE
r-devel-linux-x86_64-fedora-clang 0.1.3 49.16 NOTE
r-devel-linux-x86_64-fedora-gcc 0.1.3 46.88 NOTE
r-devel-osx-x86_64-clang 0.1.3 55.68 NOTE
r-devel-windows-ix86+x86_64 0.1.3 8.00 46.00 54.00 NOTE
r-patched-linux-x86_64 0.1.3 2.00 26.11 28.10 NOTE
r-patched-solaris-sparc 0.1.3 336.20 NOTE
r-patched-solaris-x86 0.1.3 71.90 NOTE
r-release-linux-x86_64 0.1.3 2.02 26.05 28.08 NOTE
r-release-osx-x86_64-mavericks 0.1.3 NOTE
r-release-windows-ix86+x86_64 0.1.3 10.00 48.00 58.00 NOTE
r-oldrel-windows-ix86+x86_64 0.1.3 17.00 75.00 92.00 NOTE

Check Details

Version: 0.1.3
Check: DESCRIPTION meta-information
Result: NOTE
    Malformed Description field: should contain one or more complete sentences.
Flavors: r-devel-linux-x86_64-debian-gcc, r-devel-linux-x86_64-fedora-clang, r-devel-linux-x86_64-fedora-gcc, r-devel-osx-x86_64-clang, r-devel-windows-ix86+x86_64, r-patched-linux-x86_64, r-patched-solaris-sparc, r-patched-solaris-x86, r-release-linux-x86_64, r-release-osx-x86_64-mavericks, r-release-windows-ix86+x86_64

Version: 0.1.3
Check: R code for possible problems
Result: NOTE
    PlotResiduals: no visible global function definition for ‘par’
    PlotResiduals: no visible global function definition for ‘plot’
    PlotResiduals: no visible global function definition for ‘axis’
    PlotResiduals: no visible global function definition for ‘abline’
    PlotResiduals: no visible global function definition for ‘lines’
    PlotResiduals: no visible global function definition for ‘.’
    Undefined global functions or variables:
     . abline axis lines par plot
    Consider adding
     importFrom("graphics", "abline", "axis", "lines", "par", "plot")
    to your NAMESPACE file.
Flavors: r-devel-linux-x86_64-debian-gcc, r-devel-linux-x86_64-fedora-clang, r-devel-linux-x86_64-fedora-gcc, r-devel-osx-x86_64-clang, r-devel-windows-ix86+x86_64

Version: 0.1.3
Check: R code for possible problems
Result: NOTE
    PlotResiduals: no visible global function definition for ‘.’
Flavors: r-patched-linux-x86_64, r-patched-solaris-sparc, r-patched-solaris-x86, r-release-linux-x86_64, r-release-osx-x86_64-mavericks, r-release-windows-ix86+x86_64, r-oldrel-windows-ix86+x86_64