CRAN Package Check Results for Package MRMR

Last updated on 2016-06-26 20:50:05.

Flavor Version Tinstall Tcheck Ttotal Status Flags
r-devel-linux-x86_64-debian-gcc 0.1.3 2.02 24.41 26.42 ERROR
r-devel-linux-x86_64-fedora-clang 0.1.3 49.56 ERROR
r-devel-linux-x86_64-fedora-gcc 0.1.3 48.15 ERROR
r-devel-osx-x86_64-clang 0.1.3 42.27 ERROR
r-devel-windows-ix86+x86_64 0.1.3 8.00 53.00 61.00 ERROR
r-patched-linux-x86_64 0.1.3 2.14 25.54 27.68 ERROR
r-patched-solaris-sparc 0.1.3 317.50 ERROR
r-patched-solaris-x86 0.1.3 69.30 ERROR
r-release-linux-x86_64 0.1.3 2.25 25.95 28.20 ERROR
r-release-osx-x86_64-mavericks 0.1.3 ERROR
r-release-windows-ix86+x86_64 0.1.3 6.00 52.00 58.00 ERROR
r-oldrel-windows-ix86+x86_64 0.1.3 9.00 53.00 62.00 ERROR

Check Details

Version: 0.1.3
Check: DESCRIPTION meta-information
Result: NOTE
    Malformed Description field: should contain one or more complete sentences.
Flavors: r-devel-linux-x86_64-debian-gcc, r-devel-linux-x86_64-fedora-clang, r-devel-linux-x86_64-fedora-gcc, r-devel-osx-x86_64-clang, r-devel-windows-ix86+x86_64, r-patched-linux-x86_64, r-patched-solaris-sparc, r-patched-solaris-x86, r-release-linux-x86_64, r-release-osx-x86_64-mavericks, r-release-windows-ix86+x86_64, r-oldrel-windows-ix86+x86_64

Version: 0.1.3
Check: R code for possible problems
Result: NOTE
    PlotResiduals: no visible global function definition for ‘par’
    PlotResiduals: no visible global function definition for ‘plot’
    PlotResiduals: no visible global function definition for ‘axis’
    PlotResiduals: no visible global function definition for ‘abline’
    PlotResiduals: no visible global function definition for ‘lines’
    PlotResiduals: no visible global function definition for ‘.’
    Undefined global functions or variables:
     . abline axis lines par plot
    Consider adding
     importFrom("graphics", "abline", "axis", "lines", "par", "plot")
    to your NAMESPACE file.
Flavors: r-devel-linux-x86_64-debian-gcc, r-devel-linux-x86_64-fedora-clang, r-devel-linux-x86_64-fedora-gcc, r-devel-osx-x86_64-clang, r-devel-windows-ix86+x86_64, r-patched-linux-x86_64, r-patched-solaris-sparc, r-patched-solaris-x86, r-release-linux-x86_64, r-release-osx-x86_64-mavericks, r-release-windows-ix86+x86_64

Version: 0.1.3
Check: examples
Result: ERROR
    Running examples in ‘MRMR-Ex.R’ failed
    The error most likely occurred in:
    
    > ### Name: CreateDevelopmentLags
    > ### Title: Create triangle development lags
    > ### Aliases: CreateDevelopmentLags
    >
    > ### ** Examples
    >
    > library(lubridate)
    >
    > Sys.setenv(TZ='UTC')
    > # Case 1
    > DevelopmentLag = c(months(12), months(24), months(12))
    > DevelopmentLag
    [1] "12m 0d 0H 0M 0S" "24m 0d 0H 0M 0S" "12m 0d 0H 0M 0S"
    >
    > # Case 2
    > LagValues = c(12, 24, 12)
    > dPeriod = months(1)
    > DevelopmentLags = CreateDevelopmentLags(LagValues, DevelopmentPeriod = dPeriod)
    Warning in CreateLagsFromIntegers(LagValues, DevelopmentPeriod, Verbose) :
     LagValues converted to integer.
    > DevelopmentLags
    [1] "12m 0d 0H 0M 0S" "24m 0d 0H 0M 0S" "12m 0d 0H 0M 0S"
    >
    > # Case 3
    > OriginStart = c(mdy("1/1/2000"), mdy("1/1/2000"), mdy("1/1/2001"))
    > OriginEnd = c(mdy("12/31/2000"), mdy("12/31/2000"), mdy("12/31/2001"))
    > OriginPeriods = CreateOriginPeriods(OriginStart, OriginEnd)
    Error in OriginPeriodFromDates(OriginStart, OriginEnd) :
     OriginStart and OriginEnd were supplied, but OriginStart is not a POSIXct or POSIXt class variable.
    Calls: CreateOriginPeriods -> OriginPeriodFromDates
    Execution halted
Flavors: r-devel-linux-x86_64-debian-gcc, r-devel-linux-x86_64-fedora-clang, r-devel-linux-x86_64-fedora-gcc, r-devel-osx-x86_64-clang, r-devel-windows-ix86+x86_64, r-patched-linux-x86_64, r-patched-solaris-sparc, r-patched-solaris-x86, r-release-linux-x86_64, r-release-osx-x86_64-mavericks, r-release-windows-ix86+x86_64, r-oldrel-windows-ix86+x86_64

Version: 0.1.3
Check: R code for possible problems
Result: NOTE
    PlotResiduals: no visible global function definition for '.'
Flavor: r-oldrel-windows-ix86+x86_64