CRAN Package Check Results for Package MRMR

Last updated on 2014-11-24 08:49:04.

Flavor Version Tinstall Tcheck Ttotal Status Flags
r-devel-linux-x86_64-debian-clang 0.1.3 2.49 33.98 36.47 NOTE
r-devel-linux-x86_64-debian-gcc 0.1.3 2.37 33.31 35.68 NOTE
r-devel-linux-x86_64-fedora-clang 0.1.3 85.91 NOTE
r-devel-linux-x86_64-fedora-gcc 0.1.3 76.16 NOTE
r-devel-osx-x86_64-clang 0.1.3 73.30 NOTE
r-devel-windows-ix86+x86_64 0.1.3 10.00 57.00 67.00 NOTE
r-patched-linux-x86_64 0.1.3 3.58 34.28 37.86 NOTE
r-patched-solaris-sparc 0.1.3 442.80 NOTE
r-patched-solaris-x86 0.1.3 102.70 NOTE
r-release-linux-ix86 0.1.3 3.27 43.38 46.65 NOTE
r-release-linux-x86_64 0.1.3 2.52 34.23 36.75 NOTE
r-release-osx-x86_64-mavericks 0.1.3 OK
r-release-osx-x86_64-snowleopard 0.1.3 OK
r-release-windows-ix86+x86_64 0.1.3 11.00 62.00 73.00 NOTE
r-oldrel-windows-ix86+x86_64 0.1.3 10.00 59.00 69.00 OK

Check Details

Version: 0.1.3
Check: R code for possible problems
Result: NOTE
    PlotResiduals: no visible global function definition for ‘.’
Flavors: r-devel-linux-x86_64-debian-clang, r-devel-linux-x86_64-debian-gcc, r-devel-linux-x86_64-fedora-clang, r-devel-linux-x86_64-fedora-gcc, r-devel-osx-x86_64-clang, r-devel-windows-ix86+x86_64, r-patched-linux-x86_64, r-patched-solaris-sparc, r-patched-solaris-x86, r-release-linux-ix86, r-release-linux-x86_64, r-release-windows-ix86+x86_64