CRAN Package Check Results for Package MRwarping

Last updated on 2016-05-03 23:46:56.

Flavor Version Tinstall Tcheck Ttotal Status Flags
r-devel-linux-x86_64-debian-gcc 1.0 2.20 13.93 16.13 NOTE
r-devel-linux-x86_64-fedora-clang 1.0 28.45 NOTE
r-devel-linux-x86_64-fedora-gcc 1.0 26.28 NOTE
r-devel-osx-x86_64-clang 1.0 32.44 NOTE
r-devel-windows-ix86+x86_64 1.0 12.00 40.00 52.00 NOTE
r-patched-linux-x86_64 1.0 2.12 13.67 15.79 NOTE
r-patched-solaris-sparc 1.0 202.70 NOTE
r-patched-solaris-x86 1.0 41.30 NOTE
r-release-linux-x86_64 1.0 2.28 14.72 17.00 NOTE
r-release-osx-x86_64-mavericks 1.0 NOTE
r-release-windows-ix86+x86_64 1.0 7.00 48.00 55.00 NOTE
r-oldrel-windows-ix86+x86_64 1.0 14.00 54.00 68.00 NOTE

Check Details

Version: 1.0
Check: DESCRIPTION meta-information
Result: NOTE
    Malformed Title field: should not end in a period.
Flavors: r-devel-linux-x86_64-debian-gcc, r-devel-linux-x86_64-fedora-clang, r-devel-linux-x86_64-fedora-gcc, r-devel-osx-x86_64-clang, r-devel-windows-ix86+x86_64, r-patched-linux-x86_64, r-patched-solaris-sparc, r-patched-solaris-x86, r-release-linux-x86_64, r-release-osx-x86_64-mavericks, r-release-windows-ix86+x86_64

Version: 1.0
Check: R code for possible problems
Result: NOTE
    MRwarp: no visible global function definition for ‘dev.new’
    MRwarp: no visible global function definition for ‘plot’
    MRwarp: no visible global function definition for ‘lines’
    MRwarp: no visible global function definition for ‘points’
    MRwarp: no visible global function definition for ‘hist’
    Undefined global functions or variables:
     dev.new hist lines plot points
    Consider adding
     importFrom("grDevices", "dev.new")
     importFrom("graphics", "hist", "lines", "plot", "points")
    to your NAMESPACE file.
Flavors: r-devel-linux-x86_64-debian-gcc, r-devel-linux-x86_64-fedora-clang, r-devel-linux-x86_64-fedora-gcc, r-devel-osx-x86_64-clang, r-devel-windows-ix86+x86_64, r-patched-linux-x86_64, r-patched-solaris-sparc, r-patched-solaris-x86

Version: 1.0
Check: compiled code
Result: NOTE
    File ‘MRwarping/libs/MRwarping.so’:
     Found ‘rand’, possibly from ‘rand’ (C)
     Object: ‘interfaceRC_warp.o’
    
    Compiled code should not call entry points which might terminate R nor
    write to stdout/stderr instead of to the console, nor the system RNG.
    
    See ‘Writing portable packages’ in the ‘Writing R Extensions’ manual.
Flavors: r-devel-linux-x86_64-debian-gcc, r-devel-linux-x86_64-fedora-clang, r-devel-linux-x86_64-fedora-gcc, r-patched-linux-x86_64, r-patched-solaris-sparc, r-patched-solaris-x86, r-release-linux-x86_64

Version: 1.0
Check: compiled code
Result: NOTE
    File ‘MRwarping/libs/MRwarping.so’:
     Found ‘_rand’, possibly from ‘rand’ (C)
     Object: ‘interfaceRC_warp.o’
    
    Compiled code should not call entry points which might terminate R nor
    write to stdout/stderr instead of to the console, nor the system RNG.
    
    See ‘Writing portable packages’ in the ‘Writing R Extensions’ manual.
Flavors: r-devel-osx-x86_64-clang, r-release-osx-x86_64-mavericks

Version: 1.0
Check: compiled code
Result: NOTE
    File 'MRwarping/libs/i386/MRwarping.dll':
     Found 'rand', possibly from 'rand' (C)
     Object: 'interfaceRC_warp.o'
    File 'MRwarping/libs/x64/MRwarping.dll':
     Found 'rand', possibly from 'rand' (C)
     Object: 'interfaceRC_warp.o'
    
    Compiled code should not call entry points which might terminate R nor
    write to stdout/stderr instead of to the console, nor the system RNG.
    
    See 'Writing portable packages' in the 'Writing R Extensions' manual.
Flavors: r-release-windows-ix86+x86_64, r-oldrel-windows-ix86+x86_64