CRAN Package Check Results for Package MRwarping

Last updated on 2015-02-28 12:51:17.

Flavor Version Tinstall Tcheck Ttotal Status Flags
r-devel-linux-x86_64-debian-clang 1.0 1.58 15.96 17.54 NOTE
r-devel-linux-x86_64-debian-gcc 1.0 2.08 14.93 17.01 NOTE
r-devel-linux-x86_64-fedora-clang 1.0 32.38 NOTE
r-devel-linux-x86_64-fedora-gcc 1.0 31.67 NOTE
r-devel-osx-x86_64-clang 1.0 35.41 NOTE
r-devel-windows-ix86+x86_64 1.0 13.00 35.00 48.00 NOTE
r-patched-linux-x86_64 1.0 2.40 18.56 20.96 NOTE
r-patched-solaris-sparc 1.0 222.60 NOTE
r-patched-solaris-x86 1.0 54.90 NOTE
r-release-linux-ix86 1.0 2.66 25.79 28.45 NOTE
r-release-linux-x86_64 1.0 2.41 18.93 21.34 NOTE
r-release-osx-x86_64-mavericks 1.0 NOTE
r-release-osx-x86_64-snowleopard 1.0 ERROR
r-release-windows-ix86+x86_64 1.0 9.00 41.00 50.00 NOTE
r-oldrel-windows-ix86+x86_64 1.0 9.00 43.00 52.00 OK

Check Details

Version: 1.0
Check: DESCRIPTION meta-information
Result: NOTE
    Malformed Title field: should not end in a period.
Flavors: r-devel-linux-x86_64-debian-clang, r-devel-linux-x86_64-debian-gcc, r-devel-linux-x86_64-fedora-clang, r-devel-linux-x86_64-fedora-gcc, r-devel-osx-x86_64-clang, r-devel-windows-ix86+x86_64

Version: 1.0
Check: compiled code
Result: NOTE
    File ‘MRwarping/libs/MRwarping.so’:
     Found ‘rand’, possibly from ‘rand’ (C)
     Object: ‘interfaceRC_warp.o’
    
    Compiled code should not call entry points which might terminate R nor
    write to stdout/stderr instead of to the console, nor the system RNG.
    
    See ‘Writing portable packages’ in the ‘Writing R Extensions’ manual.
Flavors: r-devel-linux-x86_64-debian-clang, r-devel-linux-x86_64-debian-gcc, r-devel-linux-x86_64-fedora-clang, r-devel-linux-x86_64-fedora-gcc, r-patched-linux-x86_64, r-patched-solaris-sparc, r-patched-solaris-x86

Version: 1.0
Check: compiled code
Result: NOTE
    File ‘MRwarping/libs/MRwarping.so’:
     Found ‘_rand’, possibly from ‘rand’ (C)
     Object: ‘interfaceRC_warp.o’
    
    Compiled code should not call entry points which might terminate R nor
    write to stdout/stderr instead of to the console, nor the system RNG.
    
    See ‘Writing portable packages’ in the ‘Writing R Extensions’ manual.
Flavors: r-devel-osx-x86_64-clang, r-release-osx-x86_64-mavericks

Version: 1.0
Check: compiled code
Result: NOTE
    File 'MRwarping/libs/i386/MRwarping.dll':
     Found 'rand', possibly from 'rand' (C)
     Object: 'interfaceRC_warp.o'
    File 'MRwarping/libs/x64/MRwarping.dll':
     Found 'rand', possibly from 'rand' (C)
     Object: 'interfaceRC_warp.o'
    
    Compiled code should not call entry points which might terminate R nor
    write to stdout/stderr instead of to the console, nor the system RNG.
    
    See 'Writing portable packages' in the 'Writing R Extensions' manual.
Flavor: r-devel-windows-ix86+x86_64

Version: 1.0
Check: compiled code
Result: NOTE
    File ‘MRwarping/libs/MRwarping.so’:
     Found ‘rand’, possibly from ‘rand’ (C)
     Object: ‘interfaceRC_warp.o’
    
    Compiled code should not call entry points which might terminate R nor
    write to stdout/stderr instead of to the console, nor the C RNG.
    
    See ‘Writing portable packages’ in the ‘Writing R Extensions’ manual.
Flavors: r-release-linux-ix86, r-release-linux-x86_64

Version: 1.0
Check: whether package can be installed
Result: ERROR
    Installation failed.
Flavor: r-release-osx-x86_64-snowleopard

Version: 1.0
Check: compiled code
Result: NOTE
    File 'MRwarping/libs/i386/MRwarping.dll':
     Found 'rand', possibly from 'rand' (C)
     Object: 'interfaceRC_warp.o'
    File 'MRwarping/libs/x64/MRwarping.dll':
     Found 'rand', possibly from 'rand' (C)
     Object: 'interfaceRC_warp.o'
    
    Compiled code should not call entry points which might terminate R nor
    write to stdout/stderr instead of to the console, nor the C RNG.
    
    See 'Writing portable packages' in the 'Writing R Extensions' manual.
Flavor: r-release-windows-ix86+x86_64