CRAN Package Check Results for Package MRwarping

Last updated on 2015-04-19 17:48:41.

Flavor Version Tinstall Tcheck Ttotal Status Flags
r-devel-linux-x86_64-debian-clang 1.0 1.67 14.82 16.49 NOTE
r-devel-linux-x86_64-debian-gcc 1.0 2.14 14.72 16.86 NOTE
r-devel-linux-x86_64-fedora-clang 1.0 32.27 NOTE
r-devel-linux-x86_64-fedora-gcc 1.0 35.55 NOTE
r-devel-osx-x86_64-clang 1.0 37.05 NOTE
r-devel-windows-ix86+x86_64 1.0 13.00 33.00 46.00 NOTE
r-patched-linux-x86_64 1.0 2.06 15.03 17.09 NOTE
r-patched-solaris-sparc 1.0 211.20 NOTE
r-patched-solaris-x86 1.0 46.70 NOTE
r-release-linux-x86_64 1.0 2.08 14.90 16.98 NOTE
r-release-osx-x86_64-mavericks 1.0 NOTE
r-release-osx-x86_64-snowleopard 1.0 NOTE
r-release-windows-ix86+x86_64 1.0 6.00 31.00 37.00 NOTE
r-oldrel-windows-ix86+x86_64 1.0 9.00 52.00 61.00 NOTE

Check Details

Version: 1.0
Check: DESCRIPTION meta-information
Result: NOTE
    Malformed Title field: should not end in a period.
Flavors: r-devel-linux-x86_64-debian-clang, r-devel-linux-x86_64-debian-gcc, r-devel-linux-x86_64-fedora-clang, r-devel-linux-x86_64-fedora-gcc, r-devel-osx-x86_64-clang, r-devel-windows-ix86+x86_64, r-patched-linux-x86_64, r-patched-solaris-sparc, r-patched-solaris-x86, r-release-linux-x86_64, r-release-osx-x86_64-mavericks, r-release-osx-x86_64-snowleopard, r-release-windows-ix86+x86_64

Version: 1.0
Check: compiled code
Result: NOTE
    File ‘MRwarping/libs/MRwarping.so’:
     Found ‘rand’, possibly from ‘rand’ (C)
     Object: ‘interfaceRC_warp.o’
    
    Compiled code should not call entry points which might terminate R nor
    write to stdout/stderr instead of to the console, nor the system RNG.
    
    See ‘Writing portable packages’ in the ‘Writing R Extensions’ manual.
Flavors: r-devel-linux-x86_64-debian-clang, r-devel-linux-x86_64-debian-gcc, r-devel-linux-x86_64-fedora-clang, r-devel-linux-x86_64-fedora-gcc, r-patched-linux-x86_64, r-patched-solaris-sparc, r-patched-solaris-x86, r-release-linux-x86_64

Version: 1.0
Check: compiled code
Result: NOTE
    File ‘MRwarping/libs/MRwarping.so’:
     Found ‘_rand’, possibly from ‘rand’ (C)
     Object: ‘interfaceRC_warp.o’
    
    Compiled code should not call entry points which might terminate R nor
    write to stdout/stderr instead of to the console, nor the system RNG.
    
    See ‘Writing portable packages’ in the ‘Writing R Extensions’ manual.
Flavors: r-devel-osx-x86_64-clang, r-release-osx-x86_64-mavericks, r-release-osx-x86_64-snowleopard

Version: 1.0
Check: compiled code
Result: NOTE
    File 'MRwarping/libs/i386/MRwarping.dll':
     Found 'rand', possibly from 'rand' (C)
     Object: 'interfaceRC_warp.o'
    File 'MRwarping/libs/x64/MRwarping.dll':
     Found 'rand', possibly from 'rand' (C)
     Object: 'interfaceRC_warp.o'
    
    Compiled code should not call entry points which might terminate R nor
    write to stdout/stderr instead of to the console, nor the system RNG.
    
    See 'Writing portable packages' in the 'Writing R Extensions' manual.
Flavors: r-devel-windows-ix86+x86_64, r-release-windows-ix86+x86_64, r-oldrel-windows-ix86+x86_64