CRAN Package Check Results for Package MRwarping

Last updated on 2014-12-18 09:53:46.

Flavor Version Tinstall Tcheck Ttotal Status Flags
r-devel-linux-x86_64-debian-clang 1.0 1.92 17.91 19.84 NOTE
r-devel-linux-x86_64-debian-gcc 1.0 2.33 17.50 19.83 NOTE
r-devel-linux-x86_64-fedora-clang 1.0 39.52 NOTE
r-devel-linux-x86_64-fedora-gcc 1.0 36.26 NOTE
r-devel-osx-x86_64-clang 1.0 42.32 NOTE
r-devel-windows-ix86+x86_64 1.0 12.00 40.00 52.00 NOTE
r-patched-linux-x86_64 1.0 2.24 18.16 20.40 NOTE
r-patched-solaris-sparc 1.0 265.10 NOTE
r-patched-solaris-x86 1.0 55.00 NOTE
r-release-linux-ix86 1.0 2.50 24.54 27.04 NOTE
r-release-linux-x86_64 1.0 2.26 17.80 20.06 NOTE
r-release-osx-x86_64-mavericks 1.0 OK
r-release-osx-x86_64-snowleopard 1.0 ERROR
r-release-windows-ix86+x86_64 1.0 9.00 40.00 49.00 NOTE
r-oldrel-windows-ix86+x86_64 1.0 9.00 42.00 51.00 OK

Check Details

Version: 1.0
Check: compiled code
Result: NOTE
    File ‘MRwarping/libs/MRwarping.so’:
     Found ‘rand’, possibly from ‘rand’ (C)
     Object: ‘interfaceRC_warp.o’
    
    Compiled code should not call entry points which might terminate R nor
    write to stdout/stderr instead of to the console, nor the system RNG.
    
    See ‘Writing portable packages’ in the ‘Writing R Extensions’ manual.
Flavors: r-devel-linux-x86_64-debian-clang, r-devel-linux-x86_64-debian-gcc, r-devel-linux-x86_64-fedora-clang, r-devel-linux-x86_64-fedora-gcc, r-patched-linux-x86_64, r-patched-solaris-sparc, r-patched-solaris-x86

Version: 1.0
Check: compiled code
Result: NOTE
    File ‘MRwarping/libs/MRwarping.so’:
     Found ‘_rand’, possibly from ‘rand’ (C)
     Object: ‘interfaceRC_warp.o’
    
    Compiled code should not call entry points which might terminate R nor
    write to stdout/stderr instead of to the console, nor the system RNG.
    
    See ‘Writing portable packages’ in the ‘Writing R Extensions’ manual.
Flavor: r-devel-osx-x86_64-clang

Version: 1.0
Check: compiled code
Result: NOTE
    File 'MRwarping/libs/i386/MRwarping.dll':
     Found 'rand', possibly from 'rand' (C)
     Object: 'interfaceRC_warp.o'
    File 'MRwarping/libs/x64/MRwarping.dll':
     Found 'rand', possibly from 'rand' (C)
     Object: 'interfaceRC_warp.o'
    
    Compiled code should not call entry points which might terminate R nor
    write to stdout/stderr instead of to the console, nor the system RNG.
    
    See 'Writing portable packages' in the 'Writing R Extensions' manual.
Flavor: r-devel-windows-ix86+x86_64

Version: 1.0
Check: compiled code
Result: NOTE
    File ‘MRwarping/libs/MRwarping.so’:
     Found ‘rand’, possibly from ‘rand’ (C)
     Object: ‘interfaceRC_warp.o’
    
    Compiled code should not call entry points which might terminate R nor
    write to stdout/stderr instead of to the console, nor the C RNG.
    
    See ‘Writing portable packages’ in the ‘Writing R Extensions’ manual.
Flavors: r-release-linux-ix86, r-release-linux-x86_64

Version: 1.0
Check: whether package can be installed
Result: ERROR
    Installation failed.
Flavor: r-release-osx-x86_64-snowleopard

Version: 1.0
Check: compiled code
Result: NOTE
    File 'MRwarping/libs/i386/MRwarping.dll':
     Found 'rand', possibly from 'rand' (C)
     Object: 'interfaceRC_warp.o'
    File 'MRwarping/libs/x64/MRwarping.dll':
     Found 'rand', possibly from 'rand' (C)
     Object: 'interfaceRC_warp.o'
    
    Compiled code should not call entry points which might terminate R nor
    write to stdout/stderr instead of to the console, nor the C RNG.
    
    See 'Writing portable packages' in the 'Writing R Extensions' manual.
Flavor: r-release-windows-ix86+x86_64