CRAN Package Check Results for Package MRwarping

Last updated on 2014-07-31 17:48:24.

Flavor Version Tinstall Tcheck Ttotal Status Flags
r-devel-linux-x86_64-debian-clang 1.0 1.48 16.70 18.18 OK
r-devel-linux-x86_64-debian-gcc 1.0 2.21 16.93 19.14 OK
r-devel-linux-x86_64-fedora-clang 1.0 36.90 OK
r-devel-linux-x86_64-fedora-gcc 1.0 35.93 OK
r-devel-osx-x86_64-clang 1.0 36.32 OK
r-devel-windows-ix86+x86_64 1.0 9.00 37.00 46.00 OK
r-patched-linux-x86_64 1.0 2.26 17.04 19.30 OK
r-patched-solaris-sparc 1.0 212.30 OK
r-patched-solaris-x86 1.0 53.40 OK
r-release-linux-ix86 1.0 2.48 24.20 26.67 OK
r-release-linux-x86_64 1.0 2.56 17.18 19.73 OK
r-release-osx-x86_64-mavericks 1.0 OK
r-release-osx-x86_64-snowleopard 1.0 ERROR
r-release-windows-ix86+x86_64 1.0 12.00 53.00 65.00 OK
r-oldrel-windows-ix86+x86_64 1.0 12.00 56.00 68.00 OK

Check Details

Version: 1.0
Check: whether package can be installed
Result: ERROR
    Installation failed.
Flavor: r-release-osx-x86_64-snowleopard