CRAN Package Check Results for Package MRwarping

Last updated on 2014-08-20 10:47:00.

Flavor Version Tinstall Tcheck Ttotal Status Flags
r-devel-linux-x86_64-debian-clang 1.0 1.48 17.33 18.81 OK
r-devel-linux-x86_64-debian-gcc 1.0 2.15 16.26 18.41 OK
r-devel-linux-x86_64-fedora-clang 1.0 36.92 OK
r-devel-linux-x86_64-fedora-gcc 1.0 35.00 OK
r-devel-osx-x86_64-clang 1.0 35.13 OK
r-devel-windows-ix86+x86_64 1.0 8.00 40.00 48.00 OK
r-patched-linux-x86_64 1.0 2.34 16.82 19.16 OK
r-patched-solaris-sparc 1.0 212.30 OK
r-patched-solaris-x86 1.0 51.60 OK
r-release-linux-ix86 1.0 2.48 24.50 26.98 OK
r-release-linux-x86_64 1.0 2.62 17.54 20.16 OK
r-release-osx-x86_64-mavericks 1.0 OK
r-release-osx-x86_64-snowleopard 1.0 ERROR
r-release-windows-ix86+x86_64 1.0 9.00 38.00 47.00 OK
r-oldrel-windows-ix86+x86_64 1.0 8.00 41.00 49.00 OK

Check Details

Version: 1.0
Check: whether package can be installed
Result: ERROR
    Installation failed.
Flavor: r-release-osx-x86_64-snowleopard