CRAN Package Check Results for Package MRwarping

Last updated on 2017-08-17 01:46:57.

Flavor Version Tinstall Tcheck Ttotal Status Flags
r-devel-linux-x86_64-debian-clang 1.0 2.22 18.97 21.19 NOTE
r-devel-linux-x86_64-debian-gcc 1.0 2.60 18.61 21.20 NOTE
r-devel-linux-x86_64-fedora-clang 1.0 35.93 NOTE
r-devel-linux-x86_64-fedora-gcc 1.0 37.12 NOTE
r-devel-windows-ix86+x86_64 1.0 9.00 49.00 58.00 NOTE
r-patched-linux-x86_64 1.0 2.45 18.47 20.92 NOTE
r-patched-solaris-x86 1.0 49.80 NOTE
r-release-linux-x86_64 1.0 2.46 17.53 19.99 NOTE
r-release-windows-ix86+x86_64 1.0 10.00 45.00 55.00 NOTE
r-release-osx-x86_64 1.0 NOTE
r-oldrel-windows-ix86+x86_64 1.0 11.00 42.00 53.00 NOTE
r-oldrel-osx-x86_64 1.0 NOTE

Check Details

Version: 1.0
Check: DESCRIPTION meta-information
Result: NOTE
    Malformed Title field: should not end in a period.
Flavors: r-devel-linux-x86_64-debian-clang, r-devel-linux-x86_64-debian-gcc, r-devel-linux-x86_64-fedora-clang, r-devel-linux-x86_64-fedora-gcc, r-devel-windows-ix86+x86_64, r-patched-linux-x86_64, r-patched-solaris-x86, r-release-linux-x86_64, r-release-windows-ix86+x86_64, r-release-osx-x86_64, r-oldrel-windows-ix86+x86_64, r-oldrel-osx-x86_64

Version: 1.0
Check: R code for possible problems
Result: NOTE
    MRwarp: no visible global function definition for ‘dev.new’
    MRwarp: no visible global function definition for ‘plot’
    MRwarp: no visible global function definition for ‘lines’
    MRwarp: no visible global function definition for ‘points’
    MRwarp: no visible global function definition for ‘hist’
    Undefined global functions or variables:
     dev.new hist lines plot points
    Consider adding
     importFrom("grDevices", "dev.new")
     importFrom("graphics", "hist", "lines", "plot", "points")
    to your NAMESPACE file.
Flavors: r-devel-linux-x86_64-debian-clang, r-devel-linux-x86_64-debian-gcc, r-devel-linux-x86_64-fedora-clang, r-devel-linux-x86_64-fedora-gcc, r-devel-windows-ix86+x86_64, r-patched-linux-x86_64, r-patched-solaris-x86, r-release-linux-x86_64, r-release-windows-ix86+x86_64, r-release-osx-x86_64, r-oldrel-windows-ix86+x86_64, r-oldrel-osx-x86_64

Version: 1.0
Check: compiled code
Result: NOTE
    File ‘MRwarping/libs/MRwarping.so’:
     Found ‘rand’, possibly from ‘rand’ (C)
     Object: ‘interfaceRC_warp.o’
    File ‘MRwarping/libs/MRwarping.so’:
     Found no calls to: ‘R_registerRoutines’, ‘R_useDynamicSymbols’
    
    Compiled code should not call entry points which might terminate R nor
    write to stdout/stderr instead of to the console, nor the system RNG.
    It is good practice to register native routines and to disable symbol
    search.
    
    See ‘Writing portable packages’ in the ‘Writing R Extensions’ manual.
Flavors: r-devel-linux-x86_64-debian-clang, r-devel-linux-x86_64-debian-gcc, r-devel-linux-x86_64-fedora-clang, r-devel-linux-x86_64-fedora-gcc, r-patched-linux-x86_64, r-release-linux-x86_64

Version: 1.0
Check: compiled code
Result: NOTE
    File 'MRwarping/libs/i386/MRwarping.dll':
     Found 'rand', possibly from 'rand' (C)
     Object: 'interfaceRC_warp.o'
    File 'MRwarping/libs/x64/MRwarping.dll':
     Found 'rand', possibly from 'rand' (C)
     Object: 'interfaceRC_warp.o'
    
    Compiled code should not call entry points which might terminate R nor
    write to stdout/stderr instead of to the console, nor the system RNG.
    
    See 'Writing portable packages' in the 'Writing R Extensions' manual.
Flavors: r-devel-windows-ix86+x86_64, r-release-windows-ix86+x86_64, r-oldrel-windows-ix86+x86_64

Version: 1.0
Check: compiled code
Result: NOTE
    File ‘MRwarping/libs/MRwarping.so’:
     Found ‘rand’, possibly from ‘rand’ (C)
     Object: ‘interfaceRC_warp.o’
    
    Compiled code should not call entry points which might terminate R nor
    write to stdout/stderr instead of to the console, nor the system RNG.
    
    See ‘Writing portable packages’ in the ‘Writing R Extensions’ manual.
Flavor: r-patched-solaris-x86

Version: 1.0
Check: compiled code
Result: NOTE
    File ‘MRwarping/libs/MRwarping.so’:
     Found ‘_rand’, possibly from ‘rand’ (C)
     Object: ‘interfaceRC_warp.o’
    
    Compiled code should not call entry points which might terminate R nor
    write to stdout/stderr instead of to the console, nor the system RNG.
    
    See ‘Writing portable packages’ in the ‘Writing R Extensions’ manual.
Flavors: r-release-osx-x86_64, r-oldrel-osx-x86_64