CRAN Package Check Results for Package MRwarping

Last updated on 2014-10-25 19:47:41.

Flavor Version Tinstall Tcheck Ttotal Status Flags
r-devel-linux-x86_64-debian-clang 1.0 1.69 17.76 19.45 NOTE
r-devel-linux-x86_64-debian-gcc 1.0 2.26 17.76 20.02 NOTE
r-devel-linux-x86_64-fedora-clang 1.0 39.74 NOTE
r-devel-linux-x86_64-fedora-gcc 1.0 36.59 NOTE
r-devel-osx-x86_64-clang 1.0 39.23 NOTE
r-devel-windows-ix86+x86_64 1.0 8.00 37.00 45.00 NOTE
r-patched-linux-x86_64 1.0 2.86 18.79 21.64 NOTE
r-patched-solaris-sparc 1.0 250.60 NOTE
r-patched-solaris-x86 1.0 56.30 NOTE
r-release-linux-ix86 1.0 2.53 24.90 27.43 OK
r-release-linux-x86_64 1.0 2.47 17.36 19.82 OK
r-release-osx-x86_64-mavericks 1.0 OK
r-release-osx-x86_64-snowleopard 1.0 ERROR
r-release-windows-ix86+x86_64 1.0 10.00 39.00 49.00 OK
r-oldrel-windows-ix86+x86_64 1.0 9.00 44.00 53.00 OK

Check Details

Version: 1.0
Check: compiled code
Result: NOTE
    File ‘MRwarping/libs/MRwarping.so’:
     Found ‘rand’, possibly from ‘rand’ (C)
     Object: ‘interfaceRC_warp.o’
    
    Compiled code should not call entry points which might terminate R nor
    write to stdout/stderr instead of to the console, nor the C RNG.
    
    See ‘Writing portable packages’ in the ‘Writing R Extensions’ manual.
Flavors: r-devel-linux-x86_64-debian-clang, r-devel-linux-x86_64-debian-gcc, r-devel-linux-x86_64-fedora-clang, r-devel-linux-x86_64-fedora-gcc, r-patched-linux-x86_64, r-patched-solaris-sparc, r-patched-solaris-x86

Version: 1.0
Check: compiled code
Result: NOTE
    File ‘MRwarping/libs/MRwarping.so’:
     Found ‘_rand’, possibly from ‘rand’ (C)
     Object: ‘interfaceRC_warp.o’
    
    Compiled code should not call entry points which might terminate R nor
    write to stdout/stderr instead of to the console, nor the C RNG.
    
    See ‘Writing portable packages’ in the ‘Writing R Extensions’ manual.
Flavor: r-devel-osx-x86_64-clang

Version: 1.0
Check: compiled code
Result: NOTE
    File 'MRwarping/libs/i386/MRwarping.dll':
     Found 'rand', possibly from 'rand' (C)
     Object: 'interfaceRC_warp.o'
    File 'MRwarping/libs/x64/MRwarping.dll':
     Found 'rand', possibly from 'rand' (C)
     Object: 'interfaceRC_warp.o'
    
    Compiled code should not call entry points which might terminate R nor
    write to stdout/stderr instead of to the console, nor the C RNG.
    
    See 'Writing portable packages' in the 'Writing R Extensions' manual.
Flavor: r-devel-windows-ix86+x86_64

Version: 1.0
Check: whether package can be installed
Result: ERROR
    Installation failed.
Flavor: r-release-osx-x86_64-snowleopard