CRAN Package Check Results for Package MSBVAR

Last updated on 2017-09-21 17:48:14.

Flavor Version Tinstall Tcheck Ttotal Status Flags
r-devel-linux-x86_64-debian-clang 0.9-3 18.03 41.64 59.67 NOTE
r-devel-linux-x86_64-debian-gcc 0.9-3 17.03 40.62 57.66 NOTE
r-devel-linux-x86_64-fedora-clang 0.9-3 104.74 NOTE
r-devel-linux-x86_64-fedora-gcc 0.9-3 96.05 NOTE
r-devel-windows-ix86+x86_64 0.9-3 71.00 92.00 163.00 OK
r-patched-linux-x86_64 0.9-3 16.37 39.78 56.15 NOTE
r-patched-solaris-x86 0.9-3 134.70 OK
r-release-linux-x86_64 0.9-3 16.12 40.42 56.54 NOTE
r-release-windows-ix86+x86_64 0.9-3 83.00 103.00 186.00 OK
r-release-osx-x86_64 0.9-3 OK
r-oldrel-windows-ix86+x86_64 0.9-3 70.00 78.00 148.00 OK
r-oldrel-osx-x86_64 0.9-3 OK

Additional issues

rchk

Check Details

Version: 0.9-3
Check: compiled code
Result: NOTE
    File ‘MSBVAR/libs/MSBVAR.so’:
     Found no call to: ‘R_useDynamicSymbols’
    
    It is good practice to register native routines and to disable symbol
    search.
    
    See ‘Writing portable packages’ in the ‘Writing R Extensions’ manual.
Flavors: r-devel-linux-x86_64-debian-clang, r-devel-linux-x86_64-debian-gcc, r-devel-linux-x86_64-fedora-clang, r-devel-linux-x86_64-fedora-gcc, r-patched-linux-x86_64, r-release-linux-x86_64