CRAN Package Check Results for Package MSBVAR

Last updated on 2017-02-21 23:50:54.

Flavor Version Tinstall Tcheck Ttotal Status Flags
r-devel-linux-x86_64-debian-clang 0.9-3 18.11 39.13 57.24 NOTE
r-devel-linux-x86_64-debian-gcc 0.9-3 16.59 40.32 56.91 NOTE
r-devel-linux-x86_64-fedora-clang 0.9-3 100.36 NOTE --no-stop-on-test-error
r-devel-linux-x86_64-fedora-gcc 0.9-3 97.74 NOTE --no-stop-on-test-error
r-devel-macos-x86_64-clang 0.9-3 80.89 NOTE --no-stop-on-test-error
r-devel-windows-ix86+x86_64 0.9-3 106.00 133.00 239.00 OK
r-patched-linux-x86_64 0.9-3 15.08 33.71 48.79 OK
r-patched-solaris-sparc 0.9-3 546.40 OK
r-patched-solaris-x86 0.9-3 111.40 OK
r-release-linux-x86_64 0.9-3 14.68 32.62 47.30 OK
r-release-osx-x86_64-mavericks 0.9-3 OK
r-release-windows-ix86+x86_64 0.9-3 170.00 115.00 285.00 OK
r-oldrel-windows-ix86+x86_64 0.9-3 150.00 145.00 295.00 OK

Check Details

Version: 0.9-3
Check: compiled code
Result: NOTE
    File ‘MSBVAR/libs/MSBVAR.so’:
     Found no call to: ‘R_useDynamicSymbols’
    
    It is good practice to register native routines and to disable symbol
    search.
    
    See ‘Writing portable packages’ in the ‘Writing R Extensions’ manual.
Flavors: r-devel-linux-x86_64-debian-clang, r-devel-linux-x86_64-debian-gcc

Version: 0.9-3
Flags: --no-stop-on-test-error
Check: compiled code
Result: NOTE
    File ‘MSBVAR/libs/MSBVAR.so’:
     Found no call to: ‘R_useDynamicSymbols’
    
    It is good practice to register native routines and to disable symbol
    search.
    
    See ‘Writing portable packages’ in the ‘Writing R Extensions’ manual.
Flavors: r-devel-linux-x86_64-fedora-clang, r-devel-linux-x86_64-fedora-gcc, r-devel-macos-x86_64-clang