CRAN Package Check Results for Package MSBVAR

Last updated on 2017-03-29 11:49:39.

Flavor Version Tinstall Tcheck Ttotal Status Flags
r-devel-linux-x86_64-debian-clang 0.9-3 21.34 38.95 60.30 NOTE
r-devel-linux-x86_64-debian-gcc 0.9-3 16.60 37.59 54.20 NOTE
r-devel-linux-x86_64-fedora-clang 0.9-3 102.68 NOTE --no-stop-on-test-error
r-devel-linux-x86_64-fedora-gcc 0.9-3 92.73 NOTE --no-stop-on-test-error
r-devel-macos-x86_64-clang 0.9-3 80.38 NOTE --no-stop-on-test-error
r-devel-windows-ix86+x86_64 0.9-3 91.00 85.00 176.00 OK
r-patched-linux-x86_64 0.9-3 14.85 37.67 52.52 NOTE
r-patched-solaris-sparc 0.9-3 646.80 OK
r-patched-solaris-x86 0.9-3 166.60 OK
r-release-linux-x86_64 0.9-3 14.71 34.68 49.39 OK
r-release-osx-x86_64-mavericks 0.9-3 OK
r-release-windows-ix86+x86_64 0.9-3 120.00 114.00 234.00 OK
r-oldrel-windows-ix86+x86_64 0.9-3 90.00 93.00 183.00 OK

Check Details

Version: 0.9-3
Check: compiled code
Result: NOTE
    File ‘MSBVAR/libs/MSBVAR.so’:
     Found no call to: ‘R_useDynamicSymbols’
    
    It is good practice to register native routines and to disable symbol
    search.
    
    See ‘Writing portable packages’ in the ‘Writing R Extensions’ manual.
Flavors: r-devel-linux-x86_64-debian-clang, r-devel-linux-x86_64-debian-gcc, r-patched-linux-x86_64

Version: 0.9-3
Flags: --no-stop-on-test-error
Check: compiled code
Result: NOTE
    File ‘MSBVAR/libs/MSBVAR.so’:
     Found no call to: ‘R_useDynamicSymbols’
    
    It is good practice to register native routines and to disable symbol
    search.
    
    See ‘Writing portable packages’ in the ‘Writing R Extensions’ manual.
Flavors: r-devel-linux-x86_64-fedora-clang, r-devel-linux-x86_64-fedora-gcc, r-devel-macos-x86_64-clang