CRAN Package Check Results for Package MSBVAR

Last updated on 2015-08-02 14:47:31.

Flavor Version Tinstall Tcheck Ttotal Status Flags
r-devel-linux-x86_64-debian-clang 0.9-2 13.20 32.40 45.60 NOTE
r-devel-linux-x86_64-debian-gcc 0.9-2 15.15 31.94 47.09 NOTE
r-devel-linux-x86_64-fedora-clang 0.9-2 91.98 NOTE
r-devel-linux-x86_64-fedora-gcc 0.9-2 88.39 NOTE
r-devel-osx-x86_64-clang 0.9-2 77.71 OK
r-devel-windows-ix86+x86_64 0.9-2 91.00 92.00 183.00 NOTE
r-patched-linux-x86_64 0.9-2 14.86 32.50 47.36 OK
r-patched-solaris-sparc 0.9-2 551.30 OK
r-patched-solaris-x86 0.9-2 121.50 OK
r-release-linux-x86_64 0.9-2 14.97 31.91 46.88 OK
r-release-osx-x86_64-mavericks 0.9-2 OK
r-release-windows-ix86+x86_64 0.9-2 102.00 119.00 221.00 OK
r-oldrel-windows-ix86+x86_64 0.9-2 115.00 96.00 211.00 OK

Check Details

Version: 0.9-2
Check: R code for possible problems
Result: NOTE
    Beta.draw: no visible global function definition for ‘rnorm’
    PermuteFlip: no visible global function definition for ‘runif’
    Q.drawMH: no visible global function definition for ‘runif’
    SS.ffbs: no visible global function definition for ‘runif’
    add.hdr: no visible global function definition for ‘polygon’
    bingen.R: no visible global function definition for ‘runif’
    blkopt: no visible global function definition for ‘optim’
    calc.falpha: no visible global function definition for ‘approx’
    calc.falpha: no visible global function definition for ‘quantile’
    coef.forecast.VAR: no visible global function definition for ‘ts’
    compute.plot.mc.irf: no visible binding for global variable ‘quantile’
    compute.plot.mc.irf: no visible binding for global variable ‘var’
    compute.plot.mc.irf: no visible global function definition for ‘qnorm’
    compute.plot.mc.irf: no visible global function definition for ‘var’
    decay.spec: no visible global function definition for ‘ts’
    forc.ecdf: no visible binding for global variable ‘quantile’
    forc.ecdf: no visible global function definition for ‘ts’
    forecast.MSBVAR: no visible global function definition for ‘rnorm’
    forecast.MSBVAR: no visible global function definition for ‘tsp’
    forecast.VAR: no visible global function definition for ‘ts’
    forecast.VAR: no visible global function definition for ‘start’
    forecast.VAR: no visible global function definition for ‘frequency’
    generate.states: no visible global function definition for ‘runif’
    gibbs.msbvar: no visible global function definition for ‘tsp’
    granger.test: no visible global function definition for ‘embed’
    granger.test: no visible global function definition for ‘lm’
    granger.test: no visible global function definition for ‘pf’
    hc.forecast.VAR: no visible global function definition for ‘rnorm’
    hdr.ends: no visible global function definition for ‘approx’
    initialize.msbvar: no visible global function definition for ‘kmeans’
    mcmc.szbsvar: no visible global function definition for ‘rnorm’
    mountains: no visible global function definition for ‘par’
    mountains: no visible global function definition for ‘layout’
    mountains: no visible global function definition for ‘plot’
    mountains: no visible global function definition for ‘lines’
    mountains: no visible global function definition for ‘abline’
    mountains: no visible global function definition for ‘contour’
    mountains: no visible global function definition for ‘points’
    mountains: no visible global function definition for ‘persp’
    msvar: no visible global function definition for ‘ts’
    plot.SS: no visible global function definition for ‘plot’
    plot.SS: no visible global function definition for ‘ts’
    plot.SS: no visible global function definition for ‘abline’
    plot.forc.ecdf: no visible binding for global variable ‘quantile’
    plot.forc.ecdf: no visible global function definition for ‘as.ts’
    plot.forc.ecdf: no visible global function definition for ‘par’
    plot.forc.ecdf: no visible global function definition for ‘ts.plot’
    plot.forc.ecdf: no visible global function definition for ‘box’
    plot.forecast.VAR: no visible global function definition for ‘par’
    plot.forecast.VAR: no visible global function definition for ‘ts’
    plot.forecast.VAR: no visible global function definition for ‘start’
    plot.forecast.VAR: no visible global function definition for
     ‘frequency’
    plot.forecast.VAR: no visible global function definition for ‘plot’
    plot.gibbs.A0: no visible global function definition for ‘par’
    plot.gibbs.A0: no visible global function definition for ‘split.screen’
    plot.gibbs.A0: no visible global function definition for ‘screen’
    plot.gibbs.A0: no visible global function definition for ‘density’
    plot.gibbs.A0: no visible global function definition for ‘plot’
    plot.gibbs.A0: no visible global function definition for ‘abline’
    plot.gibbs.A0: no visible global function definition for ‘lines’
    plot.gibbs.A0: no visible global function definition for ‘mtext’
    plot.gibbs.A0: no visible global function definition for ‘plot.new’
    plot.gibbs.A0: no visible global function definition for ‘close.screen’
    plot.irf.VAR: no visible global function definition for ‘ts’
    plot.irf.VAR: no visible global function definition for ‘par’
    plot.irf.VAR: no visible global function definition for ‘plot’
    plot.irf.VAR: no visible global function definition for ‘abline’
    plot.irf.VAR: no visible global function definition for ‘mtext’
    plot.mc.irf.BSVAR: no visible binding for global variable ‘quantile’
    plot.mc.irf.BSVAR: no visible binding for global variable ‘var’
    plot.mc.irf.BSVAR: no visible global function definition for ‘qnorm’
    plot.mc.irf.BSVAR: no visible global function definition for ‘var’
    plot.mc.irf.BSVAR: no visible global function definition for ‘par’
    plot.mc.irf.BSVAR: no visible global function definition for ‘ts.plot’
    plot.mc.irf.BSVAR: no visible global function definition for ‘abline’
    plot.mc.irf.BSVAR: no visible global function definition for ‘mtext’
    plot.mc.irf.MSBVAR: no visible global function definition for ‘mtext’
    plot.mc.irf.MSBVAR: no visible global function definition for
     ‘devAskNewPage’
    plot.mc.irf.VAR: no visible global function definition for ‘par’
    plot.mc.irf.VAR: no visible global function definition for ‘ts.plot’
    plot.mc.irf.VAR: no visible global function definition for ‘abline’
    plot.mc.irf.VAR: no visible global function definition for ‘mtext’
    plot.ms.irf: no visible global function definition for ‘par’
    plot.ms.irf: no visible global function definition for ‘ts.plot’
    plot.ms.irf: no visible global function definition for ‘abline’
    plot.ms.irf: no visible global function definition for ‘mtext’
    plotregimeid: no visible global function definition for ‘par’
    plotregimeid: no visible global function definition for ‘devAskNewPage’
    plotregimeid: no visible global function definition for ‘kmeans’
    plotregimeid: no visible global function definition for ‘pairs’
    plotregimeid: no visible global function definition for ‘title’
    plotregimeid: no visible global function definition for ‘as.formula’
    plotregimeid: no visible global function definition for ‘plot’
    posterior.fit.MSBVAR: no visible global function definition for
     ‘rgamma’
    posterior.fit.MSBVAR: no visible global function definition for ‘rnorm’
    rdirichlet: no visible global function definition for ‘rgamma’
    rmultnorm: no visible global function definition for ‘rnorm’
    rwish: no visible global function definition for ‘rchisq’
    rwish: no visible global function definition for ‘rnorm’
    rwishart: no visible global function definition for ‘rnorm’
    sanity.check.var: no visible global function definition for ‘tsp’
    simulateMSAR: no visible global function definition for ‘runif’
    simulateMSAR: no visible global function definition for ‘rnorm’
    simulateMSVAR: no visible global function definition for ‘runif’
    summary.forecast.VAR: no visible binding for global variable ‘quantile’
    szbsvar: no visible global function definition for ‘ar.ols’
    szbsvar: no visible global function definition for ‘rnorm’
    szbsvar: no visible global function definition for ‘optim’
    szbvar: no visible global function definition for ‘ar.ols’
    uc.forecast.VAR: no visible global function definition for ‘rnorm’
    var.lag.specification: no visible global function definition for
     ‘ar.ols’
    var.lag.specification: no visible global function definition for
     ‘pchisq’
    Undefined global functions or variables:
     abline approx ar.ols as.formula as.ts box close.screen contour
     density devAskNewPage embed frequency kmeans layout lines lm mtext
     optim pairs par pchisq persp pf plot plot.new points polygon qnorm
     quantile rchisq rgamma rnorm runif screen split.screen start title ts
     ts.plot tsp var
    Consider adding
     importFrom("grDevices", "devAskNewPage")
     importFrom("graphics", "abline", "box", "close.screen", "contour",
     "layout", "lines", "mtext", "pairs", "par", "persp", "plot",
     "plot.new", "points", "polygon", "screen", "split.screen",
     "title")
     importFrom("stats", "approx", "ar.ols", "as.formula", "as.ts",
     "density", "embed", "frequency", "kmeans", "lm", "optim",
     "pchisq", "pf", "qnorm", "quantile", "rchisq", "rgamma",
     "rnorm", "runif", "start", "ts", "ts.plot", "tsp", "var")
    to your NAMESPACE.
Flavors: r-devel-linux-x86_64-debian-clang, r-devel-linux-x86_64-debian-gcc, r-devel-linux-x86_64-fedora-clang, r-devel-linux-x86_64-fedora-gcc, r-devel-windows-ix86+x86_64