CRAN Package Check Results for Package MSBVAR

Last updated on 2015-01-31 20:46:52.

Flavor Version Tinstall Tcheck Ttotal Status Flags
r-devel-linux-x86_64-debian-clang 0.9-1 12.17 31.28 43.45 NOTE
r-devel-linux-x86_64-debian-gcc 0.9-1 15.28 31.64 46.92 NOTE
r-devel-linux-x86_64-fedora-clang 0.9-1 93.54 NOTE
r-devel-linux-x86_64-fedora-gcc 0.9-1 84.23 NOTE
r-devel-osx-x86_64-clang 0.9-1 83.81 NOTE
r-devel-windows-ix86+x86_64 0.9-1 118.00 80.00 198.00 OK
r-patched-linux-x86_64 0.9-1 15.05 35.28 50.34 NOTE
r-patched-solaris-sparc 0.9-1 567.80 NOTE
r-patched-solaris-x86 0.9-1 129.30 NOTE
r-release-linux-ix86 0.9-1 20.27 45.84 66.11 OK
r-release-linux-x86_64 0.9-1 14.78 35.22 50.00 OK
r-release-osx-x86_64-mavericks 0.9-1 NOTE
r-release-osx-x86_64-snowleopard 0.9-1 OK
r-release-windows-ix86+x86_64 0.9-1 83.00 93.00 176.00 OK
r-oldrel-windows-ix86+x86_64 0.9-1 83.00 90.00 173.00 OK

Check Details

Version: 0.9-1
Check: S3 generic/method consistency
Result: NOTE
    Found the following apparent S3 methods exported but not registered:
     summary.forecast print.posterior.fit plot.forc.ecdf plot.ms.irf
    See section ‘Registering S3 methods’ in the ‘Writing R Extensions’
    manual.
Flavors: r-devel-linux-x86_64-debian-clang, r-devel-linux-x86_64-debian-gcc, r-devel-linux-x86_64-fedora-clang, r-devel-linux-x86_64-fedora-gcc, r-devel-osx-x86_64-clang

Version: 0.9-1
Check: compiled code
Result: NOTE
    File ‘MSBVAR/libs/MSBVAR.so’:
     Found ‘_gfortran_rand’, possibly from ‘rand’ (Fortran)
     Object: ‘FFBS.o’
    
    Compiled code should not call entry points which might terminate R nor
    write to stdout/stderr instead of to the console, nor the system RNG.
    
    See ‘Writing portable packages’ in the ‘Writing R Extensions’ manual.
Flavors: r-devel-linux-x86_64-debian-clang, r-devel-linux-x86_64-debian-gcc, r-devel-linux-x86_64-fedora-clang, r-devel-linux-x86_64-fedora-gcc, r-patched-linux-x86_64

Version: 0.9-1
Check: compiled code
Result: NOTE
    File ‘MSBVAR/libs/MSBVAR.so’:
     Found ‘__gfortran_rand’, possibly from ‘rand’ (Fortran)
     Object: ‘FFBS.o’
    
    Compiled code should not call entry points which might terminate R nor
    write to stdout/stderr instead of to the console, nor the system RNG.
    
    See ‘Writing portable packages’ in the ‘Writing R Extensions’ manual.
Flavors: r-devel-osx-x86_64-clang, r-release-osx-x86_64-mavericks

Version: 0.9-1
Check: compiled code
Result: NOTE
    File ‘MSBVAR/libs/MSBVAR.so’:
     Found ‘rand_’, possibly from ‘rand’ (Fortran)
     Object: ‘FFBS.o’
    
    Compiled code should not call entry points which might terminate R nor
    write to stdout/stderr instead of to the console, nor the system RNG.
    
    See ‘Writing portable packages’ in the ‘Writing R Extensions’ manual.
Flavors: r-patched-solaris-sparc, r-patched-solaris-x86