CRAN Package Check Results for Package MSBVAR

Last updated on 2017-05-28 23:50:06.

Flavor Version Tinstall Tcheck Ttotal Status Flags
r-devel-linux-x86_64-debian-clang 0.9-3 20.25 42.62 62.87 NOTE
r-devel-linux-x86_64-debian-gcc 0.9-3 16.75 40.53 57.28 NOTE
r-devel-linux-x86_64-fedora-clang 0.9-3 109.17 NOTE
r-devel-linux-x86_64-fedora-gcc 0.9-3 98.68 NOTE
r-devel-windows-ix86+x86_64 0.9-3 91.00 95.00 186.00 OK
r-patched-linux-x86_64 0.9-3 16.32 41.44 57.76 NOTE
r-patched-solaris-sparc 0.9-3 646.80 OK
r-patched-solaris-x86 0.9-3 129.90 OK
r-release-linux-x86_64 0.9-3 15.61 39.31 54.91 NOTE
r-release-windows-ix86+x86_64 0.9-3 127.00 102.00 229.00 OK
r-release-osx-x86_64 0.9-3 OK
r-oldrel-windows-ix86+x86_64 0.9-3 130.00 82.00 212.00 OK
r-oldrel-osx-x86_64 0.9-3 OK

Additional issues

rchk

Check Details

Version: 0.9-3
Check: compiled code
Result: NOTE
    File ‘MSBVAR/libs/MSBVAR.so’:
     Found no call to: ‘R_useDynamicSymbols’
    
    It is good practice to register native routines and to disable symbol
    search.
    
    See ‘Writing portable packages’ in the ‘Writing R Extensions’ manual.
Flavors: r-devel-linux-x86_64-debian-clang, r-devel-linux-x86_64-debian-gcc, r-devel-linux-x86_64-fedora-clang, r-devel-linux-x86_64-fedora-gcc, r-patched-linux-x86_64, r-release-linux-x86_64