CRAN Package Check Results for Package MSBVAR

Last updated on 2014-12-21 23:47:05.

Flavor Version Tinstall Tcheck Ttotal Status Flags
r-devel-linux-x86_64-debian-clang 0.9-1 12.44 34.79 47.24 NOTE
r-devel-linux-x86_64-debian-gcc 0.9-1 14.74 33.13 47.86 NOTE
r-devel-linux-x86_64-fedora-clang 0.9-1 96.34 NOTE
r-devel-linux-x86_64-fedora-gcc 0.9-1 92.20 NOTE
r-devel-osx-x86_64-clang 0.9-1 87.15 NOTE
r-devel-windows-ix86+x86_64 0.9-1 83.00 82.00 165.00 OK
r-patched-linux-x86_64 0.9-1 14.77 35.63 50.40 NOTE
r-patched-solaris-sparc 0.9-1 543.00 NOTE
r-patched-solaris-x86 0.9-1 131.60 NOTE
r-release-linux-ix86 0.9-1 20.37 44.80 65.17 OK
r-release-linux-x86_64 0.9-1 14.82 34.74 49.56 OK
r-release-osx-x86_64-mavericks 0.9-1 OK
r-release-osx-x86_64-snowleopard 0.9-1 OK
r-release-windows-ix86+x86_64 0.9-1 81.00 84.00 165.00 OK
r-oldrel-windows-ix86+x86_64 0.9-1 81.00 89.00 170.00 OK

Check Details

Version: 0.9-1
Check: compiled code
Result: NOTE
    File ‘MSBVAR/libs/MSBVAR.so’:
     Found ‘_gfortran_rand’, possibly from ‘rand’ (Fortran)
     Object: ‘FFBS.o’
    
    Compiled code should not call entry points which might terminate R nor
    write to stdout/stderr instead of to the console, nor the system RNG.
    
    See ‘Writing portable packages’ in the ‘Writing R Extensions’ manual.
Flavors: r-devel-linux-x86_64-debian-clang, r-devel-linux-x86_64-debian-gcc, r-devel-linux-x86_64-fedora-clang, r-devel-linux-x86_64-fedora-gcc, r-patched-linux-x86_64

Version: 0.9-1
Check: compiled code
Result: NOTE
    File ‘MSBVAR/libs/MSBVAR.so’:
     Found ‘__gfortran_rand’, possibly from ‘rand’ (Fortran)
     Object: ‘FFBS.o’
    
    Compiled code should not call entry points which might terminate R nor
    write to stdout/stderr instead of to the console, nor the system RNG.
    
    See ‘Writing portable packages’ in the ‘Writing R Extensions’ manual.
Flavor: r-devel-osx-x86_64-clang

Version: 0.9-1
Check: compiled code
Result: NOTE
    File ‘MSBVAR/libs/MSBVAR.so’:
     Found ‘rand_’, possibly from ‘rand’ (Fortran)
     Object: ‘FFBS.o’
    
    Compiled code should not call entry points which might terminate R nor
    write to stdout/stderr instead of to the console, nor the system RNG.
    
    See ‘Writing portable packages’ in the ‘Writing R Extensions’ manual.
Flavors: r-patched-solaris-sparc, r-patched-solaris-x86