CRAN Package Check Results for Package MSBVAR

Last updated on 2017-07-23 17:47:17.

Flavor Version Tinstall Tcheck Ttotal Status Flags
r-devel-linux-x86_64-debian-clang 0.9-3 18.88 50.78 69.66 NOTE
r-devel-linux-x86_64-debian-gcc 0.9-3 17.12 49.62 66.74 NOTE
r-devel-linux-x86_64-fedora-clang 0.9-3 107.67 NOTE
r-devel-linux-x86_64-fedora-gcc 0.9-3 102.00 NOTE
r-devel-windows-ix86+x86_64 0.9-3 113.00 122.00 235.00 OK
r-patched-linux-x86_64 0.9-3 16.99 50.43 67.42 NOTE
r-patched-solaris-x86 0.9-3 132.10 OK
r-release-linux-x86_64 0.9-3 16.59 50.03 66.62 NOTE
r-release-windows-ix86+x86_64 0.9-3 87.00 129.00 216.00 OK
r-release-osx-x86_64 0.9-3 OK
r-oldrel-windows-ix86+x86_64 0.9-3 114.00 109.00 223.00 OK
r-oldrel-osx-x86_64 0.9-3 OK

Additional issues

rchk

Check Details

Version: 0.9-3
Check: compiled code
Result: NOTE
    File ‘MSBVAR/libs/MSBVAR.so’:
     Found no call to: ‘R_useDynamicSymbols’
    
    It is good practice to register native routines and to disable symbol
    search.
    
    See ‘Writing portable packages’ in the ‘Writing R Extensions’ manual.
Flavors: r-devel-linux-x86_64-debian-clang, r-devel-linux-x86_64-debian-gcc, r-devel-linux-x86_64-fedora-clang, r-devel-linux-x86_64-fedora-gcc, r-patched-linux-x86_64, r-release-linux-x86_64