CRAN Package Check Results for Package MSCMT

Last updated on 2018-01-17 07:49:22 CET.

Flavor Version Tinstall Tcheck Ttotal Status Flags
r-devel-linux-x86_64-debian-clang 1.3.1 6.56 161.54 168.10 OK
r-devel-linux-x86_64-debian-gcc 1.3.1 5.70 119.68 125.38 OK
r-devel-linux-x86_64-fedora-clang 1.3.1 193.25 OK
r-devel-linux-x86_64-fedora-gcc 1.3.1 191.41 OK
r-devel-windows-ix86+x86_64 1.3.1 32.00 323.00 355.00 OK
r-patched-linux-x86_64 1.3.1 6.45 158.80 165.25 OK
r-patched-solaris-x86 1.3.1 731.10 OK
r-release-linux-x86_64 1.3.1 6.94 162.84 169.78 OK
r-release-windows-ix86+x86_64 1.3.1 22.00 301.00 323.00 OK
r-release-osx-x86_64 1.3.1 ERROR
r-oldrel-windows-ix86+x86_64 1.3.1 27.00 357.00 384.00 OK
r-oldrel-osx-x86_64 1.3.1 OK

Check Details

Version: 1.3.1
Check: package dependencies
Result: ERROR
    Package required but not available: ‘Rglpk’
    
    See section ‘The DESCRIPTION file’ in the ‘Writing R Extensions’
    manual.
Flavor: r-release-osx-x86_64