CRAN Package Check Results for Package MSCMT

Last updated on 2018-06-20 11:50:22 CEST.

Flavor Version Tinstall Tcheck Ttotal Status Flags
r-devel-linux-x86_64-debian-clang 1.3.3 12.10 147.06 159.16 OK
r-devel-linux-x86_64-debian-gcc 1.3.3 9.43 111.64 121.07 OK
r-devel-linux-x86_64-fedora-clang 1.3.3 190.75 OK
r-devel-linux-x86_64-fedora-gcc 1.3.3 190.95 OK
r-devel-windows-ix86+x86_64 1.3.3 38.00 421.00 459.00 OK
r-patched-linux-x86_64 1.3.3 10.40 145.12 155.52 OK
r-patched-solaris-x86 1.3.3 814.30 OK
r-release-linux-x86_64 1.3.3 12.27 145.85 158.12 OK
r-release-windows-ix86+x86_64 1.3.3 24.00 286.00 310.00 OK
r-release-osx-x86_64 1.3.3 ERROR
r-oldrel-windows-ix86+x86_64 1.3.3 23.00 303.00 326.00 OK
r-oldrel-osx-x86_64 1.3.3 ERROR

Check Details

Version: 1.3.3
Check: package dependencies
Result: ERROR
    Package required but not available: ‘Rglpk’
    
    See section ‘The DESCRIPTION file’ in the ‘Writing R Extensions’
    manual.
Flavors: r-release-osx-x86_64, r-oldrel-osx-x86_64