CRAN Package Check Results for Package MSEtool

Last updated on 2019-05-27 09:50:24 CEST.

Flavor Version Tinstall Tcheck Ttotal Status Flags
r-devel-linux-x86_64-debian-clang 1.1.0 116.78 171.96 288.74 NOTE
r-devel-linux-x86_64-debian-gcc 1.1.0 97.31 131.14 228.45 NOTE
r-devel-linux-x86_64-fedora-clang 1.1.0 381.89 NOTE
r-devel-linux-x86_64-fedora-gcc 1.1.0 344.22 NOTE
r-devel-windows-ix86+x86_64 1.1.0 156.00 334.00 490.00 NOTE
r-patched-linux-x86_64 1.1.0 NOTE
r-patched-solaris-x86 1.1.0 441.20 NOTE
r-release-linux-x86_64 1.1.0 115.29 174.08 289.37 NOTE
r-release-windows-ix86+x86_64 1.1.0 235.00 315.00 550.00 NOTE
r-release-osx-x86_64 1.1.0 NOTE
r-oldrel-windows-ix86+x86_64 1.1.0 218.00 222.00 440.00 NOTE
r-oldrel-osx-x86_64 1.1.0 NOTE

Check Details

Version: 1.1.0
Check: line endings in C/C++/Fortran sources/headers
Result: NOTE
    Found the following sources/headers with CR or CRLF line endings:
     inst/include/DD.h
     inst/include/DD_SS.h
     inst/include/SCA.h
     inst/include/SCA2.h
     inst/include/SP.h
     inst/include/SP_SS.h
     inst/include/functions.h
     inst/include/grav.h
     inst/include/grav_Pbyarea.h
    Some Unix compilers require LF line endings.
Flavors: r-devel-linux-x86_64-debian-clang, r-devel-linux-x86_64-debian-gcc, r-devel-linux-x86_64-fedora-clang, r-devel-linux-x86_64-fedora-gcc, r-devel-windows-ix86+x86_64, r-patched-linux-x86_64, r-patched-solaris-x86, r-release-linux-x86_64, r-release-windows-ix86+x86_64, r-release-osx-x86_64

Version: 1.1.0
Check: installed package size
Result: NOTE
     installed size is 17.2Mb
     sub-directories of 1Mb or more:
     libs 15.8Mb
Flavors: r-devel-linux-x86_64-fedora-clang, r-devel-windows-ix86+x86_64, r-release-windows-ix86+x86_64, r-release-osx-x86_64, r-oldrel-windows-ix86+x86_64, r-oldrel-osx-x86_64