CRAN Package Check Results for Package MSEtool

Last updated on 2022-01-21 04:50:50 CET.

Flavor Version Tinstall Tcheck Ttotal Status Flags
r-devel-linux-x86_64-debian-clang 3.4.0 OK
r-devel-linux-x86_64-debian-gcc 3.4.0 110.44 177.71 288.15 OK
r-devel-linux-x86_64-fedora-clang 3.4.0 509.72 NOTE
r-devel-linux-x86_64-fedora-gcc 3.4.0 510.31 OK
r-devel-windows-x86_64-new-UL 3.4.0 345.00 265.00 610.00 NOTE
r-devel-windows-x86_64-new-TK 3.4.0 OK
r-patched-linux-x86_64 3.4.0 128.34 234.10 362.44 OK
r-release-linux-x86_64 3.4.0 130.99 239.45 370.44 OK
r-release-macos-arm64 3.4.0 NOTE
r-release-macos-x86_64 3.4.0 NOTE
r-release-windows-ix86+x86_64 3.4.0 300.00 289.00 589.00 NOTE
r-oldrel-macos-x86_64 3.3.0 NOTE
r-oldrel-windows-ix86+x86_64 3.4.0 301.00 284.00 585.00 NOTE

Check Details

Version: 3.4.0
Check: installed package size
Result: NOTE
     installed size is 10.0Mb
     sub-directories of 1Mb or more:
     R 1.7Mb
     data 4.0Mb
     libs 3.4Mb
Flavors: r-devel-linux-x86_64-fedora-clang, r-devel-windows-x86_64-new-UL, r-release-macos-arm64, r-release-macos-x86_64, r-release-windows-ix86+x86_64, r-oldrel-windows-ix86+x86_64

Version: 3.3.0
Check: installed package size
Result: NOTE
     installed size is 10.2Mb
     sub-directories of 1Mb or more:
     R 1.7Mb
     data 4.0Mb
     libs 3.7Mb
Flavor: r-oldrel-macos-x86_64