CRAN Package Check Results for Package MSEtool

Last updated on 2018-12-11 14:48:45 CET.

Flavor Version Tinstall Tcheck Ttotal Status Flags
r-devel-linux-x86_64-debian-clang 1.1.0 126.49 171.42 297.91 OK
r-devel-linux-x86_64-debian-gcc 1.1.0 101.87 128.80 230.67 OK
r-devel-linux-x86_64-fedora-clang 1.1.0 344.48 NOTE
r-devel-linux-x86_64-fedora-gcc 1.1.0 313.70 OK
r-devel-windows-ix86+x86_64 1.1.0 210.00 268.00 478.00 NOTE
r-patched-linux-x86_64 1.1.0 113.85 150.78 264.63 OK
r-patched-solaris-x86 1.1.0 395.50 OK
r-release-linux-x86_64 1.1.0 109.77 150.99 260.76 OK
r-release-windows-ix86+x86_64 1.1.0 162.00 189.00 351.00 NOTE
r-release-osx-x86_64 1.1.0 NOTE
r-oldrel-windows-ix86+x86_64 1.1.0 131.00 249.00 380.00 NOTE
r-oldrel-osx-x86_64 1.1.0 NOTE

Additional issues

rchk

Check Details

Version: 1.1.0
Check: installed package size
Result: NOTE
     installed size is 18.3Mb
     sub-directories of 1Mb or more:
     libs 16.8Mb
Flavors: r-devel-linux-x86_64-fedora-clang, r-devel-windows-ix86+x86_64, r-release-windows-ix86+x86_64, r-release-osx-x86_64, r-oldrel-windows-ix86+x86_64, r-oldrel-osx-x86_64