CRAN Package Check Results for Package MSEtool

Last updated on 2019-02-18 07:49:47 CET.

Flavor Version Tinstall Tcheck Ttotal Status Flags
r-devel-linux-x86_64-debian-clang 1.1.0 119.38 177.18 296.56 NOTE
r-devel-linux-x86_64-debian-gcc 1.1.0 94.77 132.12 226.89 NOTE
r-devel-linux-x86_64-fedora-clang 1.1.0 389.27 NOTE
r-devel-linux-x86_64-fedora-gcc 1.1.0 338.19 NOTE
r-devel-windows-ix86+x86_64 1.1.0 218.00 199.00 417.00 NOTE
r-patched-linux-x86_64 1.1.0 103.49 154.47 257.96 OK
r-patched-solaris-x86 1.1.0 379.20 OK
r-release-linux-x86_64 1.1.0 OK
r-release-windows-ix86+x86_64 1.1.0 161.00 191.00 352.00 NOTE
r-release-osx-x86_64 1.1.0 NOTE
r-oldrel-windows-ix86+x86_64 1.1.0 154.00 223.00 377.00 NOTE
r-oldrel-osx-x86_64 1.1.0 NOTE

Check Details

Version: 1.1.0
Check: line endings in C/C++/Fortran sources/headers
Result: NOTE
    Found the following sources/headers with CR or CRLF line endings:
     inst/include/DD.h
     inst/include/DD_SS.h
     inst/include/SCA.h
     inst/include/SCA2.h
     inst/include/SP.h
     inst/include/SP_SS.h
     inst/include/functions.h
     inst/include/grav.h
     inst/include/grav_Pbyarea.h
    Some Unix compilers require LF line endings.
Flavors: r-devel-linux-x86_64-debian-clang, r-devel-linux-x86_64-debian-gcc, r-devel-linux-x86_64-fedora-clang, r-devel-linux-x86_64-fedora-gcc, r-devel-windows-ix86+x86_64

Version: 1.1.0
Check: installed package size
Result: NOTE
     installed size is 17.2Mb
     sub-directories of 1Mb or more:
     libs 15.8Mb
Flavors: r-devel-linux-x86_64-fedora-clang, r-devel-windows-ix86+x86_64, r-release-windows-ix86+x86_64, r-release-osx-x86_64, r-oldrel-windows-ix86+x86_64, r-oldrel-osx-x86_64