CRAN Package Check Results for Package MSG

Last updated on 2014-07-29 22:46:59.

Flavor Version Tinstall Tcheck Ttotal Status Flags
r-devel-linux-x86_64-debian-clang 0.2.2 0.82 16.07 16.90 OK
r-devel-linux-x86_64-debian-gcc 0.2.2 0.78 15.82 16.60 OK
r-devel-linux-x86_64-fedora-clang 0.2.2 33.74 NOTE
r-devel-linux-x86_64-fedora-gcc 0.2.2 31.55 NOTE
r-devel-osx-x86_64-clang 0.2.2 32.52 OK
r-devel-windows-ix86+x86_64 0.2.2 3.00 27.00 30.00 OK
r-patched-linux-x86_64 0.2.2 0.80 16.01 16.81 OK
r-patched-solaris-sparc 0.2.2 187.70 OK
r-patched-solaris-x86 0.2.2 47.10 OK
r-release-linux-ix86 0.2.2 1.27 24.12 25.40 OK
r-release-linux-x86_64 0.2.2 0.80 16.48 17.28 OK
r-release-osx-x86_64-mavericks 0.2.2 OK
r-release-osx-x86_64-snowleopard 0.2.2 OK
r-release-windows-ix86+x86_64 0.2.2 3.00 31.00 34.00 OK
r-oldrel-windows-ix86+x86_64 0.2.2 3.00 26.00 29.00 OK

Check Details

Version: 0.2.2
Check: Rd line widths
Result: NOTE
    Rd file 'ChinaLifeEdu.Rd':
     \examples lines wider than 100 characters:
     contour(est$x1, est$x2, est$fhat, nlevels = 15, col = "darkgreen", add = TRUE, vfont = c("sans serif",
    
    Rd file 'andrews_curve.Rd':
     \usage lines wider than 90 characters:
     andrews_curve(x, n = 101, type = "l", lty = 1, lwd = 1, pch = NA, xlab = "t", ylab = "f(t)",
    
    These lines will be truncated in the PDF manual.
Flavors: r-devel-linux-x86_64-fedora-clang, r-devel-linux-x86_64-fedora-gcc