CRAN Package Check Results for Package MSG

Last updated on 2014-11-27 17:47:35.

Flavor Version Tinstall Tcheck Ttotal Status Flags
r-devel-linux-x86_64-debian-clang 0.2.2 0.80 16.22 17.02 NOTE
r-devel-linux-x86_64-debian-gcc 0.2.2 0.78 15.30 16.08 NOTE
r-devel-linux-x86_64-fedora-clang 0.2.2 34.07 NOTE
r-devel-linux-x86_64-fedora-gcc 0.2.2 33.95 NOTE
r-devel-osx-x86_64-clang 0.2.2 32.30 OK
r-devel-windows-ix86+x86_64 0.2.2 3.00 24.00 27.00 OK
r-patched-linux-x86_64 0.2.2 0.90 16.03 16.94 NOTE
r-patched-solaris-sparc 0.2.2 185.50 OK
r-patched-solaris-x86 0.2.2 46.60 OK
r-release-linux-ix86 0.2.2 1.25 23.12 24.38 OK
r-release-linux-x86_64 0.2.2 0.82 18.54 19.36 NOTE
r-release-osx-x86_64-mavericks 0.2.2 OK
r-release-osx-x86_64-snowleopard 0.2.2 OK
r-release-windows-ix86+x86_64 0.2.2 4.00 26.00 30.00 OK
r-oldrel-windows-ix86+x86_64 0.2.2 3.00 28.00 31.00 OK

Check Details

Version: 0.2.2
Check: Rd line widths
Result: NOTE
    Rd file 'ChinaLifeEdu.Rd':
     \examples lines wider than 100 characters:
     contour(est$x1, est$x2, est$fhat, nlevels = 15, col = "darkgreen", add = TRUE, vfont = c("sans serif",
    
    Rd file 'andrews_curve.Rd':
     \usage lines wider than 90 characters:
     andrews_curve(x, n = 101, type = "l", lty = 1, lwd = 1, pch = NA, xlab = "t", ylab = "f(t)",
    
    These lines will be truncated in the PDF manual.
Flavors: r-devel-linux-x86_64-debian-clang, r-devel-linux-x86_64-debian-gcc, r-devel-linux-x86_64-fedora-clang, r-devel-linux-x86_64-fedora-gcc, r-patched-linux-x86_64, r-release-linux-x86_64