CRAN Package Check Results for Package MSG

Last updated on 2014-12-23 01:49:06.

Flavor Version Tinstall Tcheck Ttotal Status Flags
r-devel-linux-x86_64-debian-clang 0.2.2 0.94 15.48 16.43 NOTE
r-devel-linux-x86_64-debian-gcc 0.2.2 0.90 15.12 16.03 NOTE
r-devel-linux-x86_64-fedora-clang 0.2.2 32.48 NOTE
r-devel-linux-x86_64-fedora-gcc 0.2.2 31.62 NOTE
r-devel-osx-x86_64-clang 0.2.2 32.04 OK
r-devel-windows-ix86+x86_64 0.2.2 4.00 24.00 28.00 OK
r-patched-linux-x86_64 0.2.2 0.85 15.78 16.63 NOTE
r-patched-solaris-sparc 0.2.2 195.00 OK
r-patched-solaris-x86 0.2.2 45.60 OK
r-release-linux-ix86 0.2.2 1.26 23.11 24.37 OK
r-release-linux-x86_64 0.2.2 0.82 16.00 16.81 NOTE
r-release-osx-x86_64-mavericks 0.2.2 OK
r-release-osx-x86_64-snowleopard 0.2.2 OK
r-release-windows-ix86+x86_64 0.2.2 3.00 28.00 31.00 OK
r-oldrel-windows-ix86+x86_64 0.2.2 4.00 30.00 34.00 OK

Check Details

Version: 0.2.2
Check: Rd line widths
Result: NOTE
    Rd file 'ChinaLifeEdu.Rd':
     \examples lines wider than 100 characters:
     contour(est$x1, est$x2, est$fhat, nlevels = 15, col = "darkgreen", add = TRUE, vfont = c("sans serif",
    
    Rd file 'andrews_curve.Rd':
     \usage lines wider than 90 characters:
     andrews_curve(x, n = 101, type = "l", lty = 1, lwd = 1, pch = NA, xlab = "t", ylab = "f(t)",
    
    These lines will be truncated in the PDF manual.
Flavors: r-devel-linux-x86_64-debian-clang, r-devel-linux-x86_64-debian-gcc, r-devel-linux-x86_64-fedora-clang, r-devel-linux-x86_64-fedora-gcc, r-patched-linux-x86_64, r-release-linux-x86_64