CRAN Package Check Results for Package MSG

Last updated on 2014-08-28 10:47:03.

Flavor Version Tinstall Tcheck Ttotal Status Flags
r-devel-linux-x86_64-debian-clang 0.2.2 0.78 14.48 15.26 OK
r-devel-linux-x86_64-debian-gcc 0.2.2 0.76 14.74 15.50 OK
r-devel-linux-x86_64-fedora-clang 0.2.2 31.78 NOTE
r-devel-linux-x86_64-fedora-gcc 0.2.2 29.43 NOTE
r-devel-osx-x86_64-clang 0.2.2 30.35 OK
r-devel-windows-ix86+x86_64 0.2.2 3.00 25.00 28.00 OK
r-patched-linux-x86_64 0.2.2 0.79 16.02 16.80 OK
r-patched-solaris-sparc 0.2.2 185.50 OK
r-patched-solaris-x86 0.2.2 46.80 OK
r-release-linux-ix86 0.2.2 1.28 24.39 25.67 OK
r-release-linux-x86_64 0.2.2 0.81 16.25 17.06 OK
r-release-osx-x86_64-mavericks 0.2.2 OK
r-release-osx-x86_64-snowleopard 0.2.2 OK
r-release-windows-ix86+x86_64 0.2.2 3.00 26.00 29.00 OK
r-oldrel-windows-ix86+x86_64 0.2.2 3.00 30.00 33.00 OK

Check Details

Version: 0.2.2
Check: Rd line widths
Result: NOTE
    Rd file 'ChinaLifeEdu.Rd':
     \examples lines wider than 100 characters:
     contour(est$x1, est$x2, est$fhat, nlevels = 15, col = "darkgreen", add = TRUE, vfont = c("sans serif",
    
    Rd file 'andrews_curve.Rd':
     \usage lines wider than 90 characters:
     andrews_curve(x, n = 101, type = "l", lty = 1, lwd = 1, pch = NA, xlab = "t", ylab = "f(t)",
    
    These lines will be truncated in the PDF manual.
Flavors: r-devel-linux-x86_64-fedora-clang, r-devel-linux-x86_64-fedora-gcc