CRAN Package Check Results for Package MSG

Last updated on 2015-06-30 22:47:26.

Flavor Version Tinstall Tcheck Ttotal Status Flags
r-devel-linux-x86_64-debian-clang 0.2.2 0.77 14.28 15.05 NOTE
r-devel-linux-x86_64-debian-gcc 0.2.2 0.79 14.68 15.47 NOTE
r-devel-linux-x86_64-fedora-clang 0.2.2 28.34 NOTE
r-devel-linux-x86_64-fedora-gcc 0.2.2 26.59 NOTE
r-devel-osx-x86_64-clang 0.2.2 29.28 OK
r-devel-windows-ix86+x86_64 0.2.2 5.00 28.00 33.00 NOTE
r-patched-linux-x86_64 0.2.2 1.04 14.36 15.40 NOTE
r-patched-solaris-sparc 0.2.2 178.70 OK
r-patched-solaris-x86 0.2.2 41.80 OK
r-release-linux-x86_64 0.2.2 0.76 14.58 15.34 NOTE
r-release-osx-x86_64-mavericks 0.2.2 OK
r-release-windows-ix86+x86_64 0.2.2 5.00 24.00 29.00 OK
r-oldrel-windows-ix86+x86_64 0.2.2 5.00 29.00 34.00 OK

Check Details

Version: 0.2.2
Check: R code for possible problems
Result: NOTE
    andrews_curve: no visible global function definition for ‘matplot’
    cut_plot: no visible global function definition for ‘plot’
    cut_plot: no visible global function definition for ‘abline’
    cut_plot: no visible global function definition for ‘points’
    heart_curve: no visible global function definition for ‘par’
    heart_curve: no visible global function definition for ‘plot’
    heart_curve: no visible global function definition for ‘polygon’
Flavors: r-devel-linux-x86_64-debian-clang, r-devel-linux-x86_64-debian-gcc, r-devel-linux-x86_64-fedora-clang, r-devel-linux-x86_64-fedora-gcc, r-devel-windows-ix86+x86_64

Version: 0.2.2
Check: Rd line widths
Result: NOTE
    Rd file 'ChinaLifeEdu.Rd':
     \examples lines wider than 100 characters:
     contour(est$x1, est$x2, est$fhat, nlevels = 15, col = "darkgreen", add = TRUE, vfont = c("sans serif",
    
    Rd file 'andrews_curve.Rd':
     \usage lines wider than 90 characters:
     andrews_curve(x, n = 101, type = "l", lty = 1, lwd = 1, pch = NA, xlab = "t", ylab = "f(t)",
    
    These lines will be truncated in the PDF manual.
Flavors: r-devel-linux-x86_64-debian-clang, r-devel-linux-x86_64-debian-gcc, r-devel-linux-x86_64-fedora-clang, r-devel-linux-x86_64-fedora-gcc, r-patched-linux-x86_64, r-release-linux-x86_64