CRAN Package Check Results for Package MSG

Last updated on 2014-04-25 05:47:19.

Flavor Version Tinstall Tcheck Ttotal Status Flags
r-devel-linux-x86_64-debian-clang 0.2.2 0.86 17.32 18.18 OK
r-devel-linux-x86_64-debian-gcc 0.2.2 0.83 16.77 17.60 OK
r-devel-linux-x86_64-fedora-clang 0.2.2 33.27 NOTE
r-devel-linux-x86_64-fedora-gcc 0.2.2 31.55 NOTE
r-devel-osx-x86_64-clang 0.2.2 34.17 OK
r-devel-osx-x86_64-gcc 0.2.2 ERROR
r-devel-windows-ix86+x86_64 0.2.2 3.00 25.00 28.00 OK
r-patched-linux-x86_64 0.2.2 0.82 16.70 17.52 OK
r-patched-solaris-sparc 0.2.2 187.70 OK
r-patched-solaris-x86 0.2.2 47.10 OK
r-release-linux-ix86 0.2.2 1.00 34.00 35.00 OK
r-release-linux-x86_64 0.2.2 0.85 16.68 17.53 OK
r-release-osx-x86_64-mavericks 0.2.2 WARN
r-release-osx-x86_64-snowleopard 0.2.2 OK
r-release-windows-ix86+x86_64 0.2.2 3.00 30.00 33.00 OK
r-oldrel-windows-ix86+x86_64 0.2.2 4.00 32.00 36.00 OK

Check Details

Version: 0.2.2
Check: Rd line widths
Result: NOTE
    Rd file 'ChinaLifeEdu.Rd':
     \examples lines wider than 100 characters:
     contour(est$x1, est$x2, est$fhat, nlevels = 15, col = "darkgreen", add = TRUE, vfont = c("sans serif",
    
    Rd file 'andrews_curve.Rd':
     \usage lines wider than 90 characters:
     andrews_curve(x, n = 101, type = "l", lty = 1, lwd = 1, pch = NA, xlab = "t", ylab = "f(t)",
    
    These lines will be truncated in the PDF manual.
Flavors: r-devel-linux-x86_64-fedora-clang, r-devel-linux-x86_64-fedora-gcc

Version: 0.2.2
Check: package dependencies
Result: NOTE
    Package suggested but not available for checking: ‘ggplot2’
Flavor: r-devel-osx-x86_64-gcc

Version: 0.2.2
Check: examples
Result: ERROR
    Running examples in ‘MSG-Ex.R’ failed
    The error most likely occurred in:
    
    > ### Name: canabalt
    > ### Title: The scores of the game Canabalt from Twitter
    > ### Aliases: canabalt
    > ### Keywords: datasets
    >
    > ### ** Examples
    >
    > library(ggplot2)
    Error in library(ggplot2) : there is no package called ‘ggplot2’
    Execution halted
Flavor: r-devel-osx-x86_64-gcc

Version: 0.2.2
Check: PDF version of manual
Result: WARNING
    LaTeX errors when creating PDF version.
    This typically indicates Rd problems.
    LaTeX errors found:
    ! LaTeX Error: File `upquote.sty' not found.
    
    Type X to quit or <RETURN> to proceed,
    or enter new name. (Default extension: sty)
    
    c5aa5e0/Rd2.tex:8: ==> Fatal error occurred, no output PDF file produced!
Flavor: r-release-osx-x86_64-mavericks