CRAN Package Check Results for Package MSG

Last updated on 2015-02-28 12:51:17.

Flavor Version Tinstall Tcheck Ttotal Status Flags
r-devel-linux-x86_64-debian-clang 0.2.2 0.83 14.68 15.51 NOTE
r-devel-linux-x86_64-debian-gcc 0.2.2 0.77 14.29 15.06 NOTE
r-devel-linux-x86_64-fedora-clang 0.2.2 29.20 NOTE
r-devel-linux-x86_64-fedora-gcc 0.2.2 27.67 NOTE
r-devel-osx-x86_64-clang 0.2.2 31.43 OK
r-devel-windows-ix86+x86_64 0.2.2 6.00 27.00 33.00 OK
r-patched-linux-x86_64 0.2.2 1.14 16.20 17.34 NOTE
r-patched-solaris-sparc 0.2.2 195.00 OK
r-patched-solaris-x86 0.2.2 46.30 OK
r-release-linux-ix86 0.2.2 1.30 24.15 25.45 NOTE
r-release-linux-x86_64 0.2.2 1.13 15.78 16.92 NOTE
r-release-osx-x86_64-mavericks 0.2.2 OK
r-release-osx-x86_64-snowleopard 0.2.2 OK
r-release-windows-ix86+x86_64 0.2.2 4.00 25.00 29.00 OK
r-oldrel-windows-ix86+x86_64 0.2.2 4.00 28.00 32.00 OK

Check Details

Version: 0.2.2
Check: Rd line widths
Result: NOTE
    Rd file 'ChinaLifeEdu.Rd':
     \examples lines wider than 100 characters:
     contour(est$x1, est$x2, est$fhat, nlevels = 15, col = "darkgreen", add = TRUE, vfont = c("sans serif",
    
    Rd file 'andrews_curve.Rd':
     \usage lines wider than 90 characters:
     andrews_curve(x, n = 101, type = "l", lty = 1, lwd = 1, pch = NA, xlab = "t", ylab = "f(t)",
    
    These lines will be truncated in the PDF manual.
Flavors: r-devel-linux-x86_64-debian-clang, r-devel-linux-x86_64-debian-gcc, r-devel-linux-x86_64-fedora-clang, r-devel-linux-x86_64-fedora-gcc, r-patched-linux-x86_64, r-release-linux-ix86, r-release-linux-x86_64