CRAN Package Check Results for Package MSG

Last updated on 2015-05-29 09:47:29.

Flavor Version Tinstall Tcheck Ttotal Status Flags
r-devel-linux-x86_64-debian-clang 0.2.2 0.76 14.38 15.14 NOTE
r-devel-linux-x86_64-debian-gcc 0.2.2 0.89 14.66 15.55 NOTE
r-devel-linux-x86_64-fedora-clang 0.2.2 30.01 NOTE
r-devel-linux-x86_64-fedora-gcc 0.2.2 27.54 NOTE
r-devel-osx-x86_64-clang 0.2.2 32.25 OK
r-devel-windows-ix86+x86_64 0.2.2 3.00 26.00 29.00 OK
r-patched-linux-x86_64 0.2.2 0.78 14.34 15.12 NOTE
r-patched-solaris-sparc 0.2.2 178.70 OK
r-patched-solaris-x86 0.2.2 42.00 OK
r-release-linux-x86_64 0.2.2 0.98 14.84 15.82 NOTE
r-release-osx-x86_64-mavericks 0.2.2 OK
r-release-osx-x86_64-snowleopard 0.2.2 ERROR
r-release-windows-ix86+x86_64 0.2.2 4.00 28.00 32.00 OK
r-oldrel-windows-ix86+x86_64 0.2.2 4.00 31.00 35.00 OK

Check Details

Version: 0.2.2
Check: Rd line widths
Result: NOTE
    Rd file 'ChinaLifeEdu.Rd':
     \examples lines wider than 100 characters:
     contour(est$x1, est$x2, est$fhat, nlevels = 15, col = "darkgreen", add = TRUE, vfont = c("sans serif",
    
    Rd file 'andrews_curve.Rd':
     \usage lines wider than 90 characters:
     andrews_curve(x, n = 101, type = "l", lty = 1, lwd = 1, pch = NA, xlab = "t", ylab = "f(t)",
    
    These lines will be truncated in the PDF manual.
Flavors: r-devel-linux-x86_64-debian-clang, r-devel-linux-x86_64-debian-gcc, r-devel-linux-x86_64-fedora-clang, r-devel-linux-x86_64-fedora-gcc, r-patched-linux-x86_64, r-release-linux-x86_64

Version: 0.2.2
Check: package dependencies
Result: NOTE
    Package suggested but not available for checking: ‘ggplot2’
Flavor: r-release-osx-x86_64-snowleopard

Version: 0.2.2
Check: examples
Result: ERROR
    Running examples in ‘MSG-Ex.R’ failed
    The error most likely occurred in:
    
    > ### Name: canabalt
    > ### Title: The scores of the game Canabalt from Twitter
    > ### Aliases: canabalt
    > ### Keywords: datasets
    >
    > ### ** Examples
    >
    > library(ggplot2)
    Error in library(ggplot2) : there is no package called ‘ggplot2’
    Execution halted
Flavor: r-release-osx-x86_64-snowleopard