CRAN Package Check Results for Package MSG

Last updated on 2019-03-23 16:48:05 CET.

Flavor Version Tinstall Tcheck Ttotal Status Flags
r-devel-linux-x86_64-debian-clang 0.3 1.73 32.21 33.94 OK
r-devel-linux-x86_64-debian-gcc 0.3 1.46 26.65 28.11 OK
r-devel-linux-x86_64-fedora-clang 0.3 41.82 OK
r-devel-linux-x86_64-fedora-gcc 0.3 40.10 OK
r-devel-windows-ix86+x86_64 0.3 6.00 61.00 67.00 OK
r-patched-linux-x86_64 0.3 1.08 26.87 27.95 OK
r-patched-solaris-x86 0.3 51.00 OK
r-release-linux-x86_64 0.3 0.38 2.33 2.71 ERROR
r-release-windows-ix86+x86_64 0.3 3.00 39.00 42.00 OK
r-release-osx-x86_64 0.3 OK
r-oldrel-windows-ix86+x86_64 0.3 5.00 60.00 65.00 OK
r-oldrel-osx-x86_64 0.3 OK

Check Details

Version: 0.3
Check: whether package can be installed
Result: ERROR
    Installation failed.
Flavor: r-release-linux-x86_64