CRAN Package Check Results for Package MSG

Last updated on 2015-04-25 06:46:23.

Flavor Version Tinstall Tcheck Ttotal Status Flags
r-devel-linux-x86_64-debian-clang 0.2.2 0.76 14.63 15.38 NOTE
r-devel-linux-x86_64-debian-gcc 0.2.2 0.73 14.70 15.43 NOTE
r-devel-linux-x86_64-fedora-clang 0.2.2 29.08 NOTE
r-devel-linux-x86_64-fedora-gcc 0.2.2 28.93 NOTE
r-devel-osx-x86_64-clang 0.2.2 30.46 OK
r-devel-windows-ix86+x86_64 0.2.2 3.00 27.00 30.00 OK
r-patched-linux-x86_64 0.2.2 0.80 14.88 15.67 NOTE
r-patched-solaris-sparc 0.2.2 184.80 OK
r-patched-solaris-x86 0.2.2 39.90 OK
r-release-linux-x86_64 0.2.2 0.75 14.92 15.67 NOTE
r-release-osx-x86_64-mavericks 0.2.2 OK
r-release-osx-x86_64-snowleopard 0.2.2 ERROR
r-release-windows-ix86+x86_64 0.2.2 3.00 27.00 30.00 OK
r-oldrel-windows-ix86+x86_64 0.2.2 3.00 26.00 29.00 OK

Check Details

Version: 0.2.2
Check: Rd line widths
Result: NOTE
    Rd file 'ChinaLifeEdu.Rd':
     \examples lines wider than 100 characters:
     contour(est$x1, est$x2, est$fhat, nlevels = 15, col = "darkgreen", add = TRUE, vfont = c("sans serif",
    
    Rd file 'andrews_curve.Rd':
     \usage lines wider than 90 characters:
     andrews_curve(x, n = 101, type = "l", lty = 1, lwd = 1, pch = NA, xlab = "t", ylab = "f(t)",
    
    These lines will be truncated in the PDF manual.
Flavor: r-patched-linux-x86_64