CRAN Package Check Results for Package MSQC

Last updated on 2015-07-07 11:48:16.

Flavor Version Tinstall Tcheck Ttotal Status Flags
r-devel-linux-x86_64-debian-clang 1.0.1 0.78 13.25 14.02 NOTE
r-devel-linux-x86_64-debian-gcc 1.0.1 0.78 12.96 13.74 NOTE
r-devel-linux-x86_64-fedora-clang 1.0.1 26.55 NOTE
r-devel-linux-x86_64-fedora-gcc 1.0.1 25.34 NOTE
r-devel-osx-x86_64-clang 1.0.1 26.67 OK
r-devel-windows-ix86+x86_64 1.0.1 6.00 25.00 31.00 NOTE
r-patched-linux-x86_64 1.0.1 0.84 13.49 14.33 OK
r-patched-solaris-sparc 1.0.1 174.90 OK
r-patched-solaris-x86 1.0.1 42.20 OK
r-release-linux-x86_64 1.0.1 0.79 13.42 14.21 OK
r-release-osx-x86_64-mavericks 1.0.1 OK
r-release-windows-ix86+x86_64 1.0.1 5.00 24.00 29.00 OK
r-oldrel-windows-ix86+x86_64 1.0.1 5.00 27.00 32.00 OK

Check Details

Version: 1.0.1
Check: R code for possible problems
Result: NOTE
    DAGOSTINO: no visible global function definition for ‘pnorm’
    DAGOSTINO: no visible global function definition for ‘pchisq’
    HZ.test : loop4: no visible global function definition for ‘var’
    HZ.test : Square: no visible global function definition for ‘var’
    HZ.test: no visible global function definition for ‘var’
    HZ.test: no visible global function definition for ‘plnorm’
    MardiaTest: no visible global function definition for ‘var’
    MardiaTest: no visible global function definition for ‘mahalanobis’
    MardiaTest: no visible global function definition for ‘pchisq’
    MardiaTest: no visible global function definition for ‘pnorm’
    Royston.test : our.test.shapiro: no visible global function definition
     for ‘shapiro.test’
    Royston.test : Royston: no visible global function definition for
     ‘qnorm’
    Royston.test : Royston: no visible global function definition for
     ‘pnorm’
    Royston.test: no visible global function definition for ‘cor’
    Royston.test: no visible global function definition for ‘pchisq’
    covariance: no visible global function definition for ‘cov’
    ellip: no visible global function definition for ‘qchisq’
    ellip: no visible global function definition for ‘qbeta’
    ellip: no visible global function definition for ‘qf’
    gen.var: no visible global function definition for ‘par’
    gen.var: no visible global function definition for ‘plot’
    gen.var: no visible global function definition for ‘mtext’
    gen.var: no visible global function definition for ‘points’
    gen.var: no visible global function definition for ‘segments’
    mult.chart: no visible global function definition for ‘qchisq’
    mult.chart: no visible global function definition for ‘qbeta’
    mult.chart: no visible global function definition for ‘qf’
    mult.chart: no visible global function definition for ‘combn’
    mult.chart: no visible global function definition for ‘pf’
    mult.chart: no visible global function definition for ‘par’
    mult.chart: no visible global function definition for ‘plot’
    mult.chart: no visible global function definition for ‘points’
    mult.chart: no visible global function definition for ‘segments’
    mult.chart: no visible global function definition for ‘mtext’
    proc.reg: no visible global function definition for ‘cov’
    proc.reg: no visible global function definition for ‘qchisq’
    Undefined global functions or variables:
     combn cor cov mahalanobis mtext par pchisq pf plnorm plot pnorm
     points qbeta qchisq qf qnorm segments shapiro.test var
Flavors: r-devel-linux-x86_64-debian-clang, r-devel-linux-x86_64-debian-gcc, r-devel-linux-x86_64-fedora-clang, r-devel-linux-x86_64-fedora-gcc, r-devel-windows-ix86+x86_64