CRAN Package Check Results for Package MSQC

Last updated on 2017-01-17 17:47:36.

Flavor Version Tinstall Tcheck Ttotal Status Flags
r-devel-linux-x86_64-debian-clang 1.0.2 1.26 22.46 23.72 OK
r-devel-linux-x86_64-debian-gcc 1.0.2 1.21 21.24 22.45 OK
r-devel-linux-x86_64-fedora-clang 1.0.2 40.88 OK --no-stop-on-test-error
r-devel-linux-x86_64-fedora-gcc 1.0.2 45.37 OK --no-stop-on-test-error
r-devel-macos-x86_64-clang 1.0.2 33.26 OK --no-stop-on-test-error
r-devel-windows-ix86+x86_64 1.0.2 12.00 45.00 57.00 OK
r-patched-linux-x86_64 1.0.2 1.18 18.88 20.05 OK
r-patched-solaris-sparc 1.0.2 230.80 OK
r-patched-solaris-x86 1.0.2 49.30 OK
r-release-linux-x86_64 1.0.2 1.16 18.78 19.94 OK
r-release-osx-x86_64-mavericks 1.0.2 WARN
r-release-windows-ix86+x86_64 1.0.2 8.00 55.00 63.00 OK
r-oldrel-windows-ix86+x86_64 1.0.2 6.00 69.00 75.00 OK

Check Details

Version: 1.0.2
Check: whether package can be installed
Result: WARN
    Found the following significant warnings:
     Warning: 'rgl_init' failed, running with rgl.useNULL = TRUE
Flavor: r-release-osx-x86_64-mavericks

Version: 1.0.2
Check: dependencies in R code
Result: NOTE
    Invalid MIT-MAGIC-COOKIE-1 key
Flavor: r-release-osx-x86_64-mavericks

Version: 1.0.2
Check: S3 generic/method consistency
Result: WARN
    Invalid MIT-MAGIC-COOKIE-1 key
    See section ‘Generic functions and methods’ in the ‘Writing R
    Extensions’ manual.
Flavor: r-release-osx-x86_64-mavericks

Version: 1.0.2
Check: replacement functions
Result: WARN
    Invalid MIT-MAGIC-COOKIE-1 key
    The argument of a replacement function which corresponds to the right
    hand side must be named ‘value’.
Flavor: r-release-osx-x86_64-mavericks

Version: 1.0.2
Check: foreign function calls
Result: NOTE
    Invalid MIT-MAGIC-COOKIE-1 key
    See chapter ‘System and foreign language interfaces’ in the ‘Writing R
    Extensions’ manual.
Flavor: r-release-osx-x86_64-mavericks

Version: 1.0.2
Check: R code for possible problems
Result: NOTE
    Invalid MIT-MAGIC-COOKIE-1 key
Flavor: r-release-osx-x86_64-mavericks

Version: 1.0.2
Check: for missing documentation entries
Result: WARN
    Invalid MIT-MAGIC-COOKIE-1 key
    All user-level objects in a package should have documentation entries.
    See chapter ‘Writing R documentation files’ in the ‘Writing R
    Extensions’ manual.
Flavor: r-release-osx-x86_64-mavericks

Version: 1.0.2
Check: for code/documentation mismatches
Result: WARN
    Invalid MIT-MAGIC-COOKIE-1 key
    Invalid MIT-MAGIC-COOKIE-1 key
    Invalid MIT-MAGIC-COOKIE-1 key
Flavor: r-release-osx-x86_64-mavericks

Version: 1.0.2
Check: Rd \usage sections
Result: NOTE
    Invalid MIT-MAGIC-COOKIE-1 key
    The \usage entries for S3 methods should use the \method markup and not
    their full name.
    See chapter ‘Writing R documentation files’ in the ‘Writing R
    Extensions’ manual.
Flavor: r-release-osx-x86_64-mavericks