CRAN Package Check Results for Package MSQC

Last updated on 2015-04-28 03:47:25.

Flavor Version Tinstall Tcheck Ttotal Status Flags
r-devel-linux-x86_64-debian-clang 1.0.1 0.94 13.42 14.35 OK
r-devel-linux-x86_64-debian-gcc 1.0.1 0.80 13.47 14.27 OK
r-devel-linux-x86_64-fedora-clang 1.0.1 28.84 OK
r-devel-linux-x86_64-fedora-gcc 1.0.1 26.85 OK
r-devel-osx-x86_64-clang 1.0.1 29.61 OK
r-devel-windows-ix86+x86_64 1.0.1 3.00 24.00 27.00 OK
r-patched-linux-x86_64 1.0.1 0.80 13.38 14.19 OK
r-patched-solaris-sparc 1.0.1 172.80 OK
r-patched-solaris-x86 1.0.1 42.10 OK
r-release-linux-x86_64 1.0.1 0.80 13.36 14.16 OK
r-release-osx-x86_64-mavericks 1.0.1 OK
r-release-osx-x86_64-snowleopard 1.0.1 ERROR
r-release-windows-ix86+x86_64 1.0.1 6.00 31.00 37.00 OK
r-oldrel-windows-ix86+x86_64 1.0.1 3.00 24.00 27.00 OK

Check Details

Version: 1.0.1
Check: examples
Result: ERROR
    Running examples in ‘MSQC-Ex.R’ failed
    The error most likely occurred in:
    
    > ### Name: prism
    > ### Title: Make a prism
    > ### Aliases: prism
    > ### Keywords: ~kwd1 ~kwd2
    >
    > ### ** Examples
    >
    > require(rgl)
    > LSL <- c( 0.60, 0.30, 49.00)
    > USL <- c(1.40, 1.70, 51.00)
    > prism(LSL, USL, add = TRUE, col = "#D55E00" )
    Fri Mar 20 19:14:01 hagal.research.att.com R[87537] <Error>: unknown error code: invalid pixel format
    Fri Mar 20 19:14:01 hagal.research.att.com R[87537] <Error>: kCGErrorFailure: Set a breakpoint @ CGErrorBreakpoint() to catch errors as they are logged.
    X Error of failed request: GLXBadContext
     Major opcode of failed request: 0 ()
     Serial number of failed request: 27
     Current serial number in output stream: 27
Flavor: r-release-osx-x86_64-snowleopard