CRAN Package Check Results for Package MSRDT

Last updated on 2024-06-13 15:48:30 CEST.

Flavor Version Tinstall Tcheck Ttotal Status Flags
r-devel-linux-x86_64-debian-clang 0.1.0 5.64 71.10 76.74 NOTE
r-devel-linux-x86_64-debian-gcc 0.1.0 0.30 1.84 2.14 ERROR
r-devel-linux-x86_64-fedora-clang 0.1.0 100.99 NOTE
r-devel-linux-x86_64-fedora-gcc 0.1.0 103.74 NOTE
r-devel-windows-x86_64 0.1.0 6.00 70.00 76.00 NOTE
r-patched-linux-x86_64 0.1.0 6.64 69.49 76.13 NOTE
r-release-linux-x86_64 0.1.0 4.47 69.38 73.85 NOTE
r-release-macos-arm64 0.1.0 35.00 NOTE
r-release-macos-x86_64 0.1.0 53.00 NOTE
r-release-windows-x86_64 0.1.0 6.00 70.00 76.00 NOTE
r-oldrel-macos-arm64 0.1.0 38.00 NOTE
r-oldrel-macos-x86_64 0.1.0 47.00 NOTE
r-oldrel-windows-x86_64 0.1.0 8.00 80.00 88.00 NOTE

Check Details

Version: 0.1.0
Check: package subdirectories
Result: NOTE Problems with news in ‘NEWS.md’: No news entries found. Flavors: r-devel-linux-x86_64-debian-clang, r-devel-linux-x86_64-fedora-clang, r-devel-linux-x86_64-fedora-gcc, r-devel-windows-x86_64, r-patched-linux-x86_64, r-release-linux-x86_64, r-release-macos-arm64, r-release-macos-x86_64, r-release-windows-x86_64, r-oldrel-macos-arm64, r-oldrel-macos-x86_64, r-oldrel-windows-x86_64

Version: 0.1.0
Check: LazyData
Result: NOTE 'LazyData' is specified without a 'data' directory Flavors: r-devel-linux-x86_64-debian-clang, r-devel-linux-x86_64-fedora-clang, r-devel-linux-x86_64-fedora-gcc, r-devel-windows-x86_64, r-patched-linux-x86_64, r-release-linux-x86_64, r-release-macos-arm64, r-release-macos-x86_64, r-release-windows-x86_64, r-oldrel-macos-arm64, r-oldrel-macos-x86_64, r-oldrel-windows-x86_64

Version: 0.1.0
Check: package dependencies
Result: ERROR Packages required but not available: 'reshape2', 'dplyr' Package suggested but not available for checking: ‘tidyverse’ See section ‘The DESCRIPTION file’ in the ‘Writing R Extensions’ manual. Flavor: r-devel-linux-x86_64-debian-gcc

Version: 0.1.0
Check: dependencies in R code
Result: NOTE Namespace in Imports field not imported from: ‘utils’ All declared Imports should be used. Flavors: r-devel-linux-x86_64-fedora-clang, r-devel-linux-x86_64-fedora-gcc