CRAN Package Check Results for Package MSeasy

Last updated on 2014-04-16 09:48:03.

Flavor Version Tinstall Tcheck Ttotal Status Flags
r-devel-linux-x86_64-debian-clang 5.3.3 5.86 71.82 77.68 NOTE
r-devel-linux-x86_64-debian-gcc 5.3.3 5.83 70.98 76.82 NOTE
r-devel-linux-x86_64-fedora-clang 5.3.3 3.25 ERROR
r-devel-linux-x86_64-fedora-gcc 5.3.3 157.84 NOTE
r-devel-macosx-x86_64-gcc 5.3.3 ERROR
r-devel-windows-ix86+x86_64 5.3.3 0.00 1.00 1.00 ERROR
r-patched-linux-x86_64 5.3.3 6.03 71.32 77.35 NOTE
r-release-linux-ix86 5.3.3 13.00 110.00 123.00 NOTE
r-release-linux-x86_64 5.3.3 6.51 70.21 76.72 NOTE
r-release-macosx-x86_64 5.3.3 ERROR
r-release-windows-ix86+x86_64 5.3.3 16.00 97.00 113.00 NOTE
r-oldrel-windows-ix86+x86_64 5.3.3 17.00 92.00 109.00 NOTE

Check Details

Version: 5.3.3
Check: package dependencies
Result: NOTE
    Depends: includes the non-default packages:
     ‘amap’ ‘clValid’ ‘cluster’ ‘fpc’ ‘mzR’ ‘xcms’
    Adding so many packages to the search path is excessive and importing
    selectively is preferable.
Flavors: r-devel-linux-x86_64-debian-clang, r-devel-linux-x86_64-debian-gcc, r-devel-linux-x86_64-fedora-gcc, r-patched-linux-x86_64, r-release-linux-ix86, r-release-linux-x86_64, r-release-windows-ix86+x86_64

Version: 5.3.3
Check: dependencies in R code
Result: NOTE
    'library' or 'require' calls to packages already attached by Depends:
     ‘amap’ ‘clValid’ ‘cluster’ ‘fpc’ ‘xcms’
     Please remove these calls from your code.
    Packages in Depends field not imported from:
     ‘mzR’ ‘xcms’
     These packages need to be imported from (in the NAMESPACE file)
     for when this namespace is loaded but not attached.
    See the information on DESCRIPTION files in the chapter ‘Creating R
    packages’ of the ‘Writing R Extensions’ manual.
Flavors: r-devel-linux-x86_64-debian-clang, r-devel-linux-x86_64-debian-gcc, r-devel-linux-x86_64-fedora-gcc, r-patched-linux-x86_64, r-release-linux-ix86, r-release-linux-x86_64, r-release-windows-ix86+x86_64, r-oldrel-windows-ix86+x86_64

Version: 5.3.3
Check: package dependencies
Result: ERROR
    Packages required but not available: ‘mzR’ ‘xcms’
    
    Depends: includes the non-default packages:
     ‘amap’ ‘clValid’ ‘cluster’ ‘fpc’ ‘mzR’ ‘xcms’
    Adding so many packages to the search path is excessive and importing
    selectively is preferable.
    
    See the information on DESCRIPTION files in the chapter ‘Creating R
    packages’ of the ‘Writing R Extensions’ manual.
Flavors: r-devel-linux-x86_64-fedora-clang, r-release-macosx-x86_64

Version: 5.3.3
Check: package dependencies
Result: ERROR
    Packages required but not available: ‘fpc’ ‘mzR’ ‘xcms’
    
    Depends: includes the non-default packages:
     ‘amap’ ‘clValid’ ‘cluster’ ‘fpc’ ‘mzR’ ‘xcms’
    Adding so many packages to the search path is excessive and importing
    selectively is preferable.
    
    See the information on DESCRIPTION files in the chapter ‘Creating R
    packages’ of the ‘Writing R Extensions’ manual.
Flavor: r-devel-macosx-x86_64-gcc

Version: 5.3.3
Check: package dependencies
Result: ERROR
    Package required but not available: 'xcms'
    
    Depends: includes the non-default packages:
     'amap' 'clValid' 'cluster' 'fpc' 'mzR' 'xcms'
    Adding so many packages to the search path is excessive and importing
    selectively is preferable.
    
    See the information on DESCRIPTION files in the chapter 'Creating R
    packages' of the 'Writing R Extensions' manual.
Flavor: r-devel-windows-ix86+x86_64