CRAN Package Check Results for Package MSwM

Last updated on 2014-04-24 23:48:07.

Flavor Version Tinstall Tcheck Ttotal Status Flags
r-devel-linux-x86_64-debian-clang 1.2 1.38 38.02 39.40 OK
r-devel-linux-x86_64-debian-gcc 1.2 1.36 37.32 38.68 OK
r-devel-linux-x86_64-fedora-clang 1.2 100.25 OK
r-devel-linux-x86_64-fedora-gcc 1.2 96.63 OK
r-devel-osx-x86_64-clang 1.2 81.91 OK
r-devel-osx-x86_64-gcc 1.2 OK
r-devel-windows-ix86+x86_64 1.2 4.00 68.00 72.00 OK
r-patched-linux-x86_64 1.2 1.38 37.30 38.68 OK
r-patched-solaris-sparc 1.2 560.00 OK
r-patched-solaris-x86 1.2 117.00 OK
r-release-linux-ix86 1.2 3.00 71.00 74.00 OK
r-release-linux-x86_64 1.2 1.37 37.88 39.25 OK
r-release-osx-x86_64-mavericks 1.2 WARN
r-release-osx-x86_64-snowleopard 1.2 OK
r-release-windows-ix86+x86_64 1.2 5.00 73.00 78.00 OK
r-oldrel-windows-ix86+x86_64 1.2 4.00 70.00 74.00 OK

Check Details

Version: 1.2
Check: PDF version of manual
Result: WARNING
    LaTeX errors when creating PDF version.
    This typically indicates Rd problems.
    LaTeX errors found:
    ! LaTeX Error: File `upquote.sty' not found.
    
    Type X to quit or <RETURN> to proceed,
    or enter new name. (Default extension: sty)
    
    7cb998f/Rd2.tex:8: ==> Fatal error occurred, no output PDF file produced!
Flavor: r-release-osx-x86_64-mavericks