CRAN Package Check Results for Package MSwM

Last updated on 2015-05-23 05:47:55.

Flavor Version Tinstall Tcheck Ttotal Status Flags
r-devel-linux-x86_64-debian-clang 1.2 1.38 34.78 36.16 NOTE
r-devel-linux-x86_64-debian-gcc 1.2 1.10 34.06 35.16 NOTE
r-devel-linux-x86_64-fedora-clang 1.2 84.68 NOTE
r-devel-linux-x86_64-fedora-gcc 1.2 80.08 NOTE
r-devel-osx-x86_64-clang 1.2 75.34 NOTE
r-devel-windows-ix86+x86_64 1.2 4.00 67.00 71.00 NOTE
r-patched-linux-x86_64 1.2 1.12 35.84 36.96 NOTE
r-patched-solaris-sparc 1.2 520.60 NOTE
r-patched-solaris-x86 1.2 99.60 NOTE
r-release-linux-x86_64 1.2 1.26 35.09 36.36 NOTE
r-release-osx-x86_64-mavericks 1.2 NOTE
r-release-osx-x86_64-snowleopard 1.2 NOTE
r-release-windows-ix86+x86_64 1.2 5.00 63.00 68.00 NOTE
r-oldrel-windows-ix86+x86_64 1.2 4.00 69.00 73.00 OK

Check Details

Version: 1.2
Check: DESCRIPTION meta-information
Result: NOTE
    Malformed Description field: should contain one or more complete sentences.
Flavors: r-devel-linux-x86_64-debian-clang, r-devel-linux-x86_64-debian-gcc, r-devel-linux-x86_64-fedora-clang, r-devel-linux-x86_64-fedora-gcc, r-devel-osx-x86_64-clang, r-devel-windows-ix86+x86_64, r-patched-linux-x86_64, r-patched-solaris-sparc, r-patched-solaris-x86, r-release-linux-x86_64, r-release-osx-x86_64-mavericks, r-release-osx-x86_64-snowleopard, r-release-windows-ix86+x86_64

Version: 1.2
Check: S3 generic/method consistency
Result: NOTE
    Found the following apparent S3 methods exported but not registered:
     AIC.MSM.glm AIC.MSM.lm intervals.MSM.glm intervals.MSM.lm
    See section ‘Registering S3 methods’ in the ‘Writing R Extensions’
    manual.
Flavors: r-devel-linux-x86_64-debian-clang, r-devel-linux-x86_64-debian-gcc, r-devel-linux-x86_64-fedora-clang, r-devel-linux-x86_64-fedora-gcc, r-devel-osx-x86_64-clang, r-patched-linux-x86_64, r-patched-solaris-sparc, r-patched-solaris-x86, r-release-linux-x86_64