CRAN Package Check Results for Package MSwM

Last updated on 2015-01-26 03:52:29.

Flavor Version Tinstall Tcheck Ttotal Status Flags
r-devel-linux-x86_64-debian-clang 1.2 1.19 35.74 36.93 OK
r-devel-linux-x86_64-debian-gcc 1.2 1.11 35.95 37.06 OK
r-devel-linux-x86_64-fedora-clang 1.2 94.13 NOTE
r-devel-linux-x86_64-fedora-gcc 1.2 90.89 NOTE
r-devel-osx-x86_64-clang 1.2 88.52 NOTE
r-devel-windows-ix86+x86_64 1.2 7.00 90.00 97.00 OK
r-patched-linux-x86_64 1.2 1.29 38.70 39.98 OK
r-patched-solaris-sparc 1.2 567.20 OK
r-patched-solaris-x86 1.2 112.70 OK
r-release-linux-ix86 1.2 1.71 51.43 53.14 OK
r-release-linux-x86_64 1.2 1.30 38.66 39.96 OK
r-release-osx-x86_64-mavericks 1.2 OK
r-release-osx-x86_64-snowleopard 1.2 OK
r-release-windows-ix86+x86_64 1.2 5.00 70.00 75.00 OK
r-oldrel-windows-ix86+x86_64 1.2 5.00 72.00 77.00 OK

Check Details

Version: 1.2
Check: S3 generic/method consistency
Result: NOTE
    Found the following apparent S3 methods exported but not registered:
     AIC.MSM.glm AIC.MSM.lm intervals.MSM.glm intervals.MSM.lm
    See section ‘Registering S3 methods’ in the ‘Writing R Extensions’
    manual.
Flavors: r-devel-linux-x86_64-fedora-clang, r-devel-linux-x86_64-fedora-gcc, r-devel-osx-x86_64-clang