CRAN Package Check Results for Package MSwM

Last updated on 2015-03-31 03:48:35.

Flavor Version Tinstall Tcheck Ttotal Status Flags
r-devel-linux-x86_64-debian-clang 1.2 1.16 35.30 36.46 NOTE
r-devel-linux-x86_64-debian-gcc 1.2 3.02 34.18 37.20 NOTE
r-devel-linux-x86_64-fedora-clang 1.2 85.03 NOTE
r-devel-linux-x86_64-fedora-gcc 1.2 79.85 NOTE
r-devel-osx-x86_64-clang 1.2 77.53 NOTE
r-prerel-windows-ix86+x86_64 1.2 6.00 64.00 70.00 NOTE
r-prerel-linux-x86_64 1.2 1.10 34.56 35.66 NOTE
r-prerel-solaris-sparc 1.2 518.30 NOTE
r-prerel-solaris-x86 1.2 98.80 NOTE
r-release-linux-x86_64 1.2 1.78 38.46 40.25 OK
r-release-osx-x86_64-mavericks 1.2 OK
r-release-osx-x86_64-snowleopard 1.2 OK
r-release-windows-ix86+x86_64 1.2 4.00 68.00 72.00 OK
r-oldrel-windows-ix86+x86_64 1.2 5.00 73.00 78.00 OK

Check Details

Version: 1.2
Check: DESCRIPTION meta-information
Result: NOTE
    Malformed Description field: should contain one or more complete sentences.
Flavors: r-devel-linux-x86_64-debian-clang, r-devel-linux-x86_64-debian-gcc, r-devel-linux-x86_64-fedora-clang, r-devel-linux-x86_64-fedora-gcc, r-devel-osx-x86_64-clang, r-prerel-windows-ix86+x86_64, r-prerel-linux-x86_64, r-prerel-solaris-sparc, r-prerel-solaris-x86

Version: 1.2
Check: S3 generic/method consistency
Result: NOTE
    Found the following apparent S3 methods exported but not registered:
     AIC.MSM.glm AIC.MSM.lm intervals.MSM.glm intervals.MSM.lm
    See section ‘Registering S3 methods’ in the ‘Writing R Extensions’
    manual.
Flavors: r-devel-linux-x86_64-debian-clang, r-devel-linux-x86_64-debian-gcc, r-devel-linux-x86_64-fedora-clang, r-devel-linux-x86_64-fedora-gcc, r-devel-osx-x86_64-clang, r-prerel-linux-x86_64