CRAN Package Check Results for Package MTLR

Last updated on 2022-11-28 05:52:30 CET.

Flavor Version Tinstall Tcheck Ttotal Status Flags
r-devel-linux-x86_64-debian-clang 0.2.1 42.06 74.55 116.61 NOTE
r-devel-linux-x86_64-debian-gcc 0.2.1 30.67 55.38 86.05 NOTE
r-devel-linux-x86_64-fedora-clang 0.2.1 157.01 NOTE
r-devel-linux-x86_64-fedora-gcc 0.2.1 155.00 NOTE
r-devel-windows-x86_64 0.2.1 48.00 122.00 170.00 NOTE
r-patched-linux-x86_64 0.2.1 31.53 69.26 100.79 NOTE
r-release-linux-x86_64 0.2.1 34.17 71.81 105.98 NOTE
r-release-macos-arm64 0.2.1 42.00 NOTE
r-release-macos-x86_64 0.2.1 54.00 NOTE
r-release-windows-x86_64 0.2.1 51.00 122.00 173.00 NOTE
r-oldrel-macos-arm64 0.2.1 50.00 NOTE
r-oldrel-macos-x86_64 0.2.1 80.00 NOTE
r-oldrel-windows-ix86+x86_64 0.2.1 87.00 145.00 232.00 NOTE

Check Details

Version: 0.2.1
Check: LazyData
Result: NOTE
     'LazyData' is specified without a 'data' directory
Flavors: r-devel-linux-x86_64-debian-clang, r-devel-linux-x86_64-debian-gcc, r-devel-linux-x86_64-fedora-clang, r-devel-linux-x86_64-fedora-gcc, r-devel-windows-x86_64, r-patched-linux-x86_64, r-release-linux-x86_64, r-release-macos-arm64, r-release-macos-x86_64, r-release-windows-x86_64, r-oldrel-macos-arm64, r-oldrel-macos-x86_64, r-oldrel-windows-ix86+x86_64