CRAN Package Check Results for Package MTurkR

Last updated on 2014-08-20 15:50:20.

Flavor Version Tinstall Tcheck Ttotal Status Flags
r-devel-linux-x86_64-debian-clang 0.4 2.26 59.59 61.86 OK
r-devel-linux-x86_64-debian-gcc 0.4 2.22 59.13 61.35 OK
r-devel-linux-x86_64-fedora-clang 0.4 121.84 NOTE
r-devel-linux-x86_64-fedora-gcc 0.4 116.23 NOTE
r-devel-osx-x86_64-clang 0.4 95.77 NOTE
r-devel-windows-ix86+x86_64 0.4 6.00 71.00 77.00 OK
r-patched-linux-x86_64 0.4 2.22 60.21 62.44 OK
r-patched-solaris-sparc 0.4 695.10 OK
r-patched-solaris-x86 0.4 141.40 OK
r-release-linux-ix86 0.4 2.95 76.04 78.99 OK
r-release-linux-x86_64 0.4 2.27 60.92 63.19 OK
r-release-osx-x86_64-mavericks 0.4 OK
r-release-osx-x86_64-snowleopard 0.4 OK
r-release-windows-ix86+x86_64 0.4 10.00 114.00 124.00 OK
r-oldrel-windows-ix86+x86_64 0.4 9.00 82.00 91.00 OK

Check Details

Version: 0.4
Check: R code for possible problems
Result: NOTE
    MTurkR.Wizard : exitWiz: no visible global function definition for
     ‘tkmessageBox’
    MTurkR.Wizard : exitWiz: no visible global function definition for
     ‘tclvalue’
    MTurkR.Wizard : exitWiz: no visible global function definition for
     ‘tkdestroy’
    MTurkR.Wizard : exitWiz: no visible global function definition for
     ‘tkfocus’
    MTurkR.Wizard : sandboxWiz: no visible global function definition for
     ‘tkmessageBox’
    MTurkR.Wizard : sandboxWiz: no visible global function definition for
     ‘tclvalue’
    MTurkR.Wizard : sandboxWiz: no visible global function definition for
     ‘tkfocus’
    MTurkR.Wizard : credentialsWiz : credOK: no visible global function
     definition for ‘tclvalue’
    MTurkR.Wizard : credentialsWiz : credOK: no visible global function
     definition for ‘tkdestroy’
    MTurkR.Wizard : credentialsWiz : credOK: no visible global function
     definition for ‘tkfocus’
    MTurkR.Wizard : credentialsWiz: no visible global function definition
     for ‘tktoplevel’
    MTurkR.Wizard : credentialsWiz: no visible global function definition
     for ‘tkwm.title’
    MTurkR.Wizard : credentialsWiz: no visible global function definition
     for ‘tkfocus’
    MTurkR.Wizard : credentialsWiz: no visible global function definition
     for ‘tclVar’
    MTurkR.Wizard : credentialsWiz: no visible global function definition
     for ‘tkframe’
    MTurkR.Wizard : credentialsWiz: no visible global function definition
     for ‘tkentry’
    MTurkR.Wizard : credentialsWiz: no visible global function definition
     for ‘tkgrid’
    MTurkR.Wizard : credentialsWiz: no visible global function definition
     for ‘tklabel’
    MTurkR.Wizard : credentialsWiz: no visible global function definition
     for ‘tkbutton’
    MTurkR.Wizard : credentialsWiz : <anonymous>: no visible global
     function definition for ‘tkdestroy’
    MTurkR.Wizard : credentialsWiz : <anonymous>: no visible global
     function definition for ‘tkfocus’
    MTurkR.Wizard : savetofile: no visible global function definition for
     ‘tclvalue’
    MTurkR.Wizard : savetofile: no visible global function definition for
     ‘tkgetSaveFile’
    MTurkR.Wizard : savetofile: no visible global function definition for
     ‘tkmessageBox’
    MTurkR.Wizard : balanceWiz: no visible global function definition for
     ‘tkmessageBox’
    MTurkR.Wizard : balanceWiz: no visible global function definition for
     ‘tkfocus’
    MTurkR.Wizard : fundcheckWiz : checksufficient: no visible global
     function definition for ‘tclvalue’
    MTurkR.Wizard : fundcheckWiz : checksufficient: no visible global
     function definition for ‘tktoplevel’
    MTurkR.Wizard : fundcheckWiz : checksufficient: no visible global
     function definition for ‘tkwm.title’
    MTurkR.Wizard : fundcheckWiz : checksufficient: no visible global
     function definition for ‘tkgrid’
    MTurkR.Wizard : fundcheckWiz : checksufficient: no visible global
     function definition for ‘ttklabel’
    MTurkR.Wizard : fundcheckWiz : checksufficient: no visible global
     function definition for ‘tkbutton’
    MTurkR.Wizard : fundcheckWiz : checksufficient : <anonymous>: no
     visible global function definition for ‘tkdestroy’
    MTurkR.Wizard : fundcheckWiz : checksufficient : <anonymous>: no
     visible global function definition for ‘tkfocus’
    MTurkR.Wizard : fundcheckWiz : checksufficient: no visible global
     function definition for ‘tkfocus’
    MTurkR.Wizard : fundcheckWiz: no visible global function definition for
     ‘tktoplevel’
    MTurkR.Wizard : fundcheckWiz: no visible global function definition for
     ‘tkwm.title’
    MTurkR.Wizard : fundcheckWiz: no visible global function definition for
     ‘tkframe’
    MTurkR.Wizard : fundcheckWiz: no visible global function definition for
     ‘tclVar’
    MTurkR.Wizard : fundcheckWiz: no visible global function definition for
     ‘tkgrid’
    MTurkR.Wizard : fundcheckWiz: no visible global function definition for
     ‘ttklabel’
    MTurkR.Wizard : fundcheckWiz: no visible global function definition for
     ‘tkentry’
    MTurkR.Wizard : fundcheckWiz: no visible global function definition for
     ‘tklabel’
    MTurkR.Wizard : fundcheckWiz: no visible global function definition for
     ‘tkcheckbutton’
    MTurkR.Wizard : fundcheckWiz: no visible global function definition for
     ‘tkbutton’
    MTurkR.Wizard : fundcheckWiz : <anonymous>: no visible global function
     definition for ‘tkdestroy’
    MTurkR.Wizard : fundcheckWiz : <anonymous>: no visible global function
     definition for ‘tkfocus’
    MTurkR.Wizard : fundcheckWiz: no visible global function definition for
     ‘tkfocus’
    MTurkR.Wizard : loadlogWiz : displaylogentry: no visible global
     function definition for ‘tkframe’
    MTurkR.Wizard : loadlogWiz : displaylogentry: no visible global
     function definition for ‘tkgrid’
    MTurkR.Wizard : loadlogWiz : displaylogentry: no visible global
     function definition for ‘ttklabel’
    MTurkR.Wizard : loadlogWiz : displaylogentry: no visible global
     function definition for ‘tkbutton’
    MTurkR.Wizard : loadlogWiz: no visible global function definition for
     ‘tktoplevel’
    MTurkR.Wizard : loadlogWiz: no visible global function definition for
     ‘tkwm.title’
    MTurkR.Wizard : loadlogWiz: no visible global function definition for
     ‘tkframe’
    MTurkR.Wizard : loadlogWiz: no visible global function definition for
     ‘tkscrollbar’
    MTurkR.Wizard : loadlogWiz : <anonymous>: no visible global function
     definition for ‘tkyview’
    MTurkR.Wizard : loadlogWiz: no visible global function definition for
     ‘tklistbox’
    MTurkR.Wizard : loadlogWiz : <anonymous>: no visible global function
     definition for ‘tkset’
    MTurkR.Wizard : loadlogWiz: no visible global function definition for
     ‘tkgrid’
    MTurkR.Wizard : loadlogWiz: no visible global function definition for
     ‘tkgrid.configure’
    MTurkR.Wizard : loadlogWiz: no visible global function definition for
     ‘tkinsert’
    MTurkR.Wizard : loadlogWiz: no visible global function definition for
     ‘tkbutton’
    MTurkR.Wizard : loadlogWiz : <anonymous>: no visible global function
     definition for ‘tkcurselection’
    MTurkR.Wizard : loadlogWiz : <anonymous>: no visible global function
     definition for ‘tkdestroy’
    MTurkR.Wizard : loadlogWiz: no visible global function definition for
     ‘tkfocus’
    MTurkR.Wizard : registerWiz : gethit: no visible global function
     definition for ‘tclvalue’
    MTurkR.Wizard : registerWiz : gethit: no visible global function
     definition for ‘tkmessageBox’
    MTurkR.Wizard : registerWiz : gethit: no visible global function
     definition for ‘tkfocus’
    MTurkR.Wizard : registerWiz : gethit: no visible global function
     definition for ‘tkdestroy’
    MTurkR.Wizard : registerWiz : addqualreq : genqual: no visible global
     function definition for ‘tclvalue’
    MTurkR.Wizard : registerWiz : addqualreq : genqual: no visible global
     function definition for ‘tkmessageBox’
    MTurkR.Wizard : registerWiz : addqualreq : genqual: no visible global
     function definition for ‘tkfocus’
    MTurkR.Wizard : registerWiz : addqualreq : genqual: no visible global
     function definition for ‘tkcurselection’
    MTurkR.Wizard : registerWiz : addqualreq : genqual: no visible global
     function definition for ‘tkdestroy’
    MTurkR.Wizard : registerWiz : addqualreq : genqual: no visible global
     function definition for ‘tclvalue<-’
    MTurkR.Wizard : registerWiz : addqualreq: no visible global function
     definition for ‘tktoplevel’
    MTurkR.Wizard : registerWiz : addqualreq: no visible global function
     definition for ‘tkwm.title’
    MTurkR.Wizard : registerWiz : addqualreq: no visible global function
     definition for ‘tkframe’
    MTurkR.Wizard : registerWiz : addqualreq: no visible global function
     definition for ‘tclVar’
    MTurkR.Wizard : registerWiz : addqualreq: no visible global function
     definition for ‘tkgrid’
    MTurkR.Wizard : registerWiz : addqualreq: no visible global function
     definition for ‘ttklabel’
    MTurkR.Wizard : registerWiz : addqualreq: no visible global function
     definition for ‘tkentry’
    MTurkR.Wizard : registerWiz : addqualreq: no visible global function
     definition for ‘tklabel’
    MTurkR.Wizard : registerWiz : addqualreq: no visible global function
     definition for ‘tkcheckbutton’
    MTurkR.Wizard : registerWiz : addqualreq: no visible global function
     definition for ‘tkscrollbar’
    MTurkR.Wizard : registerWiz : addqualreq : <anonymous>: no visible
     global function definition for ‘tkyview’
    MTurkR.Wizard : registerWiz : addqualreq: no visible global function
     definition for ‘tklistbox’
    MTurkR.Wizard : registerWiz : addqualreq : <anonymous>: no visible
     global function definition for ‘tkset’
    MTurkR.Wizard : registerWiz : addqualreq: no visible global function
     definition for ‘tkgrid.configure’
    MTurkR.Wizard : registerWiz : addqualreq: no visible global function
     definition for ‘tkinsert’
    MTurkR.Wizard : registerWiz : addqualreq: no visible global function
     definition for ‘tkselection.set’
    MTurkR.Wizard : registerWiz : addqualreq : populate: no visible global
     function definition for ‘tclvalue<-’
    MTurkR.Wizard : registerWiz : addqualreq: no visible global function
     definition for ‘tkbutton’
    MTurkR.Wizard : registerWiz : addqualreq : <anonymous>: no visible
     global function definition for ‘tkdestroy’
    MTurkR.Wizard : registerWiz : addqualreq : <anonymous>: no visible
     global function definition for ‘tkfocus’
    MTurkR.Wizard : registerWiz : addqualreq: no visible global function
     definition for ‘tkfocus’
    MTurkR.Wizard : registerWiz: no visible global function definition for
     ‘tktoplevel’
    MTurkR.Wizard : registerWiz: no visible global function definition for
     ‘tkwm.title’
    MTurkR.Wizard : registerWiz: no visible global function definition for
     ‘tclVar’
    MTurkR.Wizard : registerWiz: no visible global function definition for
     ‘tkframe’
    MTurkR.Wizard : registerWiz: no visible global function definition for
     ‘tkgrid’
    MTurkR.Wizard : registerWiz: no visible global function definition for
     ‘ttklabel’
    MTurkR.Wizard : registerWiz: no visible global function definition for
     ‘tkentry’
    MTurkR.Wizard : registerWiz: no visible global function definition for
     ‘tklabel’
    MTurkR.Wizard : registerWiz: no visible global function definition for
     ‘tkbutton’
    MTurkR.Wizard : registerWiz: no visible global function definition for
     ‘tclvalue’
    MTurkR.Wizard : registerWiz: no visible global function definition for
     ‘tkconfigure’
    MTurkR.Wizard : registerWiz : <anonymous>: no visible global function
     definition for ‘tkdestroy’
    MTurkR.Wizard : registerWiz : <anonymous>: no visible global function
     definition for ‘tkfocus’
    MTurkR.Wizard : registerWiz: no visible global function definition for
     ‘tkfocus’
    MTurkR.Wizard : createWiz : addexquestion : store: no visible global
     function definition for ‘tclvalue’
    MTurkR.Wizard : createWiz : addexquestion : store: no visible global
     function definition for ‘tkmessageBox’
    MTurkR.Wizard : createWiz : addexquestion : store: no visible global
     function definition for ‘tkfocus’
    MTurkR.Wizard : createWiz : addexquestion: no visible global function
     definition for ‘tktoplevel’
    MTurkR.Wizard : createWiz : addexquestion: no visible global function
     definition for ‘tkwm.title’
    MTurkR.Wizard : createWiz : addexquestion: no visible global function
     definition for ‘tkframe’
    MTurkR.Wizard : createWiz : addexquestion: no visible global function
     definition for ‘tclVar’
    MTurkR.Wizard : createWiz : addexquestion: no visible global function
     definition for ‘tkgrid’
    MTurkR.Wizard : createWiz : addexquestion: no visible global function
     definition for ‘ttklabel’
    MTurkR.Wizard : createWiz : addexquestion: no visible global function
     definition for ‘tkentry’
    MTurkR.Wizard : createWiz : addexquestion: no visible global function
     definition for ‘tklabel’
    MTurkR.Wizard : createWiz : addexquestion: no visible global function
     definition for ‘tkbutton’
    MTurkR.Wizard : createWiz : addexquestion : <anonymous>: no visible
     global function definition for ‘tkdestroy’
    MTurkR.Wizard : createWiz : addexquestion : <anonymous>: no visible
     global function definition for ‘tkfocus’
    MTurkR.Wizard : createWiz : addexquestion: no visible global function
     definition for ‘tkfocus’
    MTurkR.Wizard : createWiz : addinquestion : store: no visible global
     function definition for ‘tclvalue’
    MTurkR.Wizard : createWiz : addinquestion : store: no visible global
     function definition for ‘tkget’
    MTurkR.Wizard : createWiz : addinquestion : store: no visible global
     function definition for ‘tkmessageBox’
    MTurkR.Wizard : createWiz : addinquestion : store: no visible global
     function definition for ‘tkfocus’
    MTurkR.Wizard : createWiz : addinquestion: no visible global function
     definition for ‘tktoplevel’
    MTurkR.Wizard : createWiz : addinquestion: no visible global function
     definition for ‘tkwm.title’
    MTurkR.Wizard : createWiz : addinquestion: no visible global function
     definition for ‘tkframe’
    MTurkR.Wizard : createWiz : addinquestion: no visible global function
     definition for ‘tclVar’
    MTurkR.Wizard : createWiz : addinquestion: no visible global function
     definition for ‘tkgrid’
    MTurkR.Wizard : createWiz : addinquestion: no visible global function
     definition for ‘ttklabel’
    MTurkR.Wizard : createWiz : addinquestion: no visible global function
     definition for ‘tktext’
    MTurkR.Wizard : createWiz : addinquestion: no visible global function
     definition for ‘tkmark.set’
    MTurkR.Wizard : createWiz : addinquestion: no visible global function
     definition for ‘tklabel’
    MTurkR.Wizard : createWiz : addinquestion: no visible global function
     definition for ‘tkbutton’
    MTurkR.Wizard : createWiz : addinquestion : <anonymous>: no visible
     global function definition for ‘tkdestroy’
    MTurkR.Wizard : createWiz : addinquestion : <anonymous>: no visible
     global function definition for ‘tkfocus’
    MTurkR.Wizard : createWiz : addinquestion: no visible global function
     definition for ‘tkfocus’
    MTurkR.Wizard : createWiz : addhtmlquestion : store: no visible global
     function definition for ‘tclvalue’
    MTurkR.Wizard : createWiz : addhtmlquestion : store: no visible global
     function definition for ‘tkget’
    MTurkR.Wizard : createWiz : addhtmlquestion : store: no visible global
     function definition for ‘tkmessageBox’
    MTurkR.Wizard : createWiz : addhtmlquestion : store: no visible global
     function definition for ‘tkfocus’
    MTurkR.Wizard : createWiz : addhtmlquestion: no visible global function
     definition for ‘tktoplevel’
    MTurkR.Wizard : createWiz : addhtmlquestion: no visible global function
     definition for ‘tkwm.title’
    MTurkR.Wizard : createWiz : addhtmlquestion: no visible global function
     definition for ‘tkframe’
    MTurkR.Wizard : createWiz : addhtmlquestion: no visible global function
     definition for ‘tclVar’
    MTurkR.Wizard : createWiz : addhtmlquestion: no visible global function
     definition for ‘tkgrid’
    MTurkR.Wizard : createWiz : addhtmlquestion: no visible global function
     definition for ‘ttklabel’
    MTurkR.Wizard : createWiz : addhtmlquestion: no visible global function
     definition for ‘tktext’
    MTurkR.Wizard : createWiz : addhtmlquestion: no visible global function
     definition for ‘tkmark.set’
    MTurkR.Wizard : createWiz : addhtmlquestion: no visible global function
     definition for ‘tklabel’
    MTurkR.Wizard : createWiz : addhtmlquestion: no visible global function
     definition for ‘tkbutton’
    MTurkR.Wizard : createWiz : addhtmlquestion : <anonymous>: no visible
     global function definition for ‘tkdestroy’
    MTurkR.Wizard : createWiz : addhtmlquestion : <anonymous>: no visible
     global function definition for ‘tkfocus’
    MTurkR.Wizard : createWiz : addhtmlquestion: no visible global function
     definition for ‘tkfocus’
    MTurkR.Wizard : createWiz : addlayout : store: no visible global
     function definition for ‘tclvalue’
    MTurkR.Wizard : createWiz : addlayout : store: no visible global
     function definition for ‘tkmessageBox’
    MTurkR.Wizard : createWiz : addlayout : store: no visible global
     function definition for ‘tkfocus’
    MTurkR.Wizard : createWiz : addlayout : store: no visible global
     function definition for ‘tkdestroy’
    MTurkR.Wizard : createWiz : addlayout: no visible global function
     definition for ‘tktoplevel’
    MTurkR.Wizard : createWiz : addlayout: no visible global function
     definition for ‘tkwm.title’
    MTurkR.Wizard : createWiz : addlayout: no visible global function
     definition for ‘tkframe’
    MTurkR.Wizard : createWiz : addlayout: no visible global function
     definition for ‘tkgrid’
    MTurkR.Wizard : createWiz : addlayout: no visible global function
     definition for ‘ttklabel’
    MTurkR.Wizard : createWiz : addlayout: no visible global function
     definition for ‘tkbind’
    MTurkR.Wizard : createWiz : addlayout: no visible global function
     definition for ‘tclVar’
    MTurkR.Wizard : createWiz : addlayout: no visible global function
     definition for ‘tkentry’
    MTurkR.Wizard : createWiz : addlayout: no visible global function
     definition for ‘tklabel’
    MTurkR.Wizard : createWiz : addlayout: no visible global function
     definition for ‘tkbutton’
    MTurkR.Wizard : createWiz : addlayout : <anonymous>: no visible global
     function definition for ‘tkdestroy’
    MTurkR.Wizard : createWiz : addlayout : <anonymous>: no visible global
     function definition for ‘tkfocus’
    MTurkR.Wizard : createWiz : addlayout: no visible global function
     definition for ‘tkfocus’
    MTurkR.Wizard : createWiz : addreviewpolicy : storepolicy: no visible
     global function definition for ‘tclvalue’
    MTurkR.Wizard : createWiz : addreviewpolicy : storepolicy: no visible
     global function definition for ‘tkget’
    MTurkR.Wizard : createWiz : addreviewpolicy : storepolicy: no visible
     global function definition for ‘tkdestroy’
    MTurkR.Wizard : createWiz : addreviewpolicy: no visible global function
     definition for ‘tktoplevel’
    MTurkR.Wizard : createWiz : addreviewpolicy: no visible global function
     definition for ‘tkwm.title’
    MTurkR.Wizard : createWiz : addreviewpolicy: no visible global function
     definition for ‘tkframe’
    MTurkR.Wizard : createWiz : addreviewpolicy: no visible global function
     definition for ‘tkgrid’
    MTurkR.Wizard : createWiz : addreviewpolicy: no visible global function
     definition for ‘ttklabel’
    MTurkR.Wizard : createWiz : addreviewpolicy: no visible global function
     definition for ‘tktext’
    MTurkR.Wizard : createWiz : addreviewpolicy: no visible global function
     definition for ‘tkmark.set’
    MTurkR.Wizard : createWiz : addreviewpolicy: no visible global function
     definition for ‘tklabel’
    MTurkR.Wizard : createWiz : addreviewpolicy: no visible global function
     definition for ‘tkbutton’
    MTurkR.Wizard : createWiz : addreviewpolicy : <anonymous>: no visible
     global function definition for ‘tkdestroy’
    MTurkR.Wizard : createWiz : addreviewpolicy : <anonymous>: no visible
     global function definition for ‘tkfocus’
    MTurkR.Wizard : createWiz : addreviewpolicy: no visible global function
     definition for ‘tkfocus’
    MTurkR.Wizard : createWiz : create: no visible global function
     definition for ‘tclvalue’
    MTurkR.Wizard : createWiz : create: no visible global function
     definition for ‘tkmessageBox’
    MTurkR.Wizard : createWiz : create: no visible global function
     definition for ‘tkfocus’
    MTurkR.Wizard : createWiz : create: no visible global function
     definition for ‘tkdestroy’
    MTurkR.Wizard : createWiz: no visible global function definition for
     ‘tktoplevel’
    MTurkR.Wizard : createWiz: no visible global function definition for
     ‘tkwm.title’
    MTurkR.Wizard : createWiz: no visible global function definition for
     ‘tkframe’
    MTurkR.Wizard : createWiz: no visible global function definition for
     ‘tclVar’
    MTurkR.Wizard : createWiz: no visible global function definition for
     ‘tkgrid’
    MTurkR.Wizard : createWiz: no visible global function definition for
     ‘ttklabel’
    MTurkR.Wizard : createWiz: no visible global function definition for
     ‘tkentry’
    MTurkR.Wizard : createWiz: no visible global function definition for
     ‘tklabel’
    MTurkR.Wizard : createWiz: no visible global function definition for
     ‘tkbutton’
    MTurkR.Wizard : createWiz : populate: no visible global function
     definition for ‘tclvalue<-’
    MTurkR.Wizard : createWiz : <anonymous>: no visible global function
     definition for ‘tkdestroy’
    MTurkR.Wizard : createWiz : <anonymous>: no visible global function
     definition for ‘tkfocus’
    MTurkR.Wizard : createWiz: no visible global function definition for
     ‘tkfocus’
    MTurkR.Wizard : gethitWiz : gethit: no visible global function
     definition for ‘tclvalue’
    MTurkR.Wizard : gethitWiz : gethit: no visible global function
     definition for ‘tkmessageBox’
    MTurkR.Wizard : gethitWiz : gethit: no visible global function
     definition for ‘tkfocus’
    MTurkR.Wizard : gethitWiz : gethit: no visible global function
     definition for ‘tkdestroy’
    MTurkR.Wizard : gethitWiz : gethit: no visible global function
     definition for ‘tktoplevel’
    MTurkR.Wizard : gethitWiz : gethit: no visible global function
     definition for ‘tkwm.title’
    MTurkR.Wizard : gethitWiz : gethit: no visible global function
     definition for ‘tkframe’
    MTurkR.Wizard : gethitWiz : gethit: no visible global function
     definition for ‘tkgrid’
    MTurkR.Wizard : gethitWiz : gethit: no visible global function
     definition for ‘ttklabel’
    MTurkR.Wizard : gethitWiz : gethit: no visible global function
     definition for ‘tklabel’
    MTurkR.Wizard : gethitWiz : gethit: no visible global function
     definition for ‘tkbutton’
    MTurkR.Wizard : gethitWiz : gethit : <anonymous>: no visible global
     function definition for ‘tkdestroy’
    MTurkR.Wizard : gethitWiz : gethit : <anonymous>: no visible global
     function definition for ‘tkfocus’
    MTurkR.Wizard : gethitWiz: no visible global function definition for
     ‘tktoplevel’
    MTurkR.Wizard : gethitWiz: no visible global function definition for
     ‘tkwm.title’
    MTurkR.Wizard : gethitWiz: no visible global function definition for
     ‘tkframe’
    MTurkR.Wizard : gethitWiz: no visible global function definition for
     ‘tclVar’
    MTurkR.Wizard : gethitWiz: no visible global function definition for
     ‘tkgrid’
    MTurkR.Wizard : gethitWiz: no visible global function definition for
     ‘ttklabel’
    MTurkR.Wizard : gethitWiz: no visible global function definition for
     ‘tkentry’
    MTurkR.Wizard : gethitWiz: no visible global function definition for
     ‘tklabel’
    MTurkR.Wizard : gethitWiz : populate: no visible global function
     definition for ‘tclvalue<-’
    MTurkR.Wizard : gethitWiz: no visible global function definition for
     ‘tkbutton’
    MTurkR.Wizard : gethitWiz : <anonymous>: no visible global function
     definition for ‘tkdestroy’
    MTurkR.Wizard : gethitWiz : <anonymous>: no visible global function
     definition for ‘tkfocus’
    MTurkR.Wizard : gethitWiz: no visible global function definition for
     ‘tkfocus’
    MTurkR.Wizard : statusWiz : status: no visible global function
     definition for ‘tclvalue’
    MTurkR.Wizard : statusWiz : status: no visible global function
     definition for ‘tkmessageBox’
    MTurkR.Wizard : statusWiz : status: no visible global function
     definition for ‘tkfocus’
    MTurkR.Wizard : statusWiz : status: no visible global function
     definition for ‘tkdestroy’
    MTurkR.Wizard : statusWiz : status: no visible global function
     definition for ‘tktoplevel’
    MTurkR.Wizard : statusWiz : status: no visible global function
     definition for ‘tkwm.title’
    MTurkR.Wizard : statusWiz : status: no visible global function
     definition for ‘tkframe’
    MTurkR.Wizard : statusWiz : status: no visible global function
     definition for ‘tkgrid’
    MTurkR.Wizard : statusWiz : status: no visible global function
     definition for ‘ttklabel’
    MTurkR.Wizard : statusWiz : status: no visible global function
     definition for ‘tklabel’
    MTurkR.Wizard : statusWiz : status: no visible global function
     definition for ‘tkbutton’
    MTurkR.Wizard : statusWiz : status : <anonymous>: no visible global
     function definition for ‘tkdestroy’
    MTurkR.Wizard : statusWiz : status : <anonymous>: no visible global
     function definition for ‘tkfocus’
    MTurkR.Wizard : statusWiz: no visible global function definition for
     ‘tktoplevel’
    MTurkR.Wizard : statusWiz: no visible global function definition for
     ‘tkwm.title’
    MTurkR.Wizard : statusWiz: no visible global function definition for
     ‘tkframe’
    MTurkR.Wizard : statusWiz: no visible global function definition for
     ‘tclVar’
    MTurkR.Wizard : statusWiz: no visible global function definition for
     ‘tkgrid’
    MTurkR.Wizard : statusWiz: no visible global function definition for
     ‘ttklabel’
    MTurkR.Wizard : statusWiz: no visible global function definition for
     ‘tkentry’
    MTurkR.Wizard : statusWiz: no visible global function definition for
     ‘tklabel’
    MTurkR.Wizard : statusWiz : populate: no visible global function
     definition for ‘tclvalue<-’
    MTurkR.Wizard : statusWiz: no visible global function definition for
     ‘tkbutton’
    MTurkR.Wizard : statusWiz : <anonymous>: no visible global function
     definition for ‘tkdestroy’
    MTurkR.Wizard : statusWiz : <anonymous>: no visible global function
     definition for ‘tkfocus’
    MTurkR.Wizard : statusWiz: no visible global function definition for
     ‘tkfocus’
    MTurkR.Wizard : reviewresultsWiz : getreview: no visible global
     function definition for ‘tclvalue’
    MTurkR.Wizard : reviewresultsWiz : getreview: no visible global
     function definition for ‘tkmessageBox’
    MTurkR.Wizard : reviewresultsWiz : getreview: no visible global
     function definition for ‘tkfocus’
    MTurkR.Wizard : reviewresultsWiz : getreview: no visible global
     function definition for ‘tkdestroy’
    MTurkR.Wizard : reviewresultsWiz: no visible global function definition
     for ‘tktoplevel’
    MTurkR.Wizard : reviewresultsWiz: no visible global function definition
     for ‘tkwm.title’
    MTurkR.Wizard : reviewresultsWiz: no visible global function definition
     for ‘tkframe’
    MTurkR.Wizard : reviewresultsWiz: no visible global function definition
     for ‘tclVar’
    MTurkR.Wizard : reviewresultsWiz: no visible global function definition
     for ‘tkgrid’
    MTurkR.Wizard : reviewresultsWiz: no visible global function definition
     for ‘ttklabel’
    MTurkR.Wizard : reviewresultsWiz: no visible global function definition
     for ‘tkentry’
    MTurkR.Wizard : reviewresultsWiz: no visible global function definition
     for ‘tklabel’
    MTurkR.Wizard : reviewresultsWiz: no visible global function definition
     for ‘tkcheckbutton’
    MTurkR.Wizard : reviewresultsWiz : populate: no visible global function
     definition for ‘tclvalue<-’
    MTurkR.Wizard : reviewresultsWiz: no visible global function definition
     for ‘tkbutton’
    MTurkR.Wizard : reviewresultsWiz : <anonymous>: no visible global
     function definition for ‘tkdestroy’
    MTurkR.Wizard : reviewresultsWiz : <anonymous>: no visible global
     function definition for ‘tkfocus’
    MTurkR.Wizard : reviewresultsWiz: no visible global function definition
     for ‘tkfocus’
    MTurkR.Wizard : reviewingWiz : chgstatus: no visible global function
     definition for ‘tclvalue’
    MTurkR.Wizard : reviewingWiz : chgstatus: no visible global function
     definition for ‘tkmessageBox’
    MTurkR.Wizard : reviewingWiz : chgstatus: no visible global function
     definition for ‘tkfocus’
    MTurkR.Wizard : reviewingWiz : chgstatus: no visible global function
     definition for ‘tkdestroy’
    MTurkR.Wizard : reviewingWiz: no visible global function definition for
     ‘tktoplevel’
    MTurkR.Wizard : reviewingWiz: no visible global function definition for
     ‘tkwm.title’
    MTurkR.Wizard : reviewingWiz: no visible global function definition for
     ‘tkframe’
    MTurkR.Wizard : reviewingWiz: no visible global function definition for
     ‘tclVar’
    MTurkR.Wizard : reviewingWiz: no visible global function definition for
     ‘tkgrid’
    MTurkR.Wizard : reviewingWiz: no visible global function definition for
     ‘ttklabel’
    MTurkR.Wizard : reviewingWiz: no visible global function definition for
     ‘tkentry’
    MTurkR.Wizard : reviewingWiz: no visible global function definition for
     ‘tklabel’
    MTurkR.Wizard : reviewingWiz: no visible global function definition for
     ‘tkcheckbutton’
    MTurkR.Wizard : reviewingWiz : populate: no visible global function
     definition for ‘tclvalue<-’
    MTurkR.Wizard : reviewingWiz: no visible global function definition for
     ‘tkbutton’
    MTurkR.Wizard : reviewingWiz : <anonymous>: no visible global function
     definition for ‘tkdestroy’
    MTurkR.Wizard : reviewingWiz : <anonymous>: no visible global function
     definition for ‘tkfocus’
    MTurkR.Wizard : reviewingWiz: no visible global function definition for
     ‘tkfocus’
    MTurkR.Wizard : addassignWiz : addassign: no visible global function
     definition for ‘tclvalue’
    MTurkR.Wizard : addassignWiz : addassign: no visible global function
     definition for ‘tkmessageBox’
    MTurkR.Wizard : addassignWiz : addassign: no visible global function
     definition for ‘tkfocus’
    MTurkR.Wizard : addassignWiz : addassign: no visible global function
     definition for ‘tkdestroy’
    MTurkR.Wizard : addassignWiz: no visible global function definition for
     ‘tktoplevel’
    MTurkR.Wizard : addassignWiz: no visible global function definition for
     ‘tkwm.title’
    MTurkR.Wizard : addassignWiz: no visible global function definition for
     ‘tkframe’
    MTurkR.Wizard : addassignWiz: no visible global function definition for
     ‘tclVar’
    MTurkR.Wizard : addassignWiz: no visible global function definition for
     ‘tkgrid’
    MTurkR.Wizard : addassignWiz: no visible global function definition for
     ‘ttklabel’
    MTurkR.Wizard : addassignWiz: no visible global function definition for
     ‘tkentry’
    MTurkR.Wizard : addassignWiz: no visible global function definition for
     ‘tklabel’
    MTurkR.Wizard : addassignWiz : populate: no visible global function
     definition for ‘tclvalue<-’
    MTurkR.Wizard : addassignWiz: no visible global function definition for
     ‘tkbutton’
    MTurkR.Wizard : addassignWiz : <anonymous>: no visible global function
     definition for ‘tkdestroy’
    MTurkR.Wizard : addassignWiz : <anonymous>: no visible global function
     definition for ‘tkfocus’
    MTurkR.Wizard : addassignWiz: no visible global function definition for
     ‘tkfocus’
    MTurkR.Wizard : extendWiz : extend: no visible global function
     definition for ‘tclvalue’
    MTurkR.Wizard : extendWiz : extend: no visible global function
     definition for ‘tkmessageBox’
    MTurkR.Wizard : extendWiz : extend: no visible global function
     definition for ‘tkfocus’
    MTurkR.Wizard : extendWiz : extend: no visible global function
     definition for ‘tkdestroy’
    MTurkR.Wizard : extendWiz: no visible global function definition for
     ‘tktoplevel’
    MTurkR.Wizard : extendWiz: no visible global function definition for
     ‘tkwm.title’
    MTurkR.Wizard : extendWiz: no visible global function definition for
     ‘tkframe’
    MTurkR.Wizard : extendWiz: no visible global function definition for
     ‘tclVar’
    MTurkR.Wizard : extendWiz: no visible global function definition for
     ‘tkgrid’
    MTurkR.Wizard : extendWiz: no visible global function definition for
     ‘ttklabel’
    MTurkR.Wizard : extendWiz: no visible global function definition for
     ‘tkentry’
    MTurkR.Wizard : extendWiz: no visible global function definition for
     ‘tklabel’
    MTurkR.Wizard : extendWiz: no visible global function definition for
     ‘tclvalue’
    MTurkR.Wizard : extendWiz: no visible global function definition for
     ‘tkconfigure’
    MTurkR.Wizard : extendWiz : populate: no visible global function
     definition for ‘tclvalue<-’
    MTurkR.Wizard : extendWiz: no visible global function definition for
     ‘tkbutton’
    MTurkR.Wizard : extendWiz : <anonymous>: no visible global function
     definition for ‘tkdestroy’
    MTurkR.Wizard : extendWiz : <anonymous>: no visible global function
     definition for ‘tkfocus’
    MTurkR.Wizard : extendWiz: no visible global function definition for
     ‘tkfocus’
    MTurkR.Wizard : expireWiz : expire: no visible global function
     definition for ‘tclvalue’
    MTurkR.Wizard : expireWiz : expire: no visible global function
     definition for ‘tkmessageBox’
    MTurkR.Wizard : expireWiz : expire: no visible global function
     definition for ‘tkfocus’
    MTurkR.Wizard : expireWiz : expire: no visible global function
     definition for ‘tkdestroy’
    MTurkR.Wizard : expireWiz: no visible global function definition for
     ‘tktoplevel’
    MTurkR.Wizard : expireWiz: no visible global function definition for
     ‘tkwm.title’
    MTurkR.Wizard : expireWiz: no visible global function definition for
     ‘tkframe’
    MTurkR.Wizard : expireWiz: no visible global function definition for
     ‘tclVar’
    MTurkR.Wizard : expireWiz: no visible global function definition for
     ‘tkgrid’
    MTurkR.Wizard : expireWiz: no visible global function definition for
     ‘ttklabel’
    MTurkR.Wizard : expireWiz: no visible global function definition for
     ‘tkentry’
    MTurkR.Wizard : expireWiz: no visible global function definition for
     ‘tklabel’
    MTurkR.Wizard : expireWiz : populate: no visible global function
     definition for ‘tclvalue<-’
    MTurkR.Wizard : expireWiz: no visible global function definition for
     ‘tkbutton’
    MTurkR.Wizard : expireWiz : <anonymous>: no visible global function
     definition for ‘tkdestroy’
    MTurkR.Wizard : expireWiz : <anonymous>: no visible global function
     definition for ‘tkfocus’
    MTurkR.Wizard : expireWiz: no visible global function definition for
     ‘tkfocus’
    MTurkR.Wizard : disposeWiz : dispose: no visible global function
     definition for ‘tclvalue’
    MTurkR.Wizard : disposeWiz : dispose: no visible global function
     definition for ‘tkmessageBox’
    MTurkR.Wizard : disposeWiz : dispose: no visible global function
     definition for ‘tkfocus’
    MTurkR.Wizard : disposeWiz : dispose: no visible global function
     definition for ‘tkdestroy’
    MTurkR.Wizard : disposeWiz: no visible global function definition for
     ‘tktoplevel’
    MTurkR.Wizard : disposeWiz: no visible global function definition for
     ‘tkwm.title’
    MTurkR.Wizard : disposeWiz: no visible global function definition for
     ‘tkframe’
    MTurkR.Wizard : disposeWiz: no visible global function definition for
     ‘tclVar’
    MTurkR.Wizard : disposeWiz: no visible global function definition for
     ‘tkgrid’
    MTurkR.Wizard : disposeWiz: no visible global function definition for
     ‘ttklabel’
    MTurkR.Wizard : disposeWiz: no visible global function definition for
     ‘tkentry’
    MTurkR.Wizard : disposeWiz: no visible global function definition for
     ‘tklabel’
    MTurkR.Wizard : disposeWiz : populate: no visible global function
     definition for ‘tclvalue<-’
    MTurkR.Wizard : disposeWiz: no visible global function definition for
     ‘tkbutton’
    MTurkR.Wizard : disposeWiz : <anonymous>: no visible global function
     definition for ‘tkdestroy’
    MTurkR.Wizard : disposeWiz : <anonymous>: no visible global function
     definition for ‘tkfocus’
    MTurkR.Wizard : disposeWiz: no visible global function definition for
     ‘tkfocus’
    MTurkR.Wizard : searchWiz: no visible global function definition for
     ‘tktoplevel’
    MTurkR.Wizard : searchWiz: no visible global function definition for
     ‘tkgrab.set’
    MTurkR.Wizard : searchWiz: no visible global function definition for
     ‘tkwm.title’
    MTurkR.Wizard : searchWiz: no visible global function definition for
     ‘tkframe’
    MTurkR.Wizard : searchWiz: no visible global function definition for
     ‘tkgrid’
    MTurkR.Wizard : searchWiz: no visible global function definition for
     ‘ttklabel’
    MTurkR.Wizard : searchWiz: no visible global function definition for
     ‘tkscrollbar’
    MTurkR.Wizard : searchWiz : <anonymous>: no visible global function
     definition for ‘tkyview’
    MTurkR.Wizard : searchWiz: no visible global function definition for
     ‘tklistbox’
    MTurkR.Wizard : searchWiz : <anonymous>: no visible global function
     definition for ‘tkset’
    MTurkR.Wizard : searchWiz: no visible global function definition for
     ‘tkgrid.configure’
    MTurkR.Wizard : searchWiz: no visible global function definition for
     ‘tkinsert’
    MTurkR.Wizard : searchWiz : selecthit: no visible global function
     definition for ‘tkcurselection’
    MTurkR.Wizard : searchWiz : selecthit: no visible global function
     definition for ‘tkgrab.release’
    MTurkR.Wizard : searchWiz : selecthit: no visible global function
     definition for ‘tkdestroy’
    MTurkR.Wizard : searchWiz: no visible global function definition for
     ‘tkbutton’
    MTurkR.Wizard : searchWiz : <anonymous>: no visible global function
     definition for ‘tkdestroy’
    MTurkR.Wizard : searchWiz : <anonymous>: no visible global function
     definition for ‘tkfocus’
    MTurkR.Wizard : searchWiz: no visible global function definition for
     ‘tkfocus’
    MTurkR.Wizard : searchWiz: no visible global function definition for
     ‘tkwait.window’
    MTurkR.Wizard : searchWiz: no visible global function definition for
     ‘tkmessageBox’
    MTurkR.Wizard : getassign1Wiz : getassign: no visible global function
     definition for ‘tclvalue’
    MTurkR.Wizard : getassign1Wiz : getassign: no visible global function
     definition for ‘tkmessageBox’
    MTurkR.Wizard : getassign1Wiz : getassign: no visible global function
     definition for ‘tkfocus’
    MTurkR.Wizard : getassign1Wiz : getassign: no visible global function
     definition for ‘tkdestroy’
    MTurkR.Wizard : getassign1Wiz: no visible global function definition
     for ‘tktoplevel’
    MTurkR.Wizard : getassign1Wiz: no visible global function definition
     for ‘tkwm.title’
    MTurkR.Wizard : getassign1Wiz: no visible global function definition
     for ‘tkframe’
    MTurkR.Wizard : getassign1Wiz: no visible global function definition
     for ‘tclVar’
    MTurkR.Wizard : getassign1Wiz: no visible global function definition
     for ‘tkgrid’
    MTurkR.Wizard : getassign1Wiz: no visible global function definition
     for ‘ttklabel’
    MTurkR.Wizard : getassign1Wiz: no visible global function definition
     for ‘tkentry’
    MTurkR.Wizard : getassign1Wiz: no visible global function definition
     for ‘tklabel’
    MTurkR.Wizard : getassign1Wiz: no visible global function definition
     for ‘tkbutton’
    MTurkR.Wizard : getassign1Wiz : <anonymous>: no visible global function
     definition for ‘tkdestroy’
    MTurkR.Wizard : getassign1Wiz : <anonymous>: no visible global function
     definition for ‘tkfocus’
    MTurkR.Wizard : getassign1Wiz: no visible global function definition
     for ‘tkfocus’
    MTurkR.Wizard : getassign2Wiz : getassign: no visible global function
     definition for ‘tclvalue’
    MTurkR.Wizard : getassign2Wiz : getassign: no visible global function
     definition for ‘tkmessageBox’
    MTurkR.Wizard : getassign2Wiz : getassign: no visible global function
     definition for ‘tkfocus’
    MTurkR.Wizard : getassign2Wiz : getassign: no visible global function
     definition for ‘tkdestroy’
    MTurkR.Wizard : getassign2Wiz: no visible global function definition
     for ‘tktoplevel’
    MTurkR.Wizard : getassign2Wiz: no visible global function definition
     for ‘tkwm.title’
    MTurkR.Wizard : getassign2Wiz: no visible global function definition
     for ‘tkframe’
    MTurkR.Wizard : getassign2Wiz: no visible global function definition
     for ‘tclVar’
    MTurkR.Wizard : getassign2Wiz: no visible global function definition
     for ‘tkgrid’
    MTurkR.Wizard : getassign2Wiz: no visible global function definition
     for ‘ttklabel’
    MTurkR.Wizard : getassign2Wiz: no visible global function definition
     for ‘tkentry’
    MTurkR.Wizard : getassign2Wiz: no visible global function definition
     for ‘tklabel’
    MTurkR.Wizard : getassign2Wiz : populate: no visible global function
     definition for ‘tclvalue<-’
    MTurkR.Wizard : getassign2Wiz: no visible global function definition
     for ‘tkbutton’
    MTurkR.Wizard : getassign2Wiz : <anonymous>: no visible global function
     definition for ‘tkdestroy’
    MTurkR.Wizard : getassign2Wiz : <anonymous>: no visible global function
     definition for ‘tkfocus’
    MTurkR.Wizard : getassign2Wiz: no visible global function definition
     for ‘tkfocus’
    MTurkR.Wizard : getassign3Wiz : getassign: no visible global function
     definition for ‘tclvalue’
    MTurkR.Wizard : getassign3Wiz : getassign: no visible global function
     definition for ‘tkmessageBox’
    MTurkR.Wizard : getassign3Wiz : getassign: no visible global function
     definition for ‘tkfocus’
    MTurkR.Wizard : getassign3Wiz : getassign: no visible global function
     definition for ‘tkdestroy’
    MTurkR.Wizard : getassign3Wiz: no visible global function definition
     for ‘tktoplevel’
    MTurkR.Wizard : getassign3Wiz: no visible global function definition
     for ‘tkwm.title’
    MTurkR.Wizard : getassign3Wiz: no visible global function definition
     for ‘tkframe’
    MTurkR.Wizard : getassign3Wiz: no visible global function definition
     for ‘tclVar’
    MTurkR.Wizard : getassign3Wiz: no visible global function definition
     for ‘tkgrid’
    MTurkR.Wizard : getassign3Wiz: no visible global function definition
     for ‘ttklabel’
    MTurkR.Wizard : getassign3Wiz: no visible global function definition
     for ‘tkentry’
    MTurkR.Wizard : getassign3Wiz: no visible global function definition
     for ‘tklabel’
    MTurkR.Wizard : getassign3Wiz : populate: no visible global function
     definition for ‘tclvalue<-’
    MTurkR.Wizard : getassign3Wiz: no visible global function definition
     for ‘tkbutton’
    MTurkR.Wizard : getassign3Wiz : <anonymous>: no visible global function
     definition for ‘tkdestroy’
    MTurkR.Wizard : getassign3Wiz : <anonymous>: no visible global function
     definition for ‘tkfocus’
    MTurkR.Wizard : getassign3Wiz: no visible global function definition
     for ‘tkfocus’
    MTurkR.Wizard : approveWiz : approveall : approveallforhit: no visible
     global function definition for ‘tclvalue’
    MTurkR.Wizard : approveWiz : approveall : approveallforhit: no visible
     global function definition for ‘tkmessageBox’
    MTurkR.Wizard : approveWiz : approveall : approveallforhit: no visible
     global function definition for ‘tkfocus’
    MTurkR.Wizard : approveWiz : approveall : approveallforhit: no visible
     global function definition for ‘tkdestroy’
    MTurkR.Wizard : approveWiz : approveall: no visible global function
     definition for ‘tkdestroy’
    MTurkR.Wizard : approveWiz : approveall: no visible global function
     definition for ‘tktoplevel’
    MTurkR.Wizard : approveWiz : approveall: no visible global function
     definition for ‘tkwm.title’
    MTurkR.Wizard : approveWiz : approveall: no visible global function
     definition for ‘tkframe’
    MTurkR.Wizard : approveWiz : approveall: no visible global function
     definition for ‘tclVar’
    MTurkR.Wizard : approveWiz : approveall: no visible global function
     definition for ‘tkgrid’
    MTurkR.Wizard : approveWiz : approveall: no visible global function
     definition for ‘ttklabel’
    MTurkR.Wizard : approveWiz : approveall: no visible global function
     definition for ‘tkentry’
    MTurkR.Wizard : approveWiz : approveall: no visible global function
     definition for ‘tklabel’
    MTurkR.Wizard : approveWiz : approveall : populate: no visible global
     function definition for ‘tclvalue<-’
    MTurkR.Wizard : approveWiz : approveall: no visible global function
     definition for ‘tkbutton’
    MTurkR.Wizard : approveWiz : approveall : <anonymous>: no visible
     global function definition for ‘tkdestroy’
    MTurkR.Wizard : approveWiz : approveall : <anonymous>: no visible
     global function definition for ‘tkfocus’
    MTurkR.Wizard : approveWiz : approveall: no visible global function
     definition for ‘tkfocus’
    MTurkR.Wizard : approveWiz : approve1: no visible global function
     definition for ‘tclvalue’
    MTurkR.Wizard : approveWiz : approve1: no visible global function
     definition for ‘tkmessageBox’
    MTurkR.Wizard : approveWiz : approve1: no visible global function
     definition for ‘tkfocus’
    MTurkR.Wizard : approveWiz : approve1: no visible global function
     definition for ‘tkdestroy’
    MTurkR.Wizard : approveWiz: no visible global function definition for
     ‘tktoplevel’
    MTurkR.Wizard : approveWiz: no visible global function definition for
     ‘tkwm.title’
    MTurkR.Wizard : approveWiz: no visible global function definition for
     ‘tkframe’
    MTurkR.Wizard : approveWiz: no visible global function definition for
     ‘tkbutton’
    MTurkR.Wizard : approveWiz: no visible global function definition for
     ‘tkgrid’
    MTurkR.Wizard : approveWiz: no visible global function definition for
     ‘ttklabel’
    MTurkR.Wizard : approveWiz: no visible global function definition for
     ‘tclVar’
    MTurkR.Wizard : approveWiz: no visible global function definition for
     ‘tkentry’
    MTurkR.Wizard : approveWiz: no visible global function definition for
     ‘tklabel’
    MTurkR.Wizard : approveWiz : <anonymous>: no visible global function
     definition for ‘tkdestroy’
    MTurkR.Wizard : approveWiz : <anonymous>: no visible global function
     definition for ‘tkfocus’
    MTurkR.Wizard : approveWiz: no visible global function definition for
     ‘tkfocus’
    MTurkR.Wizard : rejectWiz : reject: no visible global function
     definition for ‘tclvalue’
    MTurkR.Wizard : rejectWiz : reject: no visible global function
     definition for ‘tkmessageBox’
    MTurkR.Wizard : rejectWiz : reject: no visible global function
     definition for ‘tkfocus’
    MTurkR.Wizard : rejectWiz : reject: no visible global function
     definition for ‘tkdestroy’
    MTurkR.Wizard : rejectWiz: no visible global function definition for
     ‘tktoplevel’
    MTurkR.Wizard : rejectWiz: no visible global function definition for
     ‘tkwm.title’
    MTurkR.Wizard : rejectWiz: no visible global function definition for
     ‘tkframe’
    MTurkR.Wizard : rejectWiz: no visible global function definition for
     ‘tkgrid’
    MTurkR.Wizard : rejectWiz: no visible global function definition for
     ‘ttklabel’
    MTurkR.Wizard : rejectWiz: no visible global function definition for
     ‘tclVar’
    MTurkR.Wizard : rejectWiz: no visible global function definition for
     ‘tkentry’
    MTurkR.Wizard : rejectWiz: no visible global function definition for
     ‘tklabel’
    MTurkR.Wizard : rejectWiz: no visible global function definition for
     ‘tkbutton’
    MTurkR.Wizard : rejectWiz : <anonymous>: no visible global function
     definition for ‘tkdestroy’
    MTurkR.Wizard : rejectWiz : <anonymous>: no visible global function
     definition for ‘tkfocus’
    MTurkR.Wizard : rejectWiz: no visible global function definition for
     ‘tkfocus’
    MTurkR.Wizard : approverejectWiz : populate: no visible global function
     definition for ‘tkinsert’
    MTurkR.Wizard : approverejectWiz : populate: no visible global function
     definition for ‘tkfocus’
    MTurkR.Wizard : approverejectWiz : view: no visible global function
     definition for ‘tkcurselection’
    MTurkR.Wizard : approverejectWiz : view: no visible global function
     definition for ‘tktoplevel’
    MTurkR.Wizard : approverejectWiz : view: no visible global function
     definition for ‘tkwm.title’
    MTurkR.Wizard : approverejectWiz : view: no visible global function
     definition for ‘tkframe’
    MTurkR.Wizard : approverejectWiz : view: no visible global function
     definition for ‘tkgrid’
    MTurkR.Wizard : approverejectWiz : view: no visible global function
     definition for ‘ttklabel’
    MTurkR.Wizard : approverejectWiz : view: no visible global function
     definition for ‘tkbutton’
    MTurkR.Wizard : approverejectWiz : view : <anonymous>: no visible
     global function definition for ‘tkdestroy’
    MTurkR.Wizard : approverejectWiz : view : <anonymous>: no visible
     global function definition for ‘tkfocus’
    MTurkR.Wizard : approverejectWiz : view: no visible global function
     definition for ‘tkfocus’
    MTurkR.Wizard : approverejectWiz : appfun : app: no visible global
     function definition for ‘tkcurselection’
    MTurkR.Wizard : approverejectWiz : appfun : app: no visible global
     function definition for ‘tkmessageBox’
    MTurkR.Wizard : approverejectWiz : appfun : app: no visible global
     function definition for ‘tkfocus’
    MTurkR.Wizard : approverejectWiz : appfun : app: no visible global
     function definition for ‘tclvalue’
    MTurkR.Wizard : approverejectWiz : appfun : app: no visible global
     function definition for ‘tkdestroy’
    MTurkR.Wizard : approverejectWiz : appfun : app: no visible global
     function definition for ‘tkinsert’
    MTurkR.Wizard : approverejectWiz : appfun : app: no visible global
     function definition for ‘tkdelete’
    MTurkR.Wizard : approverejectWiz : appfun: no visible global function
     definition for ‘tktoplevel’
    MTurkR.Wizard : approverejectWiz : appfun: no visible global function
     definition for ‘tkwm.title’
    MTurkR.Wizard : approverejectWiz : appfun: no visible global function
     definition for ‘tkgrid’
    MTurkR.Wizard : approverejectWiz : appfun: no visible global function
     definition for ‘ttklabel’
    MTurkR.Wizard : approverejectWiz : appfun: no visible global function
     definition for ‘tclVar’
    MTurkR.Wizard : approverejectWiz : appfun: no visible global function
     definition for ‘tkentry’
    MTurkR.Wizard : approverejectWiz : appfun: no visible global function
     definition for ‘tklabel’
    MTurkR.Wizard : approverejectWiz : appfun: no visible global function
     definition for ‘tkbutton’
    MTurkR.Wizard : approverejectWiz : appfun : <anonymous>: no visible
     global function definition for ‘tkdestroy’
    MTurkR.Wizard : approverejectWiz : rejfun : rej: no visible global
     function definition for ‘tkcurselection’
    MTurkR.Wizard : approverejectWiz : rejfun : rej: no visible global
     function definition for ‘tkmessageBox’
    MTurkR.Wizard : approverejectWiz : rejfun : rej: no visible global
     function definition for ‘tkfocus’
    MTurkR.Wizard : approverejectWiz : rejfun : rej: no visible global
     function definition for ‘tclvalue’
    MTurkR.Wizard : approverejectWiz : rejfun : rej: no visible global
     function definition for ‘tkdestroy’
    MTurkR.Wizard : approverejectWiz : rejfun : rej: no visible global
     function definition for ‘tkinsert’
    MTurkR.Wizard : approverejectWiz : rejfun : rej: no visible global
     function definition for ‘tkdelete’
    MTurkR.Wizard : approverejectWiz : rejfun: no visible global function
     definition for ‘tktoplevel’
    MTurkR.Wizard : approverejectWiz : rejfun: no visible global function
     definition for ‘tkwm.title’
    MTurkR.Wizard : approverejectWiz : rejfun: no visible global function
     definition for ‘tkgrid’
    MTurkR.Wizard : approverejectWiz : rejfun: no visible global function
     definition for ‘ttklabel’
    MTurkR.Wizard : approverejectWiz : rejfun: no visible global function
     definition for ‘tclVar’
    MTurkR.Wizard : approverejectWiz : rejfun: no visible global function
     definition for ‘tkentry’
    MTurkR.Wizard : approverejectWiz : rejfun: no visible global function
     definition for ‘tklabel’
    MTurkR.Wizard : approverejectWiz : rejfun: no visible global function
     definition for ‘tkbutton’
    MTurkR.Wizard : approverejectWiz : rejfun : <anonymous>: no visible
     global function definition for ‘tkdestroy’
    MTurkR.Wizard : approverejectWiz : apprejected : app: no visible global
     function definition for ‘tkcurselection’
    MTurkR.Wizard : approverejectWiz : apprejected : app: no visible global
     function definition for ‘tkmessageBox’
    MTurkR.Wizard : approverejectWiz : apprejected : app: no visible global
     function definition for ‘tkfocus’
    MTurkR.Wizard : approverejectWiz : apprejected : app: no visible global
     function definition for ‘tclvalue’
    MTurkR.Wizard : approverejectWiz : apprejected : app: no visible global
     function definition for ‘tkdestroy’
    MTurkR.Wizard : approverejectWiz : apprejected : app: no visible global
     function definition for ‘tkinsert’
    MTurkR.Wizard : approverejectWiz : apprejected : app: no visible global
     function definition for ‘tkdelete’
    MTurkR.Wizard : approverejectWiz : apprejected: no visible global
     function definition for ‘tktoplevel’
    MTurkR.Wizard : approverejectWiz : apprejected: no visible global
     function definition for ‘tkwm.title’
    MTurkR.Wizard : approverejectWiz : apprejected: no visible global
     function definition for ‘tkgrid’
    MTurkR.Wizard : approverejectWiz : apprejected: no visible global
     function definition for ‘ttklabel’
    MTurkR.Wizard : approverejectWiz : apprejected: no visible global
     function definition for ‘tclVar’
    MTurkR.Wizard : approverejectWiz : apprejected: no visible global
     function definition for ‘tkentry’
    MTurkR.Wizard : approverejectWiz : apprejected: no visible global
     function definition for ‘tklabel’
    MTurkR.Wizard : approverejectWiz : apprejected: no visible global
     function definition for ‘tkbutton’
    MTurkR.Wizard : approverejectWiz : apprejected : <anonymous>: no
     visible global function definition for ‘tkdestroy’
    MTurkR.Wizard : approverejectWiz: no visible global function definition
     for ‘tktoplevel’
    MTurkR.Wizard : approverejectWiz: no visible global function definition
     for ‘tkwm.title’
    MTurkR.Wizard : approverejectWiz: no visible global function definition
     for ‘tkframe’
    MTurkR.Wizard : approverejectWiz: no visible global function definition
     for ‘tkgrid’
    MTurkR.Wizard : approverejectWiz: no visible global function definition
     for ‘ttklabel’
    MTurkR.Wizard : approverejectWiz: no visible global function definition
     for ‘tklabel’
    MTurkR.Wizard : approverejectWiz: no visible global function definition
     for ‘tkscrollbar’
    MTurkR.Wizard : approverejectWiz : <anonymous>: no visible global
     function definition for ‘tkyview’
    MTurkR.Wizard : approverejectWiz: no visible global function definition
     for ‘tklistbox’
    MTurkR.Wizard : approverejectWiz : <anonymous>: no visible global
     function definition for ‘tkset’
    MTurkR.Wizard : approverejectWiz: no visible global function definition
     for ‘tkgrid.configure’
    MTurkR.Wizard : approverejectWiz: no visible global function definition
     for ‘tkbutton’
    MTurkR.Wizard : approverejectWiz : <anonymous>: no visible global
     function definition for ‘tkdelete’
    MTurkR.Wizard : contactWiz : contact: no visible global function
     definition for ‘tclvalue’
    MTurkR.Wizard : contactWiz : contact: no visible global function
     definition for ‘tkget’
    MTurkR.Wizard : contactWiz : contact: no visible global function
     definition for ‘tkmessageBox’
    MTurkR.Wizard : contactWiz : contact: no visible global function
     definition for ‘tkfocus’
    MTurkR.Wizard : contactWiz : contact: no visible global function
     definition for ‘tkdestroy’
    MTurkR.Wizard : contactWiz: no visible global function definition for
     ‘tktoplevel’
    MTurkR.Wizard : contactWiz: no visible global function definition for
     ‘tkwm.title’
    MTurkR.Wizard : contactWiz: no visible global function definition for
     ‘tkframe’
    MTurkR.Wizard : contactWiz: no visible global function definition for
     ‘tclVar’
    MTurkR.Wizard : contactWiz: no visible global function definition for
     ‘tkgrid’
    MTurkR.Wizard : contactWiz: no visible global function definition for
     ‘ttklabel’
    MTurkR.Wizard : contactWiz: no visible global function definition for
     ‘tkentry’
    MTurkR.Wizard : contactWiz: no visible global function definition for
     ‘tklabel’
    MTurkR.Wizard : contactWiz: no visible global function definition for
     ‘tktext’
    MTurkR.Wizard : contactWiz: no visible global function definition for
     ‘tkmark.set’
    MTurkR.Wizard : contactWiz: no visible global function definition for
     ‘tkbutton’
    MTurkR.Wizard : contactWiz : <anonymous>: no visible global function
     definition for ‘tkdestroy’
    MTurkR.Wizard : contactWiz : <anonymous>: no visible global function
     definition for ‘tkfocus’
    MTurkR.Wizard : contactWiz: no visible global function definition for
     ‘tkfocus’
    MTurkR.Wizard : contactbatchWiz : contact: no visible global function
     definition for ‘tclvalue’
    MTurkR.Wizard : contactbatchWiz : contact: no visible global function
     definition for ‘tkget’
    MTurkR.Wizard : contactbatchWiz : contact: no visible global function
     definition for ‘tkmessageBox’
    MTurkR.Wizard : contactbatchWiz : contact: no visible global function
     definition for ‘tkfocus’
    MTurkR.Wizard : contactbatchWiz : contact: no visible global function
     definition for ‘tkdestroy’
    MTurkR.Wizard : contactbatchWiz: no visible global function definition
     for ‘tktoplevel’
    MTurkR.Wizard : contactbatchWiz: no visible global function definition
     for ‘tkwm.title’
    MTurkR.Wizard : contactbatchWiz: no visible global function definition
     for ‘tkframe’
    MTurkR.Wizard : contactbatchWiz: no visible global function definition
     for ‘tclVar’
    MTurkR.Wizard : contactbatchWiz: no visible global function definition
     for ‘tkgrid’
    MTurkR.Wizard : contactbatchWiz: no visible global function definition
     for ‘ttklabel’
    MTurkR.Wizard : contactbatchWiz: no visible global function definition
     for ‘tkbutton’
    MTurkR.Wizard : contactbatchWiz: no visible global function definition
     for ‘tkentry’
    MTurkR.Wizard : contactbatchWiz: no visible global function definition
     for ‘tklabel’
    MTurkR.Wizard : contactbatchWiz: no visible global function definition
     for ‘tktext’
    MTurkR.Wizard : contactbatchWiz: no visible global function definition
     for ‘tkmark.set’
    MTurkR.Wizard : contactbatchWiz : <anonymous>: no visible global
     function definition for ‘tkdestroy’
    MTurkR.Wizard : contactbatchWiz : <anonymous>: no visible global
     function definition for ‘tkfocus’
    MTurkR.Wizard : contactbatchWiz: no visible global function definition
     for ‘tkfocus’
    MTurkR.Wizard : bonusWiz : bonus: no visible global function definition
     for ‘tclvalue’
    MTurkR.Wizard : bonusWiz : bonus: no visible global function definition
     for ‘tkmessageBox’
    MTurkR.Wizard : bonusWiz : bonus: no visible global function definition
     for ‘tkfocus’
    MTurkR.Wizard : bonusWiz : bonus: no visible global function definition
     for ‘tkdestroy’
    MTurkR.Wizard : bonusWiz: no visible global function definition for
     ‘tktoplevel’
    MTurkR.Wizard : bonusWiz: no visible global function definition for
     ‘tkwm.geometry’
    MTurkR.Wizard : bonusWiz: no visible global function definition for
     ‘tkwm.title’
    MTurkR.Wizard : bonusWiz: no visible global function definition for
     ‘tkframe’
    MTurkR.Wizard : bonusWiz: no visible global function definition for
     ‘tclVar’
    MTurkR.Wizard : bonusWiz: no visible global function definition for
     ‘tkgrid’
    MTurkR.Wizard : bonusWiz: no visible global function definition for
     ‘ttklabel’
    MTurkR.Wizard : bonusWiz: no visible global function definition for
     ‘tkentry’
    MTurkR.Wizard : bonusWiz: no visible global function definition for
     ‘tklabel’
    MTurkR.Wizard : bonusWiz: no visible global function definition for
     ‘tkbutton’
    MTurkR.Wizard : bonusWiz : <anonymous>: no visible global function
     definition for ‘tkdestroy’
    MTurkR.Wizard : bonusWiz : <anonymous>: no visible global function
     definition for ‘tkfocus’
    MTurkR.Wizard : bonusWiz: no visible global function definition for
     ‘tkfocus’
    MTurkR.Wizard : blockWiz : block: no visible global function definition
     for ‘tclvalue’
    MTurkR.Wizard : blockWiz : block: no visible global function definition
     for ‘tkmessageBox’
    MTurkR.Wizard : blockWiz : block: no visible global function definition
     for ‘tkfocus’
    MTurkR.Wizard : blockWiz : block: no visible global function definition
     for ‘tkdestroy’
    MTurkR.Wizard : blockWiz: no visible global function definition for
     ‘tktoplevel’
    MTurkR.Wizard : blockWiz: no visible global function definition for
     ‘tkwm.title’
    MTurkR.Wizard : blockWiz: no visible global function definition for
     ‘tkframe’
    MTurkR.Wizard : blockWiz: no visible global function definition for
     ‘tclVar’
    MTurkR.Wizard : blockWiz: no visible global function definition for
     ‘tkgrid’
    MTurkR.Wizard : blockWiz: no visible global function definition for
     ‘ttklabel’
    MTurkR.Wizard : blockWiz: no visible global function definition for
     ‘tkentry’
    MTurkR.Wizard : blockWiz: no visible global function definition for
     ‘tklabel’
    MTurkR.Wizard : blockWiz: no visible global function definition for
     ‘tkbutton’
    MTurkR.Wizard : blockWiz : <anonymous>: no visible global function
     definition for ‘tkdestroy’
    MTurkR.Wizard : blockWiz : <anonymous>: no visible global function
     definition for ‘tkfocus’
    MTurkR.Wizard : blockWiz: no visible global function definition for
     ‘tkfocus’
    MTurkR.Wizard : unblockWiz : unblock: no visible global function
     definition for ‘tclvalue’
    MTurkR.Wizard : unblockWiz : unblock: no visible global function
     definition for ‘tkmessageBox’
    MTurkR.Wizard : unblockWiz : unblock: no visible global function
     definition for ‘tkfocus’
    MTurkR.Wizard : unblockWiz : unblock: no visible global function
     definition for ‘tkdestroy’
    MTurkR.Wizard : unblockWiz: no visible global function definition for
     ‘tktoplevel’
    MTurkR.Wizard : unblockWiz: no visible global function definition for
     ‘tkwm.title’
    MTurkR.Wizard : unblockWiz: no visible global function definition for
     ‘tkframe’
    MTurkR.Wizard : unblockWiz: no visible global function definition for
     ‘tclVar’
    MTurkR.Wizard : unblockWiz: no visible global function definition for
     ‘tkgrid’
    MTurkR.Wizard : unblockWiz: no visible global function definition for
     ‘ttklabel’
    MTurkR.Wizard : unblockWiz: no visible global function definition for
     ‘tkentry’
    MTurkR.Wizard : unblockWiz: no visible global function definition for
     ‘tklabel’
    MTurkR.Wizard : unblockWiz: no visible global function definition for
     ‘tkbutton’
    MTurkR.Wizard : unblockWiz : <anonymous>: no visible global function
     definition for ‘tkdestroy’
    MTurkR.Wizard : unblockWiz : <anonymous>: no visible global function
     definition for ‘tkfocus’
    MTurkR.Wizard : unblockWiz: no visible global function definition for
     ‘tkfocus’
    MTurkR.Wizard : getblockWiz : selectworkers: no visible global function
     definition for ‘tkdestroy’
    MTurkR.Wizard : getblockWiz : selectworkers: no visible global function
     definition for ‘tkcurselection’
    MTurkR.Wizard : getblockWiz: no visible global function definition for
     ‘tktoplevel’
    MTurkR.Wizard : getblockWiz: no visible global function definition for
     ‘tkwm.title’
    MTurkR.Wizard : getblockWiz: no visible global function definition for
     ‘tkframe’
    MTurkR.Wizard : getblockWiz: no visible global function definition for
     ‘tkscrollbar’
    MTurkR.Wizard : getblockWiz : <anonymous>: no visible global function
     definition for ‘tkyview’
    MTurkR.Wizard : getblockWiz: no visible global function definition for
     ‘tklistbox’
    MTurkR.Wizard : getblockWiz : <anonymous>: no visible global function
     definition for ‘tkset’
    MTurkR.Wizard : getblockWiz: no visible global function definition for
     ‘tkgrid’
    MTurkR.Wizard : getblockWiz: no visible global function definition for
     ‘tkgrid.configure’
    MTurkR.Wizard : getblockWiz: no visible global function definition for
     ‘tkinsert’
    MTurkR.Wizard : getblockWiz: no visible global function definition for
     ‘tkbutton’
    MTurkR.Wizard : getblockWiz : <anonymous>: no visible global function
     definition for ‘tkdestroy’
    MTurkR.Wizard : getblockWiz : <anonymous>: no visible global function
     definition for ‘tkfocus’
    MTurkR.Wizard : getblockWiz: no visible global function definition for
     ‘tkfocus’
    MTurkR.Wizard : getblockWiz: no visible global function definition for
     ‘tkmessageBox’
    MTurkR.Wizard : workerstatWiz : getReport: no visible global function
     definition for ‘tclvalue’
    MTurkR.Wizard : workerstatWiz : getReport: no visible global function
     definition for ‘tkmessageBox’
    MTurkR.Wizard : workerstatWiz : getReport: no visible global function
     definition for ‘tkfocus’
    MTurkR.Wizard : workerstatWiz : getReport: no visible global function
     definition for ‘tkcurselection’
    MTurkR.Wizard : workerstatWiz : getReport: no visible global function
     definition for ‘tkdestroy’
    MTurkR.Wizard : workerstatWiz: no visible global function definition
     for ‘tktoplevel’
    MTurkR.Wizard : workerstatWiz: no visible global function definition
     for ‘tkwm.title’
    MTurkR.Wizard : workerstatWiz: no visible global function definition
     for ‘tkframe’
    MTurkR.Wizard : workerstatWiz: no visible global function definition
     for ‘tclVar’
    MTurkR.Wizard : workerstatWiz: no visible global function definition
     for ‘tkgrid’
    MTurkR.Wizard : workerstatWiz: no visible global function definition
     for ‘ttklabel’
    MTurkR.Wizard : workerstatWiz: no visible global function definition
     for ‘tklabel’
    MTurkR.Wizard : workerstatWiz: no visible global function definition
     for ‘tkentry’
    MTurkR.Wizard : workerstatWiz: no visible global function definition
     for ‘tklistbox’
    MTurkR.Wizard : workerstatWiz: no visible global function definition
     for ‘tkinsert’
    MTurkR.Wizard : workerstatWiz: no visible global function definition
     for ‘tkselection.set’
    MTurkR.Wizard : workerstatWiz: no visible global function definition
     for ‘tkbutton’
    MTurkR.Wizard : workerstatWiz : <anonymous>: no visible global function
     definition for ‘tkdestroy’
    MTurkR.Wizard : workerstatWiz : <anonymous>: no visible global function
     definition for ‘tkfocus’
    MTurkR.Wizard : workerstatWiz: no visible global function definition
     for ‘tkfocus’
    MTurkR.Wizard : qualtest : storetest: no visible global function
     definition for ‘tclvalue’
    MTurkR.Wizard : qualtest : storetest: no visible global function
     definition for ‘tkget’
    MTurkR.Wizard : qualtest: no visible global function definition for
     ‘tktoplevel’
    MTurkR.Wizard : qualtest: no visible global function definition for
     ‘tkwm.title’
    MTurkR.Wizard : qualtest: no visible global function definition for
     ‘tkframe’
    MTurkR.Wizard : qualtest: no visible global function definition for
     ‘tkgrid’
    MTurkR.Wizard : qualtest: no visible global function definition for
     ‘ttklabel’
    MTurkR.Wizard : qualtest: no visible global function definition for
     ‘tktext’
    MTurkR.Wizard : qualtest: no visible global function definition for
     ‘tkmark.set’
    MTurkR.Wizard : qualtest: no visible global function definition for
     ‘tklabel’
    MTurkR.Wizard : qualtest: no visible global function definition for
     ‘tclVar’
    MTurkR.Wizard : qualtest: no visible global function definition for
     ‘tkentry’
    MTurkR.Wizard : qualtest: no visible global function definition for
     ‘tkbutton’
    MTurkR.Wizard : qualtest : <anonymous>: no visible global function
     definition for ‘tkdestroy’
    MTurkR.Wizard : qualtest: no visible global function definition for
     ‘tkfocus’
    MTurkR.Wizard : createqualWiz : create: no visible global function
     definition for ‘tclvalue’
    MTurkR.Wizard : createqualWiz : create: no visible global function
     definition for ‘tkmessageBox’
    MTurkR.Wizard : createqualWiz : create: no visible global function
     definition for ‘tkfocus’
    MTurkR.Wizard : createqualWiz : create: no visible global function
     definition for ‘tkcurselection’
    MTurkR.Wizard : createqualWiz : create: no visible global function
     definition for ‘tkdestroy’
    MTurkR.Wizard : createqualWiz: no visible global function definition
     for ‘tktoplevel’
    MTurkR.Wizard : createqualWiz: no visible global function definition
     for ‘tkwm.title’
    MTurkR.Wizard : createqualWiz: no visible global function definition
     for ‘tkframe’
    MTurkR.Wizard : createqualWiz: no visible global function definition
     for ‘tclVar’
    MTurkR.Wizard : createqualWiz: no visible global function definition
     for ‘tkgrid’
    MTurkR.Wizard : createqualWiz: no visible global function definition
     for ‘ttklabel’
    MTurkR.Wizard : createqualWiz: no visible global function definition
     for ‘tklabel’
    MTurkR.Wizard : createqualWiz: no visible global function definition
     for ‘tkentry’
    MTurkR.Wizard : createqualWiz: no visible global function definition
     for ‘tklistbox’
    MTurkR.Wizard : createqualWiz: no visible global function definition
     for ‘tkinsert’
    MTurkR.Wizard : createqualWiz: no visible global function definition
     for ‘tkselection.set’
    MTurkR.Wizard : createqualWiz: no visible global function definition
     for ‘tkcheckbutton’
    MTurkR.Wizard : createqualWiz: no visible global function definition
     for ‘tkbutton’
    MTurkR.Wizard : createqualWiz : <anonymous>: no visible global function
     definition for ‘tkdestroy’
    MTurkR.Wizard : createqualWiz : <anonymous>: no visible global function
     definition for ‘tkfocus’
    MTurkR.Wizard : createqualWiz: no visible global function definition
     for ‘tkfocus’
    MTurkR.Wizard : updatequalWiz : updateq: no visible global function
     definition for ‘tclvalue’
    MTurkR.Wizard : updatequalWiz : updateq: no visible global function
     definition for ‘tkmessageBox’
    MTurkR.Wizard : updatequalWiz : updateq: no visible global function
     definition for ‘tkfocus’
    MTurkR.Wizard : updatequalWiz : updateq: no visible global function
     definition for ‘tkcurselection’
    MTurkR.Wizard : updatequalWiz : updateq: no visible global function
     definition for ‘tkdestroy’
    MTurkR.Wizard : updatequalWiz: no visible global function definition
     for ‘tktoplevel’
    MTurkR.Wizard : updatequalWiz: no visible global function definition
     for ‘tkwm.title’
    MTurkR.Wizard : updatequalWiz: no visible global function definition
     for ‘tkframe’
    MTurkR.Wizard : updatequalWiz: no visible global function definition
     for ‘tclVar’
    MTurkR.Wizard : updatequalWiz: no visible global function definition
     for ‘tkgrid’
    MTurkR.Wizard : updatequalWiz: no visible global function definition
     for ‘ttklabel’
    MTurkR.Wizard : updatequalWiz: no visible global function definition
     for ‘tklabel’
    MTurkR.Wizard : updatequalWiz: no visible global function definition
     for ‘tkentry’
    MTurkR.Wizard : updatequalWiz: no visible global function definition
     for ‘tklistbox’
    MTurkR.Wizard : updatequalWiz: no visible global function definition
     for ‘tkinsert’
    MTurkR.Wizard : updatequalWiz: no visible global function definition
     for ‘tkselection.set’
    MTurkR.Wizard : updatequalWiz: no visible global function definition
     for ‘tkcheckbutton’
    MTurkR.Wizard : updatequalWiz: no visible global function definition
     for ‘tkbutton’
    MTurkR.Wizard : updatequalWiz : populate: no visible global function
     definition for ‘tclvalue<-’
    MTurkR.Wizard : updatequalWiz : <anonymous>: no visible global function
     definition for ‘tkdestroy’
    MTurkR.Wizard : updatequalWiz : <anonymous>: no visible global function
     definition for ‘tkfocus’
    MTurkR.Wizard : updatequalWiz: no visible global function definition
     for ‘tkfocus’
    MTurkR.Wizard : getqualWiz : getqual: no visible global function
     definition for ‘tclvalue’
    MTurkR.Wizard : getqualWiz : getqual: no visible global function
     definition for ‘tkmessageBox’
    MTurkR.Wizard : getqualWiz : getqual: no visible global function
     definition for ‘tkfocus’
    MTurkR.Wizard : getqualWiz : getqual: no visible global function
     definition for ‘tkdestroy’
    MTurkR.Wizard : getqualWiz: no visible global function definition for
     ‘tktoplevel’
    MTurkR.Wizard : getqualWiz: no visible global function definition for
     ‘tkwm.title’
    MTurkR.Wizard : getqualWiz: no visible global function definition for
     ‘tkframe’
    MTurkR.Wizard : getqualWiz: no visible global function definition for
     ‘tclVar’
    MTurkR.Wizard : getqualWiz: no visible global function definition for
     ‘tkgrid’
    MTurkR.Wizard : getqualWiz: no visible global function definition for
     ‘ttklabel’
    MTurkR.Wizard : getqualWiz: no visible global function definition for
     ‘tkentry’
    MTurkR.Wizard : getqualWiz: no visible global function definition for
     ‘tklabel’
    MTurkR.Wizard : getqualWiz : populate: no visible global function
     definition for ‘tkdestroy’
    MTurkR.Wizard : getqualWiz : populate: no visible global function
     definition for ‘tclvalue<-’
    MTurkR.Wizard : getqualWiz : populate: no visible global function
     definition for ‘tclvalue’
    MTurkR.Wizard : getqualWiz : populate: no visible global function
     definition for ‘tkfocus’
    MTurkR.Wizard : getqualWiz: no visible global function definition for
     ‘tkbutton’
    MTurkR.Wizard : getqualWiz : <anonymous>: no visible global function
     definition for ‘tkdestroy’
    MTurkR.Wizard : getqualWiz : <anonymous>: no visible global function
     definition for ‘tkfocus’
    MTurkR.Wizard : getqualWiz: no visible global function definition for
     ‘tkfocus’
    MTurkR.Wizard : disposequalWiz : disposequal: no visible global
     function definition for ‘tclvalue’
    MTurkR.Wizard : disposequalWiz : disposequal: no visible global
     function definition for ‘tkmessageBox’
    MTurkR.Wizard : disposequalWiz : disposequal: no visible global
     function definition for ‘tkfocus’
    MTurkR.Wizard : disposequalWiz : disposequal: no visible global
     function definition for ‘tkdestroy’
    MTurkR.Wizard : disposequalWiz: no visible global function definition
     for ‘tktoplevel’
    MTurkR.Wizard : disposequalWiz: no visible global function definition
     for ‘tkwm.title’
    MTurkR.Wizard : disposequalWiz: no visible global function definition
     for ‘tkframe’
    MTurkR.Wizard : disposequalWiz: no visible global function definition
     for ‘tclVar’
    MTurkR.Wizard : disposequalWiz: no visible global function definition
     for ‘tkgrid’
    MTurkR.Wizard : disposequalWiz: no visible global function definition
     for ‘ttklabel’
    MTurkR.Wizard : disposequalWiz: no visible global function definition
     for ‘tkentry’
    MTurkR.Wizard : disposequalWiz: no visible global function definition
     for ‘tklabel’
    MTurkR.Wizard : disposequalWiz : populate: no visible global function
     definition for ‘tclvalue<-’
    MTurkR.Wizard : disposequalWiz: no visible global function definition
     for ‘tkbutton’
    MTurkR.Wizard : disposequalWiz : <anonymous>: no visible global
     function definition for ‘tkdestroy’
    MTurkR.Wizard : disposequalWiz : <anonymous>: no visible global
     function definition for ‘tkfocus’
    MTurkR.Wizard : disposequalWiz: no visible global function definition
     for ‘tkfocus’
    MTurkR.Wizard : getworkersbyqualWiz : getquals: no visible global
     function definition for ‘tclvalue’
    MTurkR.Wizard : getworkersbyqualWiz : getquals: no visible global
     function definition for ‘tkmessageBox’
    MTurkR.Wizard : getworkersbyqualWiz : getquals: no visible global
     function definition for ‘tkfocus’
    MTurkR.Wizard : getworkersbyqualWiz : getquals: no visible global
     function definition for ‘tkdestroy’
    MTurkR.Wizard : getworkersbyqualWiz: no visible global function
     definition for ‘tktoplevel’
    MTurkR.Wizard : getworkersbyqualWiz: no visible global function
     definition for ‘tkwm.title’
    MTurkR.Wizard : getworkersbyqualWiz: no visible global function
     definition for ‘tkframe’
    MTurkR.Wizard : getworkersbyqualWiz: no visible global function
     definition for ‘tclVar’
    MTurkR.Wizard : getworkersbyqualWiz: no visible global function
     definition for ‘tkgrid’
    MTurkR.Wizard : getworkersbyqualWiz: no visible global function
     definition for ‘ttklabel’
    MTurkR.Wizard : getworkersbyqualWiz: no visible global function
     definition for ‘tkentry’
    MTurkR.Wizard : getworkersbyqualWiz: no visible global function
     definition for ‘tklabel’
    MTurkR.Wizard : getworkersbyqualWiz : populate: no visible global
     function definition for ‘tclvalue<-’
    MTurkR.Wizard : getworkersbyqualWiz: no visible global function
     definition for ‘tkbutton’
    MTurkR.Wizard : getworkersbyqualWiz : <anonymous>: no visible global
     function definition for ‘tkdestroy’
    MTurkR.Wizard : getworkersbyqualWiz : <anonymous>: no visible global
     function definition for ‘tkfocus’
    MTurkR.Wizard : getworkersbyqualWiz: no visible global function
     definition for ‘tkfocus’
    MTurkR.Wizard : getscoreWiz : getscore: no visible global function
     definition for ‘tclvalue’
    MTurkR.Wizard : getscoreWiz : getscore: no visible global function
     definition for ‘tkmessageBox’
    MTurkR.Wizard : getscoreWiz : getscore: no visible global function
     definition for ‘tkfocus’
    MTurkR.Wizard : getscoreWiz : getscore: no visible global function
     definition for ‘tkdestroy’
    MTurkR.Wizard : getscoreWiz: no visible global function definition for
     ‘tktoplevel’
    MTurkR.Wizard : getscoreWiz: no visible global function definition for
     ‘tkwm.title’
    MTurkR.Wizard : getscoreWiz: no visible global function definition for
     ‘tkframe’
    MTurkR.Wizard : getscoreWiz: no visible global function definition for
     ‘tclVar’
    MTurkR.Wizard : getscoreWiz: no visible global function definition for
     ‘tkgrid’
    MTurkR.Wizard : getscoreWiz: no visible global function definition for
     ‘ttklabel’
    MTurkR.Wizard : getscoreWiz: no visible global function definition for
     ‘tkentry’
    MTurkR.Wizard : getscoreWiz: no visible global function definition for
     ‘tklabel’
    MTurkR.Wizard : getscoreWiz : populate: no visible global function
     definition for ‘tclvalue<-’
    MTurkR.Wizard : getscoreWiz: no visible global function definition for
     ‘tkbutton’
    MTurkR.Wizard : getscoreWiz : <anonymous>: no visible global function
     definition for ‘tkdestroy’
    MTurkR.Wizard : getscoreWiz : <anonymous>: no visible global function
     definition for ‘tkfocus’
    MTurkR.Wizard : getscoreWiz: no visible global function definition for
     ‘tkfocus’
    MTurkR.Wizard : updatescoreWiz : updatescore: no visible global
     function definition for ‘tclvalue’
    MTurkR.Wizard : updatescoreWiz : updatescore: no visible global
     function definition for ‘tkmessageBox’
    MTurkR.Wizard : updatescoreWiz : updatescore: no visible global
     function definition for ‘tkfocus’
    MTurkR.Wizard : updatescoreWiz : updatescore: no visible global
     function definition for ‘tkdestroy’
    MTurkR.Wizard : updatescoreWiz: no visible global function definition
     for ‘tktoplevel’
    MTurkR.Wizard : updatescoreWiz: no visible global function definition
     for ‘tkwm.title’
    MTurkR.Wizard : updatescoreWiz: no visible global function definition
     for ‘tkframe’
    MTurkR.Wizard : updatescoreWiz: no visible global function definition
     for ‘tclVar’
    MTurkR.Wizard : updatescoreWiz: no visible global function definition
     for ‘tkgrid’
    MTurkR.Wizard : updatescoreWiz: no visible global function definition
     for ‘ttklabel’
    MTurkR.Wizard : updatescoreWiz: no visible global function definition
     for ‘tkentry’
    MTurkR.Wizard : updatescoreWiz: no visible global function definition
     for ‘tklabel’
    MTurkR.Wizard : updatescoreWiz : populate: no visible global function
     definition for ‘tclvalue<-’
    MTurkR.Wizard : updatescoreWiz: no visible global function definition
     for ‘tkbutton’
    MTurkR.Wizard : updatescoreWiz : <anonymous>: no visible global
     function definition for ‘tkdestroy’
    MTurkR.Wizard : updatescoreWiz : <anonymous>: no visible global
     function definition for ‘tkfocus’
    MTurkR.Wizard : updatescoreWiz: no visible global function definition
     for ‘tkfocus’
    MTurkR.Wizard : searchqualsWiz : searchqual: no visible global function
     definition for ‘tclvalue’
    MTurkR.Wizard : searchqualsWiz : searchqual : storequal: no visible
     global function definition for ‘tkcurselection’
    MTurkR.Wizard : searchqualsWiz : searchqual : storequal: no visible
     global function definition for ‘tkgrab.release’
    MTurkR.Wizard : searchqualsWiz : searchqual : storequal: no visible
     global function definition for ‘tkdestroy’
    MTurkR.Wizard : searchqualsWiz : searchqual: no visible global function
     definition for ‘tktoplevel’
    MTurkR.Wizard : searchqualsWiz : searchqual: no visible global function
     definition for ‘tkwm.title’
    MTurkR.Wizard : searchqualsWiz : searchqual: no visible global function
     definition for ‘tkgrab.set’
    MTurkR.Wizard : searchqualsWiz : searchqual: no visible global function
     definition for ‘tkframe’
    MTurkR.Wizard : searchqualsWiz : searchqual: no visible global function
     definition for ‘tkscrollbar’
    MTurkR.Wizard : searchqualsWiz : searchqual : <anonymous>: no visible
     global function definition for ‘tkyview’
    MTurkR.Wizard : searchqualsWiz : searchqual: no visible global function
     definition for ‘tklistbox’
    MTurkR.Wizard : searchqualsWiz : searchqual : <anonymous>: no visible
     global function definition for ‘tkset’
    MTurkR.Wizard : searchqualsWiz : searchqual: no visible global function
     definition for ‘tkgrid’
    MTurkR.Wizard : searchqualsWiz : searchqual: no visible global function
     definition for ‘tkinsert’
    MTurkR.Wizard : searchqualsWiz : searchqual: no visible global function
     definition for ‘tkbutton’
    MTurkR.Wizard : searchqualsWiz : searchqual : <anonymous>: no visible
     global function definition for ‘tkgrab.release’
    MTurkR.Wizard : searchqualsWiz : searchqual : <anonymous>: no visible
     global function definition for ‘tkdestroy’
    MTurkR.Wizard : searchqualsWiz : searchqual: no visible global function
     definition for ‘tkfocus’
    MTurkR.Wizard : searchqualsWiz : searchqual: no visible global function
     definition for ‘tkwait.window’
    MTurkR.Wizard : searchqualsWiz: no visible global function definition
     for ‘tktoplevel’
    MTurkR.Wizard : searchqualsWiz: no visible global function definition
     for ‘tkwm.title’
    MTurkR.Wizard : searchqualsWiz: no visible global function definition
     for ‘tkframe’
    MTurkR.Wizard : searchqualsWiz: no visible global function definition
     for ‘tclVar’
    MTurkR.Wizard : searchqualsWiz: no visible global function definition
     for ‘tkgrid’
    MTurkR.Wizard : searchqualsWiz: no visible global function definition
     for ‘ttklabel’
    MTurkR.Wizard : searchqualsWiz: no visible global function definition
     for ‘tkcheckbutton’
    MTurkR.Wizard : searchqualsWiz: no visible global function definition
     for ‘tklabel’
    MTurkR.Wizard : searchqualsWiz: no visible global function definition
     for ‘tkentry’
    MTurkR.Wizard : searchqualsWiz: no visible global function definition
     for ‘tkbutton’
    MTurkR.Wizard : searchqualsWiz : <anonymous>: no visible global
     function definition for ‘tkgrab.release’
    MTurkR.Wizard : searchqualsWiz : <anonymous>: no visible global
     function definition for ‘tkdestroy’
    MTurkR.Wizard : searchqualsWiz: no visible global function definition
     for ‘tkfocus’
    MTurkR.Wizard : searchqualsWiz: no visible global function definition
     for ‘tkwait.window’
    MTurkR.Wizard : getrequestsWiz : viewrequest: no visible global
     function definition for ‘tkcurselection’
    MTurkR.Wizard : getrequestsWiz : approverequests : grant: no visible
     global function definition for ‘tkcurselection’
    MTurkR.Wizard : getrequestsWiz : approverequests : grant: no visible
     global function definition for ‘tkmessageBox’
    MTurkR.Wizard : getrequestsWiz : approverequests : grant: no visible
     global function definition for ‘tkfocus’
    MTurkR.Wizard : getrequestsWiz : approverequests : grant: no visible
     global function definition for ‘tclvalue’
    MTurkR.Wizard : getrequestsWiz : approverequests : grant: no visible
     global function definition for ‘tkdestroy’
    MTurkR.Wizard : getrequestsWiz : approverequests : grant: no visible
     global function definition for ‘tkinsert’
    MTurkR.Wizard : getrequestsWiz : approverequests : grant: no visible
     global function definition for ‘tkdelete’
    MTurkR.Wizard : getrequestsWiz : approverequests: no visible global
     function definition for ‘tktoplevel’
    MTurkR.Wizard : getrequestsWiz : approverequests: no visible global
     function definition for ‘tkwm.title’
    MTurkR.Wizard : getrequestsWiz : approverequests: no visible global
     function definition for ‘tkgrid’
    MTurkR.Wizard : getrequestsWiz : approverequests: no visible global
     function definition for ‘ttklabel’
    MTurkR.Wizard : getrequestsWiz : approverequests: no visible global
     function definition for ‘tclVar’
    MTurkR.Wizard : getrequestsWiz : approverequests: no visible global
     function definition for ‘tkentry’
    MTurkR.Wizard : getrequestsWiz : approverequests: no visible global
     function definition for ‘tklabel’
    MTurkR.Wizard : getrequestsWiz : approverequests: no visible global
     function definition for ‘tkbutton’
    MTurkR.Wizard : getrequestsWiz : approverequests : <anonymous>: no
     visible global function definition for ‘tkdestroy’
    MTurkR.Wizard : getrequestsWiz : rejectrequests : rej: no visible
     global function definition for ‘tkcurselection’
    MTurkR.Wizard : getrequestsWiz : rejectrequests : rej: no visible
     global function definition for ‘tkmessageBox’
    MTurkR.Wizard : getrequestsWiz : rejectrequests : rej: no visible
     global function definition for ‘tkfocus’
    MTurkR.Wizard : getrequestsWiz : rejectrequests : rej: no visible
     global function definition for ‘tclvalue’
    MTurkR.Wizard : getrequestsWiz : rejectrequests : rej: no visible
     global function definition for ‘tkdestroy’
    MTurkR.Wizard : getrequestsWiz : rejectrequests : rej: no visible
     global function definition for ‘tkinsert’
    MTurkR.Wizard : getrequestsWiz : rejectrequests : rej: no visible
     global function definition for ‘tkdelete’
    MTurkR.Wizard : getrequestsWiz : rejectrequests: no visible global
     function definition for ‘tktoplevel’
    MTurkR.Wizard : getrequestsWiz : rejectrequests: no visible global
     function definition for ‘tkwm.title’
    MTurkR.Wizard : getrequestsWiz : rejectrequests: no visible global
     function definition for ‘tkgrid’
    MTurkR.Wizard : getrequestsWiz : rejectrequests: no visible global
     function definition for ‘ttklabel’
    MTurkR.Wizard : getrequestsWiz : rejectrequests: no visible global
     function definition for ‘tclVar’
    MTurkR.Wizard : getrequestsWiz : rejectrequests: no visible global
     function definition for ‘tkentry’
    MTurkR.Wizard : getrequestsWiz : rejectrequests: no visible global
     function definition for ‘tklabel’
    MTurkR.Wizard : getrequestsWiz : rejectrequests: no visible global
     function definition for ‘tkbutton’
    MTurkR.Wizard : getrequestsWiz : rejectrequests : <anonymous>: no
     visible global function definition for ‘tkdestroy’
    MTurkR.Wizard : getrequestsWiz: no visible global function definition
     for ‘tktoplevel’
    MTurkR.Wizard : getrequestsWiz: no visible global function definition
     for ‘tkwm.title’
    MTurkR.Wizard : getrequestsWiz: no visible global function definition
     for ‘tkframe’
    MTurkR.Wizard : getrequestsWiz: no visible global function definition
     for ‘tkgrid’
    MTurkR.Wizard : getrequestsWiz: no visible global function definition
     for ‘ttklabel’
    MTurkR.Wizard : getrequestsWiz: no visible global function definition
     for ‘tkscrollbar’
    MTurkR.Wizard : getrequestsWiz : <anonymous>: no visible global
     function definition for ‘tkyview’
    MTurkR.Wizard : getrequestsWiz: no visible global function definition
     for ‘tklistbox’
    MTurkR.Wizard : getrequestsWiz : <anonymous>: no visible global
     function definition for ‘tkset’
    MTurkR.Wizard : getrequestsWiz: no visible global function definition
     for ‘tkgrid.configure’
    MTurkR.Wizard : getrequestsWiz: no visible global function definition
     for ‘tkbutton’
    MTurkR.Wizard : getrequestsWiz : <anonymous>: no visible global
     function definition for ‘tkdestroy’
    MTurkR.Wizard : getrequestsWiz : populate : setqual: no visible global
     function definition for ‘tkgrab.release’
    MTurkR.Wizard : getrequestsWiz : populate : setqual: no visible global
     function definition for ‘tkdestroy’
    MTurkR.Wizard : getrequestsWiz : populate : setqual: no visible global
     function definition for ‘tclvalue’
    MTurkR.Wizard : getrequestsWiz : populate : setqual: no visible global
     function definition for ‘tkinsert’
    MTurkR.Wizard : getrequestsWiz : populate : setqual: no visible global
     function definition for ‘tkfocus’
    MTurkR.Wizard : getrequestsWiz : populate: no visible global function
     definition for ‘tktoplevel’
    MTurkR.Wizard : getrequestsWiz : populate: no visible global function
     definition for ‘tkwm.title’
    MTurkR.Wizard : getrequestsWiz : populate: no visible global function
     definition for ‘tkframe’
    MTurkR.Wizard : getrequestsWiz : populate: no visible global function
     definition for ‘tclVar’
    MTurkR.Wizard : getrequestsWiz : populate: no visible global function
     definition for ‘tkgrid’
    MTurkR.Wizard : getrequestsWiz : populate: no visible global function
     definition for ‘ttklabel’
    MTurkR.Wizard : getrequestsWiz : populate: no visible global function
     definition for ‘tkentry’
    MTurkR.Wizard : getrequestsWiz : populate: no visible global function
     definition for ‘tklabel’
    MTurkR.Wizard : getrequestsWiz : populate : searchqs: no visible global
     function definition for ‘tclvalue<-’
    MTurkR.Wizard : getrequestsWiz : populate: no visible global function
     definition for ‘tkbutton’
    MTurkR.Wizard : getrequestsWiz : populate : <anonymous>: no visible
     global function definition for ‘tkdestroy’
    MTurkR.Wizard : getrequestsWiz : populate : <anonymous>: no visible
     global function definition for ‘tkfocus’
    MTurkR.Wizard : getrequestsWiz : populate: no visible global function
     definition for ‘tkfocus’
    MTurkR.Wizard : getrequestsWiz : populate: no visible global function
     definition for ‘tkwait.window’
    MTurkR.Wizard: no visible global function definition for ‘tktoplevel’
    MTurkR.Wizard: no visible global function definition for
     ‘tkwm.geometry’
    MTurkR.Wizard: no visible global function definition for ‘tkwm.title’
    MTurkR.Wizard: no visible global function definition for
     ‘tkwm.protocol’
    MTurkR.Wizard: no visible global function definition for ‘tkmenu’
    MTurkR.Wizard: no visible global function definition for ‘tkconfigure’
    MTurkR.Wizard: no visible global function definition for ‘tkadd’
    MTurkR.Wizard : <anonymous>: no visible global function definition for
     ‘tkmessageBox’
    MTurkR.Wizard : <anonymous>: no visible global function definition for
     ‘tktoplevel’
    MTurkR.Wizard : <anonymous>: no visible global function definition for
     ‘tkwm.title’
    MTurkR.Wizard : <anonymous>: no visible global function definition for
     ‘tkgrid’
    MTurkR.Wizard : <anonymous>: no visible global function definition for
     ‘ttklabel’
    MTurkR.Wizard : <anonymous>: no visible global function definition for
     ‘tkbutton’
    MTurkR.Wizard : <anonymous> : <anonymous>: no visible global function
     definition for ‘tkdestroy’
    MTurkR.Wizard : <anonymous> : <anonymous>: no visible global function
     definition for ‘tkfocus’
    MTurkR.Wizard : <anonymous>: no visible global function definition for
     ‘tkbind’
    MTurkR.Wizard : <anonymous>: no visible global function definition for
     ‘tkfocus’
    MTurkR.Wizard: no visible global function definition for ‘tkfocus’
    mturkr.wizard : exitWiz: no visible global function definition for
     ‘tkmessageBox’
    mturkr.wizard : exitWiz: no visible global function definition for
     ‘tclvalue’
    mturkr.wizard : exitWiz: no visible global function definition for
     ‘tkdestroy’
    mturkr.wizard : exitWiz: no visible global function definition for
     ‘tkfocus’
    mturkr.wizard : sandboxWiz: no visible global function definition for
     ‘tkmessageBox’
    mturkr.wizard : sandboxWiz: no visible global function definition for
     ‘tclvalue’
    mturkr.wizard : sandboxWiz: no visible global function definition for
     ‘tkfocus’
    mturkr.wizard : credentialsWiz : credOK: no visible global function
     definition for ‘tclvalue’
    mturkr.wizard : credentialsWiz : credOK: no visible global function
     definition for ‘tkdestroy’
    mturkr.wizard : credentialsWiz : credOK: no visible global function
     definition for ‘tkfocus’
    mturkr.wizard : credentialsWiz: no visible global function definition
     for ‘tktoplevel’
    mturkr.wizard : credentialsWiz: no visible global function definition
     for ‘tkwm.title’
    mturkr.wizard : credentialsWiz: no visible global function definition
     for ‘tkfocus’
    mturkr.wizard : credentialsWiz: no visible global function definition
     for ‘tclVar’
    mturkr.wizard : credentialsWiz: no visible global function definition
     for ‘tkframe’
    mturkr.wizard : credentialsWiz: no visible global function definition
     for ‘tkentry’
    mturkr.wizard : credentialsWiz: no visible global function definition
     for ‘tkgrid’
    mturkr.wizard : credentialsWiz: no visible global function definition
     for ‘tklabel’
    mturkr.wizard : credentialsWiz: no visible global function definition
     for ‘tkbutton’
    mturkr.wizard : credentialsWiz : <anonymous>: no visible global
     function definition for ‘tkdestroy’
    mturkr.wizard : credentialsWiz : <anonymous>: no visible global
     function definition for ‘tkfocus’
    mturkr.wizard : savetofile: no visible global function definition for
     ‘tclvalue’
    mturkr.wizard : savetofile: no visible global function definition for
     ‘tkgetSaveFile’
    mturkr.wizard : savetofile: no visible global function definition for
     ‘tkmessageBox’
    mturkr.wizard : balanceWiz: no visible global function definition for
     ‘tkmessageBox’
    mturkr.wizard : balanceWiz: no visible global function definition for
     ‘tkfocus’
    mturkr.wizard : fundcheckWiz : checksufficient: no visible global
     function definition for ‘tclvalue’
    mturkr.wizard : fundcheckWiz : checksufficient: no visible global
     function definition for ‘tktoplevel’
    mturkr.wizard : fundcheckWiz : checksufficient: no visible global
     function definition for ‘tkwm.title’
    mturkr.wizard : fundcheckWiz : checksufficient: no visible global
     function definition for ‘tkgrid’
    mturkr.wizard : fundcheckWiz : checksufficient: no visible global
     function definition for ‘ttklabel’
    mturkr.wizard : fundcheckWiz : checksufficient: no visible global
     function definition for ‘tkbutton’
    mturkr.wizard : fundcheckWiz : checksufficient : <anonymous>: no
     visible global function definition for ‘tkdestroy’
    mturkr.wizard : fundcheckWiz : checksufficient : <anonymous>: no
     visible global function definition for ‘tkfocus’
    mturkr.wizard : fundcheckWiz : checksufficient: no visible global
     function definition for ‘tkfocus’
    mturkr.wizard : fundcheckWiz: no visible global function definition for
     ‘tktoplevel’
    mturkr.wizard : fundcheckWiz: no visible global function definition for
     ‘tkwm.title’
    mturkr.wizard : fundcheckWiz: no visible global function definition for
     ‘tkframe’
    mturkr.wizard : fundcheckWiz: no visible global function definition for
     ‘tclVar’
    mturkr.wizard : fundcheckWiz: no visible global function definition for
     ‘tkgrid’
    mturkr.wizard : fundcheckWiz: no visible global function definition for
     ‘ttklabel’
    mturkr.wizard : fundcheckWiz: no visible global function definition for
     ‘tkentry’
    mturkr.wizard : fundcheckWiz: no visible global function definition for
     ‘tklabel’
    mturkr.wizard : fundcheckWiz: no visible global function definition for
     ‘tkcheckbutton’
    mturkr.wizard : fundcheckWiz: no visible global function definition for
     ‘tkbutton’
    mturkr.wizard : fundcheckWiz : <anonymous>: no visible global function
     definition for ‘tkdestroy’
    mturkr.wizard : fundcheckWiz : <anonymous>: no visible global function
     definition for ‘tkfocus’
    mturkr.wizard : fundcheckWiz: no visible global function definition for
     ‘tkfocus’
    mturkr.wizard : loadlogWiz : displaylogentry: no visible global
     function definition for ‘tkframe’
    mturkr.wizard : loadlogWiz : displaylogentry: no visible global
     function definition for ‘tkgrid’
    mturkr.wizard : loadlogWiz : displaylogentry: no visible global
     function definition for ‘ttklabel’
    mturkr.wizard : loadlogWiz : displaylogentry: no visible global
     function definition for ‘tkbutton’
    mturkr.wizard : loadlogWiz: no visible global function definition for
     ‘tktoplevel’
    mturkr.wizard : loadlogWiz: no visible global function definition for
     ‘tkwm.title’
    mturkr.wizard : loadlogWiz: no visible global function definition for
     ‘tkframe’
    mturkr.wizard : loadlogWiz: no visible global function definition for
     ‘tkscrollbar’
    mturkr.wizard : loadlogWiz : <anonymous>: no visible global function
     definition for ‘tkyview’
    mturkr.wizard : loadlogWiz: no visible global function definition for
     ‘tklistbox’
    mturkr.wizard : loadlogWiz : <anonymous>: no visible global function
     definition for ‘tkset’
    mturkr.wizard : loadlogWiz: no visible global function definition for
     ‘tkgrid’
    mturkr.wizard : loadlogWiz: no visible global function definition for
     ‘tkgrid.configure’
    mturkr.wizard : loadlogWiz: no visible global function definition for
     ‘tkinsert’
    mturkr.wizard : loadlogWiz: no visible global function definition for
     ‘tkbutton’
    mturkr.wizard : loadlogWiz : <anonymous>: no visible global function
     definition for ‘tkcurselection’
    mturkr.wizard : loadlogWiz : <anonymous>: no visible global function
     definition for ‘tkdestroy’
    mturkr.wizard : loadlogWiz: no visible global function definition for
     ‘tkfocus’
    mturkr.wizard : registerWiz : gethit: no visible global function
     definition for ‘tclvalue’
    mturkr.wizard : registerWiz : gethit: no visible global function
     definition for ‘tkmessageBox’
    mturkr.wizard : registerWiz : gethit: no visible global function
     definition for ‘tkfocus’
    mturkr.wizard : registerWiz : gethit: no visible global function
     definition for ‘tkdestroy’
    mturkr.wizard : registerWiz : addqualreq : genqual: no visible global
     function definition for ‘tclvalue’
    mturkr.wizard : registerWiz : addqualreq : genqual: no visible global
     function definition for ‘tkmessageBox’
    mturkr.wizard : registerWiz : addqualreq : genqual: no visible global
     function definition for ‘tkfocus’
    mturkr.wizard : registerWiz : addqualreq : genqual: no visible global
     function definition for ‘tkcurselection’
    mturkr.wizard : registerWiz : addqualreq : genqual: no visible global
     function definition for ‘tkdestroy’
    mturkr.wizard : registerWiz : addqualreq : genqual: no visible global
     function definition for ‘tclvalue<-’
    mturkr.wizard : registerWiz : addqualreq: no visible global function
     definition for ‘tktoplevel’
    mturkr.wizard : registerWiz : addqualreq: no visible global function
     definition for ‘tkwm.title’
    mturkr.wizard : registerWiz : addqualreq: no visible global function
     definition for ‘tkframe’
    mturkr.wizard : registerWiz : addqualreq: no visible global function
     definition for ‘tclVar’
    mturkr.wizard : registerWiz : addqualreq: no visible global function
     definition for ‘tkgrid’
    mturkr.wizard : registerWiz : addqualreq: no visible global function
     definition for ‘ttklabel’
    mturkr.wizard : registerWiz : addqualreq: no visible global function
     definition for ‘tkentry’
    mturkr.wizard : registerWiz : addqualreq: no visible global function
     definition for ‘tklabel’
    mturkr.wizard : registerWiz : addqualreq: no visible global function
     definition for ‘tkcheckbutton’
    mturkr.wizard : registerWiz : addqualreq: no visible global function
     definition for ‘tkscrollbar’
    mturkr.wizard : registerWiz : addqualreq : <anonymous>: no visible
     global function definition for ‘tkyview’
    mturkr.wizard : registerWiz : addqualreq: no visible global function
     definition for ‘tklistbox’
    mturkr.wizard : registerWiz : addqualreq : <anonymous>: no visible
     global function definition for ‘tkset’
    mturkr.wizard : registerWiz : addqualreq: no visible global function
     definition for ‘tkgrid.configure’
    mturkr.wizard : registerWiz : addqualreq: no visible global function
     definition for ‘tkinsert’
    mturkr.wizard : registerWiz : addqualreq: no visible global function
     definition for ‘tkselection.set’
    mturkr.wizard : registerWiz : addqualreq : populate: no visible global
     function definition for ‘tclvalue<-’
    mturkr.wizard : registerWiz : addqualreq: no visible global function
     definition for ‘tkbutton’
    mturkr.wizard : registerWiz : addqualreq : <anonymous>: no visible
     global function definition for ‘tkdestroy’
    mturkr.wizard : registerWiz : addqualreq : <anonymous>: no visible
     global function definition for ‘tkfocus’
    mturkr.wizard : registerWiz : addqualreq: no visible global function
     definition for ‘tkfocus’
    mturkr.wizard : registerWiz: no visible global function definition for
     ‘tktoplevel’
    mturkr.wizard : registerWiz: no visible global function definition for
     ‘tkwm.title’
    mturkr.wizard : registerWiz: no visible global function definition for
     ‘tclVar’
    mturkr.wizard : registerWiz: no visible global function definition for
     ‘tkframe’
    mturkr.wizard : registerWiz: no visible global function definition for
     ‘tkgrid’
    mturkr.wizard : registerWiz: no visible global function definition for
     ‘ttklabel’
    mturkr.wizard : registerWiz: no visible global function definition for
     ‘tkentry’
    mturkr.wizard : registerWiz: no visible global function definition for
     ‘tklabel’
    mturkr.wizard : registerWiz: no visible global function definition for
     ‘tkbutton’
    mturkr.wizard : registerWiz: no visible global function definition for
     ‘tclvalue’
    mturkr.wizard : registerWiz: no visible global function definition for
     ‘tkconfigure’
    mturkr.wizard : registerWiz : <anonymous>: no visible global function
     definition for ‘tkdestroy’
    mturkr.wizard : registerWiz : <anonymous>: no visible global function
     definition for ‘tkfocus’
    mturkr.wizard : registerWiz: no visible global function definition for
     ‘tkfocus’
    mturkr.wizard : createWiz : addexquestion : store: no visible global
     function definition for ‘tclvalue’
    mturkr.wizard : createWiz : addexquestion : store: no visible global
     function definition for ‘tkmessageBox’
    mturkr.wizard : createWiz : addexquestion : store: no visible global
     function definition for ‘tkfocus’
    mturkr.wizard : createWiz : addexquestion: no visible global function
     definition for ‘tktoplevel’
    mturkr.wizard : createWiz : addexquestion: no visible global function
     definition for ‘tkwm.title’
    mturkr.wizard : createWiz : addexquestion: no visible global function
     definition for ‘tkframe’
    mturkr.wizard : createWiz : addexquestion: no visible global function
     definition for ‘tclVar’
    mturkr.wizard : createWiz : addexquestion: no visible global function
     definition for ‘tkgrid’
    mturkr.wizard : createWiz : addexquestion: no visible global function
     definition for ‘ttklabel’
    mturkr.wizard : createWiz : addexquestion: no visible global function
     definition for ‘tkentry’
    mturkr.wizard : createWiz : addexquestion: no visible global function
     definition for ‘tklabel’
    mturkr.wizard : createWiz : addexquestion: no visible global function
     definition for ‘tkbutton’
    mturkr.wizard : createWiz : addexquestion : <anonymous>: no visible
     global function definition for ‘tkdestroy’
    mturkr.wizard : createWiz : addexquestion : <anonymous>: no visible
     global function definition for ‘tkfocus’
    mturkr.wizard : createWiz : addexquestion: no visible global function
     definition for ‘tkfocus’
    mturkr.wizard : createWiz : addinquestion : store: no visible global
     function definition for ‘tclvalue’
    mturkr.wizard : createWiz : addinquestion : store: no visible global
     function definition for ‘tkget’
    mturkr.wizard : createWiz : addinquestion : store: no visible global
     function definition for ‘tkmessageBox’
    mturkr.wizard : createWiz : addinquestion : store: no visible global
     function definition for ‘tkfocus’
    mturkr.wizard : createWiz : addinquestion: no visible global function
     definition for ‘tktoplevel’
    mturkr.wizard : createWiz : addinquestion: no visible global function
     definition for ‘tkwm.title’
    mturkr.wizard : createWiz : addinquestion: no visible global function
     definition for ‘tkframe’
    mturkr.wizard : createWiz : addinquestion: no visible global function
     definition for ‘tclVar’
    mturkr.wizard : createWiz : addinquestion: no visible global function
     definition for ‘tkgrid’
    mturkr.wizard : createWiz : addinquestion: no visible global function
     definition for ‘ttklabel’
    mturkr.wizard : createWiz : addinquestion: no visible global function
     definition for ‘tktext’
    mturkr.wizard : createWiz : addinquestion: no visible global function
     definition for ‘tkmark.set’
    mturkr.wizard : createWiz : addinquestion: no visible global function
     definition for ‘tklabel’
    mturkr.wizard : createWiz : addinquestion: no visible global function
     definition for ‘tkbutton’
    mturkr.wizard : createWiz : addinquestion : <anonymous>: no visible
     global function definition for ‘tkdestroy’
    mturkr.wizard : createWiz : addinquestion : <anonymous>: no visible
     global function definition for ‘tkfocus’
    mturkr.wizard : createWiz : addinquestion: no visible global function
     definition for ‘tkfocus’
    mturkr.wizard : createWiz : addhtmlquestion : store: no visible global
     function definition for ‘tclvalue’
    mturkr.wizard : createWiz : addhtmlquestion : store: no visible global
     function definition for ‘tkget’
    mturkr.wizard : createWiz : addhtmlquestion : store: no visible global
     function definition for ‘tkmessageBox’
    mturkr.wizard : createWiz : addhtmlquestion : store: no visible global
     function definition for ‘tkfocus’
    mturkr.wizard : createWiz : addhtmlquestion: no visible global function
     definition for ‘tktoplevel’
    mturkr.wizard : createWiz : addhtmlquestion: no visible global function
     definition for ‘tkwm.title’
    mturkr.wizard : createWiz : addhtmlquestion: no visible global function
     definition for ‘tkframe’
    mturkr.wizard : createWiz : addhtmlquestion: no visible global function
     definition for ‘tclVar’
    mturkr.wizard : createWiz : addhtmlquestion: no visible global function
     definition for ‘tkgrid’
    mturkr.wizard : createWiz : addhtmlquestion: no visible global function
     definition for ‘ttklabel’
    mturkr.wizard : createWiz : addhtmlquestion: no visible global function
     definition for ‘tktext’
    mturkr.wizard : createWiz : addhtmlquestion: no visible global function
     definition for ‘tkmark.set’
    mturkr.wizard : createWiz : addhtmlquestion: no visible global function
     definition for ‘tklabel’
    mturkr.wizard : createWiz : addhtmlquestion: no visible global function
     definition for ‘tkbutton’
    mturkr.wizard : createWiz : addhtmlquestion : <anonymous>: no visible
     global function definition for ‘tkdestroy’
    mturkr.wizard : createWiz : addhtmlquestion : <anonymous>: no visible
     global function definition for ‘tkfocus’
    mturkr.wizard : createWiz : addhtmlquestion: no visible global function
     definition for ‘tkfocus’
    mturkr.wizard : createWiz : addlayout : store: no visible global
     function definition for ‘tclvalue’
    mturkr.wizard : createWiz : addlayout : store: no visible global
     function definition for ‘tkmessageBox’
    mturkr.wizard : createWiz : addlayout : store: no visible global
     function definition for ‘tkfocus’
    mturkr.wizard : createWiz : addlayout : store: no visible global
     function definition for ‘tkdestroy’
    mturkr.wizard : createWiz : addlayout: no visible global function
     definition for ‘tktoplevel’
    mturkr.wizard : createWiz : addlayout: no visible global function
     definition for ‘tkwm.title’
    mturkr.wizard : createWiz : addlayout: no visible global function
     definition for ‘tkframe’
    mturkr.wizard : createWiz : addlayout: no visible global function
     definition for ‘tkgrid’
    mturkr.wizard : createWiz : addlayout: no visible global function
     definition for ‘ttklabel’
    mturkr.wizard : createWiz : addlayout: no visible global function
     definition for ‘tkbind’
    mturkr.wizard : createWiz : addlayout: no visible global function
     definition for ‘tclVar’
    mturkr.wizard : createWiz : addlayout: no visible global function
     definition for ‘tkentry’
    mturkr.wizard : createWiz : addlayout: no visible global function
     definition for ‘tklabel’
    mturkr.wizard : createWiz : addlayout: no visible global function
     definition for ‘tkbutton’
    mturkr.wizard : createWiz : addlayout : <anonymous>: no visible global
     function definition for ‘tkdestroy’
    mturkr.wizard : createWiz : addlayout : <anonymous>: no visible global
     function definition for ‘tkfocus’
    mturkr.wizard : createWiz : addlayout: no visible global function
     definition for ‘tkfocus’
    mturkr.wizard : createWiz : addreviewpolicy : storepolicy: no visible
     global function definition for ‘tclvalue’
    mturkr.wizard : createWiz : addreviewpolicy : storepolicy: no visible
     global function definition for ‘tkget’
    mturkr.wizard : createWiz : addreviewpolicy : storepolicy: no visible
     global function definition for ‘tkdestroy’
    mturkr.wizard : createWiz : addreviewpolicy: no visible global function
     definition for ‘tktoplevel’
    mturkr.wizard : createWiz : addreviewpolicy: no visible global function
     definition for ‘tkwm.title’
    mturkr.wizard : createWiz : addreviewpolicy: no visible global function
     definition for ‘tkframe’
    mturkr.wizard : createWiz : addreviewpolicy: no visible global function
     definition for ‘tkgrid’
    mturkr.wizard : createWiz : addreviewpolicy: no visible global function
     definition for ‘ttklabel’
    mturkr.wizard : createWiz : addreviewpolicy: no visible global function
     definition for ‘tktext’
    mturkr.wizard : createWiz : addreviewpolicy: no visible global function
     definition for ‘tkmark.set’
    mturkr.wizard : createWiz : addreviewpolicy: no visible global function
     definition for ‘tklabel’
    mturkr.wizard : createWiz : addreviewpolicy: no visible global function
     definition for ‘tkbutton’
    mturkr.wizard : createWiz : addreviewpolicy : <anonymous>: no visible
     global function definition for ‘tkdestroy’
    mturkr.wizard : createWiz : addreviewpolicy : <anonymous>: no visible
     global function definition for ‘tkfocus’
    mturkr.wizard : createWiz : addreviewpolicy: no visible global function
     definition for ‘tkfocus’
    mturkr.wizard : createWiz : create: no visible global function
     definition for ‘tclvalue’
    mturkr.wizard : createWiz : create: no visible global function
     definition for ‘tkmessageBox’
    mturkr.wizard : createWiz : create: no visible global function
     definition for ‘tkfocus’
    mturkr.wizard : createWiz : create: no visible global function
     definition for ‘tkdestroy’
    mturkr.wizard : createWiz: no visible global function definition for
     ‘tktoplevel’
    mturkr.wizard : createWiz: no visible global function definition for
     ‘tkwm.title’
    mturkr.wizard : createWiz: no visible global function definition for
     ‘tkframe’
    mturkr.wizard : createWiz: no visible global function definition for
     ‘tclVar’
    mturkr.wizard : createWiz: no visible global function definition for
     ‘tkgrid’
    mturkr.wizard : createWiz: no visible global function definition for
     ‘ttklabel’
    mturkr.wizard : createWiz: no visible global function definition for
     ‘tkentry’
    mturkr.wizard : createWiz: no visible global function definition for
     ‘tklabel’
    mturkr.wizard : createWiz: no visible global function definition for
     ‘tkbutton’
    mturkr.wizard : createWiz : populate: no visible global function
     definition for ‘tclvalue<-’
    mturkr.wizard : createWiz : <anonymous>: no visible global function
     definition for ‘tkdestroy’
    mturkr.wizard : createWiz : <anonymous>: no visible global function
     definition for ‘tkfocus’
    mturkr.wizard : createWiz: no visible global function definition for
     ‘tkfocus’
    mturkr.wizard : gethitWiz : gethit: no visible global function
     definition for ‘tclvalue’
    mturkr.wizard : gethitWiz : gethit: no visible global function
     definition for ‘tkmessageBox’
    mturkr.wizard : gethitWiz : gethit: no visible global function
     definition for ‘tkfocus’
    mturkr.wizard : gethitWiz : gethit: no visible global function
     definition for ‘tkdestroy’
    mturkr.wizard : gethitWiz : gethit: no visible global function
     definition for ‘tktoplevel’
    mturkr.wizard : gethitWiz : gethit: no visible global function
     definition for ‘tkwm.title’
    mturkr.wizard : gethitWiz : gethit: no visible global function
     definition for ‘tkframe’
    mturkr.wizard : gethitWiz : gethit: no visible global function
     definition for ‘tkgrid’
    mturkr.wizard : gethitWiz : gethit: no visible global function
     definition for ‘ttklabel’
    mturkr.wizard : gethitWiz : gethit: no visible global function
     definition for ‘tklabel’
    mturkr.wizard : gethitWiz : gethit: no visible global function
     definition for ‘tkbutton’
    mturkr.wizard : gethitWiz : gethit : <anonymous>: no visible global
     function definition for ‘tkdestroy’
    mturkr.wizard : gethitWiz : gethit : <anonymous>: no visible global
     function definition for ‘tkfocus’
    mturkr.wizard : gethitWiz: no visible global function definition for
     ‘tktoplevel’
    mturkr.wizard : gethitWiz: no visible global function definition for
     ‘tkwm.title’
    mturkr.wizard : gethitWiz: no visible global function definition for
     ‘tkframe’
    mturkr.wizard : gethitWiz: no visible global function definition for
     ‘tclVar’
    mturkr.wizard : gethitWiz: no visible global function definition for
     ‘tkgrid’
    mturkr.wizard : gethitWiz: no visible global function definition for
     ‘ttklabel’
    mturkr.wizard : gethitWiz: no visible global function definition for
     ‘tkentry’
    mturkr.wizard : gethitWiz: no visible global function definition for
     ‘tklabel’
    mturkr.wizard : gethitWiz : populate: no visible global function
     definition for ‘tclvalue<-’
    mturkr.wizard : gethitWiz: no visible global function definition for
     ‘tkbutton’
    mturkr.wizard : gethitWiz : <anonymous>: no visible global function
     definition for ‘tkdestroy’
    mturkr.wizard : gethitWiz : <anonymous>: no visible global function
     definition for ‘tkfocus’
    mturkr.wizard : gethitWiz: no visible global function definition for
     ‘tkfocus’
    mturkr.wizard : statusWiz : status: no visible global function
     definition for ‘tclvalue’
    mturkr.wizard : statusWiz : status: no visible global function
     definition for ‘tkmessageBox’
    mturkr.wizard : statusWiz : status: no visible global function
     definition for ‘tkfocus’
    mturkr.wizard : statusWiz : status: no visible global function
     definition for ‘tkdestroy’
    mturkr.wizard : statusWiz : status: no visible global function
     definition for ‘tktoplevel’
    mturkr.wizard : statusWiz : status: no visible global function
     definition for ‘tkwm.title’
    mturkr.wizard : statusWiz : status: no visible global function
     definition for ‘tkframe’
    mturkr.wizard : statusWiz : status: no visible global function
     definition for ‘tkgrid’
    mturkr.wizard : statusWiz : status: no visible global function
     definition for ‘ttklabel’
    mturkr.wizard : statusWiz : status: no visible global function
     definition for ‘tklabel’
    mturkr.wizard : statusWiz : status: no visible global function
     definition for ‘tkbutton’
    mturkr.wizard : statusWiz : status : <anonymous>: no visible global
     function definition for ‘tkdestroy’
    mturkr.wizard : statusWiz : status : <anonymous>: no visible global
     function definition for ‘tkfocus’
    mturkr.wizard : statusWiz: no visible global function definition for
     ‘tktoplevel’
    mturkr.wizard : statusWiz: no visible global function definition for
     ‘tkwm.title’
    mturkr.wizard : statusWiz: no visible global function definition for
     ‘tkframe’
    mturkr.wizard : statusWiz: no visible global function definition for
     ‘tclVar’
    mturkr.wizard : statusWiz: no visible global function definition for
     ‘tkgrid’
    mturkr.wizard : statusWiz: no visible global function definition for
     ‘ttklabel’
    mturkr.wizard : statusWiz: no visible global function definition for
     ‘tkentry’
    mturkr.wizard : statusWiz: no visible global function definition for
     ‘tklabel’
    mturkr.wizard : statusWiz : populate: no visible global function
     definition for ‘tclvalue<-’
    mturkr.wizard : statusWiz: no visible global function definition for
     ‘tkbutton’
    mturkr.wizard : statusWiz : <anonymous>: no visible global function
     definition for ‘tkdestroy’
    mturkr.wizard : statusWiz : <anonymous>: no visible global function
     definition for ‘tkfocus’
    mturkr.wizard : statusWiz: no visible global function definition for
     ‘tkfocus’
    mturkr.wizard : reviewresultsWiz : getreview: no visible global
     function definition for ‘tclvalue’
    mturkr.wizard : reviewresultsWiz : getreview: no visible global
     function definition for ‘tkmessageBox’
    mturkr.wizard : reviewresultsWiz : getreview: no visible global
     function definition for ‘tkfocus’
    mturkr.wizard : reviewresultsWiz : getreview: no visible global
     function definition for ‘tkdestroy’
    mturkr.wizard : reviewresultsWiz: no visible global function definition
     for ‘tktoplevel’
    mturkr.wizard : reviewresultsWiz: no visible global function definition
     for ‘tkwm.title’
    mturkr.wizard : reviewresultsWiz: no visible global function definition
     for ‘tkframe’
    mturkr.wizard : reviewresultsWiz: no visible global function definition
     for ‘tclVar’
    mturkr.wizard : reviewresultsWiz: no visible global function definition
     for ‘tkgrid’
    mturkr.wizard : reviewresultsWiz: no visible global function definition
     for ‘ttklabel’
    mturkr.wizard : reviewresultsWiz: no visible global function definition
     for ‘tkentry’
    mturkr.wizard : reviewresultsWiz: no visible global function definition
     for ‘tklabel’
    mturkr.wizard : reviewresultsWiz: no visible global function definition
     for ‘tkcheckbutton’
    mturkr.wizard : reviewresultsWiz : populate: no visible global function
     definition for ‘tclvalue<-’
    mturkr.wizard : reviewresultsWiz: no visible global function definition
     for ‘tkbutton’
    mturkr.wizard : reviewresultsWiz : <anonymous>: no visible global
     function definition for ‘tkdestroy’
    mturkr.wizard : reviewresultsWiz : <anonymous>: no visible global
     function definition for ‘tkfocus’
    mturkr.wizard : reviewresultsWiz: no visible global function definition
     for ‘tkfocus’
    mturkr.wizard : reviewingWiz : chgstatus: no visible global function
     definition for ‘tclvalue’
    mturkr.wizard : reviewingWiz : chgstatus: no visible global function
     definition for ‘tkmessageBox’
    mturkr.wizard : reviewingWiz : chgstatus: no visible global function
     definition for ‘tkfocus’
    mturkr.wizard : reviewingWiz : chgstatus: no visible global function
     definition for ‘tkdestroy’
    mturkr.wizard : reviewingWiz: no visible global function definition for
     ‘tktoplevel’
    mturkr.wizard : reviewingWiz: no visible global function definition for
     ‘tkwm.title’
    mturkr.wizard : reviewingWiz: no visible global function definition for
     ‘tkframe’
    mturkr.wizard : reviewingWiz: no visible global function definition for
     ‘tclVar’
    mturkr.wizard : reviewingWiz: no visible global function definition for
     ‘tkgrid’
    mturkr.wizard : reviewingWiz: no visible global function definition for
     ‘ttklabel’
    mturkr.wizard : reviewingWiz: no visible global function definition for
     ‘tkentry’
    mturkr.wizard : reviewingWiz: no visible global function definition for
     ‘tklabel’
    mturkr.wizard : reviewingWiz: no visible global function definition for
     ‘tkcheckbutton’
    mturkr.wizard : reviewingWiz : populate: no visible global function
     definition for ‘tclvalue<-’
    mturkr.wizard : reviewingWiz: no visible global function definition for
     ‘tkbutton’
    mturkr.wizard : reviewingWiz : <anonymous>: no visible global function
     definition for ‘tkdestroy’
    mturkr.wizard : reviewingWiz : <anonymous>: no visible global function
     definition for ‘tkfocus’
    mturkr.wizard : reviewingWiz: no visible global function definition for
     ‘tkfocus’
    mturkr.wizard : addassignWiz : addassign: no visible global function
     definition for ‘tclvalue’
    mturkr.wizard : addassignWiz : addassign: no visible global function
     definition for ‘tkmessageBox’
    mturkr.wizard : addassignWiz : addassign: no visible global function
     definition for ‘tkfocus’
    mturkr.wizard : addassignWiz : addassign: no visible global function
     definition for ‘tkdestroy’
    mturkr.wizard : addassignWiz: no visible global function definition for
     ‘tktoplevel’
    mturkr.wizard : addassignWiz: no visible global function definition for
     ‘tkwm.title’
    mturkr.wizard : addassignWiz: no visible global function definition for
     ‘tkframe’
    mturkr.wizard : addassignWiz: no visible global function definition for
     ‘tclVar’
    mturkr.wizard : addassignWiz: no visible global function definition for
     ‘tkgrid’
    mturkr.wizard : addassignWiz: no visible global function definition for
     ‘ttklabel’
    mturkr.wizard : addassignWiz: no visible global function definition for
     ‘tkentry’
    mturkr.wizard : addassignWiz: no visible global function definition for
     ‘tklabel’
    mturkr.wizard : addassignWiz : populate: no visible global function
     definition for ‘tclvalue<-’
    mturkr.wizard : addassignWiz: no visible global function definition for
     ‘tkbutton’
    mturkr.wizard : addassignWiz : <anonymous>: no visible global function
     definition for ‘tkdestroy’
    mturkr.wizard : addassignWiz : <anonymous>: no visible global function
     definition for ‘tkfocus’
    mturkr.wizard : addassignWiz: no visible global function definition for
     ‘tkfocus’
    mturkr.wizard : extendWiz : extend: no visible global function
     definition for ‘tclvalue’
    mturkr.wizard : extendWiz : extend: no visible global function
     definition for ‘tkmessageBox’
    mturkr.wizard : extendWiz : extend: no visible global function
     definition for ‘tkfocus’
    mturkr.wizard : extendWiz : extend: no visible global function
     definition for ‘tkdestroy’
    mturkr.wizard : extendWiz: no visible global function definition for
     ‘tktoplevel’
    mturkr.wizard : extendWiz: no visible global function definition for
     ‘tkwm.title’
    mturkr.wizard : extendWiz: no visible global function definition for
     ‘tkframe’
    mturkr.wizard : extendWiz: no visible global function definition for
     ‘tclVar’
    mturkr.wizard : extendWiz: no visible global function definition for
     ‘tkgrid’
    mturkr.wizard : extendWiz: no visible global function definition for
     ‘ttklabel’
    mturkr.wizard : extendWiz: no visible global function definition for
     ‘tkentry’
    mturkr.wizard : extendWiz: no visible global function definition for
     ‘tklabel’
    mturkr.wizard : extendWiz: no visible global function definition for
     ‘tclvalue’
    mturkr.wizard : extendWiz: no visible global function definition for
     ‘tkconfigure’
    mturkr.wizard : extendWiz : populate: no visible global function
     definition for ‘tclvalue<-’
    mturkr.wizard : extendWiz: no visible global function definition for
     ‘tkbutton’
    mturkr.wizard : extendWiz : <anonymous>: no visible global function
     definition for ‘tkdestroy’
    mturkr.wizard : extendWiz : <anonymous>: no visible global function
     definition for ‘tkfocus’
    mturkr.wizard : extendWiz: no visible global function definition for
     ‘tkfocus’
    mturkr.wizard : expireWiz : expire: no visible global function
     definition for ‘tclvalue’
    mturkr.wizard : expireWiz : expire: no visible global function
     definition for ‘tkmessageBox’
    mturkr.wizard : expireWiz : expire: no visible global function
     definition for ‘tkfocus’
    mturkr.wizard : expireWiz : expire: no visible global function
     definition for ‘tkdestroy’
    mturkr.wizard : expireWiz: no visible global function definition for
     ‘tktoplevel’
    mturkr.wizard : expireWiz: no visible global function definition for
     ‘tkwm.title’
    mturkr.wizard : expireWiz: no visible global function definition for
     ‘tkframe’
    mturkr.wizard : expireWiz: no visible global function definition for
     ‘tclVar’
    mturkr.wizard : expireWiz: no visible global function definition for
     ‘tkgrid’
    mturkr.wizard : expireWiz: no visible global function definition for
     ‘ttklabel’
    mturkr.wizard : expireWiz: no visible global function definition for
     ‘tkentry’
    mturkr.wizard : expireWiz: no visible global function definition for
     ‘tklabel’
    mturkr.wizard : expireWiz : populate: no visible global function
     definition for ‘tclvalue<-’
    mturkr.wizard : expireWiz: no visible global function definition for
     ‘tkbutton’
    mturkr.wizard : expireWiz : <anonymous>: no visible global function
     definition for ‘tkdestroy’
    mturkr.wizard : expireWiz : <anonymous>: no visible global function
     definition for ‘tkfocus’
    mturkr.wizard : expireWiz: no visible global function definition for
     ‘tkfocus’
    mturkr.wizard : disposeWiz : dispose: no visible global function
     definition for ‘tclvalue’
    mturkr.wizard : disposeWiz : dispose: no visible global function
     definition for ‘tkmessageBox’
    mturkr.wizard : disposeWiz : dispose: no visible global function
     definition for ‘tkfocus’
    mturkr.wizard : disposeWiz : dispose: no visible global function
     definition for ‘tkdestroy’
    mturkr.wizard : disposeWiz: no visible global function definition for
     ‘tktoplevel’
    mturkr.wizard : disposeWiz: no visible global function definition for
     ‘tkwm.title’
    mturkr.wizard : disposeWiz: no visible global function definition for
     ‘tkframe’
    mturkr.wizard : disposeWiz: no visible global function definition for
     ‘tclVar’
    mturkr.wizard : disposeWiz: no visible global function definition for
     ‘tkgrid’
    mturkr.wizard : disposeWiz: no visible global function definition for
     ‘ttklabel’
    mturkr.wizard : disposeWiz: no visible global function definition for
     ‘tkentry’
    mturkr.wizard : disposeWiz: no visible global function definition for
     ‘tklabel’
    mturkr.wizard : disposeWiz : populate: no visible global function
     definition for ‘tclvalue<-’
    mturkr.wizard : disposeWiz: no visible global function definition for
     ‘tkbutton’
    mturkr.wizard : disposeWiz : <anonymous>: no visible global function
     definition for ‘tkdestroy’
    mturkr.wizard : disposeWiz : <anonymous>: no visible global function
     definition for ‘tkfocus’
    mturkr.wizard : disposeWiz: no visible global function definition for
     ‘tkfocus’
    mturkr.wizard : searchWiz: no visible global function definition for
     ‘tktoplevel’
    mturkr.wizard : searchWiz: no visible global function definition for
     ‘tkgrab.set’
    mturkr.wizard : searchWiz: no visible global function definition for
     ‘tkwm.title’
    mturkr.wizard : searchWiz: no visible global function definition for
     ‘tkframe’
    mturkr.wizard : searchWiz: no visible global function definition for
     ‘tkgrid’
    mturkr.wizard : searchWiz: no visible global function definition for
     ‘ttklabel’
    mturkr.wizard : searchWiz: no visible global function definition for
     ‘tkscrollbar’
    mturkr.wizard : searchWiz : <anonymous>: no visible global function
     definition for ‘tkyview’
    mturkr.wizard : searchWiz: no visible global function definition for
     ‘tklistbox’
    mturkr.wizard : searchWiz : <anonymous>: no visible global function
     definition for ‘tkset’
    mturkr.wizard : searchWiz: no visible global function definition for
     ‘tkgrid.configure’
    mturkr.wizard : searchWiz: no visible global function definition for
     ‘tkinsert’
    mturkr.wizard : searchWiz : selecthit: no visible global function
     definition for ‘tkcurselection’
    mturkr.wizard : searchWiz : selecthit: no visible global function
     definition for ‘tkgrab.release’
    mturkr.wizard : searchWiz : selecthit: no visible global function
     definition for ‘tkdestroy’
    mturkr.wizard : searchWiz: no visible global function definition for
     ‘tkbutton’
    mturkr.wizard : searchWiz : <anonymous>: no visible global function
     definition for ‘tkdestroy’
    mturkr.wizard : searchWiz : <anonymous>: no visible global function
     definition for ‘tkfocus’
    mturkr.wizard : searchWiz: no visible global function definition for
     ‘tkfocus’
    mturkr.wizard : searchWiz: no visible global function definition for
     ‘tkwait.window’
    mturkr.wizard : searchWiz: no visible global function definition for
     ‘tkmessageBox’
    mturkr.wizard : getassign1Wiz : getassign: no visible global function
     definition for ‘tclvalue’
    mturkr.wizard : getassign1Wiz : getassign: no visible global function
     definition for ‘tkmessageBox’
    mturkr.wizard : getassign1Wiz : getassign: no visible global function
     definition for ‘tkfocus’
    mturkr.wizard : getassign1Wiz : getassign: no visible global function
     definition for ‘tkdestroy’
    mturkr.wizard : getassign1Wiz: no visible global function definition
     for ‘tktoplevel’
    mturkr.wizard : getassign1Wiz: no visible global function definition
     for ‘tkwm.title’
    mturkr.wizard : getassign1Wiz: no visible global function definition
     for ‘tkframe’
    mturkr.wizard : getassign1Wiz: no visible global function definition
     for ‘tclVar’
    mturkr.wizard : getassign1Wiz: no visible global function definition
     for ‘tkgrid’
    mturkr.wizard : getassign1Wiz: no visible global function definition
     for ‘ttklabel’
    mturkr.wizard : getassign1Wiz: no visible global function definition
     for ‘tkentry’
    mturkr.wizard : getassign1Wiz: no visible global function definition
     for ‘tklabel’
    mturkr.wizard : getassign1Wiz: no visible global function definition
     for ‘tkbutton’
    mturkr.wizard : getassign1Wiz : <anonymous>: no visible global function
     definition for ‘tkdestroy’
    mturkr.wizard : getassign1Wiz : <anonymous>: no visible global function
     definition for ‘tkfocus’
    mturkr.wizard : getassign1Wiz: no visible global function definition
     for ‘tkfocus’
    mturkr.wizard : getassign2Wiz : getassign: no visible global function
     definition for ‘tclvalue’
    mturkr.wizard : getassign2Wiz : getassign: no visible global function
     definition for ‘tkmessageBox’
    mturkr.wizard : getassign2Wiz : getassign: no visible global function
     definition for ‘tkfocus’
    mturkr.wizard : getassign2Wiz : getassign: no visible global function
     definition for ‘tkdestroy’
    mturkr.wizard : getassign2Wiz: no visible global function definition
     for ‘tktoplevel’
    mturkr.wizard : getassign2Wiz: no visible global function definition
     for ‘tkwm.title’
    mturkr.wizard : getassign2Wiz: no visible global function definition
     for ‘tkframe’
    mturkr.wizard : getassign2Wiz: no visible global function definition
     for ‘tclVar’
    mturkr.wizard : getassign2Wiz: no visible global function definition
     for ‘tkgrid’
    mturkr.wizard : getassign2Wiz: no visible global function definition
     for ‘ttklabel’
    mturkr.wizard : getassign2Wiz: no visible global function definition
     for ‘tkentry’
    mturkr.wizard : getassign2Wiz: no visible global function definition
     for ‘tklabel’
    mturkr.wizard : getassign2Wiz : populate: no visible global function
     definition for ‘tclvalue<-’
    mturkr.wizard : getassign2Wiz: no visible global function definition
     for ‘tkbutton’
    mturkr.wizard : getassign2Wiz : <anonymous>: no visible global function
     definition for ‘tkdestroy’
    mturkr.wizard : getassign2Wiz : <anonymous>: no visible global function
     definition for ‘tkfocus’
    mturkr.wizard : getassign2Wiz: no visible global function definition
     for ‘tkfocus’
    mturkr.wizard : getassign3Wiz : getassign: no visible global function
     definition for ‘tclvalue’
    mturkr.wizard : getassign3Wiz : getassign: no visible global function
     definition for ‘tkmessageBox’
    mturkr.wizard : getassign3Wiz : getassign: no visible global function
     definition for ‘tkfocus’
    mturkr.wizard : getassign3Wiz : getassign: no visible global function
     definition for ‘tkdestroy’
    mturkr.wizard : getassign3Wiz: no visible global function definition
     for ‘tktoplevel’
    mturkr.wizard : getassign3Wiz: no visible global function definition
     for ‘tkwm.title’
    mturkr.wizard : getassign3Wiz: no visible global function definition
     for ‘tkframe’
    mturkr.wizard : getassign3Wiz: no visible global function definition
     for ‘tclVar’
    mturkr.wizard : getassign3Wiz: no visible global function definition
     for ‘tkgrid’
    mturkr.wizard : getassign3Wiz: no visible global function definition
     for ‘ttklabel’
    mturkr.wizard : getassign3Wiz: no visible global function definition
     for ‘tkentry’
    mturkr.wizard : getassign3Wiz: no visible global function definition
     for ‘tklabel’
    mturkr.wizard : getassign3Wiz : populate: no visible global function
     definition for ‘tclvalue<-’
    mturkr.wizard : getassign3Wiz: no visible global function definition
     for ‘tkbutton’
    mturkr.wizard : getassign3Wiz : <anonymous>: no visible global function
     definition for ‘tkdestroy’
    mturkr.wizard : getassign3Wiz : <anonymous>: no visible global function
     definition for ‘tkfocus’
    mturkr.wizard : getassign3Wiz: no visible global function definition
     for ‘tkfocus’
    mturkr.wizard : approveWiz : approveall : approveallforhit: no visible
     global function definition for ‘tclvalue’
    mturkr.wizard : approveWiz : approveall : approveallforhit: no visible
     global function definition for ‘tkmessageBox’
    mturkr.wizard : approveWiz : approveall : approveallforhit: no visible
     global function definition for ‘tkfocus’
    mturkr.wizard : approveWiz : approveall : approveallforhit: no visible
     global function definition for ‘tkdestroy’
    mturkr.wizard : approveWiz : approveall: no visible global function
     definition for ‘tkdestroy’
    mturkr.wizard : approveWiz : approveall: no visible global function
     definition for ‘tktoplevel’
    mturkr.wizard : approveWiz : approveall: no visible global function
     definition for ‘tkwm.title’
    mturkr.wizard : approveWiz : approveall: no visible global function
     definition for ‘tkframe’
    mturkr.wizard : approveWiz : approveall: no visible global function
     definition for ‘tclVar’
    mturkr.wizard : approveWiz : approveall: no visible global function
     definition for ‘tkgrid’
    mturkr.wizard : approveWiz : approveall: no visible global function
     definition for ‘ttklabel’
    mturkr.wizard : approveWiz : approveall: no visible global function
     definition for ‘tkentry’
    mturkr.wizard : approveWiz : approveall: no visible global function
     definition for ‘tklabel’
    mturkr.wizard : approveWiz : approveall : populate: no visible global
     function definition for ‘tclvalue<-’
    mturkr.wizard : approveWiz : approveall: no visible global function
     definition for ‘tkbutton’
    mturkr.wizard : approveWiz : approveall : <anonymous>: no visible
     global function definition for ‘tkdestroy’
    mturkr.wizard : approveWiz : approveall : <anonymous>: no visible
     global function definition for ‘tkfocus’
    mturkr.wizard : approveWiz : approveall: no visible global function
     definition for ‘tkfocus’
    mturkr.wizard : approveWiz : approve1: no visible global function
     definition for ‘tclvalue’
    mturkr.wizard : approveWiz : approve1: no visible global function
     definition for ‘tkmessageBox’
    mturkr.wizard : approveWiz : approve1: no visible global function
     definition for ‘tkfocus’
    mturkr.wizard : approveWiz : approve1: no visible global function
     definition for ‘tkdestroy’
    mturkr.wizard : approveWiz: no visible global function definition for
     ‘tktoplevel’
    mturkr.wizard : approveWiz: no visible global function definition for
     ‘tkwm.title’
    mturkr.wizard : approveWiz: no visible global function definition for
     ‘tkframe’
    mturkr.wizard : approveWiz: no visible global function definition for
     ‘tkbutton’
    mturkr.wizard : approveWiz: no visible global function definition for
     ‘tkgrid’
    mturkr.wizard : approveWiz: no visible global function definition for
     ‘ttklabel’
    mturkr.wizard : approveWiz: no visible global function definition for
     ‘tclVar’
    mturkr.wizard : approveWiz: no visible global function definition for
     ‘tkentry’
    mturkr.wizard : approveWiz: no visible global function definition for
     ‘tklabel’
    mturkr.wizard : approveWiz : <anonymous>: no visible global function
     definition for ‘tkdestroy’
    mturkr.wizard : approveWiz : <anonymous>: no visible global function
     definition for ‘tkfocus’
    mturkr.wizard : approveWiz: no visible global function definition for
     ‘tkfocus’
    mturkr.wizard : rejectWiz : reject: no visible global function
     definition for ‘tclvalue’
    mturkr.wizard : rejectWiz : reject: no visible global function
     definition for ‘tkmessageBox’
    mturkr.wizard : rejectWiz : reject: no visible global function
     definition for ‘tkfocus’
    mturkr.wizard : rejectWiz : reject: no visible global function
     definition for ‘tkdestroy’
    mturkr.wizard : rejectWiz: no visible global function definition for
     ‘tktoplevel’
    mturkr.wizard : rejectWiz: no visible global function definition for
     ‘tkwm.title’
    mturkr.wizard : rejectWiz: no visible global function definition for
     ‘tkframe’
    mturkr.wizard : rejectWiz: no visible global function definition for
     ‘tkgrid’
    mturkr.wizard : rejectWiz: no visible global function definition for
     ‘ttklabel’
    mturkr.wizard : rejectWiz: no visible global function definition for
     ‘tclVar’
    mturkr.wizard : rejectWiz: no visible global function definition for
     ‘tkentry’
    mturkr.wizard : rejectWiz: no visible global function definition for
     ‘tklabel’
    mturkr.wizard : rejectWiz: no visible global function definition for
     ‘tkbutton’
    mturkr.wizard : rejectWiz : <anonymous>: no visible global function
     definition for ‘tkdestroy’
    mturkr.wizard : rejectWiz : <anonymous>: no visible global function
     definition for ‘tkfocus’
    mturkr.wizard : rejectWiz: no visible global function definition for
     ‘tkfocus’
    mturkr.wizard : approverejectWiz : populate: no visible global function
     definition for ‘tkinsert’
    mturkr.wizard : approverejectWiz : populate: no visible global function
     definition for ‘tkfocus’
    mturkr.wizard : approverejectWiz : view: no visible global function
     definition for ‘tkcurselection’
    mturkr.wizard : approverejectWiz : view: no visible global function
     definition for ‘tktoplevel’
    mturkr.wizard : approverejectWiz : view: no visible global function
     definition for ‘tkwm.title’
    mturkr.wizard : approverejectWiz : view: no visible global function
     definition for ‘tkframe’
    mturkr.wizard : approverejectWiz : view: no visible global function
     definition for ‘tkgrid’
    mturkr.wizard : approverejectWiz : view: no visible global function
     definition for ‘ttklabel’
    mturkr.wizard : approverejectWiz : view: no visible global function
     definition for ‘tkbutton’
    mturkr.wizard : approverejectWiz : view : <anonymous>: no visible
     global function definition for ‘tkdestroy’
    mturkr.wizard : approverejectWiz : view : <anonymous>: no visible
     global function definition for ‘tkfocus’
    mturkr.wizard : approverejectWiz : view: no visible global function
     definition for ‘tkfocus’
    mturkr.wizard : approverejectWiz : appfun : app: no visible global
     function definition for ‘tkcurselection’
    mturkr.wizard : approverejectWiz : appfun : app: no visible global
     function definition for ‘tkmessageBox’
    mturkr.wizard : approverejectWiz : appfun : app: no visible global
     function definition for ‘tkfocus’
    mturkr.wizard : approverejectWiz : appfun : app: no visible global
     function definition for ‘tclvalue’
    mturkr.wizard : approverejectWiz : appfun : app: no visible global
     function definition for ‘tkdestroy’
    mturkr.wizard : approverejectWiz : appfun : app: no visible global
     function definition for ‘tkinsert’
    mturkr.wizard : approverejectWiz : appfun : app: no visible global
     function definition for ‘tkdelete’
    mturkr.wizard : approverejectWiz : appfun: no visible global function
     definition for ‘tktoplevel’
    mturkr.wizard : approverejectWiz : appfun: no visible global function
     definition for ‘tkwm.title’
    mturkr.wizard : approverejectWiz : appfun: no visible global function
     definition for ‘tkgrid’
    mturkr.wizard : approverejectWiz : appfun: no visible global function
     definition for ‘ttklabel’
    mturkr.wizard : approverejectWiz : appfun: no visible global function
     definition for ‘tclVar’
    mturkr.wizard : approverejectWiz : appfun: no visible global function
     definition for ‘tkentry’
    mturkr.wizard : approverejectWiz : appfun: no visible global function
     definition for ‘tklabel’
    mturkr.wizard : approverejectWiz : appfun: no visible global function
     definition for ‘tkbutton’
    mturkr.wizard : approverejectWiz : appfun : <anonymous>: no visible
     global function definition for ‘tkdestroy’
    mturkr.wizard : approverejectWiz : rejfun : rej: no visible global
     function definition for ‘tkcurselection’
    mturkr.wizard : approverejectWiz : rejfun : rej: no visible global
     function definition for ‘tkmessageBox’
    mturkr.wizard : approverejectWiz : rejfun : rej: no visible global
     function definition for ‘tkfocus’
    mturkr.wizard : approverejectWiz : rejfun : rej: no visible global
     function definition for ‘tclvalue’
    mturkr.wizard : approverejectWiz : rejfun : rej: no visible global
     function definition for ‘tkdestroy’
    mturkr.wizard : approverejectWiz : rejfun : rej: no visible global
     function definition for ‘tkinsert’
    mturkr.wizard : approverejectWiz : rejfun : rej: no visible global
     function definition for ‘tkdelete’
    mturkr.wizard : approverejectWiz : rejfun: no visible global function
     definition for ‘tktoplevel’
    mturkr.wizard : approverejectWiz : rejfun: no visible global function
     definition for ‘tkwm.title’
    mturkr.wizard : approverejectWiz : rejfun: no visible global function
     definition for ‘tkgrid’
    mturkr.wizard : approverejectWiz : rejfun: no visible global function
     definition for ‘ttklabel’
    mturkr.wizard : approverejectWiz : rejfun: no visible global function
     definition for ‘tclVar’
    mturkr.wizard : approverejectWiz : rejfun: no visible global function
     definition for ‘tkentry’
    mturkr.wizard : approverejectWiz : rejfun: no visible global function
     definition for ‘tklabel’
    mturkr.wizard : approverejectWiz : rejfun: no visible global function
     definition for ‘tkbutton’
    mturkr.wizard : approverejectWiz : rejfun : <anonymous>: no visible
     global function definition for ‘tkdestroy’
    mturkr.wizard : approverejectWiz : apprejected : app: no visible global
     function definition for ‘tkcurselection’
    mturkr.wizard : approverejectWiz : apprejected : app: no visible global
     function definition for ‘tkmessageBox’
    mturkr.wizard : approverejectWiz : apprejected : app: no visible global
     function definition for ‘tkfocus’
    mturkr.wizard : approverejectWiz : apprejected : app: no visible global
     function definition for ‘tclvalue’
    mturkr.wizard : approverejectWiz : apprejected : app: no visible global
     function definition for ‘tkdestroy’
    mturkr.wizard : approverejectWiz : apprejected : app: no visible global
     function definition for ‘tkinsert’
    mturkr.wizard : approverejectWiz : apprejected : app: no visible global
     function definition for ‘tkdelete’
    mturkr.wizard : approverejectWiz : apprejected: no visible global
     function definition for ‘tktoplevel’
    mturkr.wizard : approverejectWiz : apprejected: no visible global
     function definition for ‘tkwm.title’
    mturkr.wizard : approverejectWiz : apprejected: no visible global
     function definition for ‘tkgrid’
    mturkr.wizard : approverejectWiz : apprejected: no visible global
     function definition for ‘ttklabel’
    mturkr.wizard : approverejectWiz : apprejected: no visible global
     function definition for ‘tclVar’
    mturkr.wizard : approverejectWiz : apprejected: no visible global
     function definition for ‘tkentry’
    mturkr.wizard : approverejectWiz : apprejected: no visible global
     function definition for ‘tklabel’
    mturkr.wizard : approverejectWiz : apprejected: no visible global
     function definition for ‘tkbutton’
    mturkr.wizard : approverejectWiz : apprejected : <anonymous>: no
     visible global function definition for ‘tkdestroy’
    mturkr.wizard : approverejectWiz: no visible global function definition
     for ‘tktoplevel’
    mturkr.wizard : approverejectWiz: no visible global function definition
     for ‘tkwm.title’
    mturkr.wizard : approverejectWiz: no visible global function definition
     for ‘tkframe’
    mturkr.wizard : approverejectWiz: no visible global function definition
     for ‘tkgrid’
    mturkr.wizard : approverejectWiz: no visible global function definition
     for ‘ttklabel’
    mturkr.wizard : approverejectWiz: no visible global function definition
     for ‘tklabel’
    mturkr.wizard : approverejectWiz: no visible global function definition
     for ‘tkscrollbar’
    mturkr.wizard : approverejectWiz : <anonymous>: no visible global
     function definition for ‘tkyview’
    mturkr.wizard : approverejectWiz: no visible global function definition
     for ‘tklistbox’
    mturkr.wizard : approverejectWiz : <anonymous>: no visible global
     function definition for ‘tkset’
    mturkr.wizard : approverejectWiz: no visible global function definition
     for ‘tkgrid.configure’
    mturkr.wizard : approverejectWiz: no visible global function definition
     for ‘tkbutton’
    mturkr.wizard : approverejectWiz : <anonymous>: no visible global
     function definition for ‘tkdelete’
    mturkr.wizard : contactWiz : contact: no visible global function
     definition for ‘tclvalue’
    mturkr.wizard : contactWiz : contact: no visible global function
     definition for ‘tkget’
    mturkr.wizard : contactWiz : contact: no visible global function
     definition for ‘tkmessageBox’
    mturkr.wizard : contactWiz : contact: no visible global function
     definition for ‘tkfocus’
    mturkr.wizard : contactWiz : contact: no visible global function
     definition for ‘tkdestroy’
    mturkr.wizard : contactWiz: no visible global function definition for
     ‘tktoplevel’
    mturkr.wizard : contactWiz: no visible global function definition for
     ‘tkwm.title’
    mturkr.wizard : contactWiz: no visible global function definition for
     ‘tkframe’
    mturkr.wizard : contactWiz: no visible global function definition for
     ‘tclVar’
    mturkr.wizard : contactWiz: no visible global function definition for
     ‘tkgrid’
    mturkr.wizard : contactWiz: no visible global function definition for
     ‘ttklabel’
    mturkr.wizard : contactWiz: no visible global function definition for
     ‘tkentry’
    mturkr.wizard : contactWiz: no visible global function definition for
     ‘tklabel’
    mturkr.wizard : contactWiz: no visible global function definition for
     ‘tktext’
    mturkr.wizard : contactWiz: no visible global function definition for
     ‘tkmark.set’
    mturkr.wizard : contactWiz: no visible global function definition for
     ‘tkbutton’
    mturkr.wizard : contactWiz : <anonymous>: no visible global function
     definition for ‘tkdestroy’
    mturkr.wizard : contactWiz : <anonymous>: no visible global function
     definition for ‘tkfocus’
    mturkr.wizard : contactWiz: no visible global function definition for
     ‘tkfocus’
    mturkr.wizard : contactbatchWiz : contact: no visible global function
     definition for ‘tclvalue’
    mturkr.wizard : contactbatchWiz : contact: no visible global function
     definition for ‘tkget’
    mturkr.wizard : contactbatchWiz : contact: no visible global function
     definition for ‘tkmessageBox’
    mturkr.wizard : contactbatchWiz : contact: no visible global function
     definition for ‘tkfocus’
    mturkr.wizard : contactbatchWiz : contact: no visible global function
     definition for ‘tkdestroy’
    mturkr.wizard : contactbatchWiz: no visible global function definition
     for ‘tktoplevel’
    mturkr.wizard : contactbatchWiz: no visible global function definition
     for ‘tkwm.title’
    mturkr.wizard : contactbatchWiz: no visible global function definition
     for ‘tkframe’
    mturkr.wizard : contactbatchWiz: no visible global function definition
     for ‘tclVar’
    mturkr.wizard : contactbatchWiz: no visible global function definition
     for ‘tkgrid’
    mturkr.wizard : contactbatchWiz: no visible global function definition
     for ‘ttklabel’
    mturkr.wizard : contactbatchWiz: no visible global function definition
     for ‘tkbutton’
    mturkr.wizard : contactbatchWiz: no visible global function definition
     for ‘tkentry’
    mturkr.wizard : contactbatchWiz: no visible global function definition
     for ‘tklabel’
    mturkr.wizard : contactbatchWiz: no visible global function definition
     for ‘tktext’
    mturkr.wizard : contactbatchWiz: no visible global function definition
     for ‘tkmark.set’
    mturkr.wizard : contactbatchWiz : <anonymous>: no visible global
     function definition for ‘tkdestroy’
    mturkr.wizard : contactbatchWiz : <anonymous>: no visible global
     function definition for ‘tkfocus’
    mturkr.wizard : contactbatchWiz: no visible global function definition
     for ‘tkfocus’
    mturkr.wizard : bonusWiz : bonus: no visible global function definition
     for ‘tclvalue’
    mturkr.wizard : bonusWiz : bonus: no visible global function definition
     for ‘tkmessageBox’
    mturkr.wizard : bonusWiz : bonus: no visible global function definition
     for ‘tkfocus’
    mturkr.wizard : bonusWiz : bonus: no visible global function definition
     for ‘tkdestroy’
    mturkr.wizard : bonusWiz: no visible global function definition for
     ‘tktoplevel’
    mturkr.wizard : bonusWiz: no visible global function definition for
     ‘tkwm.geometry’
    mturkr.wizard : bonusWiz: no visible global function definition for
     ‘tkwm.title’
    mturkr.wizard : bonusWiz: no visible global function definition for
     ‘tkframe’
    mturkr.wizard : bonusWiz: no visible global function definition for
     ‘tclVar’
    mturkr.wizard : bonusWiz: no visible global function definition for
     ‘tkgrid’
    mturkr.wizard : bonusWiz: no visible global function definition for
     ‘ttklabel’
    mturkr.wizard : bonusWiz: no visible global function definition for
     ‘tkentry’
    mturkr.wizard : bonusWiz: no visible global function definition for
     ‘tklabel’
    mturkr.wizard : bonusWiz: no visible global function definition for
     ‘tkbutton’
    mturkr.wizard : bonusWiz : <anonymous>: no visible global function
     definition for ‘tkdestroy’
    mturkr.wizard : bonusWiz : <anonymous>: no visible global function
     definition for ‘tkfocus’
    mturkr.wizard : bonusWiz: no visible global function definition for
     ‘tkfocus’
    mturkr.wizard : blockWiz : block: no visible global function definition
     for ‘tclvalue’
    mturkr.wizard : blockWiz : block: no visible global function definition
     for ‘tkmessageBox’
    mturkr.wizard : blockWiz : block: no visible global function definition
     for ‘tkfocus’
    mturkr.wizard : blockWiz : block: no visible global function definition
     for ‘tkdestroy’
    mturkr.wizard : blockWiz: no visible global function definition for
     ‘tktoplevel’
    mturkr.wizard : blockWiz: no visible global function definition for
     ‘tkwm.title’
    mturkr.wizard : blockWiz: no visible global function definition for
     ‘tkframe’
    mturkr.wizard : blockWiz: no visible global function definition for
     ‘tclVar’
    mturkr.wizard : blockWiz: no visible global function definition for
     ‘tkgrid’
    mturkr.wizard : blockWiz: no visible global function definition for
     ‘ttklabel’
    mturkr.wizard : blockWiz: no visible global function definition for
     ‘tkentry’
    mturkr.wizard : blockWiz: no visible global function definition for
     ‘tklabel’
    mturkr.wizard : blockWiz: no visible global function definition for
     ‘tkbutton’
    mturkr.wizard : blockWiz : <anonymous>: no visible global function
     definition for ‘tkdestroy’
    mturkr.wizard : blockWiz : <anonymous>: no visible global function
     definition for ‘tkfocus’
    mturkr.wizard : blockWiz: no visible global function definition for
     ‘tkfocus’
    mturkr.wizard : unblockWiz : unblock: no visible global function
     definition for ‘tclvalue’
    mturkr.wizard : unblockWiz : unblock: no visible global function
     definition for ‘tkmessageBox’
    mturkr.wizard : unblockWiz : unblock: no visible global function
     definition for ‘tkfocus’
    mturkr.wizard : unblockWiz : unblock: no visible global function
     definition for ‘tkdestroy’
    mturkr.wizard : unblockWiz: no visible global function definition for
     ‘tktoplevel’
    mturkr.wizard : unblockWiz: no visible global function definition for
     ‘tkwm.title’
    mturkr.wizard : unblockWiz: no visible global function definition for
     ‘tkframe’
    mturkr.wizard : unblockWiz: no visible global function definition for
     ‘tclVar’
    mturkr.wizard : unblockWiz: no visible global function definition for
     ‘tkgrid’
    mturkr.wizard : unblockWiz: no visible global function definition for
     ‘ttklabel’
    mturkr.wizard : unblockWiz: no visible global function definition for
     ‘tkentry’
    mturkr.wizard : unblockWiz: no visible global function definition for
     ‘tklabel’
    mturkr.wizard : unblockWiz: no visible global function definition for
     ‘tkbutton’
    mturkr.wizard : unblockWiz : <anonymous>: no visible global function
     definition for ‘tkdestroy’
    mturkr.wizard : unblockWiz : <anonymous>: no visible global function
     definition for ‘tkfocus’
    mturkr.wizard : unblockWiz: no visible global function definition for
     ‘tkfocus’
    mturkr.wizard : getblockWiz : selectworkers: no visible global function
     definition for ‘tkdestroy’
    mturkr.wizard : getblockWiz : selectworkers: no visible global function
     definition for ‘tkcurselection’
    mturkr.wizard : getblockWiz: no visible global function definition for
     ‘tktoplevel’
    mturkr.wizard : getblockWiz: no visible global function definition for
     ‘tkwm.title’
    mturkr.wizard : getblockWiz: no visible global function definition for
     ‘tkframe’
    mturkr.wizard : getblockWiz: no visible global function definition for
     ‘tkscrollbar’
    mturkr.wizard : getblockWiz : <anonymous>: no visible global function
     definition for ‘tkyview’
    mturkr.wizard : getblockWiz: no visible global function definition for
     ‘tklistbox’
    mturkr.wizard : getblockWiz : <anonymous>: no visible global function
     definition for ‘tkset’
    mturkr.wizard : getblockWiz: no visible global function definition for
     ‘tkgrid’
    mturkr.wizard : getblockWiz: no visible global function definition for
     ‘tkgrid.configure’
    mturkr.wizard : getblockWiz: no visible global function definition for
     ‘tkinsert’
    mturkr.wizard : getblockWiz: no visible global function definition for
     ‘tkbutton’
    mturkr.wizard : getblockWiz : <anonymous>: no visible global function
     definition for ‘tkdestroy’
    mturkr.wizard : getblockWiz : <anonymous>: no visible global function
     definition for ‘tkfocus’
    mturkr.wizard : getblockWiz: no visible global function definition for
     ‘tkfocus’
    mturkr.wizard : getblockWiz: no visible global function definition for
     ‘tkmessageBox’
    mturkr.wizard : workerstatWiz : getReport: no visible global function
     definition for ‘tclvalue’
    mturkr.wizard : workerstatWiz : getReport: no visible global function
     definition for ‘tkmessageBox’
    mturkr.wizard : workerstatWiz : getReport: no visible global function
     definition for ‘tkfocus’
    mturkr.wizard : workerstatWiz : getReport: no visible global function
     definition for ‘tkcurselection’
    mturkr.wizard : workerstatWiz : getReport: no visible global function
     definition for ‘tkdestroy’
    mturkr.wizard : workerstatWiz: no visible global function definition
     for ‘tktoplevel’
    mturkr.wizard : workerstatWiz: no visible global function definition
     for ‘tkwm.title’
    mturkr.wizard : workerstatWiz: no visible global function definition
     for ‘tkframe’
    mturkr.wizard : workerstatWiz: no visible global function definition
     for ‘tclVar’
    mturkr.wizard : workerstatWiz: no visible global function definition
     for ‘tkgrid’
    mturkr.wizard : workerstatWiz: no visible global function definition
     for ‘ttklabel’
    mturkr.wizard : workerstatWiz: no visible global function definition
     for ‘tklabel’
    mturkr.wizard : workerstatWiz: no visible global function definition
     for ‘tkentry’
    mturkr.wizard : workerstatWiz: no visible global function definition
     for ‘tklistbox’
    mturkr.wizard : workerstatWiz: no visible global function definition
     for ‘tkinsert’
    mturkr.wizard : workerstatWiz: no visible global function definition
     for ‘tkselection.set’
    mturkr.wizard : workerstatWiz: no visible global function definition
     for ‘tkbutton’
    mturkr.wizard : workerstatWiz : <anonymous>: no visible global function
     definition for ‘tkdestroy’
    mturkr.wizard : workerstatWiz : <anonymous>: no visible global function
     definition for ‘tkfocus’
    mturkr.wizard : workerstatWiz: no visible global function definition
     for ‘tkfocus’
    mturkr.wizard : qualtest : storetest: no visible global function
     definition for ‘tclvalue’
    mturkr.wizard : qualtest : storetest: no visible global function
     definition for ‘tkget’
    mturkr.wizard : qualtest: no visible global function definition for
     ‘tktoplevel’
    mturkr.wizard : qualtest: no visible global function definition for
     ‘tkwm.title’
    mturkr.wizard : qualtest: no visible global function definition for
     ‘tkframe’
    mturkr.wizard : qualtest: no visible global function definition for
     ‘tkgrid’
    mturkr.wizard : qualtest: no visible global function definition for
     ‘ttklabel’
    mturkr.wizard : qualtest: no visible global function definition for
     ‘tktext’
    mturkr.wizard : qualtest: no visible global function definition for
     ‘tkmark.set’
    mturkr.wizard : qualtest: no visible global function definition for
     ‘tklabel’
    mturkr.wizard : qualtest: no visible global function definition for
     ‘tclVar’
    mturkr.wizard : qualtest: no visible global function definition for
     ‘tkentry’
    mturkr.wizard : qualtest: no visible global function definition for
     ‘tkbutton’
    mturkr.wizard : qualtest : <anonymous>: no visible global function
     definition for ‘tkdestroy’
    mturkr.wizard : qualtest: no visible global function definition for
     ‘tkfocus’
    mturkr.wizard : createqualWiz : create: no visible global function
     definition for ‘tclvalue’
    mturkr.wizard : createqualWiz : create: no visible global function
     definition for ‘tkmessageBox’
    mturkr.wizard : createqualWiz : create: no visible global function
     definition for ‘tkfocus’
    mturkr.wizard : createqualWiz : create: no visible global function
     definition for ‘tkcurselection’
    mturkr.wizard : createqualWiz : create: no visible global function
     definition for ‘tkdestroy’
    mturkr.wizard : createqualWiz: no visible global function definition
     for ‘tktoplevel’
    mturkr.wizard : createqualWiz: no visible global function definition
     for ‘tkwm.title’
    mturkr.wizard : createqualWiz: no visible global function definition
     for ‘tkframe’
    mturkr.wizard : createqualWiz: no visible global function definition
     for ‘tclVar’
    mturkr.wizard : createqualWiz: no visible global function definition
     for ‘tkgrid’
    mturkr.wizard : createqualWiz: no visible global function definition
     for ‘ttklabel’
    mturkr.wizard : createqualWiz: no visible global function definition
     for ‘tklabel’
    mturkr.wizard : createqualWiz: no visible global function definition
     for ‘tkentry’
    mturkr.wizard : createqualWiz: no visible global function definition
     for ‘tklistbox’
    mturkr.wizard : createqualWiz: no visible global function definition
     for ‘tkinsert’
    mturkr.wizard : createqualWiz: no visible global function definition
     for ‘tkselection.set’
    mturkr.wizard : createqualWiz: no visible global function definition
     for ‘tkcheckbutton’
    mturkr.wizard : createqualWiz: no visible global function definition
     for ‘tkbutton’
    mturkr.wizard : createqualWiz : <anonymous>: no visible global function
     definition for ‘tkdestroy’
    mturkr.wizard : createqualWiz : <anonymous>: no visible global function
     definition for ‘tkfocus’
    mturkr.wizard : createqualWiz: no visible global function definition
     for ‘tkfocus’
    mturkr.wizard : updatequalWiz : updateq: no visible global function
     definition for ‘tclvalue’
    mturkr.wizard : updatequalWiz : updateq: no visible global function
     definition for ‘tkmessageBox’
    mturkr.wizard : updatequalWiz : updateq: no visible global function
     definition for ‘tkfocus’
    mturkr.wizard : updatequalWiz : updateq: no visible global function
     definition for ‘tkcurselection’
    mturkr.wizard : updatequalWiz : updateq: no visible global function
     definition for ‘tkdestroy’
    mturkr.wizard : updatequalWiz: no visible global function definition
     for ‘tktoplevel’
    mturkr.wizard : updatequalWiz: no visible global function definition
     for ‘tkwm.title’
    mturkr.wizard : updatequalWiz: no visible global function definition
     for ‘tkframe’
    mturkr.wizard : updatequalWiz: no visible global function definition
     for ‘tclVar’
    mturkr.wizard : updatequalWiz: no visible global function definition
     for ‘tkgrid’
    mturkr.wizard : updatequalWiz: no visible global function definition
     for ‘ttklabel’
    mturkr.wizard : updatequalWiz: no visible global function definition
     for ‘tklabel’
    mturkr.wizard : updatequalWiz: no visible global function definition
     for ‘tkentry’
    mturkr.wizard : updatequalWiz: no visible global function definition
     for ‘tklistbox’
    mturkr.wizard : updatequalWiz: no visible global function definition
     for ‘tkinsert’
    mturkr.wizard : updatequalWiz: no visible global function definition
     for ‘tkselection.set’
    mturkr.wizard : updatequalWiz: no visible global function definition
     for ‘tkcheckbutton’
    mturkr.wizard : updatequalWiz: no visible global function definition
     for ‘tkbutton’
    mturkr.wizard : updatequalWiz : populate: no visible global function
     definition for ‘tclvalue<-’
    mturkr.wizard : updatequalWiz : <anonymous>: no visible global function
     definition for ‘tkdestroy’
    mturkr.wizard : updatequalWiz : <anonymous>: no visible global function
     definition for ‘tkfocus’
    mturkr.wizard : updatequalWiz: no visible global function definition
     for ‘tkfocus’
    mturkr.wizard : getqualWiz : getqual: no visible global function
     definition for ‘tclvalue’
    mturkr.wizard : getqualWiz : getqual: no visible global function
     definition for ‘tkmessageBox’
    mturkr.wizard : getqualWiz : getqual: no visible global function
     definition for ‘tkfocus’
    mturkr.wizard : getqualWiz : getqual: no visible global function
     definition for ‘tkdestroy’
    mturkr.wizard : getqualWiz: no visible global function definition for
     ‘tktoplevel’
    mturkr.wizard : getqualWiz: no visible global function definition for
     ‘tkwm.title’
    mturkr.wizard : getqualWiz: no visible global function definition for
     ‘tkframe’
    mturkr.wizard : getqualWiz: no visible global function definition for
     ‘tclVar’
    mturkr.wizard : getqualWiz: no visible global function definition for
     ‘tkgrid’
    mturkr.wizard : getqualWiz: no visible global function definition for
     ‘ttklabel’
    mturkr.wizard : getqualWiz: no visible global function definition for
     ‘tkentry’
    mturkr.wizard : getqualWiz: no visible global function definition for
     ‘tklabel’
    mturkr.wizard : getqualWiz : populate: no visible global function
     definition for ‘tkdestroy’
    mturkr.wizard : getqualWiz : populate: no visible global function
     definition for ‘tclvalue<-’
    mturkr.wizard : getqualWiz : populate: no visible global function
     definition for ‘tclvalue’
    mturkr.wizard : getqualWiz : populate: no visible global function
     definition for ‘tkfocus’
    mturkr.wizard : getqualWiz: no visible global function definition for
     ‘tkbutton’
    mturkr.wizard : getqualWiz : <anonymous>: no visible global function
     definition for ‘tkdestroy’
    mturkr.wizard : getqualWiz : <anonymous>: no visible global function
     definition for ‘tkfocus’
    mturkr.wizard : getqualWiz: no visible global function definition for
     ‘tkfocus’
    mturkr.wizard : disposequalWiz : disposequal: no visible global
     function definition for ‘tclvalue’
    mturkr.wizard : disposequalWiz : disposequal: no visible global
     function definition for ‘tkmessageBox’
    mturkr.wizard : disposequalWiz : disposequal: no visible global
     function definition for ‘tkfocus’
    mturkr.wizard : disposequalWiz : disposequal: no visible global
     function definition for ‘tkdestroy’
    mturkr.wizard : disposequalWiz: no visible global function definition
     for ‘tktoplevel’
    mturkr.wizard : disposequalWiz: no visible global function definition
     for ‘tkwm.title’
    mturkr.wizard : disposequalWiz: no visible global function definition
     for ‘tkframe’
    mturkr.wizard : disposequalWiz: no visible global function definition
     for ‘tclVar’
    mturkr.wizard : disposequalWiz: no visible global function definition
     for ‘tkgrid’
    mturkr.wizard : disposequalWiz: no visible global function definition
     for ‘ttklabel’
    mturkr.wizard : disposequalWiz: no visible global function definition
     for ‘tkentry’
    mturkr.wizard : disposequalWiz: no visible global function definition
     for ‘tklabel’
    mturkr.wizard : disposequalWiz : populate: no visible global function
     definition for ‘tclvalue<-’
    mturkr.wizard : disposequalWiz: no visible global function definition
     for ‘tkbutton’
    mturkr.wizard : disposequalWiz : <anonymous>: no visible global
     function definition for ‘tkdestroy’
    mturkr.wizard : disposequalWiz : <anonymous>: no visible global
     function definition for ‘tkfocus’
    mturkr.wizard : disposequalWiz: no visible global function definition
     for ‘tkfocus’
    mturkr.wizard : getworkersbyqualWiz : getquals: no visible global
     function definition for ‘tclvalue’
    mturkr.wizard : getworkersbyqualWiz : getquals: no visible global
     function definition for ‘tkmessageBox’
    mturkr.wizard : getworkersbyqualWiz : getquals: no visible global
     function definition for ‘tkfocus’
    mturkr.wizard : getworkersbyqualWiz : getquals: no visible global
     function definition for ‘tkdestroy’
    mturkr.wizard : getworkersbyqualWiz: no visible global function
     definition for ‘tktoplevel’
    mturkr.wizard : getworkersbyqualWiz: no visible global function
     definition for ‘tkwm.title’
    mturkr.wizard : getworkersbyqualWiz: no visible global function
     definition for ‘tkframe’
    mturkr.wizard : getworkersbyqualWiz: no visible global function
     definition for ‘tclVar’
    mturkr.wizard : getworkersbyqualWiz: no visible global function
     definition for ‘tkgrid’
    mturkr.wizard : getworkersbyqualWiz: no visible global function
     definition for ‘ttklabel’
    mturkr.wizard : getworkersbyqualWiz: no visible global function
     definition for ‘tkentry’
    mturkr.wizard : getworkersbyqualWiz: no visible global function
     definition for ‘tklabel’
    mturkr.wizard : getworkersbyqualWiz : populate: no visible global
     function definition for ‘tclvalue<-’
    mturkr.wizard : getworkersbyqualWiz: no visible global function
     definition for ‘tkbutton’
    mturkr.wizard : getworkersbyqualWiz : <anonymous>: no visible global
     function definition for ‘tkdestroy’
    mturkr.wizard : getworkersbyqualWiz : <anonymous>: no visible global
     function definition for ‘tkfocus’
    mturkr.wizard : getworkersbyqualWiz: no visible global function
     definition for ‘tkfocus’
    mturkr.wizard : getscoreWiz : getscore: no visible global function
     definition for ‘tclvalue’
    mturkr.wizard : getscoreWiz : getscore: no visible global function
     definition for ‘tkmessageBox’
    mturkr.wizard : getscoreWiz : getscore: no visible global function
     definition for ‘tkfocus’
    mturkr.wizard : getscoreWiz : getscore: no visible global function
     definition for ‘tkdestroy’
    mturkr.wizard : getscoreWiz: no visible global function definition for
     ‘tktoplevel’
    mturkr.wizard : getscoreWiz: no visible global function definition for
     ‘tkwm.title’
    mturkr.wizard : getscoreWiz: no visible global function definition for
     ‘tkframe’
    mturkr.wizard : getscoreWiz: no visible global function definition for
     ‘tclVar’
    mturkr.wizard : getscoreWiz: no visible global function definition for
     ‘tkgrid’
    mturkr.wizard : getscoreWiz: no visible global function definition for
     ‘ttklabel’
    mturkr.wizard : getscoreWiz: no visible global function definition for
     ‘tkentry’
    mturkr.wizard : getscoreWiz: no visible global function definition for
     ‘tklabel’
    mturkr.wizard : getscoreWiz : populate: no visible global function
     definition for ‘tclvalue<-’
    mturkr.wizard : getscoreWiz: no visible global function definition for
     ‘tkbutton’
    mturkr.wizard : getscoreWiz : <anonymous>: no visible global function
     definition for ‘tkdestroy’
    mturkr.wizard : getscoreWiz : <anonymous>: no visible global function
     definition for ‘tkfocus’
    mturkr.wizard : getscoreWiz: no visible global function definition for
     ‘tkfocus’
    mturkr.wizard : updatescoreWiz : updatescore: no visible global
     function definition for ‘tclvalue’
    mturkr.wizard : updatescoreWiz : updatescore: no visible global
     function definition for ‘tkmessageBox’
    mturkr.wizard : updatescoreWiz : updatescore: no visible global
     function definition for ‘tkfocus’
    mturkr.wizard : updatescoreWiz : updatescore: no visible global
     function definition for ‘tkdestroy’
    mturkr.wizard : updatescoreWiz: no visible global function definition
     for ‘tktoplevel’
    mturkr.wizard : updatescoreWiz: no visible global function definition
     for ‘tkwm.title’
    mturkr.wizard : updatescoreWiz: no visible global function definition
     for ‘tkframe’
    mturkr.wizard : updatescoreWiz: no visible global function definition
     for ‘tclVar’
    mturkr.wizard : updatescoreWiz: no visible global function definition
     for ‘tkgrid’
    mturkr.wizard : updatescoreWiz: no visible global function definition
     for ‘ttklabel’
    mturkr.wizard : updatescoreWiz: no visible global function definition
     for ‘tkentry’
    mturkr.wizard : updatescoreWiz: no visible global function definition
     for ‘tklabel’
    mturkr.wizard : updatescoreWiz : populate: no visible global function
     definition for ‘tclvalue<-’
    mturkr.wizard : updatescoreWiz: no visible global function definition
     for ‘tkbutton’
    mturkr.wizard : updatescoreWiz : <anonymous>: no visible global
     function definition for ‘tkdestroy’
    mturkr.wizard : updatescoreWiz : <anonymous>: no visible global
     function definition for ‘tkfocus’
    mturkr.wizard : updatescoreWiz: no visible global function definition
     for ‘tkfocus’
    mturkr.wizard : searchqualsWiz : searchqual: no visible global function
     definition for ‘tclvalue’
    mturkr.wizard : searchqualsWiz : searchqual : storequal: no visible
     global function definition for ‘tkcurselection’
    mturkr.wizard : searchqualsWiz : searchqual : storequal: no visible
     global function definition for ‘tkgrab.release’
    mturkr.wizard : searchqualsWiz : searchqual : storequal: no visible
     global function definition for ‘tkdestroy’
    mturkr.wizard : searchqualsWiz : searchqual: no visible global function
     definition for ‘tktoplevel’
    mturkr.wizard : searchqualsWiz : searchqual: no visible global function
     definition for ‘tkwm.title’
    mturkr.wizard : searchqualsWiz : searchqual: no visible global function
     definition for ‘tkgrab.set’
    mturkr.wizard : searchqualsWiz : searchqual: no visible global function
     definition for ‘tkframe’
    mturkr.wizard : searchqualsWiz : searchqual: no visible global function
     definition for ‘tkscrollbar’
    mturkr.wizard : searchqualsWiz : searchqual : <anonymous>: no visible
     global function definition for ‘tkyview’
    mturkr.wizard : searchqualsWiz : searchqual: no visible global function
     definition for ‘tklistbox’
    mturkr.wizard : searchqualsWiz : searchqual : <anonymous>: no visible
     global function definition for ‘tkset’
    mturkr.wizard : searchqualsWiz : searchqual: no visible global function
     definition for ‘tkgrid’
    mturkr.wizard : searchqualsWiz : searchqual: no visible global function
     definition for ‘tkinsert’
    mturkr.wizard : searchqualsWiz : searchqual: no visible global function
     definition for ‘tkbutton’
    mturkr.wizard : searchqualsWiz : searchqual : <anonymous>: no visible
     global function definition for ‘tkgrab.release’
    mturkr.wizard : searchqualsWiz : searchqual : <anonymous>: no visible
     global function definition for ‘tkdestroy’
    mturkr.wizard : searchqualsWiz : searchqual: no visible global function
     definition for ‘tkfocus’
    mturkr.wizard : searchqualsWiz : searchqual: no visible global function
     definition for ‘tkwait.window’
    mturkr.wizard : searchqualsWiz: no visible global function definition
     for ‘tktoplevel’
    mturkr.wizard : searchqualsWiz: no visible global function definition
     for ‘tkwm.title’
    mturkr.wizard : searchqualsWiz: no visible global function definition
     for ‘tkframe’
    mturkr.wizard : searchqualsWiz: no visible global function definition
     for ‘tclVar’
    mturkr.wizard : searchqualsWiz: no visible global function definition
     for ‘tkgrid’
    mturkr.wizard : searchqualsWiz: no visible global function definition
     for ‘ttklabel’
    mturkr.wizard : searchqualsWiz: no visible global function definition
     for ‘tkcheckbutton’
    mturkr.wizard : searchqualsWiz: no visible global function definition
     for ‘tklabel’
    mturkr.wizard : searchqualsWiz: no visible global function definition
     for ‘tkentry’
    mturkr.wizard : searchqualsWiz: no visible global function definition
     for ‘tkbutton’
    mturkr.wizard : searchqualsWiz : <anonymous>: no visible global
     function definition for ‘tkgrab.release’
    mturkr.wizard : searchqualsWiz : <anonymous>: no visible global
     function definition for ‘tkdestroy’
    mturkr.wizard : searchqualsWiz: no visible global function definition
     for ‘tkfocus’
    mturkr.wizard : searchqualsWiz: no visible global function definition
     for ‘tkwait.window’
    mturkr.wizard : getrequestsWiz : viewrequest: no visible global
     function definition for ‘tkcurselection’
    mturkr.wizard : getrequestsWiz : approverequests : grant: no visible
     global function definition for ‘tkcurselection’
    mturkr.wizard : getrequestsWiz : approverequests : grant: no visible
     global function definition for ‘tkmessageBox’
    mturkr.wizard : getrequestsWiz : approverequests : grant: no visible
     global function definition for ‘tkfocus’
    mturkr.wizard : getrequestsWiz : approverequests : grant: no visible
     global function definition for ‘tclvalue’
    mturkr.wizard : getrequestsWiz : approverequests : grant: no visible
     global function definition for ‘tkdestroy’
    mturkr.wizard : getrequestsWiz : approverequests : grant: no visible
     global function definition for ‘tkinsert’
    mturkr.wizard : getrequestsWiz : approverequests : grant: no visible
     global function definition for ‘tkdelete’
    mturkr.wizard : getrequestsWiz : approverequests: no visible global
     function definition for ‘tktoplevel’
    mturkr.wizard : getrequestsWiz : approverequests: no visible global
     function definition for ‘tkwm.title’
    mturkr.wizard : getrequestsWiz : approverequests: no visible global
     function definition for ‘tkgrid’
    mturkr.wizard : getrequestsWiz : approverequests: no visible global
     function definition for ‘ttklabel’
    mturkr.wizard : getrequestsWiz : approverequests: no visible global
     function definition for ‘tclVar’
    mturkr.wizard : getrequestsWiz : approverequests: no visible global
     function definition for ‘tkentry’
    mturkr.wizard : getrequestsWiz : approverequests: no visible global
     function definition for ‘tklabel’
    mturkr.wizard : getrequestsWiz : approverequests: no visible global
     function definition for ‘tkbutton’
    mturkr.wizard : getrequestsWiz : approverequests : <anonymous>: no
     visible global function definition for ‘tkdestroy’
    mturkr.wizard : getrequestsWiz : rejectrequests : rej: no visible
     global function definition for ‘tkcurselection’
    mturkr.wizard : getrequestsWiz : rejectrequests : rej: no visible
     global function definition for ‘tkmessageBox’
    mturkr.wizard : getrequestsWiz : rejectrequests : rej: no visible
     global function definition for ‘tkfocus’
    mturkr.wizard : getrequestsWiz : rejectrequests : rej: no visible
     global function definition for ‘tclvalue’
    mturkr.wizard : getrequestsWiz : rejectrequests : rej: no visible
     global function definition for ‘tkdestroy’
    mturkr.wizard : getrequestsWiz : rejectrequests : rej: no visible
     global function definition for ‘tkinsert’
    mturkr.wizard : getrequestsWiz : rejectrequests : rej: no visible
     global function definition for ‘tkdelete’
    mturkr.wizard : getrequestsWiz : rejectrequests: no visible global
     function definition for ‘tktoplevel’
    mturkr.wizard : getrequestsWiz : rejectrequests: no visible global
     function definition for ‘tkwm.title’
    mturkr.wizard : getrequestsWiz : rejectrequests: no visible global
     function definition for ‘tkgrid’
    mturkr.wizard : getrequestsWiz : rejectrequests: no visible global
     function definition for ‘ttklabel’
    mturkr.wizard : getrequestsWiz : rejectrequests: no visible global
     function definition for ‘tclVar’
    mturkr.wizard : getrequestsWiz : rejectrequests: no visible global
     function definition for ‘tkentry’
    mturkr.wizard : getrequestsWiz : rejectrequests: no visible global
     function definition for ‘tklabel’
    mturkr.wizard : getrequestsWiz : rejectrequests: no visible global
     function definition for ‘tkbutton’
    mturkr.wizard : getrequestsWiz : rejectrequests : <anonymous>: no
     visible global function definition for ‘tkdestroy’
    mturkr.wizard : getrequestsWiz: no visible global function definition
     for ‘tktoplevel’
    mturkr.wizard : getrequestsWiz: no visible global function definition
     for ‘tkwm.title’
    mturkr.wizard : getrequestsWiz: no visible global function definition
     for ‘tkframe’
    mturkr.wizard : getrequestsWiz: no visible global function definition
     for ‘tkgrid’
    mturkr.wizard : getrequestsWiz: no visible global function definition
     for ‘ttklabel’
    mturkr.wizard : getrequestsWiz: no visible global function definition
     for ‘tkscrollbar’
    mturkr.wizard : getrequestsWiz : <anonymous>: no visible global
     function definition for ‘tkyview’
    mturkr.wizard : getrequestsWiz: no visible global function definition
     for ‘tklistbox’
    mturkr.wizard : getrequestsWiz : <anonymous>: no visible global
     function definition for ‘tkset’
    mturkr.wizard : getrequestsWiz: no visible global function definition
     for ‘tkgrid.configure’
    mturkr.wizard : getrequestsWiz: no visible global function definition
     for ‘tkbutton’
    mturkr.wizard : getrequestsWiz : <anonymous>: no visible global
     function definition for ‘tkdestroy’
    mturkr.wizard : getrequestsWiz : populate : setqual: no visible global
     function definition for ‘tkgrab.release’
    mturkr.wizard : getrequestsWiz : populate : setqual: no visible global
     function definition for ‘tkdestroy’
    mturkr.wizard : getrequestsWiz : populate : setqual: no visible global
     function definition for ‘tclvalue’
    mturkr.wizard : getrequestsWiz : populate : setqual: no visible global
     function definition for ‘tkinsert’
    mturkr.wizard : getrequestsWiz : populate : setqual: no visible global
     function definition for ‘tkfocus’
    mturkr.wizard : getrequestsWiz : populate: no visible global function
     definition for ‘tktoplevel’
    mturkr.wizard : getrequestsWiz : populate: no visible global function
     definition for ‘tkwm.title’
    mturkr.wizard : getrequestsWiz : populate: no visible global function
     definition for ‘tkframe’
    mturkr.wizard : getrequestsWiz : populate: no visible global function
     definition for ‘tclVar’
    mturkr.wizard : getrequestsWiz : populate: no visible global function
     definition for ‘tkgrid’
    mturkr.wizard : getrequestsWiz : populate: no visible global function
     definition for ‘ttklabel’
    mturkr.wizard : getrequestsWiz : populate: no visible global function
     definition for ‘tkentry’
    mturkr.wizard : getrequestsWiz : populate: no visible global function
     definition for ‘tklabel’
    mturkr.wizard : getrequestsWiz : populate : searchqs: no visible global
     function definition for ‘tclvalue<-’
    mturkr.wizard : getrequestsWiz : populate: no visible global function
     definition for ‘tkbutton’
    mturkr.wizard : getrequestsWiz : populate : <anonymous>: no visible
     global function definition for ‘tkdestroy’
    mturkr.wizard : getrequestsWiz : populate : <anonymous>: no visible
     global function definition for ‘tkfocus’
    mturkr.wizard : getrequestsWiz : populate: no visible global function
     definition for ‘tkfocus’
    mturkr.wizard : getrequestsWiz : populate: no visible global function
     definition for ‘tkwait.window’
    mturkr.wizard: no visible global function definition for ‘tktoplevel’
    mturkr.wizard: no visible global function definition for
     ‘tkwm.geometry’
    mturkr.wizard: no visible global function definition for ‘tkwm.title’
    mturkr.wizard: no visible global function definition for
     ‘tkwm.protocol’
    mturkr.wizard: no visible global function definition for ‘tkmenu’
    mturkr.wizard: no visible global function definition for ‘tkconfigure’
    mturkr.wizard: no visible global function definition for ‘tkadd’
    mturkr.wizard : <anonymous>: no visible global function definition for
     ‘tkmessageBox’
    mturkr.wizard : <anonymous>: no visible global function definition for
     ‘tktoplevel’
    mturkr.wizard : <anonymous>: no visible global function definition for
     ‘tkwm.title’
    mturkr.wizard : <anonymous>: no visible global function definition for
     ‘tkgrid’
    mturkr.wizard : <anonymous>: no visible global function definition for
     ‘ttklabel’
    mturkr.wizard : <anonymous>: no visible global function definition for
     ‘tkbutton’
    mturkr.wizard : <anonymous> : <anonymous>: no visible global function
     definition for ‘tkdestroy’
    mturkr.wizard : <anonymous> : <anonymous>: no visible global function
     definition for ‘tkfocus’
    mturkr.wizard : <anonymous>: no visible global function definition for
     ‘tkbind’
    mturkr.wizard : <anonymous>: no visible global function definition for
     ‘tkfocus’
    mturkr.wizard: no visible global function definition for ‘tkfocus’
Flavors: r-devel-linux-x86_64-fedora-clang, r-devel-linux-x86_64-fedora-gcc, r-devel-osx-x86_64-clang