CRAN Package Check Results for Package MTurkR

Last updated on 2015-05-29 13:49:14.

Flavor Version Tinstall Tcheck Ttotal Status Flags
r-devel-linux-x86_64-debian-clang 0.6.5.1 2.16 56.48 58.64 OK
r-devel-linux-x86_64-debian-gcc 0.6.5.1 2.04 54.44 56.48 OK
r-devel-linux-x86_64-fedora-clang 0.6.5.1 110.72 OK
r-devel-linux-x86_64-fedora-gcc 0.6.5.1 97.28 OK
r-devel-osx-x86_64-clang 0.6.5.1 108.79 OK
r-devel-windows-ix86+x86_64 0.6.5.1 6.00 60.00 66.00 OK
r-patched-linux-x86_64 0.6.5.1 2.62 55.04 57.67 OK
r-patched-solaris-sparc 0.6.5.1 582.00 OK
r-patched-solaris-x86 0.6.5.1 137.70 OK
r-release-linux-x86_64 0.6.5.1 2.04 55.25 57.29 OK
r-release-osx-x86_64-mavericks 0.6.5.1 OK
r-release-osx-x86_64-snowleopard 0.6 ERROR
r-release-windows-ix86+x86_64 0.6.5.1 8.00 65.00 73.00 OK
r-oldrel-windows-ix86+x86_64 0.6.5.1 9.00 83.00 92.00 OK

Check Details

Version: 0.6
Check: package dependencies
Result: ERROR
    Package required but not available: ‘XML’
    
    See section ‘The DESCRIPTION file’ in the ‘Writing R Extensions’
    manual.
Flavor: r-release-osx-x86_64-snowleopard