CRAN Package Check Results for Package MTurkR

Last updated on 2015-04-26 23:46:53.

Flavor Version Tinstall Tcheck Ttotal Status Flags
r-devel-linux-x86_64-debian-clang 0.6 2.06 55.64 57.70 OK
r-devel-linux-x86_64-debian-gcc 0.6 2.03 54.19 56.22 OK
r-devel-linux-x86_64-fedora-clang 0.6 106.38 OK
r-devel-linux-x86_64-fedora-gcc 0.6 98.89 OK
r-devel-osx-x86_64-clang 0.6 100.27 OK
r-devel-windows-ix86+x86_64 0.6 8.00 65.00 73.00 OK
r-patched-linux-x86_64 0.6 2.09 53.42 55.51 OK
r-patched-solaris-sparc 0.6 645.50 OK
r-patched-solaris-x86 0.6 130.30 OK
r-release-linux-x86_64 0.6 2.05 54.02 56.07 OK
r-release-osx-x86_64-mavericks 0.6 OK
r-release-osx-x86_64-snowleopard 0.6 ERROR
r-release-windows-ix86+x86_64 0.6 7.00 66.00 73.00 OK
r-oldrel-windows-ix86+x86_64 0.6 9.00 76.00 85.00 OK

Check Details

Version: 0.6
Check: package dependencies
Result: ERROR
    Package required but not available: ‘XML’
    
    See section ‘The DESCRIPTION file’ in the ‘Writing R Extensions’
    manual.
Flavor: r-release-osx-x86_64-snowleopard