CRAN Package Check Results for Package MTurkR

Last updated on 2015-07-05 14:46:40.

Flavor Version Tinstall Tcheck Ttotal Status Flags
r-devel-linux-x86_64-debian-clang 0.6.5.1 1.98 56.44 58.42 NOTE
r-devel-linux-x86_64-debian-gcc 0.6.5.1 1.95 57.80 59.75 NOTE
r-devel-linux-x86_64-fedora-clang 0.6.5.1 106.51 NOTE
r-devel-linux-x86_64-fedora-gcc 0.6.5.1 97.53 NOTE
r-devel-osx-x86_64-clang 0.6.5.1 101.62 OK
r-devel-windows-ix86+x86_64 0.6.5.1 9.00 71.00 80.00 NOTE
r-patched-linux-x86_64 0.6.5.1 2.06 54.33 56.39 OK
r-patched-solaris-sparc 0.6.5.1 582.00 OK
r-patched-solaris-x86 0.6.5.1 141.60 OK
r-release-linux-x86_64 0.6.5.1 2.22 56.64 58.86 OK
r-release-osx-x86_64-mavericks 0.6.5.1 OK
r-release-windows-ix86+x86_64 0.6.5.1 8.00 79.00 87.00 OK
r-oldrel-windows-ix86+x86_64 0.6.5.1 10.00 78.00 88.00 OK

Check Details

Version: 0.6.5.1
Check: R code for possible problems
Result: NOTE
    APIReference: no visible global function definition for ‘browseURL’
    ApproveAllAssignments: no visible global function definition for
     ‘setNames’
    ApproveAssignment: no visible global function definition for ‘setNames’
    ApproveAssignments: no visible global function definition for
     ‘setNames’
    AssignQualification: no visible global function definition for
     ‘setNames’
    AssignQualifications: no visible global function definition for
     ‘setNames’
    BlockWorker: no visible global function definition for ‘setNames’
    BlockWorkers: no visible global function definition for ‘setNames’
    ChangeHITType: no visible global function definition for ‘setNames’
    ContactWorker: no visible global function definition for ‘setNames’
    ContactWorker: no visible global function definition for ‘tail’
    ContactWorkers: no visible global function definition for ‘setNames’
    ContactWorkers: no visible global function definition for ‘tail’
    CreateHIT: no visible global function definition for ‘setNames’
    DisableHIT: no visible global function definition for ‘setNames’
    DisposeHIT: no visible global function definition for ‘setNames’
    DisposeQualificationType: no visible global function definition for
     ‘setNames’
    ExpireHIT: no visible global function definition for ‘setNames’
    ExtendHIT: no visible global function definition for ‘setNames’
    GetAssignment : batch: no visible global function definition for
     ‘setNames’
    GetAssignments : batch: no visible global function definition for
     ‘setNames’
    GetFileUpload: no visible global function definition for ‘setNames’
    GetFileUpload: no visible global function definition for ‘browseURL’
    GetFileUpload: no visible binding for global variable ‘download.file’
    GetFileUpload: no visible global function definition for
     ‘download.file’
    GetHITsForQualificationType : batch: no visible global function
     definition for ‘setNames’
    GetQualificationRequests: no visible global function definition for
     ‘setNames’
    GetQualificationScore: no visible global function definition for
     ‘setNames’
    GetQualificationType: no visible global function definition for
     ‘setNames’
    GetStatistic: no visible global function definition for ‘setNames’
    GetWorkerStatistic: no visible global function definition for
     ‘setNames’
    GrantBonus: no visible global function definition for ‘setNames’
    GrantQualification: no visible global function definition for
     ‘setNames’
    GrantQualifications: no visible global function definition for
     ‘setNames’
    ListQualificationTypes: no visible global function definition for
     ‘setNames’
    ListStatistics: no visible global function definition for ‘setNames’
    MTurkR.Wizard : savetofile: no visible global function definition for
     ‘write.csv’
    MTurkR.Wizard : savetofile: no visible global function definition for
     ‘write.table’
    MTurkR.Wizard : createWiz : addlayout : <anonymous>: no visible global
     function definition for ‘browseURL’
    MTurkR.Wizard : createWiz : addreviewpolicy : storepolicy: no visible
     global function definition for ‘setNames’
    MTurkR.Wizard: no visible global function definition for
     ‘packageDescription’
    MTurkR.Wizard : <anonymous>: no visible global function definition for
     ‘browseURL’
    OpenDownloadPage: no visible global function definition for ‘browseURL’
    OpenManageHITPage: no visible global function definition for
     ‘browseURL’
    OpenQualificationPage: no visible global function definition for
     ‘browseURL’
    OpenWorkerPage: no visible global function definition for ‘browseURL’
    RegisterHITType: no visible global function definition for ‘setNames’
    RejectAssignment: no visible global function definition for ‘setNames’
    RejectAssignments: no visible global function definition for ‘setNames’
    RejectQualification: no visible global function definition for
     ‘setNames’
    RejectQualifications: no visible global function definition for
     ‘setNames’
    RequesterReport: no visible global function definition for ‘setNames’
    RevokeQualification: no visible global function definition for
     ‘setNames’
    RevokeQualifications: no visible global function definition for
     ‘setNames’
    SendTestEventNotification: no visible global function definition for
     ‘setNames’
    SetHITTypeNotification: no visible global function definition for
     ‘setNames’
    ViewAvailableHITs: no visible global function definition for
     ‘browseURL’
    approve: no visible global function definition for ‘setNames’
    approveall: no visible global function definition for ‘setNames’
    as.data.frame.Assignments: no visible global function definition for
     ‘reshape’
    as.data.frame.BonusPayments: no visible global function definition for
     ‘setNames’
    as.data.frame.HITs: no visible global function definition for
     ‘setNames’
    as.data.frame.QualificationRequests: no visible global function
     definition for ‘setNames’
    as.data.frame.QualificationRequirements : batch: no visible global
     function definition for ‘setNames’
    as.data.frame.QualificationRequirements: no visible global function
     definition for ‘setNames’
    as.data.frame.QualificationTypes: no visible global function definition
     for ‘setNames’
    as.data.frame.Qualifications: no visible global function definition for
     ‘setNames’
    as.data.frame.ReviewResults: no visible global function definition for
     ‘setNames’
    as.data.frame.WorkerBlock: no visible global function definition for
     ‘setNames’
    assignment : batch: no visible global function definition for
     ‘setNames’
    assignments : batch: no visible global function definition for
     ‘setNames’
    assignqual: no visible global function definition for ‘setNames’
    block: no visible global function definition for ‘setNames’
    bonus: no visible global function definition for ‘setNames’
    changehittype: no visible global function definition for ‘setNames’
    contact: no visible global function definition for ‘setNames’
    contact: no visible global function definition for ‘tail’
    create: no visible global function definition for ‘setNames’
    createhit: no visible global function definition for ‘setNames’
    disable: no visible global function definition for ‘setNames’
    disposehit: no visible global function definition for ‘setNames’
    disposequal: no visible global function definition for ‘setNames’
    expire: no visible global function definition for ‘setNames’
    extend: no visible global function definition for ‘setNames’
    gethitsbyqual : batch: no visible global function definition for
     ‘setNames’
    geturls: no visible global function definition for ‘setNames’
    geturls: no visible global function definition for ‘browseURL’
    geturls: no visible binding for global variable ‘download.file’
    geturls: no visible global function definition for ‘download.file’
    grantqual: no visible global function definition for ‘setNames’
    hittype: no visible global function definition for ‘setNames’
    mturkr.wizard : savetofile: no visible global function definition for
     ‘write.csv’
    mturkr.wizard : savetofile: no visible global function definition for
     ‘write.table’
    mturkr.wizard : createWiz : addlayout : <anonymous>: no visible global
     function definition for ‘browseURL’
    mturkr.wizard : createWiz : addreviewpolicy : storepolicy: no visible
     global function definition for ‘setNames’
    mturkr.wizard: no visible global function definition for
     ‘packageDescription’
    mturkr.wizard : <anonymous>: no visible global function definition for
     ‘browseURL’
    notificationtest: no visible global function definition for ‘setNames’
    paybonus: no visible global function definition for ‘setNames’
    qualrequests: no visible global function definition for ‘setNames’
    qualscore: no visible global function definition for ‘setNames’
    qualtype: no visible global function definition for ‘setNames’
    readlogfile: no visible global function definition for ‘read.delim’
    reject: no visible global function definition for ‘setNames’
    rejectrequest: no visible global function definition for ‘setNames’
    request: no visible global function definition for ‘browseURL’
    request : ParseErrorCodes: no visible global function definition for
     ‘setNames’
    revokequal: no visible global function definition for ‘setNames’
    setnotification: no visible global function definition for ‘setNames’
    statistic: no visible global function definition for ‘setNames’
    wizard.simple : wizard.menu: no visible global function definition for
     ‘menu’
    workerstatistic: no visible global function definition for ‘setNames’
    Undefined global functions or variables:
     browseURL download.file menu packageDescription read.delim reshape
     setNames tail write.csv write.table
Flavors: r-devel-linux-x86_64-debian-clang, r-devel-linux-x86_64-debian-gcc, r-devel-linux-x86_64-fedora-clang, r-devel-linux-x86_64-fedora-gcc

Version: 0.6.5.1
Check: R code for possible problems
Result: NOTE
    APIReference: no visible global function definition for 'browseURL'
    ApproveAllAssignments: no visible global function definition for
     'setNames'
    ApproveAssignment: no visible global function definition for 'setNames'
    ApproveAssignments: no visible global function definition for
     'setNames'
    AssignQualification: no visible global function definition for
     'setNames'
    AssignQualifications: no visible global function definition for
     'setNames'
    BlockWorker: no visible global function definition for 'setNames'
    BlockWorkers: no visible global function definition for 'setNames'
    ChangeHITType: no visible global function definition for 'setNames'
    ContactWorker: no visible global function definition for 'setNames'
    ContactWorker: no visible global function definition for 'tail'
    ContactWorkers: no visible global function definition for 'setNames'
    ContactWorkers: no visible global function definition for 'tail'
    CreateHIT: no visible global function definition for 'setNames'
    DisableHIT: no visible global function definition for 'setNames'
    DisposeHIT: no visible global function definition for 'setNames'
    DisposeQualificationType: no visible global function definition for
     'setNames'
    ExpireHIT: no visible global function definition for 'setNames'
    ExtendHIT: no visible global function definition for 'setNames'
    GetAssignment : batch: no visible global function definition for
     'setNames'
    GetAssignments : batch: no visible global function definition for
     'setNames'
    GetFileUpload: no visible global function definition for 'setNames'
    GetFileUpload: no visible global function definition for 'browseURL'
    GetFileUpload: no visible binding for global variable 'download.file'
    GetFileUpload: no visible global function definition for
     'download.file'
    GetHITsForQualificationType : batch: no visible global function
     definition for 'setNames'
    GetQualificationRequests: no visible global function definition for
     'setNames'
    GetQualificationScore: no visible global function definition for
     'setNames'
    GetQualificationType: no visible global function definition for
     'setNames'
    GetStatistic: no visible global function definition for 'setNames'
    GetWorkerStatistic: no visible global function definition for
     'setNames'
    GrantBonus: no visible global function definition for 'setNames'
    GrantQualification: no visible global function definition for
     'setNames'
    GrantQualifications: no visible global function definition for
     'setNames'
    ListQualificationTypes: no visible global function definition for
     'setNames'
    ListStatistics: no visible global function definition for 'setNames'
    MTurkR.Wizard : exitWiz: no visible global function definition for
     'bringToTop'
    MTurkR.Wizard : savetofile: no visible global function definition for
     'write.csv'
    MTurkR.Wizard : savetofile: no visible global function definition for
     'write.table'
    MTurkR.Wizard : createWiz : addlayout : <anonymous>: no visible global
     function definition for 'browseURL'
    MTurkR.Wizard : createWiz : addreviewpolicy : storepolicy: no visible
     global function definition for 'setNames'
    MTurkR.Wizard: no visible global function definition for
     'packageDescription'
    MTurkR.Wizard : <anonymous>: no visible global function definition for
     'browseURL'
    OpenDownloadPage: no visible global function definition for 'browseURL'
    OpenManageHITPage: no visible global function definition for
     'browseURL'
    OpenQualificationPage: no visible global function definition for
     'browseURL'
    OpenWorkerPage: no visible global function definition for 'browseURL'
    RegisterHITType: no visible global function definition for 'setNames'
    RejectAssignment: no visible global function definition for 'setNames'
    RejectAssignments: no visible global function definition for 'setNames'
    RejectQualification: no visible global function definition for
     'setNames'
    RejectQualifications: no visible global function definition for
     'setNames'
    RequesterReport: no visible global function definition for 'setNames'
    RevokeQualification: no visible global function definition for
     'setNames'
    RevokeQualifications: no visible global function definition for
     'setNames'
    SendTestEventNotification: no visible global function definition for
     'setNames'
    SetHITTypeNotification: no visible global function definition for
     'setNames'
    ViewAvailableHITs: no visible global function definition for
     'browseURL'
    approve: no visible global function definition for 'setNames'
    approveall: no visible global function definition for 'setNames'
    as.data.frame.Assignments: no visible global function definition for
     'reshape'
    as.data.frame.BonusPayments: no visible global function definition for
     'setNames'
    as.data.frame.HITs: no visible global function definition for
     'setNames'
    as.data.frame.QualificationRequests: no visible global function
     definition for 'setNames'
    as.data.frame.QualificationRequirements : batch: no visible global
     function definition for 'setNames'
    as.data.frame.QualificationRequirements: no visible global function
     definition for 'setNames'
    as.data.frame.QualificationTypes: no visible global function definition
     for 'setNames'
    as.data.frame.Qualifications: no visible global function definition for
     'setNames'
    as.data.frame.ReviewResults: no visible global function definition for
     'setNames'
    as.data.frame.WorkerBlock: no visible global function definition for
     'setNames'
    assignment : batch: no visible global function definition for
     'setNames'
    assignments : batch: no visible global function definition for
     'setNames'
    assignqual: no visible global function definition for 'setNames'
    block: no visible global function definition for 'setNames'
    bonus: no visible global function definition for 'setNames'
    changehittype: no visible global function definition for 'setNames'
    contact: no visible global function definition for 'setNames'
    contact: no visible global function definition for 'tail'
    create: no visible global function definition for 'setNames'
    createhit: no visible global function definition for 'setNames'
    disable: no visible global function definition for 'setNames'
    disposehit: no visible global function definition for 'setNames'
    disposequal: no visible global function definition for 'setNames'
    expire: no visible global function definition for 'setNames'
    extend: no visible global function definition for 'setNames'
    gethitsbyqual : batch: no visible global function definition for
     'setNames'
    geturls: no visible global function definition for 'setNames'
    geturls: no visible global function definition for 'browseURL'
    geturls: no visible binding for global variable 'download.file'
    geturls: no visible global function definition for 'download.file'
    grantqual: no visible global function definition for 'setNames'
    hittype: no visible global function definition for 'setNames'
    mturkr.wizard : exitWiz: no visible global function definition for
     'bringToTop'
    mturkr.wizard : savetofile: no visible global function definition for
     'write.csv'
    mturkr.wizard : savetofile: no visible global function definition for
     'write.table'
    mturkr.wizard : createWiz : addlayout : <anonymous>: no visible global
     function definition for 'browseURL'
    mturkr.wizard : createWiz : addreviewpolicy : storepolicy: no visible
     global function definition for 'setNames'
    mturkr.wizard: no visible global function definition for
     'packageDescription'
    mturkr.wizard : <anonymous>: no visible global function definition for
     'browseURL'
    notificationtest: no visible global function definition for 'setNames'
    paybonus: no visible global function definition for 'setNames'
    qualrequests: no visible global function definition for 'setNames'
    qualscore: no visible global function definition for 'setNames'
    qualtype: no visible global function definition for 'setNames'
    readlogfile: no visible global function definition for 'read.delim'
    reject: no visible global function definition for 'setNames'
    rejectrequest: no visible global function definition for 'setNames'
    request: no visible global function definition for 'browseURL'
    request : ParseErrorCodes: no visible global function definition for
     'setNames'
    revokequal: no visible global function definition for 'setNames'
    setnotification: no visible global function definition for 'setNames'
    statistic: no visible global function definition for 'setNames'
    wizard.simple : wizard.menu: no visible global function definition for
     'menu'
    workerstatistic: no visible global function definition for 'setNames'
    Undefined global functions or variables:
     bringToTop browseURL download.file menu packageDescription read.delim
     reshape setNames tail write.csv write.table
Flavor: r-devel-windows-ix86+x86_64