CRAN Package Check Results for Package MTurkR

Last updated on 2014-04-23 20:47:16.

Flavor Version Tinstall Tcheck Ttotal Status Flags
r-devel-linux-x86_64-debian-clang 0.4 2.45 66.85 69.30 OK
r-devel-linux-x86_64-debian-gcc 0.4 2.42 63.23 65.66 OK
r-devel-linux-x86_64-fedora-clang 0.4 123.75 OK
r-devel-linux-x86_64-fedora-gcc 0.4 119.33 OK
r-devel-osx-x86_64-clang 0.4 104.36 OK
r-devel-osx-x86_64-gcc 0.4 ERROR
r-devel-windows-ix86+x86_64 0.4 7.00 70.00 77.00 OK
r-patched-linux-x86_64 0.4 2.35 64.40 66.75 OK
r-patched-solaris-sparc 0.4 678.10 OK
r-patched-solaris-x86 0.4 142.10 OK
r-release-linux-ix86 0.4 4.00 97.00 101.00 OK
r-release-linux-x86_64 0.4 2.34 64.60 66.94 OK
r-release-osx-x86_64-mavericks 0.4 OK
r-release-osx-x86_64-snowleopard 0.4 OK
r-release-windows-ix86+x86_64 0.4 10.00 109.00 119.00 OK
r-oldrel-windows-ix86+x86_64 0.4 7.00 88.00 95.00 OK

Check Details

Version: 0.4
Check: package dependencies
Result: ERROR
    Package required but not available: ‘XML’
    
    See the information on DESCRIPTION files in the chapter ‘Creating R
    packages’ of the ‘Writing R Extensions’ manual.
Flavor: r-devel-osx-x86_64-gcc