CRAN Package Check Results for Package MUACz

Last updated on 2020-02-18 18:51:33 CET.

Flavor Version Tinstall Tcheck Ttotal Status Flags
r-devel-linux-x86_64-debian-clang 1.0.0 10.09 76.19 86.28 OK
r-devel-linux-x86_64-debian-gcc 1.0.0 8.29 57.72 66.01 OK
r-devel-linux-x86_64-fedora-clang 1.0.0 100.30 OK
r-devel-linux-x86_64-fedora-gcc 1.0.0 97.59 OK
r-devel-windows-ix86+x86_64 1.0.0 16.00 79.00 95.00 OK
r-devel-windows-ix86+x86_64-gcc8 1.0.0 39.00 106.00 145.00 OK
r-patched-linux-x86_64 1.0.0 9.31 63.91 73.22 OK
r-patched-solaris-x86 1.0.0 133.30 OK
r-release-linux-x86_64 1.0.0 8.37 63.61 71.98 OK
r-release-windows-ix86+x86_64 1.0.0 15.00 72.00 87.00 OK
r-release-osx-x86_64 1.0.0 OK
r-oldrel-osx-x86_64 1.0.0 ERROR

Check Details

Version: 1.0.0
Check: whether package can be installed
Result: ERROR
    Installation failed.
Flavor: r-oldrel-osx-x86_64