CRAN Package Check Results for Package MUCflights

Last updated on 2014-09-18 08:49:56.

Flavor Version Tinstall Tcheck Ttotal Status Flags
r-devel-linux-x86_64-debian-clang 0.0-3 2.01 35.18 37.20 NOTE
r-devel-linux-x86_64-debian-gcc 0.0-3 1.90 34.53 36.42 NOTE
r-devel-linux-x86_64-fedora-clang 0.0-3 86.59 NOTE
r-devel-linux-x86_64-fedora-gcc 0.0-3 99.98 NOTE
r-devel-osx-x86_64-clang 0.0-3 142.88 NOTE
r-devel-windows-ix86+x86_64 0.0-3 7.00 107.00 114.00 NOTE
r-patched-linux-x86_64 0.0-3 2.25 35.95 38.20 NOTE
r-patched-solaris-sparc 0.0-3 740.30 NOTE
r-patched-solaris-x86 0.0-3 238.20 NOTE
r-release-linux-ix86 0.0-3 2.66 48.50 51.16 NOTE
r-release-linux-x86_64 0.0-3 2.71 37.50 40.21 NOTE
r-release-osx-x86_64-mavericks 0.0-3 NOTE
r-release-osx-x86_64-snowleopard 0.0-3 NOTE
r-release-windows-ix86+x86_64 0.0-3 6.00 117.00 123.00 NOTE
r-oldrel-windows-ix86+x86_64 0.0-3 7.00 84.00 91.00 NOTE

Check Details

Version: 0.0-3
Check: dependencies in R code
Result: NOTE
    'library' or 'require' call to ‘XML’ which was already attached by Depends.
     Please remove these calls from your code.
    Packages in Depends field not imported from:
     ‘NightDay’ ‘RSQLite’ ‘XML’ ‘geosphere’ ‘sp’
     These packages need to be imported from (in the NAMESPACE file)
     for when this namespace is loaded but not attached.
    See the information on DESCRIPTION files in the chapter ‘Creating R
    packages’ of the ‘Writing R Extensions’ manual.
Flavors: r-devel-linux-x86_64-debian-clang, r-devel-linux-x86_64-debian-gcc, r-devel-linux-x86_64-fedora-clang, r-devel-linux-x86_64-fedora-gcc, r-devel-osx-x86_64-clang, r-devel-windows-ix86+x86_64, r-patched-linux-x86_64, r-patched-solaris-sparc, r-patched-solaris-x86, r-release-linux-ix86, r-release-linux-x86_64, r-release-osx-x86_64-mavericks, r-release-windows-ix86+x86_64, r-oldrel-windows-ix86+x86_64

Version: 0.0-3
Check: R code for possible problems
Result: NOTE
    getFlights: no visible binding for global variable ‘htmlTreeParse’
    getFlights: no visible binding for global variable ‘xpathSApply’
    getFlights: no visible binding for global variable ‘xmlAttrs’
    getFlights: no visible binding for global variable ‘free’
    plot.routes : a: no visible global function definition for
     ‘gcIntermediate’
    routes: no visible global function definition for ‘distHaversine’
    routes: no visible global function definition for ‘gcIntermediate’
Flavors: r-devel-linux-x86_64-debian-clang, r-devel-linux-x86_64-debian-gcc, r-devel-linux-x86_64-fedora-clang, r-devel-linux-x86_64-fedora-gcc, r-devel-osx-x86_64-clang, r-devel-windows-ix86+x86_64

Version: 0.0-3
Check: Rd line widths
Result: NOTE
    Rd file 'flights.Rd':
     \usage lines wider than 90 characters:
     flights(from = NULL, to = NULL, path = system.file("MUCflights.RData", package = "MUCflights"))
    
    These lines will be truncated in the PDF manual.
Flavors: r-devel-linux-x86_64-debian-clang, r-devel-linux-x86_64-debian-gcc, r-devel-linux-x86_64-fedora-clang, r-devel-linux-x86_64-fedora-gcc, r-release-linux-x86_64

Version: 0.0-3
Check: data for non-ASCII characters
Result: NOTE
     Note: found 99 marked UTF-8 strings
Flavors: r-devel-linux-x86_64-debian-clang, r-devel-linux-x86_64-debian-gcc, r-devel-linux-x86_64-fedora-clang, r-devel-linux-x86_64-fedora-gcc, r-devel-osx-x86_64-clang, r-devel-windows-ix86+x86_64, r-patched-linux-x86_64, r-patched-solaris-sparc, r-patched-solaris-x86, r-release-linux-ix86, r-release-linux-x86_64, r-release-osx-x86_64-mavericks, r-release-osx-x86_64-snowleopard, r-release-windows-ix86+x86_64, r-oldrel-windows-ix86+x86_64

Version: 0.0-3
Check: dependencies in R code
Result: NOTE
    'library' or 'require' call to 'XML' which was already attached by Depends.
     Please remove these calls from your code.
    See the information on DESCRIPTION files in the chapter 'Creating R
    packages' of the 'Writing R Extensions' manual.
Flavor: r-release-osx-x86_64-snowleopard