CRAN Package Check Results for Package MUCflights

Last updated on 2015-07-06 03:47:51.

Flavor Version Tinstall Tcheck Ttotal Status Flags
r-devel-linux-x86_64-debian-clang 0.0-3 1.65 28.15 29.80 NOTE
r-devel-linux-x86_64-debian-gcc 0.0-3 1.56 27.52 29.08 NOTE
r-devel-linux-x86_64-fedora-clang 0.0-3 67.88 NOTE
r-devel-linux-x86_64-fedora-gcc 0.0-3 65.59 NOTE
r-devel-osx-x86_64-clang 0.0-3 135.72 NOTE
r-devel-windows-ix86+x86_64 0.0-3 9.00 111.00 120.00 NOTE
r-patched-linux-x86_64 0.0-3 1.53 27.98 29.50 NOTE
r-patched-solaris-sparc 0.0-3 692.80 NOTE
r-patched-solaris-x86 0.0-3 215.70 NOTE
r-release-linux-x86_64 0.0-3 1.64 28.61 30.25 NOTE
r-release-osx-x86_64-mavericks 0.0-3 NOTE
r-release-windows-ix86+x86_64 0.0-3 7.00 101.00 108.00 NOTE
r-oldrel-windows-ix86+x86_64 0.0-3 11.00 120.00 131.00 NOTE

Check Details

Version: 0.0-3
Check: dependencies in R code
Result: NOTE
    'library' or 'require' call to ‘XML’ which was already attached by Depends.
     Please remove these calls from your code.
    Packages in Depends field not imported from:
     ‘NightDay’ ‘RSQLite’ ‘XML’ ‘geosphere’ ‘sp’
     These packages need to be imported from (in the NAMESPACE file)
     for when this namespace is loaded but not attached.
Flavors: r-devel-linux-x86_64-debian-clang, r-devel-linux-x86_64-debian-gcc, r-devel-linux-x86_64-fedora-clang, r-devel-linux-x86_64-fedora-gcc, r-devel-osx-x86_64-clang, r-devel-windows-ix86+x86_64, r-patched-linux-x86_64, r-patched-solaris-sparc, r-patched-solaris-x86, r-release-linux-x86_64, r-release-osx-x86_64-mavericks, r-release-windows-ix86+x86_64, r-oldrel-windows-ix86+x86_64

Version: 0.0-3
Check: R code for possible problems
Result: NOTE
    drawMap: no visible global function definition for ‘plot’
    drawMap: no visible global function definition for ‘box’
    drawMap: no visible global function definition for ‘points’
    getFlights: no visible binding for global variable ‘htmlTreeParse’
    getFlights: no visible binding for global variable ‘xpathSApply’
    getFlights: no visible binding for global variable ‘xmlAttrs’
    getFlights: no visible binding for global variable ‘free’
    movie.routes: no visible global function definition for
     ‘txtProgressBar’
    movie.routes: no visible global function definition for ‘jpeg’
    movie.routes: no visible global function definition for ‘plot’
    movie.routes: no visible global function definition for
     ‘setTxtProgressBar’
    movie.routes: no visible global function definition for ‘dev.off’
    plot.routes: no visible global function definition for ‘plot’
    plot.routes: no visible global function definition for ‘points’
    plot.routes: no visible global function definition for ‘mtext’
    plot.routes : a: no visible global function definition for ‘points’
    plot.routes : a: no visible global function definition for ‘text’
    plot.routes : a: no visible global function definition for
     ‘gcIntermediate’
    plot.routes : a: no visible global function definition for ‘lines’
    routes: Error while checking: invalid ‘envir’ argument
    Undefined global functions or variables:
     box dev.off free gcIntermediate htmlTreeParse jpeg lines mtext plot
     points setTxtProgressBar text txtProgressBar xmlAttrs xpathSApply
Flavors: r-devel-linux-x86_64-debian-clang, r-devel-linux-x86_64-debian-gcc, r-devel-linux-x86_64-fedora-clang, r-devel-linux-x86_64-fedora-gcc

Version: 0.0-3
Check: Rd line widths
Result: NOTE
    Rd file 'flights.Rd':
     \usage lines wider than 90 characters:
     flights(from = NULL, to = NULL, path = system.file("MUCflights.RData", package = "MUCflights"))
    
    These lines will be truncated in the PDF manual.
Flavors: r-devel-linux-x86_64-debian-clang, r-devel-linux-x86_64-debian-gcc, r-devel-linux-x86_64-fedora-clang, r-devel-linux-x86_64-fedora-gcc, r-patched-linux-x86_64, r-release-linux-x86_64

Version: 0.0-3
Check: data for non-ASCII characters
Result: NOTE
     Note: found 99 marked UTF-8 strings
Flavors: r-devel-linux-x86_64-debian-clang, r-devel-linux-x86_64-debian-gcc, r-devel-linux-x86_64-fedora-clang, r-devel-linux-x86_64-fedora-gcc, r-devel-osx-x86_64-clang, r-devel-windows-ix86+x86_64, r-patched-linux-x86_64, r-patched-solaris-sparc, r-patched-solaris-x86, r-release-linux-x86_64, r-release-osx-x86_64-mavericks, r-release-windows-ix86+x86_64, r-oldrel-windows-ix86+x86_64

Version: 0.0-3
Check: R code for possible problems
Result: NOTE
    getFlights: no visible binding for global variable ‘htmlTreeParse’
    getFlights: no visible binding for global variable ‘xpathSApply’
    getFlights: no visible binding for global variable ‘xmlAttrs’
    getFlights: no visible binding for global variable ‘free’
    plot.routes : a: no visible global function definition for
     ‘gcIntermediate’
    routes: no visible global function definition for ‘distHaversine’
    routes: no visible global function definition for ‘gcIntermediate’
    Undefined global functions or variables:
     distHaversine free gcIntermediate htmlTreeParse xmlAttrs xpathSApply
Flavor: r-devel-osx-x86_64-clang

Version: 0.0-3
Check: R code for possible problems
Result: NOTE
    drawMap: no visible global function definition for 'plot'
    drawMap: no visible global function definition for 'box'
    drawMap: no visible global function definition for 'points'
    getFlights: no visible binding for global variable 'htmlTreeParse'
    getFlights: no visible binding for global variable 'xpathSApply'
    getFlights: no visible binding for global variable 'xmlAttrs'
    getFlights: no visible binding for global variable 'free'
    movie.routes: no visible global function definition for
     'txtProgressBar'
    movie.routes: no visible global function definition for 'jpeg'
    movie.routes: no visible global function definition for 'plot'
    movie.routes: no visible global function definition for
     'setTxtProgressBar'
    movie.routes: no visible global function definition for 'dev.off'
    plot.routes: no visible global function definition for 'plot'
    plot.routes: no visible global function definition for 'points'
    plot.routes: no visible global function definition for 'mtext'
    plot.routes : a: no visible global function definition for 'points'
    plot.routes : a: no visible global function definition for 'text'
    plot.routes : a: no visible global function definition for
     'gcIntermediate'
    plot.routes : a: no visible global function definition for 'lines'
    routes: no visible global function definition for 'data'
    routes: no visible global function definition for 'distHaversine'
    routes: no visible global function definition for 'gcIntermediate'
    Undefined global functions or variables:
     box data dev.off distHaversine free gcIntermediate htmlTreeParse jpeg
     lines mtext plot points setTxtProgressBar text txtProgressBar
     xmlAttrs xpathSApply
Flavor: r-devel-windows-ix86+x86_64

Version: 0.0-3
Check: R code for possible problems
Result: NOTE
    getFlights: no visible binding for global variable ‘htmlTreeParse’
    getFlights: no visible binding for global variable ‘xpathSApply’
    getFlights: no visible binding for global variable ‘xmlAttrs’
    getFlights: no visible binding for global variable ‘free’
    plot.routes : a: no visible global function definition for
     ‘gcIntermediate’
    routes: no visible global function definition for ‘distHaversine’
    routes: no visible global function definition for ‘gcIntermediate’
Flavors: r-patched-linux-x86_64, r-patched-solaris-sparc, r-patched-solaris-x86, r-release-linux-x86_64, r-release-osx-x86_64-mavericks, r-release-windows-ix86+x86_64, r-oldrel-windows-ix86+x86_64