CRAN Package Check Results for Package MUCflights

Last updated on 2015-05-22 23:48:04.

Flavor Version Tinstall Tcheck Ttotal Status Flags
r-devel-linux-x86_64-debian-clang 0.0-3 1.66 28.83 30.49 NOTE
r-devel-linux-x86_64-debian-gcc 0.0-3 1.57 27.80 29.37 NOTE
r-devel-linux-x86_64-fedora-clang 0.0-3 69.96 NOTE
r-devel-linux-x86_64-fedora-gcc 0.0-3 66.02 NOTE
r-devel-osx-x86_64-clang 0.0-3 141.79 NOTE
r-devel-windows-ix86+x86_64 0.0-3 8.00 95.00 103.00 NOTE
r-patched-linux-x86_64 0.0-3 1.54 28.06 29.60 NOTE
r-patched-solaris-sparc 0.0-3 692.80 NOTE
r-patched-solaris-x86 0.0-3 218.00 NOTE
r-release-linux-x86_64 0.0-3 1.56 28.28 29.84 NOTE
r-release-osx-x86_64-mavericks 0.0-3 NOTE
r-release-osx-x86_64-snowleopard 0.0-3 ERROR
r-release-windows-ix86+x86_64 0.0-3 5.00 96.00 101.00 NOTE
r-oldrel-windows-ix86+x86_64 0.0-3 9.00 126.00 135.00 NOTE

Check Details

Version: 0.0-3
Check: dependencies in R code
Result: NOTE
    'library' or 'require' call to ‘XML’ which was already attached by Depends.
     Please remove these calls from your code.
    Packages in Depends field not imported from:
     ‘NightDay’ ‘RSQLite’ ‘XML’ ‘geosphere’ ‘sp’
     These packages need to be imported from (in the NAMESPACE file)
     for when this namespace is loaded but not attached.
Flavors: r-devel-linux-x86_64-debian-clang, r-devel-linux-x86_64-debian-gcc, r-devel-linux-x86_64-fedora-clang, r-devel-linux-x86_64-fedora-gcc, r-devel-osx-x86_64-clang, r-devel-windows-ix86+x86_64, r-patched-linux-x86_64, r-patched-solaris-sparc, r-patched-solaris-x86, r-release-linux-x86_64, r-release-osx-x86_64-mavericks, r-release-windows-ix86+x86_64, r-oldrel-windows-ix86+x86_64

Version: 0.0-3
Check: R code for possible problems
Result: NOTE
    getFlights: no visible binding for global variable ‘htmlTreeParse’
    getFlights: no visible binding for global variable ‘xpathSApply’
    getFlights: no visible binding for global variable ‘xmlAttrs’
    getFlights: no visible binding for global variable ‘free’
    plot.routes : a: no visible global function definition for
     ‘gcIntermediate’
    routes: no visible global function definition for ‘distHaversine’
    routes: no visible global function definition for ‘gcIntermediate’
Flavors: r-devel-linux-x86_64-debian-clang, r-devel-linux-x86_64-debian-gcc, r-devel-linux-x86_64-fedora-clang, r-devel-linux-x86_64-fedora-gcc, r-devel-osx-x86_64-clang, r-devel-windows-ix86+x86_64, r-patched-linux-x86_64, r-patched-solaris-sparc, r-patched-solaris-x86, r-release-linux-x86_64, r-release-osx-x86_64-mavericks, r-release-windows-ix86+x86_64, r-oldrel-windows-ix86+x86_64

Version: 0.0-3
Check: Rd line widths
Result: NOTE
    Rd file 'flights.Rd':
     \usage lines wider than 90 characters:
     flights(from = NULL, to = NULL, path = system.file("MUCflights.RData", package = "MUCflights"))
    
    These lines will be truncated in the PDF manual.
Flavors: r-devel-linux-x86_64-debian-clang, r-devel-linux-x86_64-debian-gcc, r-devel-linux-x86_64-fedora-clang, r-devel-linux-x86_64-fedora-gcc, r-patched-linux-x86_64, r-release-linux-x86_64

Version: 0.0-3
Check: data for non-ASCII characters
Result: NOTE
     Note: found 99 marked UTF-8 strings
Flavors: r-devel-linux-x86_64-debian-clang, r-devel-linux-x86_64-debian-gcc, r-devel-linux-x86_64-fedora-clang, r-devel-linux-x86_64-fedora-gcc, r-devel-osx-x86_64-clang, r-devel-windows-ix86+x86_64, r-patched-linux-x86_64, r-patched-solaris-sparc, r-patched-solaris-x86, r-release-linux-x86_64, r-release-osx-x86_64-mavericks, r-release-windows-ix86+x86_64, r-oldrel-windows-ix86+x86_64

Version: 0.0-3
Check: package dependencies
Result: ERROR
    Packages required but not available: ‘XML’ ‘geosphere’
    
    See section ‘The DESCRIPTION file’ in the ‘Writing R Extensions’
    manual.
Flavor: r-release-osx-x86_64-snowleopard