CRAN Package Check Results for Package MUCflights

Last updated on 2014-11-22 10:53:05.

Flavor Version Tinstall Tcheck Ttotal Status Flags
r-devel-linux-x86_64-debian-clang 0.0-3 2.04 36.15 38.18 NOTE
r-devel-linux-x86_64-debian-gcc 0.0-3 1.90 34.52 36.42 NOTE
r-devel-linux-x86_64-fedora-clang 0.0-3 90.62 NOTE
r-devel-linux-x86_64-fedora-gcc 0.0-3 84.00 NOTE
r-devel-osx-x86_64-clang 0.0-3 149.51 NOTE
r-devel-windows-ix86+x86_64 0.0-3 7.00 119.00 126.00 NOTE
r-patched-linux-x86_64 0.0-3 1.99 35.84 37.83 NOTE
r-patched-solaris-sparc 0.0-3 760.10 NOTE
r-patched-solaris-x86 0.0-3 238.00 NOTE
r-release-linux-ix86 0.0-3 2.53 48.36 50.89 NOTE
r-release-linux-x86_64 0.0-3 1.94 36.26 38.21 NOTE
r-release-osx-x86_64-mavericks 0.0-3 NOTE
r-release-osx-x86_64-snowleopard 0.0-3 NOTE
r-release-windows-ix86+x86_64 0.0-3 9.00 115.00 124.00 NOTE
r-oldrel-windows-ix86+x86_64 0.0-3 8.00 89.00 97.00 NOTE

Check Details

Version: 0.0-3
Check: dependencies in R code
Result: NOTE
    'library' or 'require' call to ‘XML’ which was already attached by Depends.
     Please remove these calls from your code.
    Packages in Depends field not imported from:
     ‘NightDay’ ‘RSQLite’ ‘XML’ ‘geosphere’ ‘sp’
     These packages need to be imported from (in the NAMESPACE file)
     for when this namespace is loaded but not attached.
    See the information on DESCRIPTION files in the chapter ‘Creating R
    packages’ of the ‘Writing R Extensions’ manual.
Flavors: r-devel-linux-x86_64-debian-clang, r-devel-linux-x86_64-debian-gcc, r-devel-linux-x86_64-fedora-clang, r-devel-linux-x86_64-fedora-gcc, r-devel-osx-x86_64-clang, r-devel-windows-ix86+x86_64, r-patched-linux-x86_64, r-patched-solaris-sparc, r-patched-solaris-x86, r-release-linux-ix86, r-release-linux-x86_64, r-release-osx-x86_64-mavericks, r-release-windows-ix86+x86_64, r-oldrel-windows-ix86+x86_64

Version: 0.0-3
Check: R code for possible problems
Result: NOTE
    getFlights: no visible binding for global variable ‘htmlTreeParse’
    getFlights: no visible binding for global variable ‘xpathSApply’
    getFlights: no visible binding for global variable ‘xmlAttrs’
    getFlights: no visible binding for global variable ‘free’
    plot.routes : a: no visible global function definition for
     ‘gcIntermediate’
    routes: no visible global function definition for ‘distHaversine’
    routes: no visible global function definition for ‘gcIntermediate’
Flavors: r-devel-linux-x86_64-debian-clang, r-devel-linux-x86_64-debian-gcc, r-devel-linux-x86_64-fedora-clang, r-devel-linux-x86_64-fedora-gcc, r-devel-osx-x86_64-clang, r-devel-windows-ix86+x86_64, r-patched-linux-x86_64, r-patched-solaris-sparc, r-patched-solaris-x86, r-release-linux-ix86, r-release-linux-x86_64, r-release-windows-ix86+x86_64

Version: 0.0-3
Check: Rd line widths
Result: NOTE
    Rd file 'flights.Rd':
     \usage lines wider than 90 characters:
     flights(from = NULL, to = NULL, path = system.file("MUCflights.RData", package = "MUCflights"))
    
    These lines will be truncated in the PDF manual.
Flavors: r-devel-linux-x86_64-debian-clang, r-devel-linux-x86_64-debian-gcc, r-devel-linux-x86_64-fedora-clang, r-devel-linux-x86_64-fedora-gcc, r-patched-linux-x86_64, r-release-linux-x86_64

Version: 0.0-3
Check: data for non-ASCII characters
Result: NOTE
     Note: found 99 marked UTF-8 strings
Flavors: r-devel-linux-x86_64-debian-clang, r-devel-linux-x86_64-debian-gcc, r-devel-linux-x86_64-fedora-clang, r-devel-linux-x86_64-fedora-gcc, r-devel-osx-x86_64-clang, r-devel-windows-ix86+x86_64, r-patched-linux-x86_64, r-patched-solaris-sparc, r-patched-solaris-x86, r-release-linux-ix86, r-release-linux-x86_64, r-release-osx-x86_64-mavericks, r-release-osx-x86_64-snowleopard, r-release-windows-ix86+x86_64, r-oldrel-windows-ix86+x86_64

Version: 0.0-3
Check: dependencies in R code
Result: NOTE
    'library' or 'require' call to 'XML' which was already attached by Depends.
     Please remove these calls from your code.
    See the information on DESCRIPTION files in the chapter 'Creating R
    packages' of the 'Writing R Extensions' manual.
Flavor: r-release-osx-x86_64-snowleopard