CRAN Package Check Results for Package MVA

Last updated on 2014-04-24 15:50:42.

Flavor Version Tinstall Tcheck Ttotal Status Flags
r-devel-linux-x86_64-debian-clang 1.0-5 0.63 22.70 23.33 OK
r-devel-linux-x86_64-debian-gcc 1.0-5 0.63 22.56 23.19 OK
r-devel-linux-x86_64-fedora-clang 1.0-5 47.74 OK
r-devel-linux-x86_64-fedora-gcc 1.0-5 45.53 OK
r-devel-osx-x86_64-clang 1.0-5 50.12 OK
r-devel-osx-x86_64-gcc 1.0-5 NOTE
r-devel-windows-ix86+x86_64 1.0-5 2.00 37.00 39.00 OK
r-patched-linux-x86_64 1.0-5 0.60 23.17 23.76 OK
r-patched-solaris-sparc 1.0-5 238.10 OK
r-patched-solaris-x86 1.0-5 64.70 OK
r-release-linux-ix86 1.0-5 1.00 43.00 44.00 OK
r-release-linux-x86_64 1.0-5 0.60 22.56 23.16 OK
r-release-osx-x86_64-mavericks 1.0-5 WARN
r-release-osx-x86_64-snowleopard 1.0-5 NOTE
r-release-windows-ix86+x86_64 1.0-5 2.00 36.00 38.00 OK
r-oldrel-windows-ix86+x86_64 1.0-5 3.00 35.00 38.00 OK

Check Details

Version: 1.0-5
Check: package dependencies
Result: NOTE
    Package suggested but not available for checking: ‘multcomp’
Flavors: r-devel-osx-x86_64-gcc, r-release-osx-x86_64-mavericks, r-release-osx-x86_64-snowleopard

Version: 1.0-5
Check: re-building of vignette outputs
Result: NOTE
    Error in re-building vignettes:
     ...
    Loading required package: HSAUR2
    Warning: value of 'strip.white' option should be lowercase
    Warning: value of 'strip.white' option should be lowercase
    Error in texi2dvi(file = file, pdf = TRUE, clean = clean, quiet = quiet, :
     Running 'texi2dvi' on 'Ch-Errata.tex' failed.
    LaTeX errors:
    ! LaTeX Error: File `upquote.sty' not found.
    
    Type X to quit or <RETURN> to proceed,
    or enter new name. (Default extension: sty)
    
    t/MVA/vignettes/Ch-Errata.tex:15: ==> Fatal error occurred, no output PDF file
     produced!
    Calls: buildVignettes -> texi2pdf -> texi2dvi
    Execution halted
Flavor: r-release-osx-x86_64-mavericks

Version: 1.0-5
Check: PDF version of manual
Result: WARNING
    LaTeX errors when creating PDF version.
    This typically indicates Rd problems.
    LaTeX errors found:
    ! LaTeX Error: File `upquote.sty' not found.
    
    Type X to quit or <RETURN> to proceed,
    or enter new name. (Default extension: sty)
    
    ee5a8ec/Rd2.tex:8: ==> Fatal error occurred, no output PDF file produced!
Flavor: r-release-osx-x86_64-mavericks