CRAN Package Check Results for Package MVA

Last updated on 2014-12-20 09:53:49.

Flavor Version Tinstall Tcheck Ttotal Status Flags
r-devel-linux-x86_64-debian-clang 1.0-5 0.62 21.23 21.85 OK
r-devel-linux-x86_64-debian-gcc 1.0-5 0.63 19.58 20.21 OK
r-devel-linux-x86_64-fedora-clang 1.0-5 44.57 OK
r-devel-linux-x86_64-fedora-gcc 1.0-5 42.92 OK
r-devel-osx-x86_64-clang 1.0-5 48.89 OK
r-devel-windows-ix86+x86_64 1.0-5 3.00 32.00 35.00 OK
r-patched-linux-x86_64 1.0-5 0.66 21.21 21.87 OK
r-patched-solaris-sparc 1.0-5 261.70 OK
r-patched-solaris-x86 1.0-5 60.80 OK
r-release-linux-ix86 1.0-5 0.92 31.88 32.80 OK
r-release-linux-x86_64 1.0-5 0.62 21.18 21.80 OK
r-release-osx-x86_64-mavericks 1.0-5 OK
r-release-osx-x86_64-snowleopard 1.0-5 NOTE
r-release-windows-ix86+x86_64 1.0-5 3.00 35.00 38.00 OK
r-oldrel-windows-ix86+x86_64 1.0-5 4.00 39.00 43.00 OK

Check Details

Version: 1.0-5
Check: package dependencies
Result: NOTE
    Package suggested but not available for checking: ‘multcomp’
Flavor: r-release-osx-x86_64-snowleopard