CRAN Package Check Results for Package MVA

Last updated on 2014-10-24 09:54:59.

Flavor Version Tinstall Tcheck Ttotal Status Flags
r-devel-linux-x86_64-debian-clang 1.0-5 0.62 20.42 21.05 OK
r-devel-linux-x86_64-debian-gcc 1.0-5 0.61 20.83 21.44 OK
r-devel-linux-x86_64-fedora-clang 1.0-5 44.45 OK
r-devel-linux-x86_64-fedora-gcc 1.0-5 42.60 OK
r-devel-osx-x86_64-clang 1.0-5 48.06 OK
r-devel-windows-ix86+x86_64 1.0-5 2.00 31.00 33.00 OK
r-patched-linux-x86_64 1.0-5 0.64 21.01 21.65 OK
r-patched-solaris-sparc 1.0-5 261.70 OK
r-patched-solaris-x86 1.0-5 60.30 OK
r-release-linux-ix86 1.0-5 0.93 51.75 52.68 OK
r-release-linux-x86_64 1.0-5 0.58 22.24 22.82 OK
r-release-osx-x86_64-mavericks 1.0-5 OK
r-release-osx-x86_64-snowleopard 1.0-5 NOTE
r-release-windows-ix86+x86_64 1.0-5 2.00 36.00 38.00 OK
r-oldrel-windows-ix86+x86_64 1.0-5 3.00 36.00 39.00 OK

Check Details

Version: 1.0-5
Check: package dependencies
Result: NOTE
    Package suggested but not available for checking: ‘multcomp’
Flavor: r-release-osx-x86_64-snowleopard