CRAN Package Check Results for Package MVA

Last updated on 2014-09-30 19:47:37.

Flavor Version Tinstall Tcheck Ttotal Status Flags
r-devel-linux-x86_64-debian-clang 1.0-5 0.62 20.06 20.68 OK
r-devel-linux-x86_64-debian-gcc 1.0-5 0.60 20.30 20.90 OK
r-devel-linux-x86_64-fedora-clang 1.0-5 43.56 OK
r-devel-linux-x86_64-fedora-gcc 1.0-5 44.05 OK
r-devel-osx-x86_64-clang 1.0-5 46.86 OK
r-devel-windows-ix86+x86_64 1.0-5 2.00 32.00 34.00 OK
r-patched-linux-x86_64 1.0-5 0.64 22.37 23.02 OK
r-patched-solaris-sparc 1.0-5 261.70 OK
r-patched-solaris-x86 1.0-5 64.30 OK
r-release-linux-ix86 1.0-5 1.05 34.13 35.18 OK
r-release-linux-x86_64 1.0-5 0.58 22.34 22.92 OK
r-release-osx-x86_64-mavericks 1.0-5 OK
r-release-osx-x86_64-snowleopard 1.0-5 NOTE
r-release-windows-ix86+x86_64 1.0-5 2.00 39.00 41.00 OK
r-oldrel-windows-ix86+x86_64 1.0-5 3.00 35.00 38.00 OK

Check Details

Version: 1.0-5
Check: package dependencies
Result: NOTE
    Package suggested but not available for checking: ‘multcomp’
Flavor: r-release-osx-x86_64-snowleopard