CRAN Package Check Results for Package MVA

Last updated on 2014-07-24 16:48:02.

Flavor Version Tinstall Tcheck Ttotal Status Flags
r-devel-linux-x86_64-debian-clang 1.0-5 0.54 20.79 21.34 OK
r-devel-linux-x86_64-debian-gcc 1.0-5 0.54 21.71 22.26 OK
r-devel-linux-x86_64-fedora-clang 1.0-5 47.93 OK
r-devel-linux-x86_64-fedora-gcc 1.0-5 45.36 OK
r-devel-osx-x86_64-clang 1.0-5 48.94 OK
r-devel-windows-ix86+x86_64 1.0-5 2.00 36.00 38.00 OK
r-patched-linux-x86_64 1.0-5 0.56 20.63 21.18 OK
r-patched-solaris-sparc 1.0-5 238.10 OK
r-patched-solaris-x86 1.0-5 61.40 OK
r-release-linux-ix86 1.0-5 0.94 31.21 32.15 OK
r-release-linux-x86_64 1.0-5 0.64 21.08 21.72 OK
r-release-osx-x86_64-mavericks 1.0-5 OK
r-release-osx-x86_64-snowleopard 1.0-5 NOTE
r-release-windows-ix86+x86_64 1.0-5 2.00 35.00 37.00 OK
r-oldrel-windows-ix86+x86_64 1.0-5 3.00 34.00 37.00 OK

Check Details

Version: 1.0-5
Check: package dependencies
Result: NOTE
    Package suggested but not available for checking: ‘multcomp’
Flavor: r-release-osx-x86_64-snowleopard