CRAN Package Check Results for Package MVA

Last updated on 2014-08-30 07:48:46.

Flavor Version Tinstall Tcheck Ttotal Status Flags
r-devel-linux-x86_64-debian-clang 1.0-5 0.56 19.37 19.93 OK
r-devel-linux-x86_64-debian-gcc 1.0-5 0.52 19.27 19.78 OK
r-devel-linux-x86_64-fedora-clang 1.0-5 44.09 OK
r-devel-linux-x86_64-fedora-gcc 1.0-5 43.19 OK
r-devel-osx-x86_64-clang 1.0-5 45.61 OK
r-devel-windows-ix86+x86_64 1.0-5 3.00 33.00 36.00 OK
r-patched-linux-x86_64 1.0-5 0.58 21.45 22.03 OK
r-patched-solaris-sparc 1.0-5 261.70 OK
r-patched-solaris-x86 1.0-5 62.70 OK
r-release-linux-ix86 1.0-5 0.93 31.97 32.90 OK
r-release-linux-x86_64 1.0-5 0.59 23.13 23.72 OK
r-release-osx-x86_64-mavericks 1.0-5 OK
r-release-osx-x86_64-snowleopard 1.0-5 NOTE
r-release-windows-ix86+x86_64 1.0-5 3.00 38.00 41.00 OK
r-oldrel-windows-ix86+x86_64 1.0-5 3.00 37.00 40.00 OK

Check Details

Version: 1.0-5
Check: package dependencies
Result: NOTE
    Package suggested but not available for checking: ‘multcomp’
Flavor: r-release-osx-x86_64-snowleopard