CRAN Package Check Results for Package MVB

Last updated on 2014-11-26 17:51:36.

Flavor Version Tinstall Tcheck Ttotal Status Flags
r-devel-linux-x86_64-debian-clang 1.1 36.32 25.42 61.75 NOTE
r-devel-linux-x86_64-debian-gcc 1.1 46.02 25.02 71.04 NOTE
r-devel-linux-x86_64-fedora-clang 1.1 138.45 NOTE
r-devel-linux-x86_64-fedora-gcc 1.1 132.08 NOTE
r-devel-osx-x86_64-clang 1.1 93.62 OK
r-devel-windows-ix86+x86_64 1.1 125.00 73.00 198.00 OK
r-patched-linux-x86_64 1.1 44.67 25.64 70.31 NOTE
r-patched-solaris-sparc 1.1 993.10 NOTE
r-patched-solaris-x86 1.1 160.70 NOTE
r-release-linux-ix86 1.1 51.86 33.08 84.95 NOTE
r-release-linux-x86_64 1.1 43.14 25.17 68.31 NOTE
r-release-osx-x86_64-mavericks 1.1 OK
r-release-osx-x86_64-snowleopard 1.1 OK
r-release-windows-ix86+x86_64 1.1 128.00 69.00 197.00 OK
r-oldrel-windows-ix86+x86_64 1.1 126.00 74.00 200.00 OK

Check Details

Version: 1.1
Check: installed package size
Result: NOTE
     installed size is 5.7Mb
     sub-directories of 1Mb or more:
     libs 5.5Mb
Flavors: r-devel-linux-x86_64-debian-clang, r-devel-linux-x86_64-debian-gcc, r-devel-linux-x86_64-fedora-clang, r-devel-linux-x86_64-fedora-gcc, r-patched-linux-x86_64, r-patched-solaris-sparc, r-patched-solaris-x86, r-release-linux-ix86, r-release-linux-x86_64