CRAN Package Check Results for Package MVB

Last updated on 2014-04-21 12:43:21.

Flavor Version Tinstall Tcheck Ttotal Status Flags
r-devel-linux-x86_64-debian-clang 1.1 37.85 25.38 63.23 OK
r-devel-linux-x86_64-debian-gcc 1.1 43.18 25.80 68.98 NOTE
r-devel-linux-x86_64-fedora-clang 1.1 124.64 NOTE
r-devel-linux-x86_64-fedora-gcc 1.1 127.32 NOTE
r-devel-osx-x86_64-clang 1.1 96.11 OK
r-devel-osx-x86_64-gcc 1.1 OK
r-devel-windows-ix86+x86_64 1.1 124.00 58.00 182.00 OK
r-patched-linux-x86_64 1.1 43.04 30.80 73.84 NOTE
r-patched-solaris-sparc 1.1 773.40 NOTE
r-patched-solaris-x86 1.1 167.50 NOTE
r-release-linux-x86_64 1.1 43.15 25.07 68.22 NOTE
r-release-osx-x86_64-mavericks 1.1 WARN
r-release-osx-x86_64-snowleopard 1.1 OK
r-release-windows-ix86+x86_64 1.1 182.00 78.00 260.00 OK
r-oldrel-windows-ix86+x86_64 1.1 124.00 74.00 198.00 OK

Check Details

Version: 1.1
Check: installed package size
Result: NOTE
     installed size is 6.1Mb
     sub-directories of 1Mb or more:
     libs 6.0Mb
Flavors: r-devel-linux-x86_64-debian-gcc, r-devel-linux-x86_64-fedora-clang, r-devel-linux-x86_64-fedora-gcc, r-patched-linux-x86_64, r-patched-solaris-sparc, r-patched-solaris-x86, r-release-linux-x86_64

Version: 1.1
Check: PDF version of manual
Result: WARNING
    LaTeX errors when creating PDF version.
    This typically indicates Rd problems.
    LaTeX errors found:
    ! LaTeX Error: File `upquote.sty' not found.
    
    Type X to quit or <RETURN> to proceed,
    or enter new name. (Default extension: sty)
    
    eba075f/Rd2.tex:8: ==> Fatal error occurred, no output PDF file produced!
Flavor: r-release-osx-x86_64-mavericks