CRAN Package Check Results for Package MVB

Last updated on 2014-08-27 10:47:53.

Flavor Version Tinstall Tcheck Ttotal Status Flags
r-devel-linux-x86_64-debian-clang 1.1 35.99 26.02 62.02 NOTE
r-devel-linux-x86_64-debian-gcc 1.1 43.84 23.18 67.02 NOTE
r-devel-linux-x86_64-fedora-clang 1.1 141.20 NOTE
r-devel-linux-x86_64-fedora-gcc 1.1 126.89 NOTE
r-devel-osx-x86_64-clang 1.1 92.51 NOTE
r-devel-windows-ix86+x86_64 1.1 126.00 68.00 194.00 NOTE
r-patched-linux-x86_64 1.1 43.66 23.78 67.44 NOTE
r-patched-solaris-sparc 1.1 797.30 NOTE
r-patched-solaris-x86 1.1 160.30 NOTE
r-release-linux-ix86 1.1 55.25 32.43 87.68 NOTE
r-release-linux-x86_64 1.1 46.93 25.15 72.08 NOTE
r-release-osx-x86_64-mavericks 1.1 OK
r-release-osx-x86_64-snowleopard 1.1 OK
r-release-windows-ix86+x86_64 1.1 125.00 60.00 185.00 OK
r-oldrel-windows-ix86+x86_64 1.1 123.00 70.00 193.00 OK

Check Details

Version: 1.1
Check: installed package size
Result: NOTE
     installed size is 5.1Mb
     sub-directories of 1Mb or more:
     libs 5.0Mb
Flavors: r-devel-linux-x86_64-debian-clang, r-devel-linux-x86_64-debian-gcc, r-devel-linux-x86_64-fedora-clang, r-devel-linux-x86_64-fedora-gcc, r-patched-linux-x86_64, r-patched-solaris-sparc, r-patched-solaris-x86, r-release-linux-ix86, r-release-linux-x86_64

Version: 1.1
Check: compiled code
Result: NOTE
    File ‘/home/hornik/tmp/R.check/r-devel-clang/Work/build/Packages/MVB/libs/MVB.so’:
     Found ‘rand’, possibly from ‘rand’ (C)
     Objects: ‘gme.o’, ‘lps.o’, ‘mvbfit.o’
    
    Compiled code should not call entry points which might terminate R nor
    write to stdout/stderr instead of to the console, nor the C RNG.
    
    See ‘Writing portable packages’ in the ‘Writing R Extensions’ manual.
Flavor: r-devel-linux-x86_64-debian-clang

Version: 1.1
Check: compiled code
Result: NOTE
    File ‘/home/hornik/tmp/R.check/r-devel-gcc/Work/build/Packages/MVB/libs/MVB.so’:
     Found ‘rand’, possibly from ‘rand’ (C)
     Objects: ‘gme.o’, ‘lps.o’, ‘mvbfit.o’
    
    Compiled code should not call entry points which might terminate R nor
    write to stdout/stderr instead of to the console, nor the C RNG.
    
    See ‘Writing portable packages’ in the ‘Writing R Extensions’ manual.
Flavor: r-devel-linux-x86_64-debian-gcc

Version: 1.1
Check: compiled code
Result: NOTE
    File ‘/data/gannet/ripley/R/packages/tests-clang/MVB.Rcheck/MVB/libs/MVB.so’:
     Found ‘rand’, possibly from ‘rand’ (C)
     Objects: ‘gme.o’, ‘lps.o’, ‘mvbfit.o’
    
    Compiled code should not call entry points which might terminate R nor
    write to stdout/stderr instead of to the console, nor the C RNG.
    
    See ‘Writing portable packages’ in the ‘Writing R Extensions’ manual.
Flavor: r-devel-linux-x86_64-fedora-clang

Version: 1.1
Check: compiled code
Result: NOTE
    File ‘/data/gannet/ripley/R/packages/tests-devel/MVB.Rcheck/MVB/libs/MVB.so’:
     Found ‘rand’, possibly from ‘rand’ (C)
     Objects: ‘gme.o’, ‘lps.o’, ‘mvbfit.o’
    
    Compiled code should not call entry points which might terminate R nor
    write to stdout/stderr instead of to the console, nor the C RNG.
    
    See ‘Writing portable packages’ in the ‘Writing R Extensions’ manual.
Flavor: r-devel-linux-x86_64-fedora-gcc

Version: 1.1
Check: compiled code
Result: NOTE
    File ‘/Users/ripley/R/packages/tests-devel/MVB.Rcheck/MVB/libs/MVB.so’:
     Found ‘_rand’, possibly from ‘rand’ (C)
     Objects: ‘gme.o’, ‘lps.o’, ‘mvbfit.o’
    
    Compiled code should not call entry points which might terminate R nor
    write to stdout/stderr instead of to the console, nor the C RNG.
    
    See ‘Writing portable packages’ in the ‘Writing R Extensions’ manual.
Flavor: r-devel-osx-x86_64-clang

Version: 1.1
Check: compiled code
Result: NOTE
    File 'd:/Rcompile/CRANpkg/lib/3.2/MVB/libs/i386/MVB.dll':
     Found 'rand', possibly from 'rand' (C)
     Objects: 'gme.o', 'lps.o', 'mvbfit.o'
    File 'd:/Rcompile/CRANpkg/lib/3.2/MVB/libs/x64/MVB.dll':
     Found 'rand', possibly from 'rand' (C)
     Objects: 'gme.o', 'lps.o', 'mvbfit.o'
    
    Compiled code should not call entry points which might terminate R nor
    write to stdout/stderr instead of to the console, nor the C RNG.
    
    See 'Writing portable packages' in the 'Writing R Extensions' manual.
Flavor: r-devel-windows-ix86+x86_64