CRAN Package Check Results for Package MVB

Last updated on 2014-07-24 11:53:26.

Flavor Version Tinstall Tcheck Ttotal Status Flags
r-devel-linux-x86_64-debian-clang 1.1 35.02 23.89 58.91 OK
r-devel-linux-x86_64-debian-gcc 1.1 43.33 23.54 66.87 NOTE
r-devel-linux-x86_64-fedora-clang 1.1 124.66 NOTE
r-devel-linux-x86_64-fedora-gcc 1.1 126.73 NOTE
r-devel-osx-x86_64-clang 1.1 86.65 OK
r-devel-windows-ix86+x86_64 1.1 123.00 70.00 193.00 OK
r-patched-linux-x86_64 1.1 43.10 23.19 66.29 NOTE
r-patched-solaris-sparc 1.1 773.40 NOTE
r-patched-solaris-x86 1.1 155.40 NOTE
r-release-linux-ix86 1.1 54.26 33.18 87.44 NOTE
r-release-linux-x86_64 1.1 43.14 27.12 70.25 NOTE
r-release-osx-x86_64-mavericks 1.1 OK
r-release-osx-x86_64-snowleopard 1.1 OK
r-release-windows-ix86+x86_64 1.1 162.00 65.00 227.00 OK
r-oldrel-windows-ix86+x86_64 1.1 122.00 65.00 187.00 OK

Check Details

Version: 1.1
Check: installed package size
Result: NOTE
     installed size is 6.0Mb
     sub-directories of 1Mb or more:
     libs 5.9Mb
Flavors: r-devel-linux-x86_64-debian-gcc, r-devel-linux-x86_64-fedora-clang, r-devel-linux-x86_64-fedora-gcc, r-patched-linux-x86_64, r-patched-solaris-sparc, r-patched-solaris-x86, r-release-linux-ix86, r-release-linux-x86_64