CRAN Package Check Results for Package MVB

Last updated on 2014-12-19 19:00:17.

Flavor Version Tinstall Tcheck Ttotal Status Flags
r-devel-linux-x86_64-debian-clang 1.1 36.22 25.49 61.71 NOTE
r-devel-linux-x86_64-debian-gcc 1.1 44.64 24.92 69.56 NOTE
r-devel-linux-x86_64-fedora-clang 1.1 135.42 NOTE
r-devel-linux-x86_64-fedora-gcc 1.1 119.00 NOTE
r-devel-osx-x86_64-clang 1.1 79.97 OK
r-devel-windows-ix86+x86_64 1.1 126.00 72.00 198.00 OK
r-patched-linux-x86_64 1.1 46.29 25.18 71.47 NOTE
r-patched-solaris-sparc 1.1 993.10 NOTE
r-patched-solaris-x86 1.1 163.20 NOTE
r-release-linux-ix86 1.1 52.16 32.95 85.10 NOTE
r-release-linux-x86_64 1.1 43.56 25.26 68.82 NOTE
r-release-osx-x86_64-mavericks 1.1 OK
r-release-osx-x86_64-snowleopard 1.1 OK
r-release-windows-ix86+x86_64 1.1 120.00 73.00 193.00 OK
r-oldrel-windows-ix86+x86_64 1.1 118.00 74.00 192.00 OK

Check Details

Version: 1.1
Check: installed package size
Result: NOTE
     installed size is 5.7Mb
     sub-directories of 1Mb or more:
     libs 5.5Mb
Flavors: r-devel-linux-x86_64-debian-clang, r-devel-linux-x86_64-debian-gcc, r-devel-linux-x86_64-fedora-clang, r-devel-linux-x86_64-fedora-gcc, r-patched-linux-x86_64, r-patched-solaris-sparc, r-patched-solaris-x86, r-release-linux-ix86, r-release-linux-x86_64