CRAN Package Check Results for Package MVB

Last updated on 2014-09-01 21:48:55.

Flavor Version Tinstall Tcheck Ttotal Status Flags
r-devel-linux-x86_64-debian-clang 1.1 35.39 24.49 59.88 NOTE
r-devel-linux-x86_64-debian-gcc 1.1 44.13 23.29 67.42 NOTE
r-devel-linux-x86_64-fedora-clang 1.1 128.74 NOTE
r-devel-linux-x86_64-fedora-gcc 1.1 126.85 NOTE
r-devel-osx-x86_64-clang 1.1 86.09 NOTE
r-devel-windows-ix86+x86_64 1.1 129.00 70.00 199.00 NOTE
r-patched-linux-x86_64 1.1 48.13 24.56 72.70 NOTE
r-patched-solaris-sparc 1.1 797.30 NOTE
r-patched-solaris-x86 1.1 160.30 NOTE
r-release-linux-ix86 1.1 55.04 32.07 87.10 NOTE
r-release-linux-x86_64 1.1 44.13 24.76 68.89 NOTE
r-release-osx-x86_64-mavericks 1.1 OK
r-release-osx-x86_64-snowleopard 1.1 OK
r-release-windows-ix86+x86_64 1.1 118.00 89.00 207.00 OK
r-oldrel-windows-ix86+x86_64 1.1 175.00 71.00 246.00 OK

Check Details

Version: 1.1
Check: installed package size
Result: NOTE
     installed size is 5.1Mb
     sub-directories of 1Mb or more:
     libs 5.0Mb
Flavors: r-devel-linux-x86_64-debian-clang, r-devel-linux-x86_64-debian-gcc, r-devel-linux-x86_64-fedora-clang, r-devel-linux-x86_64-fedora-gcc, r-patched-linux-x86_64, r-patched-solaris-sparc, r-patched-solaris-x86, r-release-linux-ix86, r-release-linux-x86_64

Version: 1.1
Check: compiled code
Result: NOTE
    File ‘/home/hornik/tmp/R.check/r-devel-clang/Work/build/Packages/MVB/libs/MVB.so’:
     Found ‘rand’, possibly from ‘rand’ (C)
     Objects: ‘gme.o’, ‘lps.o’, ‘mvbfit.o’
    
    Compiled code should not call entry points which might terminate R nor
    write to stdout/stderr instead of to the console, nor the C RNG.
    
    See ‘Writing portable packages’ in the ‘Writing R Extensions’ manual.
Flavor: r-devel-linux-x86_64-debian-clang

Version: 1.1
Check: compiled code
Result: NOTE
    File ‘/home/hornik/tmp/R.check/r-devel-gcc/Work/build/Packages/MVB/libs/MVB.so’:
     Found ‘rand’, possibly from ‘rand’ (C)
     Objects: ‘gme.o’, ‘lps.o’, ‘mvbfit.o’
    
    Compiled code should not call entry points which might terminate R nor
    write to stdout/stderr instead of to the console, nor the C RNG.
    
    See ‘Writing portable packages’ in the ‘Writing R Extensions’ manual.
Flavor: r-devel-linux-x86_64-debian-gcc

Version: 1.1
Check: compiled code
Result: NOTE
    File ‘/data/gannet/ripley/R/packages/tests-clang/MVB.Rcheck/MVB/libs/MVB.so’:
     Found ‘rand’, possibly from ‘rand’ (C)
     Objects: ‘gme.o’, ‘lps.o’, ‘mvbfit.o’
    
    Compiled code should not call entry points which might terminate R nor
    write to stdout/stderr instead of to the console, nor the C RNG.
    
    See ‘Writing portable packages’ in the ‘Writing R Extensions’ manual.
Flavor: r-devel-linux-x86_64-fedora-clang

Version: 1.1
Check: compiled code
Result: NOTE
    File ‘/data/gannet/ripley/R/packages/tests-devel/MVB.Rcheck/MVB/libs/MVB.so’:
     Found ‘rand’, possibly from ‘rand’ (C)
     Objects: ‘gme.o’, ‘lps.o’, ‘mvbfit.o’
    
    Compiled code should not call entry points which might terminate R nor
    write to stdout/stderr instead of to the console, nor the C RNG.
    
    See ‘Writing portable packages’ in the ‘Writing R Extensions’ manual.
Flavor: r-devel-linux-x86_64-fedora-gcc

Version: 1.1
Check: compiled code
Result: NOTE
    File ‘/Users/ripley/R/packages/tests-devel/MVB.Rcheck/MVB/libs/MVB.so’:
     Found ‘_rand’, possibly from ‘rand’ (C)
     Objects: ‘gme.o’, ‘lps.o’, ‘mvbfit.o’
    
    Compiled code should not call entry points which might terminate R nor
    write to stdout/stderr instead of to the console, nor the C RNG.
    
    See ‘Writing portable packages’ in the ‘Writing R Extensions’ manual.
Flavor: r-devel-osx-x86_64-clang

Version: 1.1
Check: compiled code
Result: NOTE
    File 'd:/Rcompile/CRANpkg/lib/3.2/MVB/libs/i386/MVB.dll':
     Found 'rand', possibly from 'rand' (C)
     Objects: 'gme.o', 'lps.o', 'mvbfit.o'
    File 'd:/Rcompile/CRANpkg/lib/3.2/MVB/libs/x64/MVB.dll':
     Found 'rand', possibly from 'rand' (C)
     Objects: 'gme.o', 'lps.o', 'mvbfit.o'
    
    Compiled code should not call entry points which might terminate R nor
    write to stdout/stderr instead of to the console, nor the C RNG.
    
    See 'Writing portable packages' in the 'Writing R Extensions' manual.
Flavor: r-devel-windows-ix86+x86_64