CRAN Package Check Results for Package MVB

Last updated on 2018-02-23 18:47:43 CET.

Flavor Version Tinstall Tcheck Ttotal Status Flags
r-devel-linux-x86_64-debian-clang 1.1 79.57 35.14 114.71 NOTE
r-devel-linux-x86_64-debian-gcc 1.1 66.31 27.19 93.50 NOTE
r-devel-linux-x86_64-fedora-clang 1.1 169.47 NOTE
r-devel-linux-x86_64-fedora-gcc 1.1 164.22 NOTE
r-devel-windows-ix86+x86_64 1.1 236.00 96.00 332.00 NOTE
r-patched-linux-x86_64 1.1 81.00 34.47 115.47 NOTE
r-patched-solaris-x86 1.1 164.80 NOTE
r-release-linux-x86_64 1.1 86.68 34.64 121.32 NOTE
r-release-windows-ix86+x86_64 1.1 167.00 90.00 257.00 NOTE
r-release-osx-x86_64 1.1 NOTE
r-oldrel-windows-ix86+x86_64 1.1 170.00 80.00 250.00 NOTE
r-oldrel-osx-x86_64 1.1 NOTE

Check Details

Version: 1.1
Check: DESCRIPTION meta-information
Result: NOTE
    Malformed Description field: should contain one or more complete sentences.
Flavors: r-devel-linux-x86_64-debian-clang, r-devel-linux-x86_64-debian-gcc, r-devel-linux-x86_64-fedora-clang, r-devel-linux-x86_64-fedora-gcc, r-devel-windows-ix86+x86_64, r-patched-linux-x86_64, r-patched-solaris-x86, r-release-linux-x86_64, r-release-windows-ix86+x86_64, r-release-osx-x86_64, r-oldrel-windows-ix86+x86_64, r-oldrel-osx-x86_64

Version: 1.1
Check: R code for possible problems
Result: NOTE
    mvb.simu: no visible global function definition for ‘runif’
    plot.lps: no visible global function definition for ‘matplot’
    unifit: no visible global function definition for ‘model.frame’
    unifit: no visible global function definition for ‘model.matrix’
    unifit: no visible global function definition for ‘model.response’
    unilps: no visible global function definition for ‘model.frame’
    unilps: no visible global function definition for ‘model.matrix’
    unilps: no visible global function definition for ‘model.response’
    Undefined global functions or variables:
     matplot model.frame model.matrix model.response runif
    Consider adding
     importFrom("graphics", "matplot")
     importFrom("stats", "model.frame", "model.matrix", "model.response",
     "runif")
    to your NAMESPACE file.
Flavors: r-devel-linux-x86_64-debian-clang, r-devel-linux-x86_64-debian-gcc, r-devel-linux-x86_64-fedora-clang, r-devel-linux-x86_64-fedora-gcc, r-devel-windows-ix86+x86_64, r-patched-linux-x86_64, r-patched-solaris-x86, r-release-linux-x86_64, r-release-windows-ix86+x86_64, r-release-osx-x86_64, r-oldrel-windows-ix86+x86_64, r-oldrel-osx-x86_64

Version: 1.1
Check: compiled code
Result: NOTE
    File ‘MVB/libs/MVB.so’:
     Found no calls to: ‘R_registerRoutines’, ‘R_useDynamicSymbols’
    
    It is good practice to register native routines and to disable symbol
    search.
    
    See ‘Writing portable packages’ in the ‘Writing R Extensions’ manual.
Flavors: r-devel-linux-x86_64-debian-clang, r-devel-linux-x86_64-debian-gcc, r-devel-linux-x86_64-fedora-clang, r-devel-linux-x86_64-fedora-gcc, r-patched-linux-x86_64, r-release-linux-x86_64

Version: 1.1
Check: installed package size
Result: NOTE
     installed size is 5.8Mb
     sub-directories of 1Mb or more:
     libs 5.7Mb
Flavors: r-devel-linux-x86_64-fedora-clang, r-devel-linux-x86_64-fedora-gcc, r-oldrel-osx-x86_64