CRAN Package Check Results for Package MVB

Last updated on 2017-07-25 19:48:16.

Flavor Version Tinstall Tcheck Ttotal Status Flags
r-devel-linux-x86_64-debian-clang 1.1 53.87 30.39 84.26 NOTE
r-devel-linux-x86_64-debian-gcc 1.1 60.47 29.10 89.57 NOTE
r-devel-linux-x86_64-fedora-clang 1.1 179.80 NOTE
r-devel-linux-x86_64-fedora-gcc 1.1 190.19 NOTE
r-devel-windows-ix86+x86_64 1.1 180.00 83.00 263.00 NOTE
r-patched-linux-x86_64 1.1 60.48 29.99 90.47 NOTE
r-patched-solaris-x86 1.1 157.60 NOTE
r-release-linux-x86_64 1.1 60.92 29.82 90.74 NOTE
r-release-windows-ix86+x86_64 1.1 156.00 94.00 250.00 NOTE
r-release-osx-x86_64 1.1 NOTE
r-oldrel-windows-ix86+x86_64 1.1 167.00 78.00 245.00 NOTE
r-oldrel-osx-x86_64 1.1 NOTE

Check Details

Version: 1.1
Check: DESCRIPTION meta-information
Result: NOTE
    Malformed Description field: should contain one or more complete sentences.
Flavors: r-devel-linux-x86_64-debian-clang, r-devel-linux-x86_64-debian-gcc, r-devel-linux-x86_64-fedora-clang, r-devel-linux-x86_64-fedora-gcc, r-devel-windows-ix86+x86_64, r-patched-linux-x86_64, r-patched-solaris-x86, r-release-linux-x86_64, r-release-windows-ix86+x86_64, r-release-osx-x86_64, r-oldrel-windows-ix86+x86_64, r-oldrel-osx-x86_64

Version: 1.1
Check: R code for possible problems
Result: NOTE
    mvb.simu: no visible global function definition for ‘runif’
    plot.lps: no visible global function definition for ‘matplot’
    unifit: no visible global function definition for ‘model.frame’
    unifit: no visible global function definition for ‘model.matrix’
    unifit: no visible global function definition for ‘model.response’
    unilps: no visible global function definition for ‘model.frame’
    unilps: no visible global function definition for ‘model.matrix’
    unilps: no visible global function definition for ‘model.response’
    Undefined global functions or variables:
     matplot model.frame model.matrix model.response runif
    Consider adding
     importFrom("graphics", "matplot")
     importFrom("stats", "model.frame", "model.matrix", "model.response",
     "runif")
    to your NAMESPACE file.
Flavors: r-devel-linux-x86_64-debian-clang, r-devel-linux-x86_64-debian-gcc, r-devel-linux-x86_64-fedora-clang, r-devel-linux-x86_64-fedora-gcc, r-devel-windows-ix86+x86_64, r-patched-linux-x86_64, r-patched-solaris-x86, r-release-linux-x86_64, r-release-windows-ix86+x86_64, r-release-osx-x86_64, r-oldrel-windows-ix86+x86_64, r-oldrel-osx-x86_64

Version: 1.1
Check: compiled code
Result: NOTE
    File ‘MVB/libs/MVB.so’:
     Found no calls to: ‘R_registerRoutines’, ‘R_useDynamicSymbols’
    
    It is good practice to register native routines and to disable symbol
    search.
    
    See ‘Writing portable packages’ in the ‘Writing R Extensions’ manual.
Flavors: r-devel-linux-x86_64-debian-clang, r-devel-linux-x86_64-debian-gcc, r-devel-linux-x86_64-fedora-clang, r-devel-linux-x86_64-fedora-gcc, r-patched-linux-x86_64, r-release-linux-x86_64

Version: 1.1
Check: installed package size
Result: NOTE
     installed size is 5.4Mb
     sub-directories of 1Mb or more:
     libs 5.3Mb
Flavors: r-devel-linux-x86_64-fedora-clang, r-devel-linux-x86_64-fedora-gcc, r-oldrel-osx-x86_64