CRAN Package Check Results for Package MVB

Last updated on 2015-03-03 09:49:41.

Flavor Version Tinstall Tcheck Ttotal Status Flags
r-devel-linux-x86_64-debian-clang 1.1 38.60 23.44 62.04 NOTE
r-devel-linux-x86_64-debian-gcc 1.1 43.94 22.23 66.17 NOTE
r-devel-linux-x86_64-fedora-clang 1.1 140.47 NOTE
r-devel-linux-x86_64-fedora-gcc 1.1 117.90 NOTE
r-devel-osx-x86_64-clang 1.1 78.79 NOTE
r-devel-windows-ix86+x86_64 1.1 182.00 85.00 267.00 NOTE
r-patched-linux-x86_64 1.1 47.22 25.73 72.95 NOTE
r-patched-solaris-sparc 1.1 871.60 NOTE
r-patched-solaris-x86 1.1 165.20 NOTE
r-release-linux-ix86 1.1 52.53 33.84 86.37 NOTE
r-release-linux-x86_64 1.1 45.00 24.86 69.86 NOTE
r-release-osx-x86_64-mavericks 1.1 NOTE
r-release-osx-x86_64-snowleopard 1.1 OK
r-release-windows-ix86+x86_64 1.1 199.00 75.00 274.00 OK
r-oldrel-windows-ix86+x86_64 1.1 121.00 76.00 197.00 OK

Check Details

Version: 1.1
Check: installed package size
Result: NOTE
     installed size is 5.7Mb
     sub-directories of 1Mb or more:
     libs 5.6Mb
Flavors: r-devel-linux-x86_64-debian-clang, r-devel-linux-x86_64-debian-gcc, r-devel-linux-x86_64-fedora-clang, r-devel-linux-x86_64-fedora-gcc, r-patched-linux-x86_64, r-patched-solaris-sparc, r-patched-solaris-x86, r-release-linux-ix86, r-release-linux-x86_64, r-release-osx-x86_64-mavericks

Version: 1.1
Check: DESCRIPTION meta-information
Result: NOTE
    Malformed Description field: should contain one or more complete sentences.
Flavors: r-devel-linux-x86_64-debian-clang, r-devel-linux-x86_64-debian-gcc, r-devel-linux-x86_64-fedora-clang, r-devel-linux-x86_64-fedora-gcc, r-devel-osx-x86_64-clang, r-devel-windows-ix86+x86_64