CRAN Package Check Results for Package MVB

Last updated on 2016-02-07 17:49:52.

Flavor Version Tinstall Tcheck Ttotal Status Flags
r-devel-linux-x86_64-debian-gcc 1.1 45.14 21.63 66.77 NOTE
r-devel-linux-x86_64-fedora-clang 1.1 143.00 NOTE
r-devel-linux-x86_64-fedora-gcc 1.1 133.07 NOTE
r-devel-osx-x86_64-clang 1.1 91.27 NOTE
r-devel-windows-ix86+x86_64 1.1 152.00 70.00 222.00 NOTE
r-patched-linux-x86_64 1.1 44.63 22.32 66.95 NOTE
r-patched-solaris-sparc 1.1 658.80 NOTE
r-patched-solaris-x86 1.1 138.20 NOTE
r-release-linux-x86_64 1.1 44.92 22.39 67.31 NOTE
r-release-osx-x86_64-mavericks 1.1 NOTE
r-release-windows-ix86+x86_64 1.1 168.00 74.00 242.00 NOTE
r-oldrel-windows-ix86+x86_64 1.1 176.00 93.00 269.00 OK

Check Details

Version: 1.1
Check: installed package size
Result: NOTE
     installed size is 6.9Mb
     sub-directories of 1Mb or more:
     libs 6.8Mb
Flavors: r-devel-linux-x86_64-debian-gcc, r-devel-linux-x86_64-fedora-clang, r-devel-linux-x86_64-fedora-gcc, r-patched-linux-x86_64, r-release-linux-x86_64, r-release-osx-x86_64-mavericks

Version: 1.1
Check: DESCRIPTION meta-information
Result: NOTE
    Malformed Description field: should contain one or more complete sentences.
Flavors: r-devel-linux-x86_64-debian-gcc, r-devel-linux-x86_64-fedora-clang, r-devel-linux-x86_64-fedora-gcc, r-devel-osx-x86_64-clang, r-devel-windows-ix86+x86_64, r-patched-linux-x86_64, r-patched-solaris-sparc, r-patched-solaris-x86, r-release-linux-x86_64, r-release-osx-x86_64-mavericks, r-release-windows-ix86+x86_64

Version: 1.1
Check: R code for possible problems
Result: NOTE
    mvb.simu: no visible global function definition for ‘runif’
    plot.lps: no visible global function definition for ‘matplot’
    unifit: no visible global function definition for ‘model.frame’
    unifit: no visible global function definition for ‘model.matrix’
    unifit: no visible global function definition for ‘model.response’
    unilps: no visible global function definition for ‘model.frame’
    unilps: no visible global function definition for ‘model.matrix’
    unilps: no visible global function definition for ‘model.response’
    Undefined global functions or variables:
     matplot model.frame model.matrix model.response runif
    Consider adding
     importFrom("graphics", "matplot")
     importFrom("stats", "model.frame", "model.matrix", "model.response",
     "runif")
    to your NAMESPACE file.
Flavors: r-devel-linux-x86_64-debian-gcc, r-devel-linux-x86_64-fedora-clang, r-devel-linux-x86_64-fedora-gcc, r-devel-osx-x86_64-clang, r-devel-windows-ix86+x86_64