CRAN Package Check Results for Package MVB

Last updated on 2015-07-01 13:47:23.

Flavor Version Tinstall Tcheck Ttotal Status Flags
r-devel-linux-x86_64-debian-clang 1.1 40.63 22.80 63.44 NOTE
r-devel-linux-x86_64-debian-gcc 1.1 45.31 22.20 67.51 NOTE
r-devel-linux-x86_64-fedora-clang 1.1 137.12 NOTE
r-devel-linux-x86_64-fedora-gcc 1.1 128.02 NOTE
r-devel-osx-x86_64-clang 1.1 80.14 NOTE
r-devel-windows-ix86+x86_64 1.1 127.00 63.00 190.00 NOTE
r-patched-linux-x86_64 1.1 48.24 22.58 70.83 NOTE
r-patched-solaris-sparc 1.1 812.00 NOTE
r-patched-solaris-x86 1.1 160.00 NOTE
r-release-linux-x86_64 1.1 46.57 22.54 69.11 NOTE
r-release-osx-x86_64-mavericks 1.1 NOTE
r-release-windows-ix86+x86_64 1.1 136.00 60.00 196.00 NOTE
r-oldrel-windows-ix86+x86_64 1.1 131.00 97.00 228.00 OK

Check Details

Version: 1.1
Check: installed package size
Result: NOTE
     installed size is 5.4Mb
     sub-directories of 1Mb or more:
     libs 5.3Mb
Flavors: r-devel-linux-x86_64-debian-clang, r-devel-linux-x86_64-debian-gcc, r-devel-linux-x86_64-fedora-clang, r-devel-linux-x86_64-fedora-gcc, r-patched-linux-x86_64, r-patched-solaris-sparc, r-patched-solaris-x86, r-release-linux-x86_64, r-release-osx-x86_64-mavericks

Version: 1.1
Check: DESCRIPTION meta-information
Result: NOTE
    Malformed Description field: should contain one or more complete sentences.
Flavors: r-devel-linux-x86_64-debian-clang, r-devel-linux-x86_64-debian-gcc, r-devel-linux-x86_64-fedora-clang, r-devel-linux-x86_64-fedora-gcc, r-devel-osx-x86_64-clang, r-devel-windows-ix86+x86_64, r-patched-linux-x86_64, r-patched-solaris-sparc, r-patched-solaris-x86, r-release-linux-x86_64, r-release-osx-x86_64-mavericks, r-release-windows-ix86+x86_64

Version: 1.1
Check: R code for possible problems
Result: NOTE
    mvb.simu: no visible global function definition for ‘runif’
    plot.lps: no visible global function definition for ‘matplot’
    unifit: no visible global function definition for ‘model.frame’
    unifit: no visible global function definition for ‘model.matrix’
    unifit: no visible global function definition for ‘model.response’
    unilps: no visible global function definition for ‘model.frame’
    unilps: no visible global function definition for ‘model.matrix’
    unilps: no visible global function definition for ‘model.response’
Flavors: r-devel-linux-x86_64-debian-clang, r-devel-linux-x86_64-debian-gcc, r-devel-linux-x86_64-fedora-clang, r-devel-linux-x86_64-fedora-gcc, r-devel-windows-ix86+x86_64