CRAN Package Check Results for Package MVB

Last updated on 2015-09-03 09:47:05.

Flavor Version Tinstall Tcheck Ttotal Status Flags
r-devel-linux-x86_64-debian-clang 1.1 41.41 22.66 64.07 NOTE
r-devel-linux-x86_64-debian-gcc 1.1 46.81 22.03 68.84 NOTE
r-devel-linux-x86_64-fedora-clang 1.1 137.23 NOTE
r-devel-linux-x86_64-fedora-gcc 1.1 127.36 NOTE
r-devel-osx-x86_64-clang 1.1 79.10 NOTE
r-devel-windows-ix86+x86_64 1.1 161.00 74.00 235.00 NOTE
r-patched-linux-x86_64 1.1 46.10 22.48 68.58 NOTE
r-patched-solaris-sparc 1.1 660.80 NOTE
r-patched-solaris-x86 1.1 137.20 NOTE
r-release-linux-x86_64 1.1 47.65 22.73 70.38 NOTE
r-release-osx-x86_64-mavericks 1.1 NOTE
r-release-windows-ix86+x86_64 1.1 169.00 68.00 237.00 NOTE
r-oldrel-windows-ix86+x86_64 1.1 179.00 81.00 260.00 OK

Check Details

Version: 1.1
Check: installed package size
Result: NOTE
     installed size is 5.4Mb
     sub-directories of 1Mb or more:
     libs 5.3Mb
Flavors: r-devel-linux-x86_64-debian-clang, r-devel-linux-x86_64-debian-gcc, r-devel-linux-x86_64-fedora-clang, r-devel-linux-x86_64-fedora-gcc, r-patched-linux-x86_64, r-release-linux-x86_64, r-release-osx-x86_64-mavericks

Version: 1.1
Check: DESCRIPTION meta-information
Result: NOTE
    Malformed Description field: should contain one or more complete sentences.
Flavors: r-devel-linux-x86_64-debian-clang, r-devel-linux-x86_64-debian-gcc, r-devel-linux-x86_64-fedora-clang, r-devel-linux-x86_64-fedora-gcc, r-devel-osx-x86_64-clang, r-devel-windows-ix86+x86_64, r-patched-linux-x86_64, r-patched-solaris-sparc, r-patched-solaris-x86, r-release-linux-x86_64, r-release-osx-x86_64-mavericks, r-release-windows-ix86+x86_64

Version: 1.1
Check: R code for possible problems
Result: NOTE
    mvb.simu: no visible global function definition for ‘runif’
    plot.lps: no visible global function definition for ‘matplot’
    unifit: no visible global function definition for ‘model.frame’
    unifit: no visible global function definition for ‘model.matrix’
    unifit: no visible global function definition for ‘model.response’
    unilps: no visible global function definition for ‘model.frame’
    unilps: no visible global function definition for ‘model.matrix’
    unilps: no visible global function definition for ‘model.response’
    Undefined global functions or variables:
     matplot model.frame model.matrix model.response runif
    Consider adding
     importFrom("graphics", "matplot")
     importFrom("stats", "model.frame", "model.matrix", "model.response",
     "runif")
    to your NAMESPACE.
Flavors: r-devel-linux-x86_64-debian-clang, r-devel-linux-x86_64-debian-gcc, r-devel-linux-x86_64-fedora-clang, r-devel-linux-x86_64-fedora-gcc, r-devel-windows-ix86+x86_64