CRAN Package Check Results for Package MVB

Last updated on 2015-05-06 03:47:20.

Flavor Version Tinstall Tcheck Ttotal Status Flags
r-devel-linux-x86_64-debian-clang 1.1 40.91 23.54 64.45 NOTE
r-devel-linux-x86_64-debian-gcc 1.1 46.13 22.65 68.78 NOTE
r-devel-linux-x86_64-fedora-clang 1.1 137.40 NOTE
r-devel-linux-x86_64-fedora-gcc 1.1 126.47 NOTE
r-devel-osx-x86_64-clang 1.1 78.18 NOTE
r-devel-windows-ix86+x86_64 1.1 119.00 70.00 189.00 NOTE
r-patched-linux-x86_64 1.1 45.36 22.92 68.28 NOTE
r-patched-solaris-sparc 1.1 799.40 NOTE
r-patched-solaris-x86 1.1 160.10 NOTE
r-release-linux-x86_64 1.1 44.75 22.72 67.47 NOTE
r-release-osx-x86_64-mavericks 1.1 NOTE
r-release-osx-x86_64-snowleopard 1.1 NOTE
r-release-windows-ix86+x86_64 1.1 151.00 69.00 220.00 NOTE
r-oldrel-windows-ix86+x86_64 1.1 142.00 97.00 239.00 OK

Check Details

Version: 1.1
Check: installed package size
Result: NOTE
     installed size is 5.4Mb
     sub-directories of 1Mb or more:
     libs 5.3Mb
Flavors: r-devel-linux-x86_64-debian-clang, r-devel-linux-x86_64-debian-gcc, r-devel-linux-x86_64-fedora-clang, r-devel-linux-x86_64-fedora-gcc, r-patched-linux-x86_64, r-patched-solaris-sparc, r-patched-solaris-x86, r-release-linux-x86_64, r-release-osx-x86_64-mavericks

Version: 1.1
Check: DESCRIPTION meta-information
Result: NOTE
    Malformed Description field: should contain one or more complete sentences.
Flavors: r-devel-linux-x86_64-debian-clang, r-devel-linux-x86_64-debian-gcc, r-devel-linux-x86_64-fedora-clang, r-devel-linux-x86_64-fedora-gcc, r-devel-osx-x86_64-clang, r-devel-windows-ix86+x86_64, r-patched-linux-x86_64, r-patched-solaris-sparc, r-patched-solaris-x86, r-release-linux-x86_64, r-release-osx-x86_64-mavericks, r-release-osx-x86_64-snowleopard, r-release-windows-ix86+x86_64