CRAN Package Check Results for Package MVB

Last updated on 2014-10-30 23:47:21.

Flavor Version Tinstall Tcheck Ttotal Status Flags
r-devel-linux-x86_64-debian-clang 1.1 38.63 26.15 64.78 NOTE
r-devel-linux-x86_64-debian-gcc 1.1 43.22 24.96 68.18 NOTE
r-devel-linux-x86_64-fedora-clang 1.1 135.90 NOTE
r-devel-linux-x86_64-fedora-gcc 1.1 129.58 NOTE
r-devel-osx-x86_64-clang 1.1 93.12 OK
r-devel-windows-ix86+x86_64 1.1 113.00 67.00 180.00 OK
r-patched-linux-x86_64 1.1 44.28 25.45 69.73 NOTE
r-patched-solaris-sparc 1.1 993.10 NOTE
r-patched-solaris-x86 1.1 150.50 NOTE
r-release-linux-ix86 1.1 54.87 33.79 88.66 NOTE
r-release-linux-x86_64 1.1 45.32 25.06 70.38 NOTE
r-release-osx-x86_64-mavericks 1.1 OK
r-release-osx-x86_64-snowleopard 1.1 OK
r-release-windows-ix86+x86_64 1.1 118.00 69.00 187.00 OK
r-oldrel-windows-ix86+x86_64 1.1 127.00 73.00 200.00 OK

Check Details

Version: 1.1
Check: installed package size
Result: NOTE
     installed size is 5.8Mb
     sub-directories of 1Mb or more:
     libs 5.6Mb
Flavors: r-devel-linux-x86_64-debian-clang, r-devel-linux-x86_64-debian-gcc, r-devel-linux-x86_64-fedora-clang, r-devel-linux-x86_64-fedora-gcc, r-patched-linux-x86_64, r-patched-solaris-sparc, r-patched-solaris-x86, r-release-linux-ix86, r-release-linux-x86_64